52.188.211.122 - - [27/Dec/2022:18:57:40 -0800] "GET /blog4/?p=30944 HTTP/1.1" 200 78323 "-" "Mozilla/5.0 (Linux; Android 7.0; SM-G930V Build/NRD90M) AppleWebKit/537.36 (KHTML, like Gecko) Chrome/59.0.3071.125 Mobile Safari/537.36" "nacaomestica.org"
52.188.211.122 - - [27/Dec/2022:18:57:43 -0800] "GET /blog4/?cat=49 HTTP/1.1" 200 89239 "-" "Mozilla/5.0 (Linux; Android 7.0; SM-G930V Build/NRD90M) AppleWebKit/537.36 (KHTML, like Gecko) Chrome/59.0.3071.125 Mobile Safari/537.36" "nacaomestica.org"
20.106.253.3 - - [27/Dec/2022:18:57:43 -0800] "GET /blog4/?tag=pardo HTTP/1.1" 200 92788 "-" "Mozilla/5.0 (Linux; Android 7.0; SM-G930V Build/NRD90M) AppleWebKit/537.36 (KHTML, like Gecko) Chrome/59.0.3071.125 Mobile Safari/537.36" "nacaomestica.org"
20.106.253.3 - - [27/Dec/2022:18:57:43 -0800] "GET /blog4/?p=30914 HTTP/1.1" 200 74048 "-" "Mozilla/5.0 (Linux; Android 7.0; SM-G930V Build/NRD90M) AppleWebKit/537.36 (KHTML, like Gecko) Chrome/59.0.3071.125 Mobile Safari/537.36" "nacaomestica.org"
20.106.253.3 - - [27/Dec/2022:18:57:46 -0800] "GET /blog4/?cat=124 HTTP/1.1" 200 72116 "-" "Mozilla/5.0 (Linux; Android 7.0; SM-G930V Build/NRD90M) AppleWebKit/537.36 (KHTML, like Gecko) Chrome/59.0.3071.125 Mobile Safari/537.36" "nacaomestica.org"
52.188.211.122 - - [27/Dec/2022:18:57:49 -0800] "GET /blog4/?author=1 HTTP/1.1" 200 93434 "-" "Mozilla/5.0 (Linux; Android 7.0; SM-G930V Build/NRD90M) AppleWebKit/537.36 (KHTML, like Gecko) Chrome/59.0.3071.125 Mobile Safari/537.36" "nacaomestica.org"
170.79.220.207 - - [27/Dec/2022:18:57:52 -0800] "GET /blog4/?p=8456 HTTP/1.1" 200 172947 "https://www.google.com/" "Mozilla/5.0 (Linux; Android 10; SM-G9600) AppleWebKit/537.36 (KHTML, like Gecko) Chrome/108.0.0.0 Mobile Safari/537.36" "nacaomestica.org"
170.79.220.207 - - [27/Dec/2022:18:57:56 -0800] "GET /blog4/wp-content/uploads/2013/01/videoplayback-2.mp4?_=1 HTTP/1.1" 206 1299321 "https://nacaomestica.org/blog4/?p=8456" "Mozilla/5.0 (Linux; Android 10; SM-G9600) AppleWebKit/537.36 (KHTML, like Gecko) Chrome/108.0.0.0 Mobile Safari/537.36" "nacaomestica.org"
20.106.253.3 - - [27/Dec/2022:18:58:14 -0800] "GET /blog4/?tag=noticias HTTP/1.1" 200 90425 "-" "Mozilla/5.0 (Linux; Android 7.0; SM-G930V Build/NRD90M) AppleWebKit/537.36 (KHTML, like Gecko) Chrome/59.0.3071.125 Mobile Safari/537.36" "nacaomestica.org"
20.106.253.3 - - [27/Dec/2022:18:58:20 -0800] "GET /blog4/?tag=negro HTTP/1.1" 200 85723 "-" "Mozilla/5.0 (Linux; Android 7.0; SM-G930V Build/NRD90M) AppleWebKit/537.36 (KHTML, like Gecko) Chrome/59.0.3071.125 Mobile Safari/537.36" "nacaomestica.org"
52.188.211.122 - - [27/Dec/2022:18:58:20 -0800] "GET /blog4/?tag=comunismo HTTP/1.1" 200 75372 "-" "Mozilla/5.0 (Linux; Android 7.0; SM-G930V Build/NRD90M) AppleWebKit/537.36 (KHTML, like Gecko) Chrome/59.0.3071.125 Mobile Safari/537.36" "nacaomestica.org"
20.106.253.3 - - [27/Dec/2022:18:58:20 -0800] "GET /blog4/?p=30671 HTTP/1.1" 200 83605 "-" "Mozilla/5.0 (Linux; Android 7.0; SM-G930V Build/NRD90M) AppleWebKit/537.36 (KHTML, like Gecko) Chrome/59.0.3071.125 Mobile Safari/537.36" "nacaomestica.org"
20.106.253.3 - - [27/Dec/2022:18:58:20 -0800] "GET /blog4/?p=20146 HTTP/1.1" 200 143694 "-" "Mozilla/5.0 (Linux; Android 7.0; SM-G930V Build/NRD90M) AppleWebKit/537.36 (KHTML, like Gecko) Chrome/59.0.3071.125 Mobile Safari/537.36" "nacaomestica.org"
20.106.253.3 - - [27/Dec/2022:18:58:24 -0800] "GET /blog4/?tag=imigracao HTTP/1.1" 200 90466 "-" "Mozilla/5.0 (Linux; Android 7.0; SM-G930V Build/NRD90M) AppleWebKit/537.36 (KHTML, like Gecko) Chrome/59.0.3071.125 Mobile Safari/537.36" "nacaomestica.org"
20.124.250.146 - - [27/Dec/2022:18:58:31 -0800] "GET /blog4/?cat=195 HTTP/1.1" 200 80252 "-" "Mozilla/5.0 (Linux; Android 7.0; SM-G930V Build/NRD90M) AppleWebKit/537.36 (KHTML, like Gecko) Chrome/59.0.3071.125 Mobile Safari/537.36" "nacaomestica.org"
52.188.211.122 - - [27/Dec/2022:18:58:54 -0800] "GET /blog4/?tag=poder-branco HTTP/1.1" 200 95012 "-" "Mozilla/5.0 (Linux; Android 7.0; SM-G930V Build/NRD90M) AppleWebKit/537.36 (KHTML, like Gecko) Chrome/59.0.3071.125 Mobile Safari/537.36" "nacaomestica.org"
52.188.211.122 - - [27/Dec/2022:18:58:54 -0800] "GET /blog4/?cat=231 HTTP/1.1" 200 73192 "-" "Mozilla/5.0 (Linux; Android 7.0; SM-G930V Build/NRD90M) AppleWebKit/537.36 (KHTML, like Gecko) Chrome/59.0.3071.125 Mobile Safari/537.36" "nacaomestica.org"
52.188.211.122 - - [27/Dec/2022:18:58:56 -0800] "GET /blog4/?cat=20 HTTP/1.1" 200 94867 "-" "Mozilla/5.0 (Linux; Android 7.0; SM-G930V Build/NRD90M) AppleWebKit/537.36 (KHTML, like Gecko) Chrome/59.0.3071.125 Mobile Safari/537.36" "nacaomestica.org"
20.124.250.146 - - [27/Dec/2022:18:59:04 -0800] "GET /blog4/?cat=229 HTTP/1.1" 200 77924 "-" "Mozilla/5.0 (Linux; Android 7.0; SM-G930V Build/NRD90M) AppleWebKit/537.36 (KHTML, like Gecko) Chrome/59.0.3071.125 Mobile Safari/537.36" "nacaomestica.org"
20.124.250.146 - - [27/Dec/2022:18:59:08 -0800] "GET /blog4/?cat=141 HTTP/1.1" 200 99214 "-" "Mozilla/5.0 (Linux; Android 7.0; SM-G930V Build/NRD90M) AppleWebKit/537.36 (KHTML, like Gecko) Chrome/59.0.3071.125 Mobile Safari/537.36" "nacaomestica.org"
20.106.253.3 - - [27/Dec/2022:18:59:10 -0800] "GET /blog4/?p=30955 HTTP/1.1" 200 80347 "-" "Mozilla/5.0 (Linux; Android 7.0; SM-G930V Build/NRD90M) AppleWebKit/537.36 (KHTML, like Gecko) Chrome/59.0.3071.125 Mobile Safari/537.36" "nacaomestica.org"
20.106.253.3 - - [27/Dec/2022:18:59:14 -0800] "GET /blog4/?cat=127 HTTP/1.1" 200 102316 "-" "Mozilla/5.0 (Linux; Android 7.0; SM-G930V Build/NRD90M) AppleWebKit/537.36 (KHTML, like Gecko) Chrome/59.0.3071.125 Mobile Safari/537.36" "nacaomestica.org"
31.13.127.19 - - [27/Dec/2022:18:59:18 -0800] "GET /blog4/wp-content/uploads/2021/12/helderli.jpeg HTTP/1.1" 200 49993 "-" "facebookexternalhit/1.1 (+http://www.facebook.com/externalhit_uatext.php)" "nacaomestica.org"
52.188.211.122 - - [27/Dec/2022:18:59:16 -0800] "GET /blog4/?tag=identidade-nacional HTTP/1.1" 200 90931 "-" "Mozilla/5.0 (Linux; Android 7.0; SM-G930V Build/NRD90M) AppleWebKit/537.36 (KHTML, like Gecko) Chrome/59.0.3071.125 Mobile Safari/537.36" "nacaomestica.org"
52.188.211.122 - - [27/Dec/2022:18:59:18 -0800] "GET /blog4/?cat=221 HTTP/1.1" 200 84887 "-" "Mozilla/5.0 (Linux; Android 7.0; SM-G930V Build/NRD90M) AppleWebKit/537.36 (KHTML, like Gecko) Chrome/59.0.3071.125 Mobile Safari/537.36" "nacaomestica.org"
31.13.127.116 - - [27/Dec/2022:18:59:20 -0800] "GET /blog4/wp-content/uploads/2021/12/stj.jpg HTTP/1.1" 200 134748 "-" "facebookexternalhit/1.1 (+http://www.facebook.com/externalhit_uatext.php)" "nacaomestica.org"
20.124.250.146 - - [27/Dec/2022:18:59:24 -0800] "GET /blog4/?tag=funai HTTP/1.1" 200 94806 "-" "Mozilla/5.0 (Linux; Android 7.0; SM-G930V Build/NRD90M) AppleWebKit/537.36 (KHTML, like Gecko) Chrome/59.0.3071.125 Mobile Safari/537.36" "nacaomestica.org"
20.106.253.3 - - [27/Dec/2022:18:59:25 -0800] "GET /blog4/?cat=225 HTTP/1.1" 200 70621 "-" "Mozilla/5.0 (Linux; Android 7.0; SM-G930V Build/NRD90M) AppleWebKit/537.36 (KHTML, like Gecko) Chrome/59.0.3071.125 Mobile Safari/537.36" "nacaomestica.org"
20.124.250.146 - - [27/Dec/2022:18:59:26 -0800] "GET /blog4/?tag=espanol HTTP/1.1" 200 90219 "-" "Mozilla/5.0 (Linux; Android 7.0; SM-G930V Build/NRD90M) AppleWebKit/537.36 (KHTML, like Gecko) Chrome/59.0.3071.125 Mobile Safari/537.36" "nacaomestica.org"
20.124.250.146 - - [27/Dec/2022:18:59:31 -0800] "GET /blog4/?cat=123 HTTP/1.1" 200 68099 "-" "Mozilla/5.0 (Linux; Android 7.0; SM-G930V Build/NRD90M) AppleWebKit/537.36 (KHTML, like Gecko) Chrome/59.0.3071.125 Mobile Safari/537.36" "nacaomestica.org"
191.243.3.126 - - [27/Dec/2022:18:59:33 -0800] "GET /blog4/wp-content/uploads/2012/12/samba31.jpg HTTP/1.1" 200 31662 "https://www.google.com/" "Mozilla/5.0 (Linux; Android 12; SM-A515F Build/SP1A.210812.016; wv) AppleWebKit/537.36 (KHTML, like Gecko) Version/4.0 Chrome/108.0.5359.128 Mobile Safari/537.36 GoogleApp/13.48.11.26.arm64" "nacaomestica.org"
201.50.175.50 - - [27/Dec/2022:18:59:47 -0800] "GET /blog4/wp-content/themes/carrington-blog/carrington-core/lightbox/css/thickbox.css HTTP/1.1" 200 975 "-" "Mozilla/5.0 (Linux; Android 11; SM-A305GT) AppleWebKit/537.36 (KHTML, like Gecko) Chrome/108.0.0.0 Mobile Safari/537.36" "nacaomestica.org"
201.50.175.50 - - [27/Dec/2022:18:59:47 -0800] "GET /blog4/wp-content/themes/carrington-blog/css/css.php HTTP/1.1" 200 4963 "-" "Mozilla/5.0 (Linux; Android 11; SM-A305GT) AppleWebKit/537.36 (KHTML, like Gecko) Chrome/108.0.0.0 Mobile Safari/537.36" "nacaomestica.org"
10.213.116.69 - - [27/Dec/2022:18:59:48 -0800] "POST /blog4/wp-cron.php?doing_wp_cron=1672196388.4667830467224121093750 HTTP/1.1" 200 - "https://nacaomestica.org/blog4/wp-cron.php?doing_wp_cron=1672196388.4667830467224121093750" "WordPress/5.6.10; https://nacaomestica.org/blog4" "nacaomestica.org"
201.50.175.50 - - [27/Dec/2022:18:59:47 -0800] "GET / HTTP/1.1" 200 92878 "https://www.google.com/" "Mozilla/5.0 (Linux; Android 11; SM-A305GT) AppleWebKit/537.36 (KHTML, like Gecko) Chrome/108.0.0.0 Mobile Safari/537.36" "nacaomestica.org"
201.50.175.50 - - [27/Dec/2022:18:59:50 -0800] "GET /blog4/wp-includes/js/jquery/jquery-migrate.min.js?ver=3.3.2 HTTP/1.1" 200 4169 "https://nacaomestica.org/" "Mozilla/5.0 (Linux; Android 11; SM-A305GT) AppleWebKit/537.36 (KHTML, like Gecko) Chrome/108.0.0.0 Mobile Safari/537.36" "nacaomestica.org"
201.50.175.50 - - [27/Dec/2022:18:59:50 -0800] "GET /blog4/wp-content/themes/carrington-blog/js/carrington.js?ver=1.0 HTTP/1.1" 200 1229 "https://nacaomestica.org/" "Mozilla/5.0 (Linux; Android 11; SM-A305GT) AppleWebKit/537.36 (KHTML, like Gecko) Chrome/108.0.0.0 Mobile Safari/537.36" "nacaomestica.org"
201.50.175.50 - - [27/Dec/2022:18:59:50 -0800] "GET /blog4/wp-content/themes/carrington-blog/carrington-core/lightbox/thickbox.js?ver=1.0 HTTP/1.1" 200 3903 "https://nacaomestica.org/" "Mozilla/5.0 (Linux; Android 11; SM-A305GT) AppleWebKit/537.36 (KHTML, like Gecko) Chrome/108.0.0.0 Mobile Safari/537.36" "nacaomestica.org"
201.50.175.50 - - [27/Dec/2022:18:59:50 -0800] "GET /blog4/wp-includes/js/jquery/jquery.min.js?ver=3.5.1 HTTP/1.1" 200 30916 "https://nacaomestica.org/" "Mozilla/5.0 (Linux; Android 11; SM-A305GT) AppleWebKit/537.36 (KHTML, like Gecko) Chrome/108.0.0.0 Mobile Safari/537.36" "nacaomestica.org"
201.50.175.50 - - [27/Dec/2022:18:59:51 -0800] "GET /blog4/wp-includes/js/mediaelement/mediaelementplayer-legacy.min.css?ver=4.2.16 HTTP/1.1" 200 2592 "https://nacaomestica.org/" "Mozilla/5.0 (Linux; Android 11; SM-A305GT) AppleWebKit/537.36 (KHTML, like Gecko) Chrome/108.0.0.0 Mobile Safari/537.36" "nacaomestica.org"
201.50.175.50 - - [27/Dec/2022:18:59:51 -0800] "GET /blog4/wp-includes/js/mediaelement/wp-mediaelement.min.css?ver=5.6.10 HTTP/1.1" 200 1156 "https://nacaomestica.org/" "Mozilla/5.0 (Linux; Android 11; SM-A305GT) AppleWebKit/537.36 (KHTML, like Gecko) Chrome/108.0.0.0 Mobile Safari/537.36" "nacaomestica.org"
201.50.175.50 - - [27/Dec/2022:18:59:51 -0800] "GET /blog4/wp-content/plugins/wp-spamshield/js/jscripts-ftr2-min.js HTTP/1.1" 200 637 "https://nacaomestica.org/" "Mozilla/5.0 (Linux; Android 11; SM-A305GT) AppleWebKit/537.36 (KHTML, like Gecko) Chrome/108.0.0.0 Mobile Safari/537.36" "nacaomestica.org"
201.50.175.50 - - [27/Dec/2022:18:59:51 -0800] "GET /blog4/wp-includes/js/wp-embed.min.js?ver=5.6.10 HTTP/1.1" 200 765 "https://nacaomestica.org/" "Mozilla/5.0 (Linux; Android 11; SM-A305GT) AppleWebKit/537.36 (KHTML, like Gecko) Chrome/108.0.0.0 Mobile Safari/537.36" "nacaomestica.org"
201.50.175.50 - - [27/Dec/2022:18:59:51 -0800] "GET /blog4/wp-includes/js/mediaelement/mediaelement-migrate.min.js?ver=5.6.10 HTTP/1.1" 200 544 "https://nacaomestica.org/" "Mozilla/5.0 (Linux; Android 11; SM-A305GT) AppleWebKit/537.36 (KHTML, like Gecko) Chrome/108.0.0.0 Mobile Safari/537.36" "nacaomestica.org"
201.50.175.50 - - [27/Dec/2022:18:59:51 -0800] "GET /blog4/wp-includes/js/mediaelement/wp-mediaelement.min.js?ver=5.6.10 HTTP/1.1" 200 475 "https://nacaomestica.org/" "Mozilla/5.0 (Linux; Android 11; SM-A305GT) AppleWebKit/537.36 (KHTML, like Gecko) Chrome/108.0.0.0 Mobile Safari/537.36" "nacaomestica.org"
201.50.175.50 - - [27/Dec/2022:18:59:51 -0800] "GET /blog4/wp-content/uploads/2015/04/ONCA_SITE2.png HTTP/1.1" 200 296324 "https://nacaomestica.org/" "Mozilla/5.0 (Linux; Android 11; SM-A305GT) AppleWebKit/537.36 (KHTML, like Gecko) Chrome/108.0.0.0 Mobile Safari/537.36" "nacaomestica.org"
201.50.175.50 - - [27/Dec/2022:18:59:51 -0800] "GET /blog4/wp-content/themes/carrington-blog/img/header/gradient-dark.png HTTP/1.1" 200 2877 "https://nacaomestica.org/" "Mozilla/5.0 (Linux; Android 11; SM-A305GT) AppleWebKit/537.36 (KHTML, like Gecko) Chrome/108.0.0.0 Mobile Safari/537.36" "nacaomestica.org"
201.50.175.50 - - [27/Dec/2022:18:59:51 -0800] "GET /blog4/wp-includes/js/mediaelement/mediaelement-and-player.min.js?ver=4.2.16 HTTP/1.1" 200 38657 "https://nacaomestica.org/" "Mozilla/5.0 (Linux; Android 11; SM-A305GT) AppleWebKit/537.36 (KHTML, like Gecko) Chrome/108.0.0.0 Mobile Safari/537.36" "nacaomestica.org"
201.50.175.50 - - [27/Dec/2022:18:59:51 -0800] "GET /blog4/wp-content/themes/carrington-blog/img/sub-header-border-bottom.gif HTTP/1.1" 200 43 "https://nacaomestica.org/blog4/wp-content/themes/carrington-blog/css/css.php" "Mozilla/5.0 (Linux; Android 11; SM-A305GT) AppleWebKit/537.36 (KHTML, like Gecko) Chrome/108.0.0.0 Mobile Safari/537.36" "nacaomestica.org"
201.50.175.50 - - [27/Dec/2022:18:59:51 -0800] "GET /blog4/wp-includes/js/mediaelement/renderers/vimeo.min.js?ver=4.2.16 HTTP/1.1" 200 2284 "https://nacaomestica.org/" "Mozilla/5.0 (Linux; Android 11; SM-A305GT) AppleWebKit/537.36 (KHTML, like Gecko) Chrome/108.0.0.0 Mobile Safari/537.36" "nacaomestica.org"
201.50.175.50 - - [27/Dec/2022:18:59:51 -0800] "GET /blog4/wp-includes/js/wp-emoji-release.min.js?ver=5.6.10 HTTP/1.1" 200 4662 "https://nacaomestica.org/" "Mozilla/5.0 (Linux; Android 11; SM-A305GT) AppleWebKit/537.36 (KHTML, like Gecko) Chrome/108.0.0.0 Mobile Safari/537.36" "nacaomestica.org"
201.50.175.50 - - [27/Dec/2022:18:59:51 -0800] "GET /blog4/wp-content/themes/carrington-blog/img/dropdown-divider.gif HTTP/1.1" 200 144 "https://nacaomestica.org/blog4/wp-content/themes/carrington-blog/css/css.php" "Mozilla/5.0 (Linux; Android 11; SM-A305GT) AppleWebKit/537.36 (KHTML, like Gecko) Chrome/108.0.0.0 Mobile Safari/537.36" "nacaomestica.org"
201.50.175.50 - - [27/Dec/2022:18:59:51 -0800] "GET /blog4/wp-content/themes/carrington-blog/img/comment.gif HTTP/1.1" 200 370 "https://nacaomestica.org/blog4/wp-content/themes/carrington-blog/css/css.php" "Mozilla/5.0 (Linux; Android 11; SM-A305GT) AppleWebKit/537.36 (KHTML, like Gecko) Chrome/108.0.0.0 Mobile Safari/537.36" "nacaomestica.org"
201.50.175.50 - - [27/Dec/2022:18:59:51 -0800] "GET /blog4/wp-content/themes/carrington-blog/img/rss-button.gif HTTP/1.1" 200 2208 "https://nacaomestica.org/" "Mozilla/5.0 (Linux; Android 11; SM-A305GT) AppleWebKit/537.36 (KHTML, like Gecko) Chrome/108.0.0.0 Mobile Safari/537.36" "nacaomestica.org"
201.50.175.50 - - [27/Dec/2022:18:59:51 -0800] "GET /blog4/wp-content/uploads/2022/12/AFROIMPERIALISMO_012.png HTTP/1.1" 200 314531 "https://nacaomestica.org/" "Mozilla/5.0 (Linux; Android 11; SM-A305GT) AppleWebKit/537.36 (KHTML, like Gecko) Chrome/108.0.0.0 Mobile Safari/537.36" "nacaomestica.org"
201.50.175.50 - - [27/Dec/2022:18:59:51 -0800] "GET /blog4/wp-content/themes/carrington-blog/img/divider-ornament.gif HTTP/1.1" 200 778 "https://nacaomestica.org/blog4/wp-content/themes/carrington-blog/css/css.php" "Mozilla/5.0 (Linux; Android 11; SM-A305GT) AppleWebKit/537.36 (KHTML, like Gecko) Chrome/108.0.0.0 Mobile Safari/537.36" "nacaomestica.org"
201.50.175.50 - - [27/Dec/2022:18:59:51 -0800] "GET /blog4/wp-content/themes/carrington-blog/img/watermark-light.gif HTTP/1.1" 200 31981 "https://nacaomestica.org/blog4/wp-content/themes/carrington-blog/css/css.php" "Mozilla/5.0 (Linux; Android 11; SM-A305GT) AppleWebKit/537.36 (KHTML, like Gecko) Chrome/108.0.0.0 Mobile Safari/537.36" "nacaomestica.org"
201.50.175.50 - - [27/Dec/2022:18:59:51 -0800] "GET /blog4/wp-content/themes/carrington-blog/img/sidebar-background.gif HTTP/1.1" 200 1515 "https://nacaomestica.org/blog4/wp-content/themes/carrington-blog/css/css.php" "Mozilla/5.0 (Linux; Android 11; SM-A305GT) AppleWebKit/537.36 (KHTML, like Gecko) Chrome/108.0.0.0 Mobile Safari/537.36" "nacaomestica.org"
201.50.175.50 - - [27/Dec/2022:18:59:51 -0800] "GET /blog4/wp-content/themes/carrington-blog/img/arrow-bullet.gif HTTP/1.1" 200 50 "https://nacaomestica.org/blog4/wp-content/themes/carrington-blog/css/css.php" "Mozilla/5.0 (Linux; Android 11; SM-A305GT) AppleWebKit/537.36 (KHTML, like Gecko) Chrome/108.0.0.0 Mobile Safari/537.36" "nacaomestica.org"
201.50.175.50 - - [27/Dec/2022:18:59:51 -0800] "GET /blog4/wp-content/themes/carrington-blog/img/grey-to-white-gradient.png HTTP/1.1" 200 153 "https://nacaomestica.org/blog4/wp-content/themes/carrington-blog/css/css.php" "Mozilla/5.0 (Linux; Android 11; SM-A305GT) AppleWebKit/537.36 (KHTML, like Gecko) Chrome/108.0.0.0 Mobile Safari/537.36" "nacaomestica.org"
201.50.175.50 - - [27/Dec/2022:18:59:51 -0800] "GET /blog4/wp-content/themes/carrington-blog/img/footer/divider-ornament-wide-light.png HTTP/1.1" 200 1601 "https://nacaomestica.org/blog4/wp-content/themes/carrington-blog/css/css.php" "Mozilla/5.0 (Linux; Android 11; SM-A305GT) AppleWebKit/537.36 (KHTML, like Gecko) Chrome/108.0.0.0 Mobile Safari/537.36" "nacaomestica.org"
201.50.175.50 - - [27/Dec/2022:18:59:51 -0800] "GET /blog4/wp-content/themes/carrington-blog/img/footer/gradient-light.png HTTP/1.1" 200 172 "https://nacaomestica.org/" "Mozilla/5.0 (Linux; Android 11; SM-A305GT) AppleWebKit/537.36 (KHTML, like Gecko) Chrome/108.0.0.0 Mobile Safari/537.36" "nacaomestica.org"
201.50.175.50 - - [27/Dec/2022:18:59:51 -0800] "GET /blog4/wp-content/themes/carrington-blog/img/footer/by-crowd-favorite-light.png HTTP/1.1" 200 2825 "https://nacaomestica.org/" "Mozilla/5.0 (Linux; Android 11; SM-A305GT) AppleWebKit/537.36 (KHTML, like Gecko) Chrome/108.0.0.0 Mobile Safari/537.36" "nacaomestica.org"
201.50.175.50 - - [27/Dec/2022:18:59:51 -0800] "GET /blog4/wp-content/uploads/2022/12/AFROIMPERIALISMO_009.png HTTP/1.1" 200 295211 "https://nacaomestica.org/" "Mozilla/5.0 (Linux; Android 11; SM-A305GT) AppleWebKit/537.36 (KHTML, like Gecko) Chrome/108.0.0.0 Mobile Safari/537.36" "nacaomestica.org"
201.50.175.50 - - [27/Dec/2022:18:59:51 -0800] "GET /blog4/wp-content/uploads/2018/08/livro_mestico_CAPA-2peq.png HTTP/1.1" 200 35385 "https://nacaomestica.org/" "Mozilla/5.0 (Linux; Android 11; SM-A305GT) AppleWebKit/537.36 (KHTML, like Gecko) Chrome/108.0.0.0 Mobile Safari/537.36" "nacaomestica.org"
201.50.175.50 - - [27/Dec/2022:18:59:51 -0800] "GET /blog4/wp-content/uploads/2022/12/AFROIMPERIALISMO_011.png HTTP/1.1" 200 369597 "https://nacaomestica.org/" "Mozilla/5.0 (Linux; Android 11; SM-A305GT) AppleWebKit/537.36 (KHTML, like Gecko) Chrome/108.0.0.0 Mobile Safari/537.36" "nacaomestica.org"
201.50.175.50 - - [27/Dec/2022:18:59:51 -0800] "GET /blog4/wp-content/uploads/2022/12/AFROIMPERIALISMO_010.png HTTP/1.1" 200 134334 "https://nacaomestica.org/" "Mozilla/5.0 (Linux; Android 11; SM-A305GT) AppleWebKit/537.36 (KHTML, like Gecko) Chrome/108.0.0.0 Mobile Safari/537.36" "nacaomestica.org"
201.50.175.50 - - [27/Dec/2022:18:59:51 -0800] "GET /blog4/wp-content/uploads/2022/12/AFROIMPERIALISMO_008.png HTTP/1.1" 200 267509 "https://nacaomestica.org/" "Mozilla/5.0 (Linux; Android 11; SM-A305GT) AppleWebKit/537.36 (KHTML, like Gecko) Chrome/108.0.0.0 Mobile Safari/537.36" "nacaomestica.org"
20.124.250.146 - - [27/Dec/2022:18:59:49 -0800] "GET /blog4/?p=8456 HTTP/1.1" 200 172947 "-" "Mozilla/5.0 (Linux; Android 7.0; SM-G930V Build/NRD90M) AppleWebKit/537.36 (KHTML, like Gecko) Chrome/59.0.3071.125 Mobile Safari/537.36" "nacaomestica.org"
201.50.175.50 - - [27/Dec/2022:18:59:52 -0800] "GET /blog4/wp-content/themes/carrington-blog/carrington-core/lightbox/img/loadingAnimation.gif HTTP/1.1" 200 5886 "https://nacaomestica.org/" "Mozilla/5.0 (Linux; Android 11; SM-A305GT) AppleWebKit/537.36 (KHTML, like Gecko) Chrome/108.0.0.0 Mobile Safari/537.36" "nacaomestica.org"
201.50.175.50 - - [27/Dec/2022:18:59:52 -0800] "GET /blog4/wp-includes/js/mediaelement/mejs-controls.svg HTTP/1.1" 200 1413 "https://nacaomestica.org/blog4/wp-includes/js/mediaelement/mediaelementplayer-legacy.min.css?ver=4.2.16" "Mozilla/5.0 (Linux; Android 11; SM-A305GT) AppleWebKit/537.36 (KHTML, like Gecko) Chrome/108.0.0.0 Mobile Safari/537.36" "nacaomestica.org"
20.124.250.146 - - [27/Dec/2022:18:59:53 -0800] "GET /blog4/?tag=escravidao HTTP/1.1" 200 86699 "-" "Mozilla/5.0 (Linux; Android 7.0; SM-G930V Build/NRD90M) AppleWebKit/537.36 (KHTML, like Gecko) Chrome/59.0.3071.125 Mobile Safari/537.36" "nacaomestica.org"
201.50.175.50 - - [27/Dec/2022:18:59:57 -0800] "GET /favicon.ico HTTP/1.1" 200 676 "https://nacaomestica.org/" "Mozilla/5.0 (Linux; Android 11; SM-A305GT) AppleWebKit/537.36 (KHTML, like Gecko) Chrome/108.0.0.0 Mobile Safari/537.36" "nacaomestica.org"
20.106.253.3 - - [27/Dec/2022:18:59:57 -0800] "GET /blog4/?tag=apartheid HTTP/1.1" 200 91554 "-" "Mozilla/5.0 (Linux; Android 7.0; SM-G930V Build/NRD90M) AppleWebKit/537.36 (KHTML, like Gecko) Chrome/59.0.3071.125 Mobile Safari/537.36" "nacaomestica.org"
20.124.250.146 - - [27/Dec/2022:19:00:02 -0800] "GET /blog4/?p=30905 HTTP/1.1" 200 78009 "-" "Mozilla/5.0 (Linux; Android 7.0; SM-G930V Build/NRD90M) AppleWebKit/537.36 (KHTML, like Gecko) Chrome/59.0.3071.125 Mobile Safari/537.36" "nacaomestica.org"
51.222.253.16 - - [27/Dec/2022:19:00:04 -0800] "GET /blog4/wp-trackback.php?p=3628 HTTP/1.1" 302 - "-" "Mozilla/5.0 (compatible; AhrefsBot/7.0; +http://ahrefs.com/robot/)" "nacaomestica.org"
201.50.175.50 - - [27/Dec/2022:19:00:20 -0800] "GET /blog4/wp-content/uploads/2022/12/AFROIMPERIALISMO_007.png HTTP/1.1" 200 656764 "https://nacaomestica.org/" "Mozilla/5.0 (Linux; Android 11; SM-A305GT) AppleWebKit/537.36 (KHTML, like Gecko) Chrome/108.0.0.0 Mobile Safari/537.36" "nacaomestica.org"
201.50.175.50 - - [27/Dec/2022:19:00:21 -0800] "GET /blog4/wp-content/uploads/2022/12/AFROIMPERIALISMO_006.png HTTP/1.1" 200 150340 "https://nacaomestica.org/" "Mozilla/5.0 (Linux; Android 11; SM-A305GT) AppleWebKit/537.36 (KHTML, like Gecko) Chrome/108.0.0.0 Mobile Safari/537.36" "nacaomestica.org"
201.50.175.50 - - [27/Dec/2022:19:00:22 -0800] "GET /blog4/wp-content/uploads/2022/12/AFROIMPERIALISMO_005.png HTTP/1.1" 200 310183 "https://nacaomestica.org/" "Mozilla/5.0 (Linux; Android 11; SM-A305GT) AppleWebKit/537.36 (KHTML, like Gecko) Chrome/108.0.0.0 Mobile Safari/537.36" "nacaomestica.org"
51.222.253.7 - - [27/Dec/2022:19:00:27 -0800] "GET /blog4/wp-trackback.php?p=19354 HTTP/1.1" 302 - "-" "Mozilla/5.0 (compatible; AhrefsBot/7.0; +http://ahrefs.com/robot/)" "nacaomestica.org"
201.50.175.50 - - [27/Dec/2022:19:00:45 -0800] "GET /blog4/wp-content/uploads/2022/12/AFROIMPERIALISMO_004.png HTTP/1.1" 200 304194 "https://nacaomestica.org/" "Mozilla/5.0 (Linux; Android 11; SM-A305GT) AppleWebKit/537.36 (KHTML, like Gecko) Chrome/108.0.0.0 Mobile Safari/537.36" "nacaomestica.org"
52.188.211.122 - - [27/Dec/2022:19:00:51 -0800] "GET /blog4/?p=20631 HTTP/1.1" 200 94403 "-" "Mozilla/5.0 (Linux; Android 7.0; SM-G930V Build/NRD90M) AppleWebKit/537.36 (KHTML, like Gecko) Chrome/59.0.3071.125 Mobile Safari/537.36" "nacaomestica.org"
131.196.6.40 - - [27/Dec/2022:19:00:50 -0800] "GET /blog4/?p=21085 HTTP/1.1" 200 169467 "-" "Mozilla/5.0 (Windows NT 10.0; Win64; x64) AppleWebKit/537.36 (KHTML, like Gecko) Chrome/104.0.0.0 Safari/537.36" "nacaomestica.org"
131.196.6.40 - - [27/Dec/2022:19:00:53 -0800] "GET /blog4/?p=21085 HTTP/1.1" 200 169471 "-" "Mozilla/5.0 (Windows NT 10.0; Win64; x64) AppleWebKit/537.36 (KHTML, like Gecko) Chrome/104.0.0.0 Safari/537.36" "nacaomestica.org"
52.188.211.122 - - [27/Dec/2022:19:00:55 -0800] "GET /blog4/?cat=244 HTTP/1.1" 200 77004 "-" "Mozilla/5.0 (Linux; Android 7.0; SM-G930V Build/NRD90M) AppleWebKit/537.36 (KHTML, like Gecko) Chrome/59.0.3071.125 Mobile Safari/537.36" "nacaomestica.org"
52.188.211.122 - - [27/Dec/2022:19:00:57 -0800] "GET /blog4/?tag=mestico HTTP/1.1" 200 100124 "-" "Mozilla/5.0 (Linux; Android 7.0; SM-G930V Build/NRD90M) AppleWebKit/537.36 (KHTML, like Gecko) Chrome/59.0.3071.125 Mobile Safari/537.36" "nacaomestica.org"
52.188.211.122 - - [27/Dec/2022:19:01:23 -0800] "GET /blog4/?tag=internacionalizacao HTTP/1.1" 200 75477 "-" "Mozilla/5.0 (Linux; Android 7.0; SM-G930V Build/NRD90M) AppleWebKit/537.36 (KHTML, like Gecko) Chrome/59.0.3071.125 Mobile Safari/537.36" "nacaomestica.org"
207.46.13.121 - - [27/Dec/2022:19:01:27 -0800] "GET /blog4/?p=4408 HTTP/1.1" 200 78999 "-" "Mozilla/5.0 AppleWebKit/537.36 (KHTML, like Gecko; compatible; bingbot/2.0; +http://www.bing.com/bingbot.htm) Chrome/103.0.5060.134 Safari/537.36" "nacaomestica.org"
201.50.175.50 - - [27/Dec/2022:19:01:30 -0800] "GET /blog4/wp-content/uploads/2022/12/AFROIMPERIALISMO_003.png HTTP/1.1" 200 760804 "https://nacaomestica.org/" "Mozilla/5.0 (Linux; Android 11; SM-A305GT) AppleWebKit/537.36 (KHTML, like Gecko) Chrome/108.0.0.0 Mobile Safari/537.36" "nacaomestica.org"
62.210.215.119 - - [27/Dec/2022:19:01:45 -0800] "GET /blog4/?feed=rss2&p=20810 HTTP/1.1" 200 769 "-" "Mozilla/5.0 (X11; Linux i686) AppleWebKit/537.36 (KHTML, like Gecko) Chrome/30.0.1599.66 Safari/537.36" "nacaomestica.org"
10.213.116.69 - - [27/Dec/2022:19:01:52 -0800] "POST /blog4/wp-cron.php?doing_wp_cron=1672196512.1180820465087890625000 HTTP/1.1" 200 - "https://nacaomestica.org/blog4/wp-cron.php?doing_wp_cron=1672196512.1180820465087890625000" "WordPress/5.6.10; https://nacaomestica.org/blog4" "nacaomestica.org"
52.188.211.122 - - [27/Dec/2022:19:01:50 -0800] "GET /blog4/?tag=internacionalizacao HTTP/1.1" 200 75477 "-" "Mozilla/5.0 (Linux; Android 7.0; SM-G930V Build/NRD90M) AppleWebKit/537.36 (KHTML, like Gecko) Chrome/59.0.3071.125 Mobile Safari/537.36" "nacaomestica.org"
207.46.13.62 - - [27/Dec/2022:19:01:54 -0800] "GET /blog4/wp-includes/js/mediaelement/mediaelement-migrate.min.js?ver=5.6.10 HTTP/1.1" 200 544 "-" "Mozilla/5.0 AppleWebKit/537.36 (KHTML, like Gecko; compatible; bingbot/2.0; +http://www.bing.com/bingbot.htm) Chrome/103.0.5060.134 Safari/537.36" "nacaomestica.org"
17.241.219.162 - - [27/Dec/2022:19:02:15 -0800] "GET /robots.txt HTTP/1.1" 200 59 "-" "Mozilla/5.0 (Macintosh; Intel Mac OS X 10_15_5) AppleWebKit/605.1.15 (KHTML, like Gecko) Version/13.1.1 Safari/605.1.15 (Applebot/0.1; +http://www.apple.com/go/applebot)" "www.nacaomestica.org"
17.241.219.162 - - [27/Dec/2022:19:02:15 -0800] "GET /nota_de_repudio_090911_estatuto_pl_lor HTTP/1.1" 200 3274 "-" "Mozilla/5.0 (Macintosh; Intel Mac OS X 10_15_5) AppleWebKit/605.1.15 (KHTML, like Gecko) Version/13.1.1 Safari/605.1.15 (Applebot/0.1; +http://www.apple.com/go/applebot)" "www.nacaomestica.org"
201.50.175.50 - - [27/Dec/2022:19:02:24 -0800] "GET /blog4/?cat=20 HTTP/1.1" 200 45960 "https://nacaomestica.org/" "Mozilla/5.0 (Linux; Android 11; SM-A305GT) AppleWebKit/537.36 (KHTML, like Gecko) Chrome/108.0.0.0 Mobile Safari/537.36" "nacaomestica.org"
201.50.175.50 - - [27/Dec/2022:19:02:26 -0800] "GET /blog4/?cat=199 HTTP/1.1" 200 101222 "https://nacaomestica.org/" "Mozilla/5.0 (Linux; Android 11; SM-A305GT) AppleWebKit/537.36 (KHTML, like Gecko) Chrome/108.0.0.0 Mobile Safari/537.36" "nacaomestica.org"
201.50.175.50 - - [27/Dec/2022:19:02:29 -0800] "GET /blog4/?p=23103 HTTP/1.1" 200 78978 "https://nacaomestica.org/blog4/?cat=199" "Mozilla/5.0 (Linux; Android 11; SM-A305GT) AppleWebKit/537.36 (KHTML, like Gecko) Chrome/108.0.0.0 Mobile Safari/537.36" "nacaomestica.org"
201.50.175.50 - - [27/Dec/2022:19:02:32 -0800] "GET /blog4/wp-content/uploads/2018/03/images.jpeg HTTP/1.1" 200 22869 "https://nacaomestica.org/blog4/?p=23103" "Mozilla/5.0 (Linux; Android 11; SM-A305GT) AppleWebKit/537.36 (KHTML, like Gecko) Chrome/108.0.0.0 Mobile Safari/537.36" "nacaomestica.org"
201.50.175.50 - - [27/Dec/2022:19:02:32 -0800] "GET /blog4/wp-content/themes/carrington-blog/img/comments-divider.gif HTTP/1.1" 200 6855 "https://nacaomestica.org/blog4/wp-content/themes/carrington-blog/css/css.php" "Mozilla/5.0 (Linux; Android 11; SM-A305GT) AppleWebKit/537.36 (KHTML, like Gecko) Chrome/108.0.0.0 Mobile Safari/537.36" "nacaomestica.org"
201.50.175.50 - - [27/Dec/2022:19:03:23 -0800] "GET /blog4/?p=20842 HTTP/1.1" 200 79570 "https://nacaomestica.org/blog4/?cat=199" "Mozilla/5.0 (Linux; Android 11; SM-A305GT) AppleWebKit/537.36 (KHTML, like Gecko) Chrome/108.0.0.0 Mobile Safari/537.36" "nacaomestica.org"
201.50.175.50 - - [27/Dec/2022:19:03:28 -0800] "GET /blog4/wp-content/uploads/2017/02/Screen-Shot-2017-02-23-at-1.15.09-PM-750x319.png HTTP/1.1" 200 194881 "https://nacaomestica.org/blog4/?p=20842" "Mozilla/5.0 (Linux; Android 11; SM-A305GT) AppleWebKit/537.36 (KHTML, like Gecko) Chrome/108.0.0.0 Mobile Safari/537.36" "nacaomestica.org"
201.50.175.50 - - [27/Dec/2022:19:03:28 -0800] "GET /blog4/wp-content/uploads/2017/02/DSC0024.jpg HTTP/1.1" 200 222518 "https://nacaomestica.org/blog4/?p=20842" "Mozilla/5.0 (Linux; Android 11; SM-A305GT) AppleWebKit/537.36 (KHTML, like Gecko) Chrome/108.0.0.0 Mobile Safari/537.36" "nacaomestica.org"
52.188.211.122 - - [27/Dec/2022:19:03:26 -0800] "GET /blog4/?paged=2 HTTP/1.1" 200 94190 "-" "Mozilla/5.0 (Linux; Android 7.0; SM-G930V Build/NRD90M) AppleWebKit/537.36 (KHTML, like Gecko) Chrome/59.0.3071.125 Mobile Safari/537.36" "nacaomestica.org"
201.50.175.50 - - [27/Dec/2022:19:04:15 -0800] "GET /blog4/?p=22331 HTTP/1.1" 200 146983 "https://nacaomestica.org/blog4/?p=20842" "Mozilla/5.0 (Linux; Android 11; SM-A305GT) AppleWebKit/537.36 (KHTML, like Gecko) Chrome/108.0.0.0 Mobile Safari/537.36" "nacaomestica.org"
10.213.116.68 - - [27/Dec/2022:19:04:16 -0800] "POST /blog4/wp-cron.php?doing_wp_cron=1672196656.5032649040222167968750 HTTP/1.1" 200 - "https://nacaomestica.org/blog4/wp-cron.php?doing_wp_cron=1672196656.5032649040222167968750" "WordPress/5.6.10; https://nacaomestica.org/blog4" "nacaomestica.org"
201.50.175.50 - - [27/Dec/2022:19:04:19 -0800] "GET /blog4/wp-content/uploads/2017/11/whitemansmarch.jpg HTTP/1.1" 200 42368 "https://nacaomestica.org/blog4/?p=22331" "Mozilla/5.0 (Linux; Android 11; SM-A305GT) AppleWebKit/537.36 (KHTML, like Gecko) Chrome/108.0.0.0 Mobile Safari/537.36" "nacaomestica.org"
201.50.175.50 - - [27/Dec/2022:19:04:19 -0800] "GET /blog4/wp-content/uploads/2013/09/casalmisto.jpg HTTP/1.1" 200 108596 "https://nacaomestica.org/blog4/?p=22331" "Mozilla/5.0 (Linux; Android 11; SM-A305GT) AppleWebKit/537.36 (KHTML, like Gecko) Chrome/108.0.0.0 Mobile Safari/537.36" "nacaomestica.org"
201.50.175.50 - - [27/Dec/2022:19:04:19 -0800] "GET /blog4/wp-content/uploads/2017/11/miscigenacao_e_genocidio04.png HTTP/1.1" 200 1438104 "https://nacaomestica.org/blog4/?p=22331" "Mozilla/5.0 (Linux; Android 11; SM-A305GT) AppleWebKit/537.36 (KHTML, like Gecko) Chrome/108.0.0.0 Mobile Safari/537.36" "nacaomestica.org"
201.50.175.50 - - [27/Dec/2022:19:04:19 -0800] "GET /blog4/wp-content/themes/carrington-blog/img/comment-thread.gif HTTP/1.1" 200 236 "https://nacaomestica.org/blog4/wp-content/themes/carrington-blog/css/css.php" "Mozilla/5.0 (Linux; Android 11; SM-A305GT) AppleWebKit/537.36 (KHTML, like Gecko) Chrome/108.0.0.0 Mobile Safari/537.36" "nacaomestica.org"
51.222.253.12 - - [27/Dec/2022:19:06:12 -0800] "GET /blog4/?feed=rss2&p=9324 HTTP/1.1" 200 2028 "-" "Mozilla/5.0 (compatible; AhrefsBot/7.0; +http://ahrefs.com/robot/)" "nacaomestica.org"
189.120.77.29 - - [27/Dec/2022:19:08:33 -0800] "GET /blog4/?p=23585 HTTP/1.1" 200 76379 "-" "Mozilla/5.0 (Windows NT 10.0; Win64; x64) AppleWebKit/537.36 (KHTML, like Gecko) Chrome/108.0.0.0 Safari/537.36" "nacaomestica.org"
10.213.116.68 - - [27/Dec/2022:19:08:35 -0800] "POST /blog4/wp-cron.php?doing_wp_cron=1672196914.9603300094604492187500 HTTP/1.1" 200 - "https://nacaomestica.org/blog4/wp-cron.php?doing_wp_cron=1672196914.9603300094604492187500" "WordPress/5.6.10; https://nacaomestica.org/blog4" "nacaomestica.org"
191.179.8.17 - - [27/Dec/2022:19:11:25 -0800] "GET /blog4/wp-content/uploads/2016/11/fidel.jpg HTTP/1.1" 200 130951 "https://www.google.com/" "Mozilla/5.0 (Windows NT 6.1; Win64; x64; rv:108.0) Gecko/20100101 Firefox/108.0" "nacaomestica.org"
104.211.53.213 - - [27/Dec/2022:19:14:05 -0800] "GET /blog4/?cat=90 HTTP/1.1" 200 92393 "-" "Mozilla/5.0 (Linux; Android 7.0; SM-G930V Build/NRD90M) AppleWebKit/537.36 (KHTML, like Gecko) Chrome/59.0.3071.125 Mobile Safari/537.36" "nacaomestica.org"
10.213.116.68 - - [27/Dec/2022:19:14:07 -0800] "POST /blog4/wp-cron.php?doing_wp_cron=1672197247.6401400566101074218750 HTTP/1.1" 200 - "https://nacaomestica.org/blog4/wp-cron.php?doing_wp_cron=1672197247.6401400566101074218750" "WordPress/5.6.10; https://nacaomestica.org/blog4" "nacaomestica.org"
138.185.86.2 - - [27/Dec/2022:19:14:15 -0800] "GET /blog4/wp-content/uploads/2016/02/12662711_1062481170481714_7567113389439704324_n.jpg HTTP/1.1" 200 87162 "-" "com.google.android.apps.searchlite/724009 (Linux; U; Android 11; pt_BR; Nokia C20; Build/RP1A.201005.001; Cronet/108.0.5359.47)" "nacaomestica.org"
51.222.253.16 - - [27/Dec/2022:19:14:19 -0800] "GET /blog4/wp-trackback.php?p=16737 HTTP/1.1" 302 - "-" "Mozilla/5.0 (compatible; AhrefsBot/7.0; +http://ahrefs.com/robot/)" "nacaomestica.org"
152.254.250.234 - - [27/Dec/2022:19:14:39 -0800] "GET /blog4/wp-content/uploads/2016/02/pardo_preto1.png HTTP/1.1" 200 331753 "https://www.google.com/" "Mozilla/5.0 (Linux; Android 12; moto g(60)) AppleWebKit/537.36 (KHTML, like Gecko) Chrome/108.0.0.0 Mobile Safari/537.36" "nacaomestica.org"
104.211.53.213 - - [27/Dec/2022:19:14:54 -0800] "GET /blog4/?cat=116 HTTP/1.1" 200 67399 "-" "Mozilla/5.0 (Linux; Android 7.0; SM-G930V Build/NRD90M) AppleWebKit/537.36 (KHTML, like Gecko) Chrome/59.0.3071.125 Mobile Safari/537.36" "nacaomestica.org"
104.211.53.213 - - [27/Dec/2022:19:14:57 -0800] "GET /blog4/?cat=266 HTTP/1.1" 200 70172 "-" "Mozilla/5.0 (Linux; Android 7.0; SM-G930V Build/NRD90M) AppleWebKit/537.36 (KHTML, like Gecko) Chrome/59.0.3071.125 Mobile Safari/537.36" "nacaomestica.org"
104.211.53.213 - - [27/Dec/2022:19:14:57 -0800] "GET /blog4/?tag=limpeza-etnica HTTP/1.1" 200 91967 "-" "Mozilla/5.0 (Linux; Android 7.0; SM-G930V Build/NRD90M) AppleWebKit/537.36 (KHTML, like Gecko) Chrome/59.0.3071.125 Mobile Safari/537.36" "nacaomestica.org"
40.77.167.13 - - [27/Dec/2022:19:15:14 -0800] "GET /guevara_caveira.gif HTTP/1.1" 200 18403 "-" "Mozilla/5.0 AppleWebKit/537.36 (KHTML, like Gecko; compatible; bingbot/2.0; +http://www.bing.com/bingbot.htm) Chrome/103.0.5060.134 Safari/537.36" "nacaomestica.org"
104.211.53.213 - - [27/Dec/2022:19:15:11 -0800] "GET /blog4/?cat=268 HTTP/1.1" 200 96863 "-" "Mozilla/5.0 (Linux; Android 7.0; SM-G930V Build/NRD90M) AppleWebKit/537.36 (KHTML, like Gecko) Chrome/59.0.3071.125 Mobile Safari/537.36" "nacaomestica.org"
37.139.53.26 - - [27/Dec/2022:19:15:25 -0800] "GET /blog4/?p=25631 HTTP/1.1" 200 75485 "https://nacaomestica.org/blog4/?p=25631" "Mozilla/5.0 (Windows NT 6.3; Win64; x64) AppleWebKit/537.36 (KHTML, like Gecko) Chrome/90.0.4430.85 Safari/537.36 Edg/90.0.818.49" "nacaomestica.org"
37.139.53.26 - - [27/Dec/2022:19:15:28 -0800] "POST /blog4/wp-comments-post.php HTTP/1.1" 403 3072 "https://nacaomestica.org/blog4/?p=25631" "Mozilla/5.0 (Windows NT 6.3; Win64; x64) AppleWebKit/537.36 (KHTML, like Gecko) Chrome/90.0.4430.85 Safari/537.36 Edg/90.0.818.49" "nacaomestica.org"
191.5.33.73 - - [27/Dec/2022:19:15:40 -0800] "GET /blog4/wp-content/uploads/2019/02/NEGRISMO10.png HTTP/1.1" 200 298814 "https://www.google.com/" "Mozilla/5.0 (Windows NT 6.1) AppleWebKit/537.36 (KHTML, like Gecko) Chrome/108.0.0.0 Safari/537.36 Edg/108.0.1462.54" "nacaomestica.org"
66.249.68.84 - - [27/Dec/2022:19:15:55 -0800] "GET /blog4/wp-content/uploads/2015/12/IMG-20151226-WA0062-150x150.jpg HTTP/1.1" 200 9080 "-" "Googlebot-Image/1.0" "nacaomestica.org"
191.5.33.73 - - [27/Dec/2022:19:16:07 -0800] "GET /blog4/wp-content/uploads/2021/05/NEGRISMO28.png HTTP/1.1" 200 291129 "https://www.google.com/" "Mozilla/5.0 (Windows NT 6.1) AppleWebKit/537.36 (KHTML, like Gecko) Chrome/108.0.0.0 Safari/537.36 Edg/108.0.1462.54" "nacaomestica.org"
191.5.33.73 - - [27/Dec/2022:19:16:11 -0800] "GET /blog4/wp-content/uploads/2019/02/PARDO_OU_ESCRAVO05.png HTTP/1.1" 200 100281 "https://www.google.com/" "Mozilla/5.0 (Windows NT 6.1) AppleWebKit/537.36 (KHTML, like Gecko) Chrome/108.0.0.0 Safari/537.36 Edg/108.0.1462.54" "nacaomestica.org"
191.5.33.73 - - [27/Dec/2022:19:16:11 -0800] "GET /blog4/wp-content/uploads/2019/12/ISTO_E_MESTICAGEM02.png HTTP/1.1" 200 1176624 "https://www.google.com/" "Mozilla/5.0 (Windows NT 6.1) AppleWebKit/537.36 (KHTML, like Gecko) Chrome/108.0.0.0 Safari/537.36 Edg/108.0.1462.54" "nacaomestica.org"
10.213.116.70 - - [27/Dec/2022:19:16:22 -0800] "POST /blog4/wp-cron.php?doing_wp_cron=1672197382.9289789199829101562500 HTTP/1.1" 200 - "https://nacaomestica.org/blog4/wp-cron.php?doing_wp_cron=1672197382.9289789199829101562500" "WordPress/5.6.10; https://nacaomestica.org/blog4" "nacaomestica.org"
104.211.53.213 - - [27/Dec/2022:19:16:21 -0800] "GET /blog4/?cat=263 HTTP/1.1" 200 69362 "-" "Mozilla/5.0 (Linux; Android 7.0; SM-G930V Build/NRD90M) AppleWebKit/537.36 (KHTML, like Gecko) Chrome/59.0.3071.125 Mobile Safari/537.36" "nacaomestica.org"
191.5.33.73 - - [27/Dec/2022:19:16:25 -0800] "GET /blog4/wp-content/uploads/2019/01/IMIGRANTISMO2.png HTTP/1.1" 200 424549 "https://www.google.com/" "Mozilla/5.0 (Windows NT 6.1) AppleWebKit/537.36 (KHTML, like Gecko) Chrome/108.0.0.0 Safari/537.36 Edg/108.0.1462.54" "nacaomestica.org"
104.211.53.213 - - [27/Dec/2022:19:16:32 -0800] "GET /blog4/ HTTP/1.1" 200 92878 "-" "Mozilla/5.0 (Linux; Android 7.0; SM-G930V Build/NRD90M) AppleWebKit/537.36 (KHTML, like Gecko) Chrome/59.0.3071.125 Mobile Safari/537.36" "nacaomestica.org"
104.211.53.213 - - [27/Dec/2022:19:16:46 -0800] "GET /blog4/?tag=amarelo HTTP/1.1" 200 79949 "-" "Mozilla/5.0 (Linux; Android 7.0; SM-G930V Build/NRD90M) AppleWebKit/537.36 (KHTML, like Gecko) Chrome/59.0.3071.125 Mobile Safari/537.36" "nacaomestica.org"
104.211.53.213 - - [27/Dec/2022:19:16:47 -0800] "GET /blog4/?cat=182 HTTP/1.1" 200 73986 "-" "Mozilla/5.0 (Linux; Android 7.0; SM-G930V Build/NRD90M) AppleWebKit/537.36 (KHTML, like Gecko) Chrome/59.0.3071.125 Mobile Safari/537.36" "nacaomestica.org"
51.222.253.19 - - [27/Dec/2022:19:16:53 -0800] "GET /blog4/?p=21690 HTTP/1.1" 200 79268 "-" "Mozilla/5.0 (compatible; AhrefsBot/7.0; +http://ahrefs.com/robot/)" "nacaomestica.org"
167.114.157.181 - - [27/Dec/2022:19:17:10 -0800] "GET /robots.txt HTTP/1.1" 200 43 "-" "Mozilla/5.0 (compatible; MJ12bot/v1.4.8; http://mj12bot.com/)" "nacaomestica.org"
167.114.157.181 - - [27/Dec/2022:19:17:14 -0800] "GET /blog4/?p=10696 HTTP/1.1" 200 76530 "-" "Mozilla/5.0 (compatible; MJ12bot/v1.4.8; http://mj12bot.com/)" "nacaomestica.org"
104.211.53.213 - - [27/Dec/2022:19:17:14 -0800] "GET /blog4/?p=30980 HTTP/1.1" 200 74685 "-" "Mozilla/5.0 (Linux; Android 7.0; SM-G930V Build/NRD90M) AppleWebKit/537.36 (KHTML, like Gecko) Chrome/59.0.3071.125 Mobile Safari/537.36" "nacaomestica.org"
66.249.79.3 - - [27/Dec/2022:19:17:19 -0800] "GET /condoleezza_rice.jpg HTTP/1.1" 200 7680 "-" "Googlebot-Image/1.0" "www.nacaomestica.org"
167.114.157.181 - - [27/Dec/2022:19:17:20 -0800] "GET /blog4/?p=1692 HTTP/1.1" 200 77222 "-" "Mozilla/5.0 (compatible; MJ12bot/v1.4.8; http://mj12bot.com/)" "nacaomestica.org"
104.211.53.213 - - [27/Dec/2022:19:17:37 -0800] "GET /blog4/?tag=anti-cristianismo HTTP/1.1" 200 75919 "-" "Mozilla/5.0 (Linux; Android 7.0; SM-G930V Build/NRD90M) AppleWebKit/537.36 (KHTML, like Gecko) Chrome/59.0.3071.125 Mobile Safari/537.36" "nacaomestica.org"
104.211.53.213 - - [27/Dec/2022:19:17:41 -0800] "GET /blog4/?cat=131 HTTP/1.1" 200 94090 "-" "Mozilla/5.0 (Linux; Android 7.0; SM-G930V Build/NRD90M) AppleWebKit/537.36 (KHTML, like Gecko) Chrome/59.0.3071.125 Mobile Safari/537.36" "nacaomestica.org"
104.211.53.213 - - [27/Dec/2022:19:17:44 -0800] "GET /blog4/?cat=125 HTTP/1.1" 200 69776 "-" "Mozilla/5.0 (Linux; Android 7.0; SM-G930V Build/NRD90M) AppleWebKit/537.36 (KHTML, like Gecko) Chrome/59.0.3071.125 Mobile Safari/537.36" "nacaomestica.org"
104.211.53.213 - - [27/Dec/2022:19:17:49 -0800] "GET /blog4/?tag=charge HTTP/1.1" 200 86687 "-" "Mozilla/5.0 (Linux; Android 7.0; SM-G930V Build/NRD90M) AppleWebKit/537.36 (KHTML, like Gecko) Chrome/59.0.3071.125 Mobile Safari/537.36" "nacaomestica.org"
104.211.53.213 - - [27/Dec/2022:19:17:53 -0800] "GET /blog4/?tag=bantustao HTTP/1.1" 200 96665 "-" "Mozilla/5.0 (Linux; Android 7.0; SM-G930V Build/NRD90M) AppleWebKit/537.36 (KHTML, like Gecko) Chrome/59.0.3071.125 Mobile Safari/537.36" "nacaomestica.org"
104.211.53.213 - - [27/Dec/2022:19:17:53 -0800] "GET /blog4/?cat=128 HTTP/1.1" 200 96432 "-" "Mozilla/5.0 (Linux; Android 7.0; SM-G930V Build/NRD90M) AppleWebKit/537.36 (KHTML, like Gecko) Chrome/59.0.3071.125 Mobile Safari/537.36" "nacaomestica.org"
66.249.68.84 - - [27/Dec/2022:19:18:08 -0800] "GET /blog4/wp-content/uploads/2015/12/SAM_0934.JPG HTTP/1.1" 200 3572060 "-" "Googlebot-Image/1.0" "nacaomestica.org"
104.211.53.213 - - [27/Dec/2022:19:18:14 -0800] "GET /blog4/?tag=mesticagem-miscigenacao HTTP/1.1" 200 78972 "-" "Mozilla/5.0 (Linux; Android 7.0; SM-G930V Build/NRD90M) AppleWebKit/537.36 (KHTML, like Gecko) Chrome/59.0.3071.125 Mobile Safari/537.36" "nacaomestica.org"
104.211.53.213 - - [27/Dec/2022:19:18:17 -0800] "GET /blog4/?tag=direitos-originarios HTTP/1.1" 200 82684 "-" "Mozilla/5.0 (Linux; Android 7.0; SM-G930V Build/NRD90M) AppleWebKit/537.36 (KHTML, like Gecko) Chrome/59.0.3071.125 Mobile Safari/537.36" "nacaomestica.org"
147.30.14.76 - - [27/Dec/2022:19:18:32 -0800] "GET /blog4/wp-content/uploads/2018/07/neymar.jpg HTTP/1.1" 200 87651 "https://www.google.com/" "Mozilla/5.0 (Windows NT 10.0; WOW64) AppleWebKit/537.36 (KHTML, like Gecko) Chrome/108.0.0.0 Safari/537.36 OPR/94.0.0.0" "nacaomestica.org"
104.211.53.213 - - [27/Dec/2022:19:18:39 -0800] "GET /blog4/?cat=245 HTTP/1.1" 200 82244 "-" "Mozilla/5.0 (Linux; Android 7.0; SM-G930V Build/NRD90M) AppleWebKit/537.36 (KHTML, like Gecko) Chrome/59.0.3071.125 Mobile Safari/537.36" "nacaomestica.org"
10.213.116.68 - - [27/Dec/2022:19:18:40 -0800] "POST /blog4/wp-cron.php?doing_wp_cron=1672197520.1941618919372558593750 HTTP/1.1" 200 - "https://nacaomestica.org/blog4/wp-cron.php?doing_wp_cron=1672197520.1941618919372558593750" "WordPress/5.6.10; https://nacaomestica.org/blog4" "nacaomestica.org"
104.211.53.213 - - [27/Dec/2022:19:18:39 -0800] "GET /blog4/?cat=262 HTTP/1.1" 200 67828 "-" "Mozilla/5.0 (Linux; Android 7.0; SM-G930V Build/NRD90M) AppleWebKit/537.36 (KHTML, like Gecko) Chrome/59.0.3071.125 Mobile Safari/537.36" "nacaomestica.org"
104.211.53.213 - - [27/Dec/2022:19:18:51 -0800] "GET /blog4/?cat=219 HTTP/1.1" 200 94829 "-" "Mozilla/5.0 (Linux; Android 7.0; SM-G930V Build/NRD90M) AppleWebKit/537.36 (KHTML, like Gecko) Chrome/59.0.3071.125 Mobile Safari/537.36" "nacaomestica.org"
104.211.53.213 - - [27/Dec/2022:19:18:51 -0800] "GET /blog4/?cat=181 HTTP/1.1" 200 78489 "-" "Mozilla/5.0 (Linux; Android 7.0; SM-G930V Build/NRD90M) AppleWebKit/537.36 (KHTML, like Gecko) Chrome/59.0.3071.125 Mobile Safari/537.36" "nacaomestica.org"
104.211.53.213 - - [27/Dec/2022:19:19:02 -0800] "GET /blog4/?cat=181 HTTP/1.1" 200 78489 "-" "Mozilla/5.0 (Linux; Android 7.0; SM-G930V Build/NRD90M) AppleWebKit/537.36 (KHTML, like Gecko) Chrome/59.0.3071.125 Mobile Safari/537.36" "nacaomestica.org"
104.211.53.213 - - [27/Dec/2022:19:19:08 -0800] "GET /blog4/?tag=mesticofobia HTTP/1.1" 200 98594 "-" "Mozilla/5.0 (Linux; Android 7.0; SM-G930V Build/NRD90M) AppleWebKit/537.36 (KHTML, like Gecko) Chrome/59.0.3071.125 Mobile Safari/537.36" "nacaomestica.org"
104.211.53.213 - - [27/Dec/2022:19:19:09 -0800] "GET /blog4/?p=30970 HTTP/1.1" 200 75914 "-" "Mozilla/5.0 (Linux; Android 7.0; SM-G930V Build/NRD90M) AppleWebKit/537.36 (KHTML, like Gecko) Chrome/59.0.3071.125 Mobile Safari/537.36" "nacaomestica.org"
104.211.53.213 - - [27/Dec/2022:19:19:12 -0800] "GET /blog4/?cat=217 HTTP/1.1" 200 74984 "-" "Mozilla/5.0 (Linux; Android 7.0; SM-G930V Build/NRD90M) AppleWebKit/537.36 (KHTML, like Gecko) Chrome/59.0.3071.125 Mobile Safari/537.36" "nacaomestica.org"
104.211.53.213 - - [27/Dec/2022:19:19:18 -0800] "GET /blog4/?cat=69 HTTP/1.1" 200 94538 "-" "Mozilla/5.0 (Linux; Android 7.0; SM-G930V Build/NRD90M) AppleWebKit/537.36 (KHTML, like Gecko) Chrome/59.0.3071.125 Mobile Safari/537.36" "nacaomestica.org"
66.249.68.84 - - [27/Dec/2022:19:19:29 -0800] "GET /blog4/wp-content/uploads/2013/11/Nova-Imagem-31-300x200.jpg HTTP/1.1" 200 15643 "-" "Googlebot-Image/1.0" "nacaomestica.org"
114.119.132.173 - - [27/Dec/2022:19:19:30 -0800] "GET /blog4?D=A&paged=25 HTTP/1.1" 301 1426 "https://nacaomestica.org/blog4?D=A&paged=26" "Mozilla/5.0 (Linux; Android 7.0;) AppleWebKit/537.36 (KHTML, like Gecko) Mobile Safari/537.36 (compatible; PetalBot;+https://webmaster.petalsearch.com/site/petalbot)" "nacaomestica.org"
114.119.132.173 - - [27/Dec/2022:19:19:39 -0800] "GET /blog4/?D=A&paged=25 HTTP/1.1" 200 88708 "https://nacaomestica.org/blog4?D=A&paged=26" "Mozilla/5.0 (Linux; Android 7.0;) AppleWebKit/537.36 (KHTML, like Gecko) Mobile Safari/537.36 (compatible; PetalBot;+https://webmaster.petalsearch.com/site/petalbot)" "nacaomestica.org"
104.211.53.213 - - [27/Dec/2022:19:19:40 -0800] "GET /blog4/?p=23346 HTTP/1.1" 200 90887 "-" "Mozilla/5.0 (Linux; Android 7.0; SM-G930V Build/NRD90M) AppleWebKit/537.36 (KHTML, like Gecko) Chrome/59.0.3071.125 Mobile Safari/537.36" "nacaomestica.org"
104.211.53.213 - - [27/Dec/2022:19:19:42 -0800] "GET /blog4/?cat=29 HTTP/1.1" 200 70522 "-" "Mozilla/5.0 (Linux; Android 7.0; SM-G930V Build/NRD90M) AppleWebKit/537.36 (KHTML, like Gecko) Chrome/59.0.3071.125 Mobile Safari/537.36" "nacaomestica.org"
185.119.81.102 - - [27/Dec/2022:19:19:48 -0800] "GET /blog4/wp-login.php HTTP/1.1" 200 9235 "-" "Mozilla/5.0 (Windows NT 6.1; Win64; x64) AppleWebKit/537.36 (KHTML, like Gecko) Chrome/80.0.3987.87 Safari/537.36" "nacaomestica.org"
185.119.81.102 - - [27/Dec/2022:19:19:51 -0800] "POST /blog4/wp-login.php HTTP/1.1" 200 9550 "https://nacaomestica.org/blog4/wp-login.php" "Mozilla/5.0 (Windows NT 6.1; Win64; x64) AppleWebKit/537.36 (KHTML, like Gecko) Chrome/80.0.3987.87 Safari/537.36" "nacaomestica.org"
114.119.156.33 - - [27/Dec/2022:19:20:01 -0800] "GET /blog4/?feed=rss2&p=1246 HTTP/1.1" 200 818 "https://nacaomestica.org/blog4/wp-trackback.php?p=1246" "Mozilla/5.0 (Linux; Android 7.0;) AppleWebKit/537.36 (KHTML, like Gecko) Mobile Safari/537.36 (compatible; PetalBot;+https://webmaster.petalsearch.com/site/petalbot)" "nacaomestica.org"
104.211.53.213 - - [27/Dec/2022:19:20:13 -0800] "GET /blog4/?tag=cotas HTTP/1.1" 200 92777 "-" "Mozilla/5.0 (Linux; Android 7.0; SM-G930V Build/NRD90M) AppleWebKit/537.36 (KHTML, like Gecko) Chrome/59.0.3071.125 Mobile Safari/537.36" "nacaomestica.org"
104.211.53.213 - - [27/Dec/2022:19:20:14 -0800] "GET / HTTP/1.1" 200 92878 "-" "Mozilla/5.0 (Linux; Android 7.0; SM-G930V Build/NRD90M) AppleWebKit/537.36 (KHTML, like Gecko) Chrome/59.0.3071.125 Mobile Safari/537.36" "nacaomestica.org"
207.46.13.94 - - [27/Dec/2022:19:20:45 -0800] "GET /blog4/wp-content/uploads/2018/05/Tabela-136_-Popula%C3%A7%C3%A3o-residente-por-cor-ou-ra%C3%A7a_pop_preta_censo2010.pdf HTTP/1.1" 200 81783 "-" "Mozilla/5.0 AppleWebKit/537.36 (KHTML, like Gecko; compatible; bingbot/2.0; +http://www.bing.com/bingbot.htm) Chrome/103.0.5060.134 Safari/537.36" "nacaomestica.org"
62.210.215.119 - - [27/Dec/2022:19:23:59 -0800] "GET /blog4/?feed=rss2&p=481 HTTP/1.1" 200 1424 "-" "Mozilla/5.0 (X11; Linux i686) AppleWebKit/537.36 (KHTML, like Gecko) Chrome/30.0.1599.66 Safari/537.36" "nacaomestica.org"
10.213.116.69 - - [27/Dec/2022:19:24:01 -0800] "POST /blog4/wp-cron.php?doing_wp_cron=1672197841.3183069229125976562500 HTTP/1.1" 200 - "https://nacaomestica.org/blog4/wp-cron.php?doing_wp_cron=1672197841.3183069229125976562500" "WordPress/5.6.10; https://nacaomestica.org/blog4" "nacaomestica.org"
201.81.74.57 - - [27/Dec/2022:19:24:17 -0800] "GET /iracema_mel.jpg HTTP/1.1" 200 46860 "http://cinemabrasileiro.comunidades.net/" "Mozilla/5.0 (Windows NT 6.1; Win64; x64) AppleWebKit/537.36 (KHTML, like Gecko) Chrome/108.0.0.0 Safari/537.36 OPR/94.0.0.0" "www.nacaomestica.org"
66.249.68.82 - - [27/Dec/2022:19:25:07 -0800] "GET /blog4/wp-content/uploads/2019/09/INDIGENISMO_11.png HTTP/1.1" 304 - "-" "Googlebot-Image/1.0" "nacaomestica.org"
173.252.79.22 - - [27/Dec/2022:19:26:31 -0800] "GET /blog4/wp-content/uploads/2022/09/mesticos_sejusc-1.jpg HTTP/1.1" 200 13563 "-" "facebookexternalhit/1.1 (+http://www.facebook.com/externalhit_uatext.php)" "nacaomestica.org"
10.213.116.69 - - [27/Dec/2022:19:27:39 -0800] "POST /blog4/wp-cron.php?doing_wp_cron=1672198059.9362831115722656250000 HTTP/1.1" 200 - "https://nacaomestica.org/blog4/wp-cron.php?doing_wp_cron=1672198059.9362831115722656250000" "WordPress/5.6.10; https://nacaomestica.org/blog4" "nacaomestica.org"
207.46.13.94 - - [27/Dec/2022:19:27:37 -0800] "GET /blog4/?p=5748 HTTP/1.1" 200 94720 "-" "Mozilla/5.0 AppleWebKit/537.36 (KHTML, like Gecko; compatible; bingbot/2.0; +http://www.bing.com/bingbot.htm) Chrome/103.0.5060.134 Safari/537.36" "nacaomestica.org"
51.222.253.4 - - [27/Dec/2022:19:27:40 -0800] "GET /blog4/?p=5200 HTTP/1.1" 200 80458 "-" "Mozilla/5.0 (compatible; AhrefsBot/7.0; +http://ahrefs.com/robot/)" "nacaomestica.org"
207.46.13.49 - - [27/Dec/2022:19:27:43 -0800] "GET /sitemap.xml HTTP/1.1" 200 170 "-" "Mozilla/5.0 AppleWebKit/537.36 (KHTML, like Gecko; compatible; bingbot/2.0; +http://www.bing.com/bingbot.htm) Chrome/103.0.5060.134 Safari/537.36" "nacaomestica.org"
