51.222.253.5 - - [27/Dec/2022:17:06:20 -0800] "GET /blog4/wp-content/uploads/2016/02/SAM_1029-150x150.jpg HTTP/1.1" 200 9449 "-" "Mozilla/5.0 (compatible; AhrefsBot/7.0; +http://ahrefs.com/robot/)" "nacaomestica.org"
51.222.253.12 - - [27/Dec/2022:17:06:20 -0800] "GET /blog4/wp-content/uploads/2016/02/SAM_1037-150x150.jpg HTTP/1.1" 200 8934 "-" "Mozilla/5.0 (compatible; AhrefsBot/7.0; +http://ahrefs.com/robot/)" "nacaomestica.org"
51.222.253.13 - - [27/Dec/2022:17:06:21 -0800] "GET /blog4/wp-content/uploads/2016/02/SAM_1022-150x150.jpg HTTP/1.1" 200 10850 "-" "Mozilla/5.0 (compatible; AhrefsBot/7.0; +http://ahrefs.com/robot/)" "nacaomestica.org"
51.222.253.18 - - [27/Dec/2022:17:06:21 -0800] "GET /blog4/wp-content/uploads/2016/02/SAM_1038-150x150.jpg HTTP/1.1" 200 9102 "-" "Mozilla/5.0 (compatible; AhrefsBot/7.0; +http://ahrefs.com/robot/)" "nacaomestica.org"
51.222.253.6 - - [27/Dec/2022:17:06:22 -0800] "GET /blog4/wp-content/uploads/2016/02/SAM_1034-150x150.jpg HTTP/1.1" 200 8962 "-" "Mozilla/5.0 (compatible; AhrefsBot/7.0; +http://ahrefs.com/robot/)" "nacaomestica.org"
51.222.253.7 - - [27/Dec/2022:17:06:22 -0800] "GET /blog4/wp-content/uploads/2016/02/SAM_1063-150x150.jpg HTTP/1.1" 200 10857 "-" "Mozilla/5.0 (compatible; AhrefsBot/7.0; +http://ahrefs.com/robot/)" "nacaomestica.org"
51.222.253.17 - - [27/Dec/2022:17:06:23 -0800] "GET /blog4/wp-content/uploads/2016/02/SAM_1047-150x150.jpg HTTP/1.1" 200 7999 "-" "Mozilla/5.0 (compatible; AhrefsBot/7.0; +http://ahrefs.com/robot/)" "nacaomestica.org"
51.222.253.1 - - [27/Dec/2022:17:06:24 -0800] "GET /blog4/wp-content/uploads/2016/02/SAM_1040-150x150.jpg HTTP/1.1" 200 5620 "-" "Mozilla/5.0 (compatible; AhrefsBot/7.0; +http://ahrefs.com/robot/)" "nacaomestica.org"
51.222.253.4 - - [27/Dec/2022:17:06:24 -0800] "GET /blog4/wp-content/uploads/2016/02/SAM_1060-150x150.jpg HTTP/1.1" 200 9483 "-" "Mozilla/5.0 (compatible; AhrefsBot/7.0; +http://ahrefs.com/robot/)" "nacaomestica.org"
51.222.253.14 - - [27/Dec/2022:17:06:25 -0800] "GET /blog4/wp-content/uploads/2016/02/SAM_1026-150x150.jpg HTTP/1.1" 200 10025 "-" "Mozilla/5.0 (compatible; AhrefsBot/7.0; +http://ahrefs.com/robot/)" "nacaomestica.org"
51.222.253.16 - - [27/Dec/2022:17:06:25 -0800] "GET /blog4/wp-content/uploads/2016/02/SAM_1030-150x150.jpg HTTP/1.1" 200 9426 "-" "Mozilla/5.0 (compatible; AhrefsBot/7.0; +http://ahrefs.com/robot/)" "nacaomestica.org"
51.222.253.17 - - [27/Dec/2022:17:06:26 -0800] "GET /blog4/wp-content/uploads/2016/02/SAM_1020-150x150.jpg HTTP/1.1" 200 10196 "-" "Mozilla/5.0 (compatible; AhrefsBot/7.0; +http://ahrefs.com/robot/)" "nacaomestica.org"
51.222.253.13 - - [27/Dec/2022:17:06:26 -0800] "GET /blog4/wp-content/uploads/2016/02/SAM_1050-150x150.jpg HTTP/1.1" 200 8757 "-" "Mozilla/5.0 (compatible; AhrefsBot/7.0; +http://ahrefs.com/robot/)" "nacaomestica.org"
51.222.253.15 - - [27/Dec/2022:17:06:27 -0800] "GET /blog4/wp-content/uploads/2016/02/SAM_1036-150x150.jpg HTTP/1.1" 200 9753 "-" "Mozilla/5.0 (compatible; AhrefsBot/7.0; +http://ahrefs.com/robot/)" "nacaomestica.org"
51.222.253.9 - - [27/Dec/2022:17:06:28 -0800] "GET /blog4/wp-content/uploads/2016/02/SAM_1027-150x150.jpg HTTP/1.1" 200 10001 "-" "Mozilla/5.0 (compatible; AhrefsBot/7.0; +http://ahrefs.com/robot/)" "nacaomestica.org"
51.222.253.10 - - [27/Dec/2022:17:06:28 -0800] "GET /blog4/wp-content/uploads/2016/02/SAM_1057-150x150.jpg HTTP/1.1" 200 10850 "-" "Mozilla/5.0 (compatible; AhrefsBot/7.0; +http://ahrefs.com/robot/)" "nacaomestica.org"
51.222.253.12 - - [27/Dec/2022:17:06:29 -0800] "GET /blog4/wp-content/uploads/2016/02/SAM_1044-150x150.jpg HTTP/1.1" 200 8340 "-" "Mozilla/5.0 (compatible; AhrefsBot/7.0; +http://ahrefs.com/robot/)" "nacaomestica.org"
51.222.253.19 - - [27/Dec/2022:17:06:29 -0800] "GET /blog4/wp-content/uploads/2016/02/SAM_1059-150x150.jpg HTTP/1.1" 200 10598 "-" "Mozilla/5.0 (compatible; AhrefsBot/7.0; +http://ahrefs.com/robot/)" "nacaomestica.org"
51.222.253.9 - - [27/Dec/2022:17:06:30 -0800] "GET /blog4/wp-content/uploads/2016/02/SAM_1041-150x150.jpg HTTP/1.1" 200 8620 "-" "Mozilla/5.0 (compatible; AhrefsBot/7.0; +http://ahrefs.com/robot/)" "nacaomestica.org"
51.222.253.5 - - [27/Dec/2022:17:06:30 -0800] "GET /blog4/wp-content/uploads/2016/02/SAM_1051-150x150.jpg HTTP/1.1" 200 10161 "-" "Mozilla/5.0 (compatible; AhrefsBot/7.0; +http://ahrefs.com/robot/)" "nacaomestica.org"
51.222.253.2 - - [27/Dec/2022:17:06:31 -0800] "GET /blog4/wp-content/uploads/2016/02/SAM_1028-150x150.jpg HTTP/1.1" 200 9663 "-" "Mozilla/5.0 (compatible; AhrefsBot/7.0; +http://ahrefs.com/robot/)" "nacaomestica.org"
51.222.253.8 - - [27/Dec/2022:17:06:31 -0800] "GET /blog4/wp-content/uploads/2016/02/SAM_1052-150x150.jpg HTTP/1.1" 200 8355 "-" "Mozilla/5.0 (compatible; AhrefsBot/7.0; +http://ahrefs.com/robot/)" "nacaomestica.org"
51.222.253.4 - - [27/Dec/2022:17:06:32 -0800] "GET /blog4/wp-content/uploads/2016/02/SAM_1042-150x150.jpg HTTP/1.1" 200 8666 "-" "Mozilla/5.0 (compatible; AhrefsBot/7.0; +http://ahrefs.com/robot/)" "nacaomestica.org"
51.222.253.9 - - [27/Dec/2022:17:06:32 -0800] "GET /blog4/wp-content/uploads/2016/02/SAM_1054-150x150.jpg HTTP/1.1" 200 10499 "-" "Mozilla/5.0 (compatible; AhrefsBot/7.0; +http://ahrefs.com/robot/)" "nacaomestica.org"
51.222.253.20 - - [27/Dec/2022:17:06:33 -0800] "GET /blog4/wp-content/uploads/2016/02/SAM_1056-150x150.jpg HTTP/1.1" 200 10714 "-" "Mozilla/5.0 (compatible; AhrefsBot/7.0; +http://ahrefs.com/robot/)" "nacaomestica.org"
51.222.253.1 - - [27/Dec/2022:17:06:33 -0800] "GET /blog4/wp-content/uploads/2016/02/SAM_1043-150x150.jpg HTTP/1.1" 200 8775 "-" "Mozilla/5.0 (compatible; AhrefsBot/7.0; +http://ahrefs.com/robot/)" "nacaomestica.org"
51.222.253.5 - - [27/Dec/2022:17:06:34 -0800] "GET /blog4/wp-content/uploads/2016/02/SAM_1024-150x150.jpg HTTP/1.1" 200 10131 "-" "Mozilla/5.0 (compatible; AhrefsBot/7.0; +http://ahrefs.com/robot/)" "nacaomestica.org"
51.222.253.20 - - [27/Dec/2022:17:06:35 -0800] "GET /blog4/wp-content/uploads/2016/02/SAM_1025-150x150.jpg HTTP/1.1" 200 9955 "-" "Mozilla/5.0 (compatible; AhrefsBot/7.0; +http://ahrefs.com/robot/)" "nacaomestica.org"
51.222.253.16 - - [27/Dec/2022:17:06:35 -0800] "GET /blog4/wp-content/uploads/2016/02/SAM_1032-150x150.jpg HTTP/1.1" 200 10436 "-" "Mozilla/5.0 (compatible; AhrefsBot/7.0; +http://ahrefs.com/robot/)" "nacaomestica.org"
51.222.253.13 - - [27/Dec/2022:17:06:36 -0800] "GET /blog4/wp-content/uploads/2016/02/SAM_1023-150x150.jpg HTTP/1.1" 200 10501 "-" "Mozilla/5.0 (compatible; AhrefsBot/7.0; +http://ahrefs.com/robot/)" "nacaomestica.org"
51.222.253.15 - - [27/Dec/2022:17:06:37 -0800] "GET /blog4/wp-content/uploads/2016/02/SAM_1048-150x150.jpg HTTP/1.1" 200 8258 "-" "Mozilla/5.0 (compatible; AhrefsBot/7.0; +http://ahrefs.com/robot/)" "nacaomestica.org"
51.222.253.4 - - [27/Dec/2022:17:06:37 -0800] "GET /blog4/wp-content/uploads/2016/02/SAM_1053-150x150.jpg HTTP/1.1" 200 11257 "-" "Mozilla/5.0 (compatible; AhrefsBot/7.0; +http://ahrefs.com/robot/)" "nacaomestica.org"
20.124.250.146 - - [27/Dec/2022:17:06:40 -0800] "GET /blog4/?tag=eventos HTTP/1.1" 200 86390 "-" "Mozilla/5.0 (Linux; Android 7.0; SM-G930V Build/NRD90M) AppleWebKit/537.36 (KHTML, like Gecko) Chrome/59.0.3071.125 Mobile Safari/537.36" "nacaomestica.org"
20.124.250.146 - - [27/Dec/2022:17:06:52 -0800] "GET /blog4/?cat=118 HTTP/1.1" 200 67561 "-" "Mozilla/5.0 (Linux; Android 7.0; SM-G930V Build/NRD90M) AppleWebKit/537.36 (KHTML, like Gecko) Chrome/59.0.3071.125 Mobile Safari/537.36" "nacaomestica.org"
20.124.250.146 - - [27/Dec/2022:17:06:59 -0800] "GET /blog4/?cat=157 HTTP/1.1" 200 97426 "-" "Mozilla/5.0 (Linux; Android 7.0; SM-G930V Build/NRD90M) AppleWebKit/537.36 (KHTML, like Gecko) Chrome/59.0.3071.125 Mobile Safari/537.36" "nacaomestica.org"
20.124.250.146 - - [27/Dec/2022:17:07:02 -0800] "GET /blog4/?cat=252 HTTP/1.1" 200 80525 "-" "Mozilla/5.0 (Linux; Android 7.0; SM-G930V Build/NRD90M) AppleWebKit/537.36 (KHTML, like Gecko) Chrome/59.0.3071.125 Mobile Safari/537.36" "nacaomestica.org"
20.124.250.146 - - [27/Dec/2022:17:07:05 -0800] "GET /blog4/?cat=143 HTTP/1.1" 200 86703 "-" "Mozilla/5.0 (Linux; Android 7.0; SM-G930V Build/NRD90M) AppleWebKit/537.36 (KHTML, like Gecko) Chrome/59.0.3071.125 Mobile Safari/537.36" "nacaomestica.org"
177.26.255.145 - - [27/Dec/2022:17:07:15 -0800] "GET /blog4/wp-content/uploads/2012/04/sargentelli-ao-vivo-Bp.JPG HTTP/1.1" 200 42641 "https://www.google.com/" "Mozilla/5.0 (iPhone; CPU iPhone OS 16_0 like Mac OS X) AppleWebKit/605.1.15 (KHTML, like Gecko) CriOS/107.0.5304.101 Mobile/15E148 Safari/604.1" "nacaomestica.org"
10.213.116.69 - - [27/Dec/2022:17:07:14 -0800] "POST /blog4/wp-cron.php?doing_wp_cron=1672189634.7336409091949462890625 HTTP/1.1" 200 - "https://nacaomestica.org/blog4/wp-cron.php?doing_wp_cron=1672189634.7336409091949462890625" "WordPress/5.6.10; https://nacaomestica.org/blog4" "nacaomestica.org"
20.124.250.146 - - [27/Dec/2022:17:07:13 -0800] "GET /blog4/?tag=indigenismo HTTP/1.1" 200 97002 "-" "Mozilla/5.0 (Linux; Android 7.0; SM-G930V Build/NRD90M) AppleWebKit/537.36 (KHTML, like Gecko) Chrome/59.0.3071.125 Mobile Safari/537.36" "nacaomestica.org"
20.124.250.146 - - [27/Dec/2022:17:07:13 -0800] "GET /blog4/?cat=86 HTTP/1.1" 200 75797 "-" "Mozilla/5.0 (Linux; Android 7.0; SM-G930V Build/NRD90M) AppleWebKit/537.36 (KHTML, like Gecko) Chrome/59.0.3071.125 Mobile Safari/537.36" "nacaomestica.org"
20.124.250.146 - - [27/Dec/2022:17:07:33 -0800] "GET /blog4/?p=30960 HTTP/1.1" 200 75609 "-" "Mozilla/5.0 (Linux; Android 7.0; SM-G930V Build/NRD90M) AppleWebKit/537.36 (KHTML, like Gecko) Chrome/59.0.3071.125 Mobile Safari/537.36" "nacaomestica.org"
20.124.250.146 - - [27/Dec/2022:17:07:37 -0800] "GET /blog4/?cat=115 HTTP/1.1" 200 67548 "-" "Mozilla/5.0 (Linux; Android 7.0; SM-G930V Build/NRD90M) AppleWebKit/537.36 (KHTML, like Gecko) Chrome/59.0.3071.125 Mobile Safari/537.36" "nacaomestica.org"
20.124.250.146 - - [27/Dec/2022:17:07:38 -0800] "GET /blog4/?cat=129 HTTP/1.1" 200 67413 "-" "Mozilla/5.0 (Linux; Android 7.0; SM-G930V Build/NRD90M) AppleWebKit/537.36 (KHTML, like Gecko) Chrome/59.0.3071.125 Mobile Safari/537.36" "nacaomestica.org"
20.124.250.146 - - [27/Dec/2022:17:07:40 -0800] "GET /blog4/?p=23009 HTTP/1.1" 200 92264 "-" "Mozilla/5.0 (Linux; Android 7.0; SM-G930V Build/NRD90M) AppleWebKit/537.36 (KHTML, like Gecko) Chrome/59.0.3071.125 Mobile Safari/537.36" "nacaomestica.org"
157.55.39.142 - - [27/Dec/2022:17:07:52 -0800] "GET /KantMFP.htm HTTP/1.1" 200 4758 "-" "Mozilla/5.0 AppleWebKit/537.36 (KHTML, like Gecko; compatible; bingbot/2.0; +http://www.bing.com/bingbot.htm) Chrome/103.0.5060.134 Safari/537.36" "nacaomestica.org"
20.124.250.146 - - [27/Dec/2022:17:08:18 -0800] "GET /blog4/?p=23009 HTTP/1.1" 200 92264 "-" "Mozilla/5.0 (Linux; Android 7.0; SM-G930V Build/NRD90M) AppleWebKit/537.36 (KHTML, like Gecko) Chrome/59.0.3071.125 Mobile Safari/537.36" "nacaomestica.org"
20.124.250.146 - - [27/Dec/2022:17:08:39 -0800] "GET /blog4/?tag=supremacismo HTTP/1.1" 200 92496 "-" "Mozilla/5.0 (Linux; Android 7.0; SM-G930V Build/NRD90M) AppleWebKit/537.36 (KHTML, like Gecko) Chrome/59.0.3071.125 Mobile Safari/537.36" "nacaomestica.org"
20.124.250.146 - - [27/Dec/2022:17:08:47 -0800] "GET /blog4/?tag=mensagem-mestica HTTP/1.1" 200 89175 "-" "Mozilla/5.0 (Linux; Android 7.0; SM-G930V Build/NRD90M) AppleWebKit/537.36 (KHTML, like Gecko) Chrome/59.0.3071.125 Mobile Safari/537.36" "nacaomestica.org"
51.222.253.9 - - [27/Dec/2022:17:09:08 -0800] "GET /blog4/wp-trackback.php?p=22768 HTTP/1.1" 302 - "-" "Mozilla/5.0 (compatible; AhrefsBot/7.0; +http://ahrefs.com/robot/)" "nacaomestica.org"
20.124.250.146 - - [27/Dec/2022:17:09:47 -0800] "GET /blog4/?p=30966 HTTP/1.1" 200 73768 "-" "Mozilla/5.0 (Linux; Android 7.0; SM-G930V Build/NRD90M) AppleWebKit/537.36 (KHTML, like Gecko) Chrome/59.0.3071.125 Mobile Safari/537.36" "nacaomestica.org"
10.213.116.69 - - [27/Dec/2022:17:09:49 -0800] "POST /blog4/wp-cron.php?doing_wp_cron=1672189789.5156910419464111328125 HTTP/1.1" 200 - "https://nacaomestica.org/blog4/wp-cron.php?doing_wp_cron=1672189789.5156910419464111328125" "WordPress/5.6.10; https://nacaomestica.org/blog4" "nacaomestica.org"
189.126.239.69 - - [27/Dec/2022:17:09:50 -0800] "GET /blog4/?p=17752 HTTP/1.1" 200 150869 "https://www.google.com/" "Mozilla/5.0 (Linux; Android 12; M2101K7AG) AppleWebKit/537.36 (KHTML, like Gecko) Chrome/108.0.0.0 Mobile Safari/537.36" "nacaomestica.org"
189.126.239.69 - - [27/Dec/2022:17:09:55 -0800] "GET /blog4/wp-includes/js/jquery/jquery.min.js?ver=3.5.1 HTTP/1.1" 200 30916 "https://nacaomestica.org/blog4/?p=17752" "Mozilla/5.0 (Linux; Android 12; M2101K7AG) AppleWebKit/537.36 (KHTML, like Gecko) Chrome/108.0.0.0 Mobile Safari/537.36" "nacaomestica.org"
189.126.239.69 - - [27/Dec/2022:17:09:55 -0800] "GET /blog4/wp-content/themes/carrington-blog/css/css.php HTTP/1.1" 200 4963 "https://nacaomestica.org/blog4/?p=17752" "Mozilla/5.0 (Linux; Android 12; M2101K7AG) AppleWebKit/537.36 (KHTML, like Gecko) Chrome/108.0.0.0 Mobile Safari/537.36" "nacaomestica.org"
189.126.239.69 - - [27/Dec/2022:17:09:55 -0800] "GET /blog4/wp-content/themes/carrington-blog/js/carrington.js?ver=1.0 HTTP/1.1" 200 1229 "https://nacaomestica.org/blog4/?p=17752" "Mozilla/5.0 (Linux; Android 12; M2101K7AG) AppleWebKit/537.36 (KHTML, like Gecko) Chrome/108.0.0.0 Mobile Safari/537.36" "nacaomestica.org"
189.126.239.69 - - [27/Dec/2022:17:09:55 -0800] "GET /blog4/wp-content/themes/carrington-blog/carrington-core/lightbox/css/thickbox.css HTTP/1.1" 200 975 "https://nacaomestica.org/blog4/?p=17752" "Mozilla/5.0 (Linux; Android 12; M2101K7AG) AppleWebKit/537.36 (KHTML, like Gecko) Chrome/108.0.0.0 Mobile Safari/537.36" "nacaomestica.org"
189.126.239.69 - - [27/Dec/2022:17:09:55 -0800] "GET /blog4/wp-includes/js/jquery/jquery-migrate.min.js?ver=3.3.2 HTTP/1.1" 200 4169 "https://nacaomestica.org/blog4/?p=17752" "Mozilla/5.0 (Linux; Android 12; M2101K7AG) AppleWebKit/537.36 (KHTML, like Gecko) Chrome/108.0.0.0 Mobile Safari/537.36" "nacaomestica.org"
189.126.239.69 - - [27/Dec/2022:17:09:55 -0800] "GET /blog4/wp-content/themes/carrington-blog/carrington-core/lightbox/thickbox.js?ver=1.0 HTTP/1.1" 200 3903 "https://nacaomestica.org/blog4/?p=17752" "Mozilla/5.0 (Linux; Android 12; M2101K7AG) AppleWebKit/537.36 (KHTML, like Gecko) Chrome/108.0.0.0 Mobile Safari/537.36" "nacaomestica.org"
189.126.239.69 - - [27/Dec/2022:17:09:59 -0800] "GET /blog4/wp-includes/js/mediaelement/mediaelementplayer-legacy.min.css?ver=4.2.16 HTTP/1.1" 200 2592 "https://nacaomestica.org/blog4/?p=17752" "Mozilla/5.0 (Linux; Android 12; M2101K7AG) AppleWebKit/537.36 (KHTML, like Gecko) Chrome/108.0.0.0 Mobile Safari/537.36" "nacaomestica.org"
189.126.239.69 - - [27/Dec/2022:17:09:59 -0800] "GET /blog4/wp-includes/js/mediaelement/wp-mediaelement.min.css?ver=5.6.10 HTTP/1.1" 200 1156 "https://nacaomestica.org/blog4/?p=17752" "Mozilla/5.0 (Linux; Android 12; M2101K7AG) AppleWebKit/537.36 (KHTML, like Gecko) Chrome/108.0.0.0 Mobile Safari/537.36" "nacaomestica.org"
189.126.239.69 - - [27/Dec/2022:17:09:59 -0800] "GET /blog4/wp-includes/js/wp-embed.min.js?ver=5.6.10 HTTP/1.1" 200 765 "https://nacaomestica.org/blog4/?p=17752" "Mozilla/5.0 (Linux; Android 12; M2101K7AG) AppleWebKit/537.36 (KHTML, like Gecko) Chrome/108.0.0.0 Mobile Safari/537.36" "nacaomestica.org"
189.126.239.69 - - [27/Dec/2022:17:09:59 -0800] "GET /blog4/wp-includes/js/wp-emoji-release.min.js?ver=5.6.10 HTTP/1.1" 200 4662 "https://nacaomestica.org/blog4/?p=17752" "Mozilla/5.0 (Linux; Android 12; M2101K7AG) AppleWebKit/537.36 (KHTML, like Gecko) Chrome/108.0.0.0 Mobile Safari/537.36" "nacaomestica.org"
189.126.239.69 - - [27/Dec/2022:17:09:59 -0800] "GET /blog4/wp-includes/js/mediaelement/wp-mediaelement.min.js?ver=5.6.10 HTTP/1.1" 200 475 "https://nacaomestica.org/blog4/?p=17752" "Mozilla/5.0 (Linux; Android 12; M2101K7AG) AppleWebKit/537.36 (KHTML, like Gecko) Chrome/108.0.0.0 Mobile Safari/537.36" "nacaomestica.org"
189.126.239.69 - - [27/Dec/2022:17:09:59 -0800] "GET /blog4/wp-includes/js/mediaelement/renderers/vimeo.min.js?ver=4.2.16 HTTP/1.1" 200 2284 "https://nacaomestica.org/blog4/?p=17752" "Mozilla/5.0 (Linux; Android 12; M2101K7AG) AppleWebKit/537.36 (KHTML, like Gecko) Chrome/108.0.0.0 Mobile Safari/537.36" "nacaomestica.org"
189.126.239.69 - - [27/Dec/2022:17:09:59 -0800] "GET /blog4/wp-includes/js/mediaelement/mediaelement-migrate.min.js?ver=5.6.10 HTTP/1.1" 200 544 "https://nacaomestica.org/blog4/?p=17752" "Mozilla/5.0 (Linux; Android 12; M2101K7AG) AppleWebKit/537.36 (KHTML, like Gecko) Chrome/108.0.0.0 Mobile Safari/537.36" "nacaomestica.org"
189.126.239.69 - - [27/Dec/2022:17:09:59 -0800] "GET /blog4/wp-content/plugins/wp-spamshield/js/jscripts-ftr2-min.js HTTP/1.1" 200 637 "https://nacaomestica.org/blog4/?p=17752" "Mozilla/5.0 (Linux; Android 12; M2101K7AG) AppleWebKit/537.36 (KHTML, like Gecko) Chrome/108.0.0.0 Mobile Safari/537.36" "nacaomestica.org"
189.126.239.69 - - [27/Dec/2022:17:09:59 -0800] "GET /blog4/wp-content/themes/carrington-blog/img/rss-button.gif HTTP/1.1" 200 2208 "https://nacaomestica.org/blog4/?p=17752" "Mozilla/5.0 (Linux; Android 12; M2101K7AG) AppleWebKit/537.36 (KHTML, like Gecko) Chrome/108.0.0.0 Mobile Safari/537.36" "nacaomestica.org"
189.126.239.69 - - [27/Dec/2022:17:09:59 -0800] "GET /blog4/wp-includes/js/mediaelement/mediaelement-and-player.min.js?ver=4.2.16 HTTP/1.1" 200 38657 "https://nacaomestica.org/blog4/?p=17752" "Mozilla/5.0 (Linux; Android 12; M2101K7AG) AppleWebKit/537.36 (KHTML, like Gecko) Chrome/108.0.0.0 Mobile Safari/537.36" "nacaomestica.org"
189.126.239.69 - - [27/Dec/2022:17:09:59 -0800] "GET /blog4/wp-content/themes/carrington-blog/img/dropdown-divider.gif HTTP/1.1" 200 144 "https://nacaomestica.org/blog4/wp-content/themes/carrington-blog/css/css.php" "Mozilla/5.0 (Linux; Android 12; M2101K7AG) AppleWebKit/537.36 (KHTML, like Gecko) Chrome/108.0.0.0 Mobile Safari/537.36" "nacaomestica.org"
189.126.239.69 - - [27/Dec/2022:17:09:59 -0800] "GET /blog4/wp-content/themes/carrington-blog/img/comment-thread.gif HTTP/1.1" 200 236 "https://nacaomestica.org/blog4/wp-content/themes/carrington-blog/css/css.php" "Mozilla/5.0 (Linux; Android 12; M2101K7AG) AppleWebKit/537.36 (KHTML, like Gecko) Chrome/108.0.0.0 Mobile Safari/537.36" "nacaomestica.org"
189.126.239.69 - - [27/Dec/2022:17:09:59 -0800] "GET /blog4/wp-content/themes/carrington-blog/img/divider-ornament.gif HTTP/1.1" 200 778 "https://nacaomestica.org/blog4/wp-content/themes/carrington-blog/css/css.php" "Mozilla/5.0 (Linux; Android 12; M2101K7AG) AppleWebKit/537.36 (KHTML, like Gecko) Chrome/108.0.0.0 Mobile Safari/537.36" "nacaomestica.org"
189.126.239.69 - - [27/Dec/2022:17:09:59 -0800] "GET /blog4/wp-content/themes/carrington-blog/img/header/gradient-dark.png HTTP/1.1" 200 2877 "https://nacaomestica.org/blog4/?p=17752" "Mozilla/5.0 (Linux; Android 12; M2101K7AG) AppleWebKit/537.36 (KHTML, like Gecko) Chrome/108.0.0.0 Mobile Safari/537.36" "nacaomestica.org"
189.126.239.69 - - [27/Dec/2022:17:09:59 -0800] "GET /blog4/wp-content/uploads/2016/02/pardo_preto1.png HTTP/1.1" 200 331753 "https://nacaomestica.org/blog4/?p=17752" "Mozilla/5.0 (Linux; Android 12; M2101K7AG) AppleWebKit/537.36 (KHTML, like Gecko) Chrome/108.0.0.0 Mobile Safari/537.36" "nacaomestica.org"
189.126.239.69 - - [27/Dec/2022:17:09:59 -0800] "GET /blog4/wp-content/themes/carrington-blog/img/sub-header-border-bottom.gif HTTP/1.1" 200 43 "https://nacaomestica.org/blog4/wp-content/themes/carrington-blog/css/css.php" "Mozilla/5.0 (Linux; Android 12; M2101K7AG) AppleWebKit/537.36 (KHTML, like Gecko) Chrome/108.0.0.0 Mobile Safari/537.36" "nacaomestica.org"
189.126.239.69 - - [27/Dec/2022:17:09:59 -0800] "GET /blog4/wp-content/themes/carrington-blog/img/comments-divider.gif HTTP/1.1" 200 6855 "https://nacaomestica.org/blog4/wp-content/themes/carrington-blog/css/css.php" "Mozilla/5.0 (Linux; Android 12; M2101K7AG) AppleWebKit/537.36 (KHTML, like Gecko) Chrome/108.0.0.0 Mobile Safari/537.36" "nacaomestica.org"
189.126.239.69 - - [27/Dec/2022:17:09:59 -0800] "GET /blog4/wp-content/themes/carrington-blog/img/grey-to-white-gradient.png HTTP/1.1" 200 153 "https://nacaomestica.org/blog4/wp-content/themes/carrington-blog/css/css.php" "Mozilla/5.0 (Linux; Android 12; M2101K7AG) AppleWebKit/537.36 (KHTML, like Gecko) Chrome/108.0.0.0 Mobile Safari/537.36" "nacaomestica.org"
189.126.239.69 - - [27/Dec/2022:17:09:59 -0800] "GET /blog4/wp-content/themes/carrington-blog/img/arrow-bullet.gif HTTP/1.1" 200 50 "https://nacaomestica.org/blog4/wp-content/themes/carrington-blog/css/css.php" "Mozilla/5.0 (Linux; Android 12; M2101K7AG) AppleWebKit/537.36 (KHTML, like Gecko) Chrome/108.0.0.0 Mobile Safari/537.36" "nacaomestica.org"
189.126.239.69 - - [27/Dec/2022:17:09:59 -0800] "GET /blog4/wp-content/themes/carrington-blog/img/watermark-light.gif HTTP/1.1" 200 31981 "https://nacaomestica.org/blog4/wp-content/themes/carrington-blog/css/css.php" "Mozilla/5.0 (Linux; Android 12; M2101K7AG) AppleWebKit/537.36 (KHTML, like Gecko) Chrome/108.0.0.0 Mobile Safari/537.36" "nacaomestica.org"
189.126.239.69 - - [27/Dec/2022:17:09:59 -0800] "GET /blog4/wp-content/themes/carrington-blog/img/comment.gif HTTP/1.1" 200 370 "https://nacaomestica.org/blog4/wp-content/themes/carrington-blog/css/css.php" "Mozilla/5.0 (Linux; Android 12; M2101K7AG) AppleWebKit/537.36 (KHTML, like Gecko) Chrome/108.0.0.0 Mobile Safari/537.36" "nacaomestica.org"
189.126.239.69 - - [27/Dec/2022:17:09:59 -0800] "GET /blog4/wp-content/uploads/2015/04/ONCA_SITE2.png HTTP/1.1" 200 296324 "https://nacaomestica.org/blog4/?p=17752" "Mozilla/5.0 (Linux; Android 12; M2101K7AG) AppleWebKit/537.36 (KHTML, like Gecko) Chrome/108.0.0.0 Mobile Safari/537.36" "nacaomestica.org"
189.126.239.69 - - [27/Dec/2022:17:09:59 -0800] "GET /blog4/wp-content/themes/carrington-blog/img/sidebar-background.gif HTTP/1.1" 200 1515 "https://nacaomestica.org/blog4/wp-content/themes/carrington-blog/css/css.php" "Mozilla/5.0 (Linux; Android 12; M2101K7AG) AppleWebKit/537.36 (KHTML, like Gecko) Chrome/108.0.0.0 Mobile Safari/537.36" "nacaomestica.org"
189.126.239.69 - - [27/Dec/2022:17:09:59 -0800] "GET /blog4/wp-content/uploads/2016/02/leopardo.png HTTP/1.1" 200 520833 "https://nacaomestica.org/blog4/?p=17752" "Mozilla/5.0 (Linux; Android 12; M2101K7AG) AppleWebKit/537.36 (KHTML, like Gecko) Chrome/108.0.0.0 Mobile Safari/537.36" "nacaomestica.org"
189.126.239.69 - - [27/Dec/2022:17:09:59 -0800] "GET /blog4/wp-content/themes/carrington-blog/img/footer/divider-ornament-wide-light.png HTTP/1.1" 200 1601 "https://nacaomestica.org/blog4/wp-content/themes/carrington-blog/css/css.php" "Mozilla/5.0 (Linux; Android 12; M2101K7AG) AppleWebKit/537.36 (KHTML, like Gecko) Chrome/108.0.0.0 Mobile Safari/537.36" "nacaomestica.org"
189.126.239.69 - - [27/Dec/2022:17:09:59 -0800] "GET /blog4/wp-content/themes/carrington-blog/img/footer/gradient-light.png HTTP/1.1" 200 172 "https://nacaomestica.org/blog4/?p=17752" "Mozilla/5.0 (Linux; Android 12; M2101K7AG) AppleWebKit/537.36 (KHTML, like Gecko) Chrome/108.0.0.0 Mobile Safari/537.36" "nacaomestica.org"
189.126.239.69 - - [27/Dec/2022:17:09:59 -0800] "GET /blog4/wp-content/themes/carrington-blog/img/footer/by-crowd-favorite-light.png HTTP/1.1" 200 2825 "https://nacaomestica.org/blog4/?p=17752" "Mozilla/5.0 (Linux; Android 12; M2101K7AG) AppleWebKit/537.36 (KHTML, like Gecko) Chrome/108.0.0.0 Mobile Safari/537.36" "nacaomestica.org"
189.126.239.69 - - [27/Dec/2022:17:09:59 -0800] "GET /blog4/wp-content/uploads/2018/08/livro_mestico_CAPA-2peq.png HTTP/1.1" 200 35385 "https://nacaomestica.org/blog4/?p=17752" "Mozilla/5.0 (Linux; Android 12; M2101K7AG) AppleWebKit/537.36 (KHTML, like Gecko) Chrome/108.0.0.0 Mobile Safari/537.36" "nacaomestica.org"
189.126.239.69 - - [27/Dec/2022:17:10:00 -0800] "GET /blog4/wp-content/themes/carrington-blog/carrington-core/lightbox/img/loadingAnimation.gif HTTP/1.1" 200 5886 "https://nacaomestica.org/blog4/?p=17752" "Mozilla/5.0 (Linux; Android 12; M2101K7AG) AppleWebKit/537.36 (KHTML, like Gecko) Chrome/108.0.0.0 Mobile Safari/537.36" "nacaomestica.org"
189.126.239.69 - - [27/Dec/2022:17:10:00 -0800] "GET /blog4/wp-includes/js/mediaelement/mejs-controls.svg HTTP/1.1" 200 1413 "https://nacaomestica.org/blog4/wp-includes/js/mediaelement/mediaelementplayer-legacy.min.css?ver=4.2.16" "Mozilla/5.0 (Linux; Android 12; M2101K7AG) AppleWebKit/537.36 (KHTML, like Gecko) Chrome/108.0.0.0 Mobile Safari/537.36" "nacaomestica.org"
189.126.239.69 - - [27/Dec/2022:17:10:20 -0800] "GET /favicon.ico HTTP/1.1" 200 676 "https://nacaomestica.org/blog4/?p=17752" "Mozilla/5.0 (Linux; Android 12; M2101K7AG) AppleWebKit/537.36 (KHTML, like Gecko) Chrome/108.0.0.0 Mobile Safari/537.36" "nacaomestica.org"
192.140.118.166 - - [27/Dec/2022:17:10:38 -0800] "GET /blog4/wp-content/uploads/2016/02/pardo_preto1.png HTTP/1.1" 200 331753 "https://www.google.com/" "Mozilla/5.0 (Windows NT 10.0; Win64; x64) AppleWebKit/537.36 (KHTML, like Gecko) Chrome/108.0.0.0 Safari/537.36" "nacaomestica.org"
189.126.239.69 - - [27/Dec/2022:17:10:48 -0800] "GET /blog4/wp-content/uploads/2016/02/mesticos_sombra-2.png HTTP/1.1" 200 191787 "https://nacaomestica.org/blog4/?p=17752" "Mozilla/5.0 (Linux; Android 12; M2101K7AG) AppleWebKit/537.36 (KHTML, like Gecko) Chrome/108.0.0.0 Mobile Safari/537.36" "nacaomestica.org"
189.126.239.69 - - [27/Dec/2022:17:10:50 -0800] "GET /blog4/wp-content/uploads/2016/02/EVOLUCAO_COR_CENSOS.png HTTP/1.1" 200 28612 "https://nacaomestica.org/blog4/?p=17752" "Mozilla/5.0 (Linux; Android 12; M2101K7AG) AppleWebKit/537.36 (KHTML, like Gecko) Chrome/108.0.0.0 Mobile Safari/537.36" "nacaomestica.org"
189.126.239.69 - - [27/Dec/2022:17:10:51 -0800] "GET /blog4/wp-content/uploads/2016/02/nem_raca_nem_cor1.png HTTP/1.1" 200 1041615 "https://nacaomestica.org/blog4/?p=17752" "Mozilla/5.0 (Linux; Android 12; M2101K7AG) AppleWebKit/537.36 (KHTML, like Gecko) Chrome/108.0.0.0 Mobile Safari/537.36" "nacaomestica.org"
51.222.253.9 - - [27/Dec/2022:17:11:03 -0800] "GET /blog4/wp-trackback.php?p=5004 HTTP/1.1" 302 - "-" "Mozilla/5.0 (compatible; AhrefsBot/7.0; +http://ahrefs.com/robot/)" "nacaomestica.org"
20.124.250.146 - - [27/Dec/2022:17:11:51 -0800] "GET /blog4/?cat=119 HTTP/1.1" 200 78939 "-" "Mozilla/5.0 (Linux; Android 7.0; SM-G930V Build/NRD90M) AppleWebKit/537.36 (KHTML, like Gecko) Chrome/59.0.3071.125 Mobile Safari/537.36" "nacaomestica.org"
10.213.116.69 - - [27/Dec/2022:17:11:52 -0800] "POST /blog4/wp-cron.php?doing_wp_cron=1672189912.7236340045928955078125 HTTP/1.1" 200 - "https://nacaomestica.org/blog4/wp-cron.php?doing_wp_cron=1672189912.7236340045928955078125" "WordPress/5.6.10; https://nacaomestica.org/blog4" "nacaomestica.org"
104.211.53.213 - - [27/Dec/2022:17:13:42 -0800] "GET /blog4/?cat=90 HTTP/1.1" 200 92393 "-" "Mozilla/5.0 (Linux; Android 7.0; SM-G930V Build/NRD90M) AppleWebKit/537.36 (KHTML, like Gecko) Chrome/59.0.3071.125 Mobile Safari/537.36" "nacaomestica.org"
189.126.239.69 - - [27/Dec/2022:17:14:06 -0800] "GET /blog4/wp-content/uploads/2016/02/mouro.jpg HTTP/1.1" 200 123760 "https://nacaomestica.org/blog4/?p=17752" "Mozilla/5.0 (Linux; Android 12; M2101K7AG) AppleWebKit/537.36 (KHTML, like Gecko) Chrome/108.0.0.0 Mobile Safari/537.36" "nacaomestica.org"
10.213.116.70 - - [27/Dec/2022:17:14:10 -0800] "POST /blog4/wp-cron.php?doing_wp_cron=1672190050.4861540794372558593750 HTTP/1.1" 200 - "https://nacaomestica.org/blog4/wp-cron.php?doing_wp_cron=1672190050.4861540794372558593750" "WordPress/5.6.10; https://nacaomestica.org/blog4" "nacaomestica.org"
20.124.250.146 - - [27/Dec/2022:17:14:08 -0800] "GET /blog4/?cat=195 HTTP/1.1" 200 80252 "-" "Mozilla/5.0 (Linux; Android 7.0; SM-G930V Build/NRD90M) AppleWebKit/537.36 (KHTML, like Gecko) Chrome/59.0.3071.125 Mobile Safari/537.36" "nacaomestica.org"
49.7.21.70 - - [27/Dec/2022:17:14:28 -0800] "GET / HTTP/1.1" 301 - "-" "Sogou web spider/4.0(+http://www.sogou.com/docs/help/webmasters.htm#07)" "www.nacaomestica.org"
104.211.53.213 - - [27/Dec/2022:17:14:29 -0800] "GET /blog4/?cat=116 HTTP/1.1" 200 67399 "-" "Mozilla/5.0 (Linux; Android 7.0; SM-G930V Build/NRD90M) AppleWebKit/537.36 (KHTML, like Gecko) Chrome/59.0.3071.125 Mobile Safari/537.36" "nacaomestica.org"
104.211.53.213 - - [27/Dec/2022:17:14:32 -0800] "GET /blog4/?tag=limpeza-etnica HTTP/1.1" 200 91967 "-" "Mozilla/5.0 (Linux; Android 7.0; SM-G930V Build/NRD90M) AppleWebKit/537.36 (KHTML, like Gecko) Chrome/59.0.3071.125 Mobile Safari/537.36" "nacaomestica.org"
104.211.53.213 - - [27/Dec/2022:17:14:33 -0800] "GET /blog4/?cat=266 HTTP/1.1" 200 70172 "-" "Mozilla/5.0 (Linux; Android 7.0; SM-G930V Build/NRD90M) AppleWebKit/537.36 (KHTML, like Gecko) Chrome/59.0.3071.125 Mobile Safari/537.36" "nacaomestica.org"
104.211.53.213 - - [27/Dec/2022:17:14:47 -0800] "GET /blog4/?cat=268 HTTP/1.1" 200 96863 "-" "Mozilla/5.0 (Linux; Android 7.0; SM-G930V Build/NRD90M) AppleWebKit/537.36 (KHTML, like Gecko) Chrome/59.0.3071.125 Mobile Safari/537.36" "nacaomestica.org"
20.124.250.146 - - [27/Dec/2022:17:14:51 -0800] "GET /blog4/?cat=229 HTTP/1.1" 200 77924 "-" "Mozilla/5.0 (Linux; Android 7.0; SM-G930V Build/NRD90M) AppleWebKit/537.36 (KHTML, like Gecko) Chrome/59.0.3071.125 Mobile Safari/537.36" "nacaomestica.org"
51.222.253.15 - - [27/Dec/2022:17:14:58 -0800] "GET /blog4/wp-trackback.php?p=1066 HTTP/1.1" 302 - "-" "Mozilla/5.0 (compatible; AhrefsBot/7.0; +http://ahrefs.com/robot/)" "nacaomestica.org"
20.124.250.146 - - [27/Dec/2022:17:14:59 -0800] "GET /blog4/?cat=141 HTTP/1.1" 200 99214 "-" "Mozilla/5.0 (Linux; Android 7.0; SM-G930V Build/NRD90M) AppleWebKit/537.36 (KHTML, like Gecko) Chrome/59.0.3071.125 Mobile Safari/537.36" "nacaomestica.org"
20.124.250.146 - - [27/Dec/2022:17:15:27 -0800] "GET /blog4/?tag=funai HTTP/1.1" 200 94806 "-" "Mozilla/5.0 (Linux; Android 7.0; SM-G930V Build/NRD90M) AppleWebKit/537.36 (KHTML, like Gecko) Chrome/59.0.3071.125 Mobile Safari/537.36" "nacaomestica.org"
20.124.250.146 - - [27/Dec/2022:17:15:30 -0800] "GET /blog4/?tag=espanol HTTP/1.1" 200 90219 "-" "Mozilla/5.0 (Linux; Android 7.0; SM-G930V Build/NRD90M) AppleWebKit/537.36 (KHTML, like Gecko) Chrome/59.0.3071.125 Mobile Safari/537.36" "nacaomestica.org"
104.211.53.213 - - [27/Dec/2022:17:15:40 -0800] "GET /blog4/?cat=263 HTTP/1.1" 200 69362 "-" "Mozilla/5.0 (Linux; Android 7.0; SM-G930V Build/NRD90M) AppleWebKit/537.36 (KHTML, like Gecko) Chrome/59.0.3071.125 Mobile Safari/537.36" "nacaomestica.org"
20.124.250.146 - - [27/Dec/2022:17:15:51 -0800] "GET /blog4/?cat=123 HTTP/1.1" 200 68099 "-" "Mozilla/5.0 (Linux; Android 7.0; SM-G930V Build/NRD90M) AppleWebKit/537.36 (KHTML, like Gecko) Chrome/59.0.3071.125 Mobile Safari/537.36" "nacaomestica.org"
104.211.53.213 - - [27/Dec/2022:17:16:00 -0800] "GET /blog4/ HTTP/1.1" 200 92878 "-" "Mozilla/5.0 (Linux; Android 7.0; SM-G930V Build/NRD90M) AppleWebKit/537.36 (KHTML, like Gecko) Chrome/59.0.3071.125 Mobile Safari/537.36" "nacaomestica.org"
51.222.253.3 - - [27/Dec/2022:17:16:09 -0800] "GET /blog4/?p=20273 HTTP/1.1" 200 78313 "-" "Mozilla/5.0 (compatible; AhrefsBot/7.0; +http://ahrefs.com/robot/)" "nacaomestica.org"
10.213.116.68 - - [27/Dec/2022:17:16:12 -0800] "POST /blog4/wp-cron.php?doing_wp_cron=1672190172.5541849136352539062500 HTTP/1.1" 200 - "https://nacaomestica.org/blog4/wp-cron.php?doing_wp_cron=1672190172.5541849136352539062500" "WordPress/5.6.10; https://nacaomestica.org/blog4" "nacaomestica.org"
104.211.53.213 - - [27/Dec/2022:17:16:11 -0800] "GET /blog4/?tag=amarelo HTTP/1.1" 200 79949 "-" "Mozilla/5.0 (Linux; Android 7.0; SM-G930V Build/NRD90M) AppleWebKit/537.36 (KHTML, like Gecko) Chrome/59.0.3071.125 Mobile Safari/537.36" "nacaomestica.org"
104.211.53.213 - - [27/Dec/2022:17:16:13 -0800] "GET /blog4/?cat=182 HTTP/1.1" 200 73986 "-" "Mozilla/5.0 (Linux; Android 7.0; SM-G930V Build/NRD90M) AppleWebKit/537.36 (KHTML, like Gecko) Chrome/59.0.3071.125 Mobile Safari/537.36" "nacaomestica.org"
104.211.53.213 - - [27/Dec/2022:17:16:40 -0800] "GET /blog4/?p=30980 HTTP/1.1" 200 74685 "-" "Mozilla/5.0 (Linux; Android 7.0; SM-G930V Build/NRD90M) AppleWebKit/537.36 (KHTML, like Gecko) Chrome/59.0.3071.125 Mobile Safari/537.36" "nacaomestica.org"
20.124.250.146 - - [27/Dec/2022:17:16:45 -0800] "GET /blog4/?p=8456 HTTP/1.1" 200 172947 "-" "Mozilla/5.0 (Linux; Android 7.0; SM-G930V Build/NRD90M) AppleWebKit/537.36 (KHTML, like Gecko) Chrome/59.0.3071.125 Mobile Safari/537.36" "nacaomestica.org"
17.241.227.210 - - [27/Dec/2022:17:16:49 -0800] "GET /blog4/?p=25366 HTTP/1.1" 200 74166 "-" "Mozilla/5.0 (Macintosh; Intel Mac OS X 10_15_5) AppleWebKit/605.1.15 (KHTML, like Gecko) Version/13.1.1 Safari/605.1.15 (Applebot/0.1; +http://www.apple.com/go/applebot)" "nacaomestica.org"
20.124.250.146 - - [27/Dec/2022:17:16:51 -0800] "GET /blog4/?tag=escravidao HTTP/1.1" 200 86699 "-" "Mozilla/5.0 (Linux; Android 7.0; SM-G930V Build/NRD90M) AppleWebKit/537.36 (KHTML, like Gecko) Chrome/59.0.3071.125 Mobile Safari/537.36" "nacaomestica.org"
104.211.53.213 - - [27/Dec/2022:17:17:02 -0800] "GET /blog4/?tag=anti-cristianismo HTTP/1.1" 200 75919 "-" "Mozilla/5.0 (Linux; Android 7.0; SM-G930V Build/NRD90M) AppleWebKit/537.36 (KHTML, like Gecko) Chrome/59.0.3071.125 Mobile Safari/537.36" "nacaomestica.org"
20.124.250.146 - - [27/Dec/2022:17:17:08 -0800] "GET /blog4/?p=30905 HTTP/1.1" 200 78009 "-" "Mozilla/5.0 (Linux; Android 7.0; SM-G930V Build/NRD90M) AppleWebKit/537.36 (KHTML, like Gecko) Chrome/59.0.3071.125 Mobile Safari/537.36" "nacaomestica.org"
104.211.53.213 - - [27/Dec/2022:17:17:07 -0800] "GET /blog4/?cat=131 HTTP/1.1" 200 94090 "-" "Mozilla/5.0 (Linux; Android 7.0; SM-G930V Build/NRD90M) AppleWebKit/537.36 (KHTML, like Gecko) Chrome/59.0.3071.125 Mobile Safari/537.36" "nacaomestica.org"
104.211.53.213 - - [27/Dec/2022:17:17:09 -0800] "GET /blog4/?cat=125 HTTP/1.1" 200 69776 "-" "Mozilla/5.0 (Linux; Android 7.0; SM-G930V Build/NRD90M) AppleWebKit/537.36 (KHTML, like Gecko) Chrome/59.0.3071.125 Mobile Safari/537.36" "nacaomestica.org"
104.211.53.213 - - [27/Dec/2022:17:17:15 -0800] "GET /blog4/?tag=charge HTTP/1.1" 200 86687 "-" "Mozilla/5.0 (Linux; Android 7.0; SM-G930V Build/NRD90M) AppleWebKit/537.36 (KHTML, like Gecko) Chrome/59.0.3071.125 Mobile Safari/537.36" "nacaomestica.org"
104.211.53.213 - - [27/Dec/2022:17:17:19 -0800] "GET /blog4/?tag=bantustao HTTP/1.1" 200 96665 "-" "Mozilla/5.0 (Linux; Android 7.0; SM-G930V Build/NRD90M) AppleWebKit/537.36 (KHTML, like Gecko) Chrome/59.0.3071.125 Mobile Safari/537.36" "nacaomestica.org"
104.211.53.213 - - [27/Dec/2022:17:17:19 -0800] "GET /blog4/?cat=128 HTTP/1.1" 200 96432 "-" "Mozilla/5.0 (Linux; Android 7.0; SM-G930V Build/NRD90M) AppleWebKit/537.36 (KHTML, like Gecko) Chrome/59.0.3071.125 Mobile Safari/537.36" "nacaomestica.org"
104.211.53.213 - - [27/Dec/2022:17:17:39 -0800] "GET /blog4/?tag=mesticagem-miscigenacao HTTP/1.1" 200 78972 "-" "Mozilla/5.0 (Linux; Android 7.0; SM-G930V Build/NRD90M) AppleWebKit/537.36 (KHTML, like Gecko) Chrome/59.0.3071.125 Mobile Safari/537.36" "nacaomestica.org"
104.211.53.213 - - [27/Dec/2022:17:17:43 -0800] "GET /blog4/?tag=direitos-originarios HTTP/1.1" 200 82684 "-" "Mozilla/5.0 (Linux; Android 7.0; SM-G930V Build/NRD90M) AppleWebKit/537.36 (KHTML, like Gecko) Chrome/59.0.3071.125 Mobile Safari/537.36" "nacaomestica.org"
104.211.53.213 - - [27/Dec/2022:17:18:05 -0800] "GET /blog4/?cat=262 HTTP/1.1" 200 67828 "-" "Mozilla/5.0 (Linux; Android 7.0; SM-G930V Build/NRD90M) AppleWebKit/537.36 (KHTML, like Gecko) Chrome/59.0.3071.125 Mobile Safari/537.36" "nacaomestica.org"
104.211.53.213 - - [27/Dec/2022:17:18:06 -0800] "GET /blog4/?cat=245 HTTP/1.1" 200 82244 "-" "Mozilla/5.0 (Linux; Android 7.0; SM-G930V Build/NRD90M) AppleWebKit/537.36 (KHTML, like Gecko) Chrome/59.0.3071.125 Mobile Safari/537.36" "nacaomestica.org"
185.180.143.145 - - [27/Dec/2022:17:18:26 -0800] "GET / HTTP/1.1" 301 - "http://www.nacaomestica.org/" "Mozilla/5.0 (Windows NT 10.0; WOW64) AppleWebKit/537.36 (KHTML, like Gecko) Chrome/66.0.3359.117 Safari/537.36" "www.nacaomestica.org"
104.211.53.213 - - [27/Dec/2022:17:18:26 -0800] "GET /blog4/?cat=219 HTTP/1.1" 200 94829 "-" "Mozilla/5.0 (Linux; Android 7.0; SM-G930V Build/NRD90M) AppleWebKit/537.36 (KHTML, like Gecko) Chrome/59.0.3071.125 Mobile Safari/537.36" "nacaomestica.org"
104.211.53.213 - - [27/Dec/2022:17:18:27 -0800] "GET /blog4/?cat=181 HTTP/1.1" 200 78489 "-" "Mozilla/5.0 (Linux; Android 7.0; SM-G930V Build/NRD90M) AppleWebKit/537.36 (KHTML, like Gecko) Chrome/59.0.3071.125 Mobile Safari/537.36" "nacaomestica.org"
10.213.116.69 - - [27/Dec/2022:17:18:27 -0800] "POST /blog4/wp-cron.php?doing_wp_cron=1672190307.3106250762939453125000 HTTP/1.1" 200 - "https://nacaomestica.org/blog4/wp-cron.php?doing_wp_cron=1672190307.3106250762939453125000" "WordPress/5.6.10; https://nacaomestica.org/blog4" "nacaomestica.org"
104.211.53.213 - - [27/Dec/2022:17:18:25 -0800] "GET /blog4/?cat=181 HTTP/1.1" 200 27576 "-" "Mozilla/5.0 (Linux; Android 7.0; SM-G930V Build/NRD90M) AppleWebKit/537.36 (KHTML, like Gecko) Chrome/59.0.3071.125 Mobile Safari/537.36" "nacaomestica.org"
185.180.143.145 - - [27/Dec/2022:17:18:29 -0800] "GET / HTTP/1.1" 200 92878 "https://www.nacaomestica.org/" "Mozilla/5.0 (Windows NT 10.0; WOW64) AppleWebKit/537.36 (KHTML, like Gecko) Chrome/66.0.3359.117 Safari/537.36" "nacaomestica.org"
104.211.53.213 - - [27/Dec/2022:17:18:34 -0800] "GET /blog4/?tag=mesticofobia HTTP/1.1" 200 98594 "-" "Mozilla/5.0 (Linux; Android 7.0; SM-G930V Build/NRD90M) AppleWebKit/537.36 (KHTML, like Gecko) Chrome/59.0.3071.125 Mobile Safari/537.36" "nacaomestica.org"
104.211.53.213 - - [27/Dec/2022:17:18:35 -0800] "GET /blog4/?p=30970 HTTP/1.1" 200 75914 "-" "Mozilla/5.0 (Linux; Android 7.0; SM-G930V Build/NRD90M) AppleWebKit/537.36 (KHTML, like Gecko) Chrome/59.0.3071.125 Mobile Safari/537.36" "nacaomestica.org"
104.211.53.213 - - [27/Dec/2022:17:18:38 -0800] "GET /blog4/?cat=217 HTTP/1.1" 200 74984 "-" "Mozilla/5.0 (Linux; Android 7.0; SM-G930V Build/NRD90M) AppleWebKit/537.36 (KHTML, like Gecko) Chrome/59.0.3071.125 Mobile Safari/537.36" "nacaomestica.org"
177.38.103.156 - - [27/Dec/2022:17:18:47 -0800] "GET /blog4/wp-content/uploads/2018/08/01candidatospres.jpg HTTP/1.1" 200 160293 "https://www.google.com/" "Mozilla/5.0 (Linux; Android 12; SM-A515F) AppleWebKit/537.36 (KHTML, like Gecko) Chrome/99.0.4844.88 Mobile Safari/537.36" "nacaomestica.org"
104.211.53.213 - - [27/Dec/2022:17:18:53 -0800] "GET /blog4/?cat=69 HTTP/1.1" 200 94538 "-" "Mozilla/5.0 (Linux; Android 7.0; SM-G930V Build/NRD90M) AppleWebKit/537.36 (KHTML, like Gecko) Chrome/59.0.3071.125 Mobile Safari/537.36" "nacaomestica.org"
104.211.53.213 - - [27/Dec/2022:17:19:06 -0800] "GET /blog4/?p=23346 HTTP/1.1" 200 90887 "-" "Mozilla/5.0 (Linux; Android 7.0; SM-G930V Build/NRD90M) AppleWebKit/537.36 (KHTML, like Gecko) Chrome/59.0.3071.125 Mobile Safari/537.36" "nacaomestica.org"
104.211.53.213 - - [27/Dec/2022:17:19:10 -0800] "GET /blog4/?cat=29 HTTP/1.1" 200 70522 "-" "Mozilla/5.0 (Linux; Android 7.0; SM-G930V Build/NRD90M) AppleWebKit/537.36 (KHTML, like Gecko) Chrome/59.0.3071.125 Mobile Safari/537.36" "nacaomestica.org"
62.210.215.119 - - [27/Dec/2022:17:19:37 -0800] "GET /blog4/?feed=rss2&p=21142 HTTP/1.1" 200 9862 "-" "Mozilla/5.0 (X11; Linux i686) AppleWebKit/537.36 (KHTML, like Gecko) Chrome/30.0.1599.66 Safari/537.36" "nacaomestica.org"
52.142.8.243 - - [27/Dec/2022:17:19:40 -0800] "GET /blog4/?p=30937 HTTP/1.1" 200 78556 "-" "Mozilla/5.0 (Linux; Android 7.0; SM-G930V Build/NRD90M) AppleWebKit/537.36 (KHTML, like Gecko) Chrome/59.0.3071.125 Mobile Safari/537.36" "nacaomestica.org"
104.211.53.213 - - [27/Dec/2022:17:19:41 -0800] "GET /blog4/?tag=cotas HTTP/1.1" 200 92777 "-" "Mozilla/5.0 (Linux; Android 7.0; SM-G930V Build/NRD90M) AppleWebKit/537.36 (KHTML, like Gecko) Chrome/59.0.3071.125 Mobile Safari/537.36" "nacaomestica.org"
104.211.53.213 - - [27/Dec/2022:17:19:42 -0800] "GET / HTTP/1.1" 200 92878 "-" "Mozilla/5.0 (Linux; Android 7.0; SM-G930V Build/NRD90M) AppleWebKit/537.36 (KHTML, like Gecko) Chrome/59.0.3071.125 Mobile Safari/537.36" "nacaomestica.org"
138.255.144.142 - - [27/Dec/2022:17:20:21 -0800] "GET /blog4/wp-content/uploads/2016/02/pardo_preto1.png HTTP/1.1" 200 331753 "https://www.google.com/" "Mozilla/5.0 (Windows NT 10.0; Win64; x64) AppleWebKit/537.36 (KHTML, like Gecko) Chrome/108.0.0.0 Safari/537.36" "nacaomestica.org"
10.213.116.69 - - [27/Dec/2022:17:20:30 -0800] "POST /blog4/wp-cron.php?doing_wp_cron=1672190430.0361270904541015625000 HTTP/1.1" 200 - "https://nacaomestica.org/blog4/wp-cron.php?doing_wp_cron=1672190430.0361270904541015625000" "WordPress/5.6.10; https://nacaomestica.org/blog4" "nacaomestica.org"
52.142.8.243 - - [27/Dec/2022:17:20:28 -0800] "GET /blog4/?tag=direitos-humanos HTTP/1.1" 200 81162 "-" "Mozilla/5.0 (Linux; Android 7.0; SM-G930V Build/NRD90M) AppleWebKit/537.36 (KHTML, like Gecko) Chrome/59.0.3071.125 Mobile Safari/537.36" "nacaomestica.org"
52.142.8.243 - - [27/Dec/2022:17:20:56 -0800] "GET /blog4/?cat=122 HTTP/1.1" 200 78265 "-" "Mozilla/5.0 (Linux; Android 7.0; SM-G930V Build/NRD90M) AppleWebKit/537.36 (KHTML, like Gecko) Chrome/59.0.3071.125 Mobile Safari/537.36" "nacaomestica.org"
52.142.8.243 - - [27/Dec/2022:17:21:08 -0800] "GET /blog4/?tag=preto HTTP/1.1" 200 93976 "-" "Mozilla/5.0 (Linux; Android 7.0; SM-G930V Build/NRD90M) AppleWebKit/537.36 (KHTML, like Gecko) Chrome/59.0.3071.125 Mobile Safari/537.36" "nacaomestica.org"
52.142.8.243 - - [27/Dec/2022:17:21:14 -0800] "GET /blog4/?cat=30 HTTP/1.1" 200 71386 "-" "Mozilla/5.0 (Linux; Android 7.0; SM-G930V Build/NRD90M) AppleWebKit/537.36 (KHTML, like Gecko) Chrome/59.0.3071.125 Mobile Safari/537.36" "nacaomestica.org"
52.142.8.243 - - [27/Dec/2022:17:21:57 -0800] "GET /blog4/?tag=escravos HTTP/1.1" 200 85763 "-" "Mozilla/5.0 (Linux; Android 7.0; SM-G930V Build/NRD90M) AppleWebKit/537.36 (KHTML, like Gecko) Chrome/59.0.3071.125 Mobile Safari/537.36" "nacaomestica.org"
52.142.8.243 - - [27/Dec/2022:17:22:12 -0800] "GET /blog4/?cat=253 HTTP/1.1" 200 91450 "-" "Mozilla/5.0 (Linux; Android 7.0; SM-G930V Build/NRD90M) AppleWebKit/537.36 (KHTML, like Gecko) Chrome/59.0.3071.125 Mobile Safari/537.36" "nacaomestica.org"
66.249.68.80 - - [27/Dec/2022:17:23:12 -0800] "GET /blog4/wp-content/uploads/2019/09/INDIGENISMO_10.png HTTP/1.1" 304 - "-" "Googlebot-Image/1.0" "nacaomestica.org"
66.249.68.80 - - [27/Dec/2022:17:23:25 -0800] "GET /blog4/wp-content/uploads/2021/06/IMG-20210622-WA0054.jpg HTTP/1.1" 200 117968 "-" "Googlebot-Image/1.0" "nacaomestica.org"
52.142.8.243 - - [27/Dec/2022:17:23:34 -0800] "GET /blog4/?cat=81 HTTP/1.1" 200 74818 "-" "Mozilla/5.0 (Linux; Android 7.0; SM-G930V Build/NRD90M) AppleWebKit/537.36 (KHTML, like Gecko) Chrome/59.0.3071.125 Mobile Safari/537.36" "nacaomestica.org"
10.213.116.68 - - [27/Dec/2022:17:23:36 -0800] "POST /blog4/wp-cron.php?doing_wp_cron=1672190616.0832369327545166015625 HTTP/1.1" 200 - "https://nacaomestica.org/blog4/wp-cron.php?doing_wp_cron=1672190616.0832369327545166015625" "WordPress/5.6.10; https://nacaomestica.org/blog4" "nacaomestica.org"
52.142.8.243 - - [27/Dec/2022:17:23:45 -0800] "GET /blog4/?cat=1 HTTP/1.1" 200 90603 "-" "Mozilla/5.0 (Linux; Android 7.0; SM-G930V Build/NRD90M) AppleWebKit/537.36 (KHTML, like Gecko) Chrome/59.0.3071.125 Mobile Safari/537.36" "nacaomestica.org"
191.36.156.212 - - [27/Dec/2022:17:24:13 -0800] "GET /blog4/wp-content/uploads/2017/04/24153476.jpg HTTP/1.1" 200 38092 "https://www.google.com/" "Mozilla/5.0 (Windows NT 10.0; Win64; x64) AppleWebKit/537.36 (KHTML, like Gecko) Chrome/108.0.0.0 Safari/537.36" "nacaomestica.org"
52.142.8.243 - - [27/Dec/2022:17:24:18 -0800] "GET /blog4/?tag=discriminacao HTTP/1.1" 200 86819 "-" "Mozilla/5.0 (Linux; Android 7.0; SM-G930V Build/NRD90M) AppleWebKit/537.36 (KHTML, like Gecko) Chrome/59.0.3071.125 Mobile Safari/537.36" "nacaomestica.org"
8.29.198.26 - - [27/Dec/2022:17:24:31 -0800] "GET /blog4/?feed=rss2 HTTP/1.1" 304 - "-" "Feedly/1.0 (+http://www.feedly.com/fetcher.html; 3 subscribers; like FeedFetcher-Google)" "nacaomestica.org"
52.142.8.243 - - [27/Dec/2022:17:24:43 -0800] "GET /blog4/?cat=220 HTTP/1.1" 200 76590 "-" "Mozilla/5.0 (Linux; Android 7.0; SM-G930V Build/NRD90M) AppleWebKit/537.36 (KHTML, like Gecko) Chrome/59.0.3071.125 Mobile Safari/537.36" "nacaomestica.org"
10.213.116.69 - - [27/Dec/2022:17:25:47 -0800] "POST /blog4/wp-cron.php?doing_wp_cron=1672190747.1657938957214355468750 HTTP/1.1" 200 - "https://nacaomestica.org/blog4/wp-cron.php?doing_wp_cron=1672190747.1657938957214355468750" "WordPress/5.6.10; https://nacaomestica.org/blog4" "nacaomestica.org"
52.142.8.243 - - [27/Dec/2022:17:25:45 -0800] "GET /blog4/?cat=199 HTTP/1.1" 200 101222 "-" "Mozilla/5.0 (Linux; Android 7.0; SM-G930V Build/NRD90M) AppleWebKit/537.36 (KHTML, like Gecko) Chrome/59.0.3071.125 Mobile Safari/537.36" "nacaomestica.org"
52.142.8.243 - - [27/Dec/2022:17:25:52 -0800] "GET /blog4/?cat=24 HTTP/1.1" 200 98848 "-" "Mozilla/5.0 (Linux; Android 7.0; SM-G930V Build/NRD90M) AppleWebKit/537.36 (KHTML, like Gecko) Chrome/59.0.3071.125 Mobile Safari/537.36" "nacaomestica.org"
52.142.8.243 - - [27/Dec/2022:17:25:55 -0800] "GET /blog4/?cat=248 HTTP/1.1" 200 82393 "-" "Mozilla/5.0 (Linux; Android 7.0; SM-G930V Build/NRD90M) AppleWebKit/537.36 (KHTML, like Gecko) Chrome/59.0.3071.125 Mobile Safari/537.36" "nacaomestica.org"
207.46.13.121 - - [27/Dec/2022:17:26:17 -0800] "GET /MarxMFP.htm HTTP/1.1" 304 - "-" "Mozilla/5.0 AppleWebKit/537.36 (KHTML, like Gecko; compatible; bingbot/2.0; +http://www.bing.com/bingbot.htm) Chrome/103.0.5060.134 Safari/537.36" "nacaomestica.org"
54.36.149.74 - - [27/Dec/2022:17:26:27 -0800] "GET /robots.txt HTTP/1.1" 200 59 "-" "Mozilla/5.0 (compatible; AhrefsBot/7.0; +http://ahrefs.com/robot/)" "nacaomestica.org"
51.222.253.7 - - [27/Dec/2022:17:26:34 -0800] "GET /blog4/?p=21339 HTTP/1.1" 200 75065 "-" "Mozilla/5.0 (compatible; AhrefsBot/7.0; +http://ahrefs.com/robot/)" "nacaomestica.org"
52.142.8.243 - - [27/Dec/2022:17:27:12 -0800] "GET /blog4/?cat=246 HTTP/1.1" 200 71513 "-" "Mozilla/5.0 (Linux; Android 7.0; SM-G930V Build/NRD90M) AppleWebKit/537.36 (KHTML, like Gecko) Chrome/59.0.3071.125 Mobile Safari/537.36" "nacaomestica.org"
52.142.8.243 - - [27/Dec/2022:17:28:08 -0800] "GET /blog4/?cat=216 HTTP/1.1" 200 98120 "-" "Mozilla/5.0 (Linux; Android 7.0; SM-G930V Build/NRD90M) AppleWebKit/537.36 (KHTML, like Gecko) Chrome/59.0.3071.125 Mobile Safari/537.36" "nacaomestica.org"
10.213.116.68 - - [27/Dec/2022:17:28:10 -0800] "POST /blog4/wp-cron.php?doing_wp_cron=1672190890.2073709964752197265625 HTTP/1.1" 200 - "https://nacaomestica.org/blog4/wp-cron.php?doing_wp_cron=1672190890.2073709964752197265625" "WordPress/5.6.10; https://nacaomestica.org/blog4" "nacaomestica.org"
52.142.8.243 - - [27/Dec/2022:17:28:15 -0800] "GET /blog4/?cat=193 HTTP/1.1" 200 83411 "-" "Mozilla/5.0 (Linux; Android 7.0; SM-G930V Build/NRD90M) AppleWebKit/537.36 (KHTML, like Gecko) Chrome/59.0.3071.125 Mobile Safari/537.36" "nacaomestica.org"
17.241.75.119 - - [27/Dec/2022:17:28:22 -0800] "GET /blog4/?m=201311 HTTP/1.1" 200 93961 "-" "Mozilla/5.0 (Macintosh; Intel Mac OS X 10_15_5) AppleWebKit/605.1.15 (KHTML, like Gecko) Version/13.1.1 Safari/605.1.15 (Applebot/0.1; +http://www.apple.com/go/applebot)" "nacaomestica.org"
52.142.8.243 - - [27/Dec/2022:17:28:38 -0800] "GET /blog4/?tag=anti-conservadorismo HTTP/1.1" 200 77117 "-" "Mozilla/5.0 (Linux; Android 7.0; SM-G930V Build/NRD90M) AppleWebKit/537.36 (KHTML, like Gecko) Chrome/59.0.3071.125 Mobile Safari/537.36" "nacaomestica.org"
52.142.8.243 - - [27/Dec/2022:17:28:39 -0800] "GET /blog4/?cat=240 HTTP/1.1" 200 77263 "-" "Mozilla/5.0 (Linux; Android 7.0; SM-G930V Build/NRD90M) AppleWebKit/537.36 (KHTML, like Gecko) Chrome/59.0.3071.125 Mobile Safari/537.36" "nacaomestica.org"
52.142.8.243 - - [27/Dec/2022:17:28:42 -0800] "GET /blog4/?cat=230 HTTP/1.1" 200 71125 "-" "Mozilla/5.0 (Linux; Android 7.0; SM-G930V Build/NRD90M) AppleWebKit/537.36 (KHTML, like Gecko) Chrome/59.0.3071.125 Mobile Safari/537.36" "nacaomestica.org"
51.222.253.20 - - [27/Dec/2022:17:28:56 -0800] "GET /blog4/wp-trackback.php?p=6721 HTTP/1.1" 302 - "-" "Mozilla/5.0 (compatible; AhrefsBot/7.0; +http://ahrefs.com/robot/)" "nacaomestica.org"
45.183.2.225 - - [27/Dec/2022:17:29:11 -0800] "GET /blog4/wp-content/uploads/2015/10/Beauvoir-Sartre-Che-Guevara-1960-Cuba-Portal-Conservador.jpg HTTP/1.1" 200 53310 "https://www.google.com/" "Mozilla/5.0 (Linux; Android 11; moto g(20) Build/RTAS31.68-66-1; wv) AppleWebKit/537.36 (KHTML, like Gecko) Version/4.0 Chrome/107.0.5304.105 Mobile Safari/537.36 GoogleApp/13.45.11.26.arm64" "nacaomestica.org"
179.34.1.31 - - [27/Dec/2022:17:29:33 -0800] "GET /diretorio_dos_indios.htm HTTP/1.1" 200 33795 "https://www.google.com/" "Mozilla/5.0 (Windows NT 10.0; Win64; x64) AppleWebKit/537.36 (KHTML, like Gecko) Chrome/108.0.0.0 Safari/537.36" "www.nacaomestica.org"
179.34.1.31 - - [27/Dec/2022:17:29:34 -0800] "GET /estatuto_racial.jpg HTTP/1.1" 200 26082 "https://www.nacaomestica.org/diretorio_dos_indios.htm" "Mozilla/5.0 (Windows NT 10.0; Win64; x64) AppleWebKit/537.36 (KHTML, like Gecko) Chrome/108.0.0.0 Safari/537.36" "www.nacaomestica.org"
51.222.253.11 - - [27/Dec/2022:17:29:40 -0800] "GET /blog4/wp-trackback.php?p=5216 HTTP/1.1" 302 - "-" "Mozilla/5.0 (compatible; AhrefsBot/7.0; +http://ahrefs.com/robot/)" "nacaomestica.org"
52.142.8.243 - - [27/Dec/2022:17:29:42 -0800] "GET /blog4/?cat=237 HTTP/1.1" 200 84541 "-" "Mozilla/5.0 (Linux; Android 7.0; SM-G930V Build/NRD90M) AppleWebKit/537.36 (KHTML, like Gecko) Chrome/59.0.3071.125 Mobile Safari/537.36" "nacaomestica.org"
52.142.8.243 - - [27/Dec/2022:17:29:47 -0800] "GET /blog4/?cat=132 HTTP/1.1" 200 91963 "-" "Mozilla/5.0 (Linux; Android 7.0; SM-G930V Build/NRD90M) AppleWebKit/537.36 (KHTML, like Gecko) Chrome/59.0.3071.125 Mobile Safari/537.36" "nacaomestica.org"
