20.106.253.3 - - [27/Dec/2022:21:00:00 -0800] "GET /blog4/?p=30955 HTTP/1.1" 200 80347 "-" "Mozilla/5.0 (Linux; Android 7.0; SM-G930V Build/NRD90M) AppleWebKit/537.36 (KHTML, like Gecko) Chrome/59.0.3071.125 Mobile Safari/537.36" "nacaomestica.org"
20.124.250.146 - - [27/Dec/2022:21:00:02 -0800] "GET /blog4/?cat=229 HTTP/1.1" 200 77924 "-" "Mozilla/5.0 (Linux; Android 7.0; SM-G930V Build/NRD90M) AppleWebKit/537.36 (KHTML, like Gecko) Chrome/59.0.3071.125 Mobile Safari/537.36" "nacaomestica.org"
20.106.253.3 - - [27/Dec/2022:21:00:04 -0800] "GET /blog4/?cat=127 HTTP/1.1" 200 102316 "-" "Mozilla/5.0 (Linux; Android 7.0; SM-G930V Build/NRD90M) AppleWebKit/537.36 (KHTML, like Gecko) Chrome/59.0.3071.125 Mobile Safari/537.36" "nacaomestica.org"
20.124.250.146 - - [27/Dec/2022:21:00:05 -0800] "GET /blog4/?cat=141 HTTP/1.1" 200 99214 "-" "Mozilla/5.0 (Linux; Android 7.0; SM-G930V Build/NRD90M) AppleWebKit/537.36 (KHTML, like Gecko) Chrome/59.0.3071.125 Mobile Safari/537.36" "nacaomestica.org"
20.106.253.3 - - [27/Dec/2022:21:00:12 -0800] "GET /blog4/?cat=225 HTTP/1.1" 200 70621 "-" "Mozilla/5.0 (Linux; Android 7.0; SM-G930V Build/NRD90M) AppleWebKit/537.36 (KHTML, like Gecko) Chrome/59.0.3071.125 Mobile Safari/537.36" "nacaomestica.org"
20.124.250.146 - - [27/Dec/2022:21:00:15 -0800] "GET /blog4/?tag=espanol HTTP/1.1" 200 90219 "-" "Mozilla/5.0 (Linux; Android 7.0; SM-G930V Build/NRD90M) AppleWebKit/537.36 (KHTML, like Gecko) Chrome/59.0.3071.125 Mobile Safari/537.36" "nacaomestica.org"
20.124.250.146 - - [27/Dec/2022:21:00:14 -0800] "GET /blog4/?tag=funai HTTP/1.1" 200 94806 "-" "Mozilla/5.0 (Linux; Android 7.0; SM-G930V Build/NRD90M) AppleWebKit/537.36 (KHTML, like Gecko) Chrome/59.0.3071.125 Mobile Safari/537.36" "nacaomestica.org"
20.124.250.146 - - [27/Dec/2022:21:00:20 -0800] "GET /blog4/?cat=123 HTTP/1.1" 200 68099 "-" "Mozilla/5.0 (Linux; Android 7.0; SM-G930V Build/NRD90M) AppleWebKit/537.36 (KHTML, like Gecko) Chrome/59.0.3071.125 Mobile Safari/537.36" "nacaomestica.org"
52.188.211.122 - - [27/Dec/2022:21:00:44 -0800] "GET /blog4/?p=20631 HTTP/1.1" 200 94403 "-" "Mozilla/5.0 (Linux; Android 7.0; SM-G930V Build/NRD90M) AppleWebKit/537.36 (KHTML, like Gecko) Chrome/59.0.3071.125 Mobile Safari/537.36" "nacaomestica.org"
52.188.211.122 - - [27/Dec/2022:21:00:49 -0800] "GET /blog4/?cat=244 HTTP/1.1" 200 77004 "-" "Mozilla/5.0 (Linux; Android 7.0; SM-G930V Build/NRD90M) AppleWebKit/537.36 (KHTML, like Gecko) Chrome/59.0.3071.125 Mobile Safari/537.36" "nacaomestica.org"
52.188.211.122 - - [27/Dec/2022:21:00:50 -0800] "GET /blog4/?tag=mestico HTTP/1.1" 200 100124 "-" "Mozilla/5.0 (Linux; Android 7.0; SM-G930V Build/NRD90M) AppleWebKit/537.36 (KHTML, like Gecko) Chrome/59.0.3071.125 Mobile Safari/537.36" "nacaomestica.org"
20.124.250.146 - - [27/Dec/2022:21:00:53 -0800] "GET /blog4/?p=8456 HTTP/1.1" 200 172947 "-" "Mozilla/5.0 (Linux; Android 7.0; SM-G930V Build/NRD90M) AppleWebKit/537.36 (KHTML, like Gecko) Chrome/59.0.3071.125 Mobile Safari/537.36" "nacaomestica.org"
20.106.253.3 - - [27/Dec/2022:21:00:54 -0800] "GET /blog4/?tag=apartheid HTTP/1.1" 200 91554 "-" "Mozilla/5.0 (Linux; Android 7.0; SM-G930V Build/NRD90M) AppleWebKit/537.36 (KHTML, like Gecko) Chrome/59.0.3071.125 Mobile Safari/537.36" "nacaomestica.org"
20.124.250.146 - - [27/Dec/2022:21:00:57 -0800] "GET /blog4/?tag=escravidao HTTP/1.1" 200 86699 "-" "Mozilla/5.0 (Linux; Android 7.0; SM-G930V Build/NRD90M) AppleWebKit/537.36 (KHTML, like Gecko) Chrome/59.0.3071.125 Mobile Safari/537.36" "nacaomestica.org"
10.213.116.69 - - [27/Dec/2022:21:01:05 -0800] "POST /blog4/wp-cron.php?doing_wp_cron=1672203665.4326939582824707031250 HTTP/1.1" 200 - "https://nacaomestica.org/blog4/wp-cron.php?doing_wp_cron=1672203665.4326939582824707031250" "WordPress/5.6.10; https://nacaomestica.org/blog4" "nacaomestica.org"
20.124.250.146 - - [27/Dec/2022:21:01:04 -0800] "GET /blog4/?p=30905 HTTP/1.1" 200 78009 "-" "Mozilla/5.0 (Linux; Android 7.0; SM-G930V Build/NRD90M) AppleWebKit/537.36 (KHTML, like Gecko) Chrome/59.0.3071.125 Mobile Safari/537.36" "nacaomestica.org"
52.188.211.122 - - [27/Dec/2022:21:01:18 -0800] "GET /blog4/?tag=internacionalizacao HTTP/1.1" 200 75477 "-" "Mozilla/5.0 (Linux; Android 7.0; SM-G930V Build/NRD90M) AppleWebKit/537.36 (KHTML, like Gecko) Chrome/59.0.3071.125 Mobile Safari/537.36" "nacaomestica.org"
52.188.211.122 - - [27/Dec/2022:21:01:47 -0800] "GET /blog4/?tag=internacionalizacao HTTP/1.1" 200 75477 "-" "Mozilla/5.0 (Linux; Android 7.0; SM-G930V Build/NRD90M) AppleWebKit/537.36 (KHTML, like Gecko) Chrome/59.0.3071.125 Mobile Safari/537.36" "nacaomestica.org"
35.230.97.94 - - [27/Dec/2022:21:02:18 -0800] "HEAD / HTTP/1.1" 200 - "https://t.co/1nmPyiDYx4" "-" "nacaomestica.org"
62.210.127.188 - - [27/Dec/2022:21:02:54 -0800] "GET /blog4/?p=25660 HTTP/1.1" 200 77030 "http://nacaomestica.org/blog4/?p=25660" "Mozilla/5.0 (Macintosh; Intel Mac OS X 12_5) AppleWebKit/537.36 (KHTML, like Gecko) Chrome/103.0.0.0 Safari/537.36 Vivaldi/5.3.2679.68" "nacaomestica.org"
45.224.87.28 - - [27/Dec/2022:21:03:11 -0800] "GET /blog4/wp-content/uploads/2010/11/katyn_massacre_1.jpg HTTP/1.1" 200 63829 "https://www.google.com/" "Mozilla/5.0 (iPhone; CPU iPhone OS 16_2 like Mac OS X) AppleWebKit/605.1.15 (KHTML, like Gecko) CriOS/108.0.5359.112 Mobile/15E148 Safari/604.1" "nacaomestica.org"
10.213.116.69 - - [27/Dec/2022:21:03:23 -0800] "POST /blog4/wp-cron.php?doing_wp_cron=1672203803.5497360229492187500000 HTTP/1.1" 200 - "https://nacaomestica.org/blog4/wp-cron.php?doing_wp_cron=1672203803.5497360229492187500000" "WordPress/5.6.10; https://nacaomestica.org/blog4" "nacaomestica.org"
52.188.211.122 - - [27/Dec/2022:21:03:21 -0800] "GET /blog4/?paged=2 HTTP/1.1" 200 94190 "-" "Mozilla/5.0 (Linux; Android 7.0; SM-G930V Build/NRD90M) AppleWebKit/537.36 (KHTML, like Gecko) Chrome/59.0.3071.125 Mobile Safari/537.36" "nacaomestica.org"
187.74.89.211 - - [27/Dec/2022:21:04:38 -0800] "GET /blog4/wp-content/uploads/2022/06/o_reverso_do_preconceito.pdf HTTP/1.1" 200 4010118 "https://www.google.com/" "Mozilla/5.0 (Linux; Android 12; SM-A235M) AppleWebKit/537.36 (KHTML, like Gecko) Chrome/102.0.0.0 Mobile Safari/537.36" "nacaomestica.org"
187.74.89.211 - - [27/Dec/2022:21:04:38 -0800] "GET /blog4/wp-content/uploads/2022/06/o_reverso_do_preconceito.pdf HTTP/1.1" 206 2644785 "https://www.google.com/" "Mozilla/5.0 (Linux; Android 12; SM-A235M) AppleWebKit/537.36 (KHTML, like Gecko) Chrome/102.0.0.0 Mobile Safari/537.36" "nacaomestica.org"
51.222.253.11 - - [27/Dec/2022:21:04:40 -0800] "GET /blog4/?p=5590 HTTP/1.1" 200 73521 "-" "Mozilla/5.0 (compatible; AhrefsBot/7.0; +http://ahrefs.com/robot/)" "nacaomestica.org"
91.240.118.252 - - [27/Dec/2022:21:05:08 -0800] "GET / HTTP/1.1" 200 92878 "-" "firefox" "nacaomestica.org"
114.119.136.15 - - [27/Dec/2022:21:07:21 -0800] "GET /blog4?feed=rss2&p=1955 HTTP/1.1" 301 1429 "https://nacaomestica.org/blog4/wp-trackback.php?p=1955" "Mozilla/5.0 (Linux; Android 7.0;) AppleWebKit/537.36 (KHTML, like Gecko) Mobile Safari/537.36 (compatible; PetalBot;+https://webmaster.petalsearch.com/site/petalbot)" "nacaomestica.org"
114.119.136.15 - - [27/Dec/2022:21:07:32 -0800] "GET /blog4/?feed=rss2&p=1955 HTTP/1.1" 200 798 "https://nacaomestica.org/blog4/wp-trackback.php?p=1955" "Mozilla/5.0 (Linux; Android 7.0;) AppleWebKit/537.36 (KHTML, like Gecko) Mobile Safari/537.36 (compatible; PetalBot;+https://webmaster.petalsearch.com/site/petalbot)" "nacaomestica.org"
10.213.116.70 - - [27/Dec/2022:21:07:35 -0800] "POST /blog4/wp-cron.php?doing_wp_cron=1672204055.4701581001281738281250 HTTP/1.1" 200 - "https://nacaomestica.org/blog4/wp-cron.php?doing_wp_cron=1672204055.4701581001281738281250" "WordPress/5.6.10; https://nacaomestica.org/blog4" "nacaomestica.org"
51.222.253.6 - - [27/Dec/2022:21:08:46 -0800] "GET /blog4/?attachment_id=18224 HTTP/1.1" 301 - "-" "Mozilla/5.0 (compatible; AhrefsBot/7.0; +http://ahrefs.com/robot/)" "nacaomestica.org"
114.119.156.124 - - [27/Dec/2022:21:08:52 -0800] "GET /blog4/?tag=colonialismo HTTP/1.1" 200 68488 "https://nacaomestica.org/blog4/?p=3417" "Mozilla/5.0 (Linux; Android 7.0;) AppleWebKit/537.36 (KHTML, like Gecko) Mobile Safari/537.36 (compatible; PetalBot;+https://webmaster.petalsearch.com/site/petalbot)" "nacaomestica.org"
157.55.39.142 - - [27/Dec/2022:21:11:05 -0800] "GET /blog4/wp-content/uploads/2018/11/48902250_560673281012848_6096999092225835008_n-1.jpg HTTP/1.1" 200 132749 "-" "Mozilla/5.0 AppleWebKit/537.36 (KHTML, like Gecko; compatible; bingbot/2.0; +http://www.bing.com/bingbot.htm) Chrome/103.0.5060.134 Safari/537.36" "nacaomestica.org"
189.89.171.4 - - [27/Dec/2022:21:11:16 -0800] "GET /blog4/wp-content/uploads/2020/04/blanding2.jpg HTTP/1.1" 200 47998 "https://www.google.com/" "Mozilla/5.0 (Windows NT 10.0; Win64; x64) AppleWebKit/537.36 (KHTML, like Gecko) Chrome/108.0.0.0 Safari/537.36" "nacaomestica.org"
10.213.116.70 - - [27/Dec/2022:21:11:43 -0800] "POST /blog4/wp-cron.php?doing_wp_cron=1672204303.8763239383697509765625 HTTP/1.1" 200 - "https://nacaomestica.org/blog4/wp-cron.php?doing_wp_cron=1672204303.8763239383697509765625" "WordPress/5.6.10; https://nacaomestica.org/blog4" "nacaomestica.org"
189.89.171.4 - - [27/Dec/2022:21:11:41 -0800] "GET /blog4/?p=30057 HTTP/1.1" 200 89284 "https://www.google.com/" "Mozilla/5.0 (Windows NT 10.0; Win64; x64) AppleWebKit/537.36 (KHTML, like Gecko) Chrome/108.0.0.0 Safari/537.36" "nacaomestica.org"
189.89.171.4 - - [27/Dec/2022:21:11:58 -0800] "GET /blog4/wp-includes/js/jquery/jquery-migrate.min.js?ver=3.3.2 HTTP/1.1" 200 4169 "https://nacaomestica.org/blog4/?p=30057" "Mozilla/5.0 (Windows NT 10.0; Win64; x64) AppleWebKit/537.36 (KHTML, like Gecko) Chrome/108.0.0.0 Safari/537.36" "nacaomestica.org"
189.89.171.4 - - [27/Dec/2022:21:11:58 -0800] "GET /blog4/wp-content/themes/carrington-blog/js/carrington.js?ver=1.0 HTTP/1.1" 200 1229 "https://nacaomestica.org/blog4/?p=30057" "Mozilla/5.0 (Windows NT 10.0; Win64; x64) AppleWebKit/537.36 (KHTML, like Gecko) Chrome/108.0.0.0 Safari/537.36" "nacaomestica.org"
189.89.171.4 - - [27/Dec/2022:21:11:58 -0800] "GET /blog4/wp-content/themes/carrington-blog/carrington-core/lightbox/thickbox.js?ver=1.0 HTTP/1.1" 200 3903 "https://nacaomestica.org/blog4/?p=30057" "Mozilla/5.0 (Windows NT 10.0; Win64; x64) AppleWebKit/537.36 (KHTML, like Gecko) Chrome/108.0.0.0 Safari/537.36" "nacaomestica.org"
189.89.171.4 - - [27/Dec/2022:21:11:58 -0800] "GET /blog4/wp-content/themes/carrington-blog/carrington-core/lightbox/css/thickbox.css HTTP/1.1" 200 975 "https://nacaomestica.org/blog4/?p=30057" "Mozilla/5.0 (Windows NT 10.0; Win64; x64) AppleWebKit/537.36 (KHTML, like Gecko) Chrome/108.0.0.0 Safari/537.36" "nacaomestica.org"
189.89.171.4 - - [27/Dec/2022:21:11:58 -0800] "GET /blog4/wp-includes/js/jquery/jquery.min.js?ver=3.5.1 HTTP/1.1" 200 30916 "https://nacaomestica.org/blog4/?p=30057" "Mozilla/5.0 (Windows NT 10.0; Win64; x64) AppleWebKit/537.36 (KHTML, like Gecko) Chrome/108.0.0.0 Safari/537.36" "nacaomestica.org"
189.89.171.4 - - [27/Dec/2022:21:11:58 -0800] "GET /blog4/wp-content/themes/carrington-blog/css/css.php HTTP/1.1" 200 4963 "https://nacaomestica.org/blog4/?p=30057" "Mozilla/5.0 (Windows NT 10.0; Win64; x64) AppleWebKit/537.36 (KHTML, like Gecko) Chrome/108.0.0.0 Safari/537.36" "nacaomestica.org"
189.89.171.4 - - [27/Dec/2022:21:12:01 -0800] "GET /blog4/wp-includes/js/mediaelement/wp-mediaelement.min.css?ver=5.6.10 HTTP/1.1" 200 1156 "https://nacaomestica.org/blog4/?p=30057" "Mozilla/5.0 (Windows NT 10.0; Win64; x64) AppleWebKit/537.36 (KHTML, like Gecko) Chrome/108.0.0.0 Safari/537.36" "nacaomestica.org"
189.89.171.4 - - [27/Dec/2022:21:12:01 -0800] "GET /blog4/wp-includes/js/mediaelement/mediaelementplayer-legacy.min.css?ver=4.2.16 HTTP/1.1" 200 2592 "https://nacaomestica.org/blog4/?p=30057" "Mozilla/5.0 (Windows NT 10.0; Win64; x64) AppleWebKit/537.36 (KHTML, like Gecko) Chrome/108.0.0.0 Safari/537.36" "nacaomestica.org"
189.89.171.4 - - [27/Dec/2022:21:12:01 -0800] "GET /blog4/wp-includes/js/wp-embed.min.js?ver=5.6.10 HTTP/1.1" 200 765 "https://nacaomestica.org/blog4/?p=30057" "Mozilla/5.0 (Windows NT 10.0; Win64; x64) AppleWebKit/537.36 (KHTML, like Gecko) Chrome/108.0.0.0 Safari/537.36" "nacaomestica.org"
189.89.171.4 - - [27/Dec/2022:21:12:01 -0800] "GET /blog4/wp-includes/js/wp-emoji-release.min.js?ver=5.6.10 HTTP/1.1" 200 4662 "https://nacaomestica.org/blog4/?p=30057" "Mozilla/5.0 (Windows NT 10.0; Win64; x64) AppleWebKit/537.36 (KHTML, like Gecko) Chrome/108.0.0.0 Safari/537.36" "nacaomestica.org"
189.89.171.4 - - [27/Dec/2022:21:12:01 -0800] "GET /blog4/wp-includes/js/mediaelement/wp-mediaelement.min.js?ver=5.6.10 HTTP/1.1" 200 475 "https://nacaomestica.org/blog4/?p=30057" "Mozilla/5.0 (Windows NT 10.0; Win64; x64) AppleWebKit/537.36 (KHTML, like Gecko) Chrome/108.0.0.0 Safari/537.36" "nacaomestica.org"
189.89.171.4 - - [27/Dec/2022:21:12:01 -0800] "GET /blog4/wp-includes/js/mediaelement/mediaelement-migrate.min.js?ver=5.6.10 HTTP/1.1" 200 544 "https://nacaomestica.org/blog4/?p=30057" "Mozilla/5.0 (Windows NT 10.0; Win64; x64) AppleWebKit/537.36 (KHTML, like Gecko) Chrome/108.0.0.0 Safari/537.36" "nacaomestica.org"
189.89.171.4 - - [27/Dec/2022:21:12:01 -0800] "GET /blog4/wp-includes/js/mediaelement/renderers/vimeo.min.js?ver=4.2.16 HTTP/1.1" 200 2284 "https://nacaomestica.org/blog4/?p=30057" "Mozilla/5.0 (Windows NT 10.0; Win64; x64) AppleWebKit/537.36 (KHTML, like Gecko) Chrome/108.0.0.0 Safari/537.36" "nacaomestica.org"
189.89.171.4 - - [27/Dec/2022:21:12:01 -0800] "GET /blog4/wp-content/uploads/2015/04/ONCA_SITE2.png HTTP/1.1" 200 296324 "https://nacaomestica.org/blog4/?p=30057" "Mozilla/5.0 (Windows NT 10.0; Win64; x64) AppleWebKit/537.36 (KHTML, like Gecko) Chrome/108.0.0.0 Safari/537.36" "nacaomestica.org"
189.89.171.4 - - [27/Dec/2022:21:12:01 -0800] "GET /blog4/wp-content/themes/carrington-blog/img/sub-header-border-bottom.gif HTTP/1.1" 200 43 "https://nacaomestica.org/blog4/wp-content/themes/carrington-blog/css/css.php" "Mozilla/5.0 (Windows NT 10.0; Win64; x64) AppleWebKit/537.36 (KHTML, like Gecko) Chrome/108.0.0.0 Safari/537.36" "nacaomestica.org"
189.89.171.4 - - [27/Dec/2022:21:12:01 -0800] "GET /blog4/wp-content/plugins/wp-spamshield/js/jscripts-ftr2-min.js HTTP/1.1" 200 637 "https://nacaomestica.org/blog4/?p=30057" "Mozilla/5.0 (Windows NT 10.0; Win64; x64) AppleWebKit/537.36 (KHTML, like Gecko) Chrome/108.0.0.0 Safari/537.36" "nacaomestica.org"
189.89.171.4 - - [27/Dec/2022:21:12:01 -0800] "GET /blog4/wp-content/themes/carrington-blog/img/rss-button.gif HTTP/1.1" 200 2208 "https://nacaomestica.org/blog4/?p=30057" "Mozilla/5.0 (Windows NT 10.0; Win64; x64) AppleWebKit/537.36 (KHTML, like Gecko) Chrome/108.0.0.0 Safari/537.36" "nacaomestica.org"
189.89.171.4 - - [27/Dec/2022:21:12:01 -0800] "GET /blog4/wp-content/themes/carrington-blog/img/divider-ornament.gif HTTP/1.1" 200 778 "https://nacaomestica.org/blog4/wp-content/themes/carrington-blog/css/css.php" "Mozilla/5.0 (Windows NT 10.0; Win64; x64) AppleWebKit/537.36 (KHTML, like Gecko) Chrome/108.0.0.0 Safari/537.36" "nacaomestica.org"
189.89.171.4 - - [27/Dec/2022:21:12:01 -0800] "GET /blog4/wp-content/themes/carrington-blog/img/header/gradient-dark.png HTTP/1.1" 200 2877 "https://nacaomestica.org/blog4/?p=30057" "Mozilla/5.0 (Windows NT 10.0; Win64; x64) AppleWebKit/537.36 (KHTML, like Gecko) Chrome/108.0.0.0 Safari/537.36" "nacaomestica.org"
189.89.171.4 - - [27/Dec/2022:21:12:01 -0800] "GET /blog4/wp-includes/js/mediaelement/mediaelement-and-player.min.js?ver=4.2.16 HTTP/1.1" 200 38657 "https://nacaomestica.org/blog4/?p=30057" "Mozilla/5.0 (Windows NT 10.0; Win64; x64) AppleWebKit/537.36 (KHTML, like Gecko) Chrome/108.0.0.0 Safari/537.36" "nacaomestica.org"
189.89.171.4 - - [27/Dec/2022:21:12:01 -0800] "GET /blog4/wp-content/themes/carrington-blog/img/dropdown-divider.gif HTTP/1.1" 200 144 "https://nacaomestica.org/blog4/wp-content/themes/carrington-blog/css/css.php" "Mozilla/5.0 (Windows NT 10.0; Win64; x64) AppleWebKit/537.36 (KHTML, like Gecko) Chrome/108.0.0.0 Safari/537.36" "nacaomestica.org"
189.89.171.4 - - [27/Dec/2022:21:12:01 -0800] "GET /blog4/wp-content/themes/carrington-blog/img/comments-divider.gif HTTP/1.1" 200 6855 "https://nacaomestica.org/blog4/wp-content/themes/carrington-blog/css/css.php" "Mozilla/5.0 (Windows NT 10.0; Win64; x64) AppleWebKit/537.36 (KHTML, like Gecko) Chrome/108.0.0.0 Safari/537.36" "nacaomestica.org"
189.89.171.4 - - [27/Dec/2022:21:12:01 -0800] "GET /blog4/wp-content/themes/carrington-blog/img/sidebar-background.gif HTTP/1.1" 200 1515 "https://nacaomestica.org/blog4/wp-content/themes/carrington-blog/css/css.php" "Mozilla/5.0 (Windows NT 10.0; Win64; x64) AppleWebKit/537.36 (KHTML, like Gecko) Chrome/108.0.0.0 Safari/537.36" "nacaomestica.org"
189.89.171.4 - - [27/Dec/2022:21:12:01 -0800] "GET /blog4/wp-content/themes/carrington-blog/img/grey-to-white-gradient.png HTTP/1.1" 200 153 "https://nacaomestica.org/blog4/wp-content/themes/carrington-blog/css/css.php" "Mozilla/5.0 (Windows NT 10.0; Win64; x64) AppleWebKit/537.36 (KHTML, like Gecko) Chrome/108.0.0.0 Safari/537.36" "nacaomestica.org"
189.89.171.4 - - [27/Dec/2022:21:12:01 -0800] "GET /blog4/wp-content/themes/carrington-blog/img/watermark-light.gif HTTP/1.1" 200 31981 "https://nacaomestica.org/blog4/wp-content/themes/carrington-blog/css/css.php" "Mozilla/5.0 (Windows NT 10.0; Win64; x64) AppleWebKit/537.36 (KHTML, like Gecko) Chrome/108.0.0.0 Safari/537.36" "nacaomestica.org"
189.89.171.4 - - [27/Dec/2022:21:12:01 -0800] "GET /blog4/wp-content/themes/carrington-blog/img/arrow-bullet.gif HTTP/1.1" 200 50 "https://nacaomestica.org/blog4/wp-content/themes/carrington-blog/css/css.php" "Mozilla/5.0 (Windows NT 10.0; Win64; x64) AppleWebKit/537.36 (KHTML, like Gecko) Chrome/108.0.0.0 Safari/537.36" "nacaomestica.org"
189.89.171.4 - - [27/Dec/2022:21:12:01 -0800] "GET /blog4/wp-content/themes/carrington-blog/img/comment.gif HTTP/1.1" 200 370 "https://nacaomestica.org/blog4/wp-content/themes/carrington-blog/css/css.php" "Mozilla/5.0 (Windows NT 10.0; Win64; x64) AppleWebKit/537.36 (KHTML, like Gecko) Chrome/108.0.0.0 Safari/537.36" "nacaomestica.org"
189.89.171.4 - - [27/Dec/2022:21:12:01 -0800] "GET /blog4/wp-content/themes/carrington-blog/img/footer/gradient-light.png HTTP/1.1" 200 172 "https://nacaomestica.org/blog4/?p=30057" "Mozilla/5.0 (Windows NT 10.0; Win64; x64) AppleWebKit/537.36 (KHTML, like Gecko) Chrome/108.0.0.0 Safari/537.36" "nacaomestica.org"
189.89.171.4 - - [27/Dec/2022:21:12:01 -0800] "GET /blog4/wp-content/themes/carrington-blog/img/footer/divider-ornament-wide-light.png HTTP/1.1" 200 1601 "https://nacaomestica.org/blog4/wp-content/themes/carrington-blog/css/css.php" "Mozilla/5.0 (Windows NT 10.0; Win64; x64) AppleWebKit/537.36 (KHTML, like Gecko) Chrome/108.0.0.0 Safari/537.36" "nacaomestica.org"
189.89.171.4 - - [27/Dec/2022:21:12:01 -0800] "GET /blog4/wp-content/themes/carrington-blog/img/footer/by-crowd-favorite-light.png HTTP/1.1" 200 2825 "https://nacaomestica.org/blog4/?p=30057" "Mozilla/5.0 (Windows NT 10.0; Win64; x64) AppleWebKit/537.36 (KHTML, like Gecko) Chrome/108.0.0.0 Safari/537.36" "nacaomestica.org"
189.89.171.4 - - [27/Dec/2022:21:12:01 -0800] "GET /blog4/wp-content/uploads/2020/04/blanding2.jpg HTTP/1.1" 200 47998 "https://nacaomestica.org/blog4/?p=30057" "Mozilla/5.0 (Windows NT 10.0; Win64; x64) AppleWebKit/537.36 (KHTML, like Gecko) Chrome/108.0.0.0 Safari/537.36" "nacaomestica.org"
189.89.171.4 - - [27/Dec/2022:21:12:01 -0800] "GET /blog4/wp-content/uploads/2018/08/livro_mestico_CAPA-2peq.png HTTP/1.1" 200 35385 "https://nacaomestica.org/blog4/?p=30057" "Mozilla/5.0 (Windows NT 10.0; Win64; x64) AppleWebKit/537.36 (KHTML, like Gecko) Chrome/108.0.0.0 Safari/537.36" "nacaomestica.org"
189.89.171.4 - - [27/Dec/2022:21:12:05 -0800] "GET /blog4/wp-content/themes/carrington-blog/carrington-core/lightbox/img/loadingAnimation.gif HTTP/1.1" 200 5886 "https://nacaomestica.org/blog4/?p=30057" "Mozilla/5.0 (Windows NT 10.0; Win64; x64) AppleWebKit/537.36 (KHTML, like Gecko) Chrome/108.0.0.0 Safari/537.36" "nacaomestica.org"
189.89.171.4 - - [27/Dec/2022:21:12:05 -0800] "GET /blog4/wp-includes/js/mediaelement/mejs-controls.svg HTTP/1.1" 200 1413 "https://nacaomestica.org/blog4/wp-includes/js/mediaelement/mediaelementplayer-legacy.min.css?ver=4.2.16" "Mozilla/5.0 (Windows NT 10.0; Win64; x64) AppleWebKit/537.36 (KHTML, like Gecko) Chrome/108.0.0.0 Safari/537.36" "nacaomestica.org"
189.89.171.4 - - [27/Dec/2022:21:12:08 -0800] "GET /favicon.ico HTTP/1.1" 200 676 "https://nacaomestica.org/blog4/?p=30057" "Mozilla/5.0 (Windows NT 10.0; Win64; x64) AppleWebKit/537.36 (KHTML, like Gecko) Chrome/108.0.0.0 Safari/537.36" "nacaomestica.org"
104.211.53.213 - - [27/Dec/2022:21:14:14 -0800] "GET /blog4/?cat=90 HTTP/1.1" 200 92393 "-" "Mozilla/5.0 (Linux; Android 7.0; SM-G930V Build/NRD90M) AppleWebKit/537.36 (KHTML, like Gecko) Chrome/59.0.3071.125 Mobile Safari/537.36" "nacaomestica.org"
10.213.116.70 - - [27/Dec/2022:21:14:16 -0800] "POST /blog4/wp-cron.php?doing_wp_cron=1672204456.6517150402069091796875 HTTP/1.1" 200 - "https://nacaomestica.org/blog4/wp-cron.php?doing_wp_cron=1672204456.6517150402069091796875" "WordPress/5.6.10; https://nacaomestica.org/blog4" "nacaomestica.org"
104.211.53.213 - - [27/Dec/2022:21:15:04 -0800] "GET /blog4/?cat=116 HTTP/1.1" 200 67399 "-" "Mozilla/5.0 (Linux; Android 7.0; SM-G930V Build/NRD90M) AppleWebKit/537.36 (KHTML, like Gecko) Chrome/59.0.3071.125 Mobile Safari/537.36" "nacaomestica.org"
104.211.53.213 - - [27/Dec/2022:21:15:06 -0800] "GET /blog4/?tag=limpeza-etnica HTTP/1.1" 200 91967 "-" "Mozilla/5.0 (Linux; Android 7.0; SM-G930V Build/NRD90M) AppleWebKit/537.36 (KHTML, like Gecko) Chrome/59.0.3071.125 Mobile Safari/537.36" "nacaomestica.org"
104.211.53.213 - - [27/Dec/2022:21:15:08 -0800] "GET /blog4/?cat=266 HTTP/1.1" 200 70172 "-" "Mozilla/5.0 (Linux; Android 7.0; SM-G930V Build/NRD90M) AppleWebKit/537.36 (KHTML, like Gecko) Chrome/59.0.3071.125 Mobile Safari/537.36" "nacaomestica.org"
104.211.53.213 - - [27/Dec/2022:21:15:21 -0800] "GET /blog4/?cat=268 HTTP/1.1" 200 96863 "-" "Mozilla/5.0 (Linux; Android 7.0; SM-G930V Build/NRD90M) AppleWebKit/537.36 (KHTML, like Gecko) Chrome/59.0.3071.125 Mobile Safari/537.36" "nacaomestica.org"
207.46.13.94 - - [27/Dec/2022:21:16:16 -0800] "GET /diretorio_dos_indios.htm HTTP/1.1" 304 - "-" "Mozilla/5.0 (compatible; bingbot/2.0; +http://www.bing.com/bingbot.htm)" "www.nacaomestica.org"
10.213.116.68 - - [27/Dec/2022:21:16:25 -0800] "POST /blog4/wp-cron.php?doing_wp_cron=1672204585.5215659141540527343750 HTTP/1.1" 200 - "https://nacaomestica.org/blog4/wp-cron.php?doing_wp_cron=1672204585.5215659141540527343750" "WordPress/5.6.10; https://nacaomestica.org/blog4" "nacaomestica.org"
104.211.53.213 - - [27/Dec/2022:21:16:22 -0800] "GET /blog4/?cat=263 HTTP/1.1" 200 69362 "-" "Mozilla/5.0 (Linux; Android 7.0; SM-G930V Build/NRD90M) AppleWebKit/537.36 (KHTML, like Gecko) Chrome/59.0.3071.125 Mobile Safari/537.36" "nacaomestica.org"
104.211.53.213 - - [27/Dec/2022:21:16:31 -0800] "GET /blog4/ HTTP/1.1" 200 92878 "-" "Mozilla/5.0 (Linux; Android 7.0; SM-G930V Build/NRD90M) AppleWebKit/537.36 (KHTML, like Gecko) Chrome/59.0.3071.125 Mobile Safari/537.36" "nacaomestica.org"
104.211.53.213 - - [27/Dec/2022:21:16:44 -0800] "GET /blog4/?tag=amarelo HTTP/1.1" 200 79949 "-" "Mozilla/5.0 (Linux; Android 7.0; SM-G930V Build/NRD90M) AppleWebKit/537.36 (KHTML, like Gecko) Chrome/59.0.3071.125 Mobile Safari/537.36" "nacaomestica.org"
104.211.53.213 - - [27/Dec/2022:21:16:45 -0800] "GET /blog4/?cat=182 HTTP/1.1" 200 73986 "-" "Mozilla/5.0 (Linux; Android 7.0; SM-G930V Build/NRD90M) AppleWebKit/537.36 (KHTML, like Gecko) Chrome/59.0.3071.125 Mobile Safari/537.36" "nacaomestica.org"
173.252.127.117 - - [27/Dec/2022:21:17:15 -0800] "GET /blog4/wp-content/uploads/2019/10/images-20.jpeg HTTP/1.1" 200 18206 "-" "facebookexternalhit/1.1 (+http://www.facebook.com/externalhit_uatext.php)" "nacaomestica.org"
104.211.53.213 - - [27/Dec/2022:21:17:12 -0800] "GET /blog4/?p=30980 HTTP/1.1" 200 74685 "-" "Mozilla/5.0 (Linux; Android 7.0; SM-G930V Build/NRD90M) AppleWebKit/537.36 (KHTML, like Gecko) Chrome/59.0.3071.125 Mobile Safari/537.36" "nacaomestica.org"
104.211.53.213 - - [27/Dec/2022:21:17:35 -0800] "GET /blog4/?tag=anti-cristianismo HTTP/1.1" 200 75919 "-" "Mozilla/5.0 (Linux; Android 7.0; SM-G930V Build/NRD90M) AppleWebKit/537.36 (KHTML, like Gecko) Chrome/59.0.3071.125 Mobile Safari/537.36" "nacaomestica.org"
104.211.53.213 - - [27/Dec/2022:21:17:41 -0800] "GET /blog4/?cat=131 HTTP/1.1" 200 94090 "-" "Mozilla/5.0 (Linux; Android 7.0; SM-G930V Build/NRD90M) AppleWebKit/537.36 (KHTML, like Gecko) Chrome/59.0.3071.125 Mobile Safari/537.36" "nacaomestica.org"
104.211.53.213 - - [27/Dec/2022:21:17:43 -0800] "GET /blog4/?cat=125 HTTP/1.1" 200 69776 "-" "Mozilla/5.0 (Linux; Android 7.0; SM-G930V Build/NRD90M) AppleWebKit/537.36 (KHTML, like Gecko) Chrome/59.0.3071.125 Mobile Safari/537.36" "nacaomestica.org"
104.211.53.213 - - [27/Dec/2022:21:17:49 -0800] "GET /blog4/?tag=charge HTTP/1.1" 200 86687 "-" "Mozilla/5.0 (Linux; Android 7.0; SM-G930V Build/NRD90M) AppleWebKit/537.36 (KHTML, like Gecko) Chrome/59.0.3071.125 Mobile Safari/537.36" "nacaomestica.org"
104.211.53.213 - - [27/Dec/2022:21:17:54 -0800] "GET /blog4/?cat=128 HTTP/1.1" 200 96432 "-" "Mozilla/5.0 (Linux; Android 7.0; SM-G930V Build/NRD90M) AppleWebKit/537.36 (KHTML, like Gecko) Chrome/59.0.3071.125 Mobile Safari/537.36" "nacaomestica.org"
104.211.53.213 - - [27/Dec/2022:21:17:54 -0800] "GET /blog4/?tag=bantustao HTTP/1.1" 200 96665 "-" "Mozilla/5.0 (Linux; Android 7.0; SM-G930V Build/NRD90M) AppleWebKit/537.36 (KHTML, like Gecko) Chrome/59.0.3071.125 Mobile Safari/537.36" "nacaomestica.org"
104.211.53.213 - - [27/Dec/2022:21:18:15 -0800] "GET /blog4/?tag=mesticagem-miscigenacao HTTP/1.1" 200 78972 "-" "Mozilla/5.0 (Linux; Android 7.0; SM-G930V Build/NRD90M) AppleWebKit/537.36 (KHTML, like Gecko) Chrome/59.0.3071.125 Mobile Safari/537.36" "nacaomestica.org"
104.211.53.213 - - [27/Dec/2022:21:18:18 -0800] "GET /blog4/?tag=direitos-originarios HTTP/1.1" 200 82684 "-" "Mozilla/5.0 (Linux; Android 7.0; SM-G930V Build/NRD90M) AppleWebKit/537.36 (KHTML, like Gecko) Chrome/59.0.3071.125 Mobile Safari/537.36" "nacaomestica.org"
114.119.140.237 - - [27/Dec/2022:21:18:41 -0800] "GET /blog4?feed=rss2&p=5118 HTTP/1.1" 301 1429 "https://nacaomestica.org/blog4?p=5118" "Mozilla/5.0 (Linux; Android 7.0;) AppleWebKit/537.36 (KHTML, like Gecko) Mobile Safari/537.36 (compatible; PetalBot;+https://webmaster.petalsearch.com/site/petalbot)" "nacaomestica.org"
104.211.53.213 - - [27/Dec/2022:21:18:42 -0800] "GET /blog4/?cat=245 HTTP/1.1" 200 82244 "-" "Mozilla/5.0 (Linux; Android 7.0; SM-G930V Build/NRD90M) AppleWebKit/537.36 (KHTML, like Gecko) Chrome/59.0.3071.125 Mobile Safari/537.36" "nacaomestica.org"
104.211.53.213 - - [27/Dec/2022:21:18:41 -0800] "GET /blog4/?cat=262 HTTP/1.1" 200 67828 "-" "Mozilla/5.0 (Linux; Android 7.0; SM-G930V Build/NRD90M) AppleWebKit/537.36 (KHTML, like Gecko) Chrome/59.0.3071.125 Mobile Safari/537.36" "nacaomestica.org"
10.213.116.69 - - [27/Dec/2022:21:18:42 -0800] "POST /blog4/wp-cron.php?doing_wp_cron=1672204722.9139149188995361328125 HTTP/1.1" 200 - "https://nacaomestica.org/blog4/wp-cron.php?doing_wp_cron=1672204722.9139149188995361328125" "WordPress/5.6.10; https://nacaomestica.org/blog4" "nacaomestica.org"
104.211.53.213 - - [27/Dec/2022:21:18:54 -0800] "GET /blog4/?cat=181 HTTP/1.1" 200 78489 "-" "Mozilla/5.0 (Linux; Android 7.0; SM-G930V Build/NRD90M) AppleWebKit/537.36 (KHTML, like Gecko) Chrome/59.0.3071.125 Mobile Safari/537.36" "nacaomestica.org"
114.119.140.237 - - [27/Dec/2022:21:18:54 -0800] "GET /blog4/?feed=rss2&p=5118 HTTP/1.1" 200 802 "https://nacaomestica.org/blog4?p=5118" "Mozilla/5.0 (Linux; Android 7.0;) AppleWebKit/537.36 (KHTML, like Gecko) Mobile Safari/537.36 (compatible; PetalBot;+https://webmaster.petalsearch.com/site/petalbot)" "nacaomestica.org"
104.211.53.213 - - [27/Dec/2022:21:19:04 -0800] "GET /blog4/?cat=219 HTTP/1.1" 200 94829 "-" "Mozilla/5.0 (Linux; Android 7.0; SM-G930V Build/NRD90M) AppleWebKit/537.36 (KHTML, like Gecko) Chrome/59.0.3071.125 Mobile Safari/537.36" "nacaomestica.org"
104.211.53.213 - - [27/Dec/2022:21:19:13 -0800] "GET /blog4/?tag=mesticofobia HTTP/1.1" 200 98594 "-" "Mozilla/5.0 (Linux; Android 7.0; SM-G930V Build/NRD90M) AppleWebKit/537.36 (KHTML, like Gecko) Chrome/59.0.3071.125 Mobile Safari/537.36" "nacaomestica.org"
104.211.53.213 - - [27/Dec/2022:21:19:14 -0800] "GET /blog4/?p=30970 HTTP/1.1" 200 75914 "-" "Mozilla/5.0 (Linux; Android 7.0; SM-G930V Build/NRD90M) AppleWebKit/537.36 (KHTML, like Gecko) Chrome/59.0.3071.125 Mobile Safari/537.36" "nacaomestica.org"
104.211.53.213 - - [27/Dec/2022:21:19:17 -0800] "GET /blog4/?cat=217 HTTP/1.1" 200 74984 "-" "Mozilla/5.0 (Linux; Android 7.0; SM-G930V Build/NRD90M) AppleWebKit/537.36 (KHTML, like Gecko) Chrome/59.0.3071.125 Mobile Safari/537.36" "nacaomestica.org"
186.193.177.190 - - [27/Dec/2022:21:19:20 -0800] "GET /blog4/?p=2252 HTTP/1.1" 200 113209 "-" "Mozilla/5.0 (Linux; Android 12; SM-A325M) AppleWebKit/537.36 (KHTML, like Gecko) Chrome/108.0.0.0 Mobile Safari/537.36" "nacaomestica.org"
186.193.177.190 - - [27/Dec/2022:21:19:23 -0800] "GET /blog4/wp-content/themes/carrington-blog/css/css.php HTTP/1.1" 200 4963 "https://nacaomestica.org/blog4/?p=2252" "Mozilla/5.0 (Linux; Android 12; SM-A325M) AppleWebKit/537.36 (KHTML, like Gecko) Chrome/108.0.0.0 Mobile Safari/537.36" "nacaomestica.org"
186.193.177.190 - - [27/Dec/2022:21:19:24 -0800] "GET /blog4/wp-content/uploads/2016/02/mesticos_sombra-2.png HTTP/1.1" 200 191787 "https://nacaomestica.org/blog4/?p=2252" "Mozilla/5.0 (Linux; Android 12; SM-A325M) AppleWebKit/537.36 (KHTML, like Gecko) Chrome/108.0.0.0 Mobile Safari/537.36" "nacaomestica.org"
186.193.177.190 - - [27/Dec/2022:21:19:27 -0800] "GET /blog4/wp-content/uploads/2010/08/bartira_joao_ramalho2.jpg HTTP/1.1" 200 92028 "https://nacaomestica.org/blog4/?p=2252" "Mozilla/5.0 (Linux; Android 12; SM-A325M) AppleWebKit/537.36 (KHTML, like Gecko) Chrome/108.0.0.0 Mobile Safari/537.36" "nacaomestica.org"
186.193.177.190 - - [27/Dec/2022:21:19:27 -0800] "GET /blog4/wp-content/themes/carrington-blog/img/sidebar-background.gif HTTP/1.1" 304 - "https://nacaomestica.org/blog4/wp-content/themes/carrington-blog/css/css.php" "Mozilla/5.0 (Linux; Android 12; SM-A325M) AppleWebKit/537.36 (KHTML, like Gecko) Chrome/108.0.0.0 Mobile Safari/537.36" "nacaomestica.org"
186.193.177.190 - - [27/Dec/2022:21:19:28 -0800] "GET /blog4/wp-content/themes/carrington-blog/img/header/gradient-dark.png HTTP/1.1" 304 - "https://nacaomestica.org/blog4/?p=2252" "Mozilla/5.0 (Linux; Android 12; SM-A325M) AppleWebKit/537.36 (KHTML, like Gecko) Chrome/108.0.0.0 Mobile Safari/537.36" "nacaomestica.org"
186.193.177.190 - - [27/Dec/2022:21:19:28 -0800] "GET /blog4/wp-content/themes/carrington-blog/img/arrow-bullet.gif HTTP/1.1" 304 - "https://nacaomestica.org/blog4/wp-content/themes/carrington-blog/css/css.php" "Mozilla/5.0 (Linux; Android 12; SM-A325M) AppleWebKit/537.36 (KHTML, like Gecko) Chrome/108.0.0.0 Mobile Safari/537.36" "nacaomestica.org"
186.193.177.190 - - [27/Dec/2022:21:19:28 -0800] "GET /blog4/wp-content/uploads/2015/04/ONCA_SITE2.png HTTP/1.1" 200 296324 "https://nacaomestica.org/blog4/?p=2252" "Mozilla/5.0 (Linux; Android 12; SM-A325M) AppleWebKit/537.36 (KHTML, like Gecko) Chrome/108.0.0.0 Mobile Safari/537.36" "nacaomestica.org"
186.193.177.190 - - [27/Dec/2022:21:19:28 -0800] "GET /blog4/wp-content/themes/carrington-blog/img/divider-ornament.gif HTTP/1.1" 304 - "https://nacaomestica.org/blog4/wp-content/themes/carrington-blog/css/css.php" "Mozilla/5.0 (Linux; Android 12; SM-A325M) AppleWebKit/537.36 (KHTML, like Gecko) Chrome/108.0.0.0 Mobile Safari/537.36" "nacaomestica.org"
186.193.177.190 - - [27/Dec/2022:21:19:29 -0800] "GET /blog4/wp-content/themes/carrington-blog/img/watermark-light.gif HTTP/1.1" 304 - "https://nacaomestica.org/blog4/wp-content/themes/carrington-blog/css/css.php" "Mozilla/5.0 (Linux; Android 12; SM-A325M) AppleWebKit/537.36 (KHTML, like Gecko) Chrome/108.0.0.0 Mobile Safari/537.36" "nacaomestica.org"
186.193.177.190 - - [27/Dec/2022:21:19:29 -0800] "GET /blog4/wp-content/uploads/2018/08/livro_mestico_CAPA-2peq.png HTTP/1.1" 304 - "https://nacaomestica.org/blog4/?p=2252" "Mozilla/5.0 (Linux; Android 12; SM-A325M) AppleWebKit/537.36 (KHTML, like Gecko) Chrome/108.0.0.0 Mobile Safari/537.36" "nacaomestica.org"
186.193.177.190 - - [27/Dec/2022:21:19:30 -0800] "GET /blog4/wp-content/themes/carrington-blog/img/sub-header-border-bottom.gif HTTP/1.1" 304 - "https://nacaomestica.org/blog4/wp-content/themes/carrington-blog/css/css.php" "Mozilla/5.0 (Linux; Android 12; SM-A325M) AppleWebKit/537.36 (KHTML, like Gecko) Chrome/108.0.0.0 Mobile Safari/537.36" "nacaomestica.org"
186.193.177.190 - - [27/Dec/2022:21:19:30 -0800] "GET /blog4/wp-content/themes/carrington-blog/img/rss-button.gif HTTP/1.1" 304 - "https://nacaomestica.org/blog4/?p=2252" "Mozilla/5.0 (Linux; Android 12; SM-A325M) AppleWebKit/537.36 (KHTML, like Gecko) Chrome/108.0.0.0 Mobile Safari/537.36" "nacaomestica.org"
186.193.177.190 - - [27/Dec/2022:21:19:30 -0800] "GET /blog4/wp-content/themes/carrington-blog/img/dropdown-divider.gif HTTP/1.1" 304 - "https://nacaomestica.org/blog4/wp-content/themes/carrington-blog/css/css.php" "Mozilla/5.0 (Linux; Android 12; SM-A325M) AppleWebKit/537.36 (KHTML, like Gecko) Chrome/108.0.0.0 Mobile Safari/537.36" "nacaomestica.org"
186.193.177.190 - - [27/Dec/2022:21:19:30 -0800] "GET /blog4/wp-content/themes/carrington-blog/img/comment.gif HTTP/1.1" 304 - "https://nacaomestica.org/blog4/wp-content/themes/carrington-blog/css/css.php" "Mozilla/5.0 (Linux; Android 12; SM-A325M) AppleWebKit/537.36 (KHTML, like Gecko) Chrome/108.0.0.0 Mobile Safari/537.36" "nacaomestica.org"
186.193.177.190 - - [27/Dec/2022:21:19:30 -0800] "GET /blog4/wp-content/themes/carrington-blog/img/comments-divider.gif HTTP/1.1" 304 - "https://nacaomestica.org/blog4/wp-content/themes/carrington-blog/css/css.php" "Mozilla/5.0 (Linux; Android 12; SM-A325M) AppleWebKit/537.36 (KHTML, like Gecko) Chrome/108.0.0.0 Mobile Safari/537.36" "nacaomestica.org"
186.193.177.190 - - [27/Dec/2022:21:19:31 -0800] "GET /blog4/wp-content/themes/carrington-blog/img/grey-to-white-gradient.png HTTP/1.1" 304 - "https://nacaomestica.org/blog4/wp-content/themes/carrington-blog/css/css.php" "Mozilla/5.0 (Linux; Android 12; SM-A325M) AppleWebKit/537.36 (KHTML, like Gecko) Chrome/108.0.0.0 Mobile Safari/537.36" "nacaomestica.org"
186.193.177.190 - - [27/Dec/2022:21:19:31 -0800] "GET /blog4/wp-content/themes/carrington-blog/img/footer/gradient-light.png HTTP/1.1" 304 - "https://nacaomestica.org/blog4/?p=2252" "Mozilla/5.0 (Linux; Android 12; SM-A325M) AppleWebKit/537.36 (KHTML, like Gecko) Chrome/108.0.0.0 Mobile Safari/537.36" "nacaomestica.org"
186.193.177.190 - - [27/Dec/2022:21:19:31 -0800] "GET /blog4/wp-content/themes/carrington-blog/img/footer/divider-ornament-wide-light.png HTTP/1.1" 304 - "https://nacaomestica.org/blog4/wp-content/themes/carrington-blog/css/css.php" "Mozilla/5.0 (Linux; Android 12; SM-A325M) AppleWebKit/537.36 (KHTML, like Gecko) Chrome/108.0.0.0 Mobile Safari/537.36" "nacaomestica.org"
104.211.53.213 - - [27/Dec/2022:21:19:32 -0800] "GET /blog4/?cat=69 HTTP/1.1" 200 94538 "-" "Mozilla/5.0 (Linux; Android 7.0; SM-G930V Build/NRD90M) AppleWebKit/537.36 (KHTML, like Gecko) Chrome/59.0.3071.125 Mobile Safari/537.36" "nacaomestica.org"
104.211.53.213 - - [27/Dec/2022:21:19:44 -0800] "GET /blog4/?p=23346 HTTP/1.1" 200 90887 "-" "Mozilla/5.0 (Linux; Android 7.0; SM-G930V Build/NRD90M) AppleWebKit/537.36 (KHTML, like Gecko) Chrome/59.0.3071.125 Mobile Safari/537.36" "nacaomestica.org"
104.211.53.213 - - [27/Dec/2022:21:19:48 -0800] "GET /blog4/?cat=29 HTTP/1.1" 200 70522 "-" "Mozilla/5.0 (Linux; Android 7.0; SM-G930V Build/NRD90M) AppleWebKit/537.36 (KHTML, like Gecko) Chrome/59.0.3071.125 Mobile Safari/537.36" "nacaomestica.org"
17.241.75.122 - - [27/Dec/2022:21:20:09 -0800] "GET /inf_080720_campanha_anti_pt.htm HTTP/1.1" 200 1985 "-" "Mozilla/5.0 (Macintosh; Intel Mac OS X 10_15_5) AppleWebKit/605.1.15 (KHTML, like Gecko) Version/13.1.1 Safari/605.1.15 (Applebot/0.1; +http://www.apple.com/go/applebot)" "www.nacaomestica.org"
187.74.89.211 - - [27/Dec/2022:21:20:19 -0800] "GET /blog4/wp-content/uploads/2018/08/01candidatospres.jpg HTTP/1.1" 200 160293 "https://www.google.com/" "Mozilla/5.0 (Linux; Android 12; SM-A235M Build/SP1A.210812.016; wv) AppleWebKit/537.36 (KHTML, like Gecko) Version/4.0 Chrome/99.0.4844.88 Mobile Safari/537.36 GoogleApp/13.11.10.23.arm64" "nacaomestica.org"
114.119.148.109 - - [27/Dec/2022:21:20:20 -0800] "GET /blog4?feed=rss2&p=21290 HTTP/1.1" 301 1430 "https://nacaomestica.org/blog4?p=21290" "Mozilla/5.0 (Linux; Android 7.0;) AppleWebKit/537.36 (KHTML, like Gecko) Mobile Safari/537.36 (compatible; PetalBot;+https://webmaster.petalsearch.com/site/petalbot)" "nacaomestica.org"
104.211.53.213 - - [27/Dec/2022:21:20:20 -0800] "GET /blog4/?tag=cotas HTTP/1.1" 200 92777 "-" "Mozilla/5.0 (Linux; Android 7.0; SM-G930V Build/NRD90M) AppleWebKit/537.36 (KHTML, like Gecko) Chrome/59.0.3071.125 Mobile Safari/537.36" "nacaomestica.org"
104.211.53.213 - - [27/Dec/2022:21:20:21 -0800] "GET / HTTP/1.1" 200 92878 "-" "Mozilla/5.0 (Linux; Android 7.0; SM-G930V Build/NRD90M) AppleWebKit/537.36 (KHTML, like Gecko) Chrome/59.0.3071.125 Mobile Safari/537.36" "nacaomestica.org"
114.119.139.167 - - [27/Dec/2022:21:21:13 -0800] "GET /blog4/?p=5268 HTTP/1.1" 200 74472 "https://nacaomestica.org/blog4?p=5241" "Mozilla/5.0 (Linux; Android 7.0;) AppleWebKit/537.36 (KHTML, like Gecko) Mobile Safari/537.36 (compatible; PetalBot;+https://webmaster.petalsearch.com/site/petalbot)" "nacaomestica.org"
10.213.116.70 - - [27/Dec/2022:21:21:14 -0800] "POST /blog4/wp-cron.php?doing_wp_cron=1672204874.5526421070098876953125 HTTP/1.1" 200 - "https://nacaomestica.org/blog4/wp-cron.php?doing_wp_cron=1672204874.5526421070098876953125" "WordPress/5.6.10; https://nacaomestica.org/blog4" "nacaomestica.org"
207.46.13.121 - - [27/Dec/2022:21:22:14 -0800] "GET /blog4/?submit_button=Search&s= HTTP/1.1" 200 94079 "-" "Mozilla/5.0 AppleWebKit/537.36 (KHTML, like Gecko; compatible; bingbot/2.0; +http://www.bing.com/bingbot.htm) Chrome/103.0.5060.134 Safari/537.36" "nacaomestica.org"
114.119.136.12 - - [27/Dec/2022:21:22:19 -0800] "GET /blog4/wp-trackback.php?p=1861 HTTP/1.1" 302 - "https://nacaomestica.org/blog4/?p=1861" "Mozilla/5.0 (Linux; Android 7.0;) AppleWebKit/537.36 (KHTML, like Gecko) Mobile Safari/537.36 (compatible; PetalBot;+https://webmaster.petalsearch.com/site/petalbot)" "nacaomestica.org"
114.119.136.12 - - [27/Dec/2022:21:22:33 -0800] "GET /blog4/?p=1861 HTTP/1.1" 200 77837 "https://nacaomestica.org/blog4/?p=1861" "Mozilla/5.0 (Linux; Android 7.0;) AppleWebKit/537.36 (KHTML, like Gecko) Mobile Safari/537.36 (compatible; PetalBot;+https://webmaster.petalsearch.com/site/petalbot)" "nacaomestica.org"
40.87.9.95 - - [27/Dec/2022:21:22:48 -0800] "GET /blog4/?feed=rss2 HTTP/1.1" 200 14241 "-" "Mozilla/5.0 (Linux; Android 7.0; SM-G930V Build/NRD90M) AppleWebKit/537.36 (KHTML, like Gecko) Chrome/59.0.3071.125 Mobile Safari/537.36" "nacaomestica.org"
10.213.116.70 - - [27/Dec/2022:21:23:43 -0800] "POST /blog4/wp-cron.php?doing_wp_cron=1672205023.0592560768127441406250 HTTP/1.1" 200 - "https://nacaomestica.org/blog4/wp-cron.php?doing_wp_cron=1672205023.0592560768127441406250" "WordPress/5.6.10; https://nacaomestica.org/blog4" "nacaomestica.org"
114.119.159.228 - - [27/Dec/2022:21:23:41 -0800] "GET /blog4/?p=22697 HTTP/1.1" 200 76759 "https://nacaomestica.org/blog4/?author=1&paged=20" "Mozilla/5.0 (Linux; Android 7.0;) AppleWebKit/537.36 (KHTML, like Gecko) Mobile Safari/537.36 (compatible; PetalBot;+https://webmaster.petalsearch.com/site/petalbot)" "nacaomestica.org"
51.222.253.3 - - [27/Dec/2022:21:24:07 -0800] "GET /blog4/?p=31761 HTTP/1.1" 200 76143 "-" "Mozilla/5.0 (compatible; AhrefsBot/7.0; +http://ahrefs.com/robot/)" "nacaomestica.org"
51.222.253.5 - - [27/Dec/2022:21:24:28 -0800] "GET /blog4/wp-content/uploads/2022/12/AFROIMPERIALISMO_012.png HTTP/1.1" 200 314531 "-" "Mozilla/5.0 (compatible; AhrefsBot/7.0; +http://ahrefs.com/robot/)" "nacaomestica.org"
114.119.157.108 - - [27/Dec/2022:21:25:45 -0800] "GET /blog4/wp-trackback.php?p=7202 HTTP/1.1" 302 - "https://nacaomestica.org/blog4/?p=7202" "Mozilla/5.0 (Linux; Android 7.0;) AppleWebKit/537.36 (KHTML, like Gecko) Mobile Safari/537.36 (compatible; PetalBot;+https://webmaster.petalsearch.com/site/petalbot)" "nacaomestica.org"
10.213.116.70 - - [27/Dec/2022:21:25:47 -0800] "POST /blog4/wp-cron.php?doing_wp_cron=1672205146.9874360561370849609375 HTTP/1.1" 200 - "https://nacaomestica.org/blog4/wp-cron.php?doing_wp_cron=1672205146.9874360561370849609375" "WordPress/5.6.10; https://nacaomestica.org/blog4" "nacaomestica.org"
114.119.157.108 - - [27/Dec/2022:21:26:03 -0800] "GET /blog4/?p=7202 HTTP/1.1" 200 85348 "https://nacaomestica.org/blog4/?p=7202" "Mozilla/5.0 (Linux; Android 7.0;) AppleWebKit/537.36 (KHTML, like Gecko) Mobile Safari/537.36 (compatible; PetalBot;+https://webmaster.petalsearch.com/site/petalbot)" "nacaomestica.org"
201.182.69.202 - - [27/Dec/2022:21:26:53 -0800] "GET /blog4/wp-content/uploads/2016/02/mesticos_sombra-2.png HTTP/1.1" 200 191787 "https://www.google.com/" "Mozilla/5.0 (Linux; Android 8.1.0; SM-G610M) AppleWebKit/537.36 (KHTML, like Gecko) Chrome/102.0.0.0 Mobile Safari/537.36" "nacaomestica.org"
114.119.157.75 - - [27/Dec/2022:21:27:08 -0800] "GET /blog4?feed=rss2&p=25762 HTTP/1.1" 301 1431 "https://nacaomestica.org/blog4?p=25762" "Mozilla/5.0 (Linux; Android 7.0;) AppleWebKit/537.36 (KHTML, like Gecko) Mobile Safari/537.36 (compatible; PetalBot;+https://webmaster.petalsearch.com/site/petalbot)" "nacaomestica.org"
114.119.136.109 - - [27/Dec/2022:21:27:55 -0800] "GET /blog4?p=5268 HTTP/1.1" 301 1417 "https://nacaomestica.org/blog4?p_=%2B874&paged=177" "Mozilla/5.0 (Linux; Android 7.0;) AppleWebKit/537.36 (KHTML, like Gecko) Mobile Safari/537.36 (compatible; PetalBot;+https://webmaster.petalsearch.com/site/petalbot)" "nacaomestica.org"
10.213.116.69 - - [27/Dec/2022:21:28:06 -0800] "POST /blog4/wp-cron.php?doing_wp_cron=1672205286.1797189712524414062500 HTTP/1.1" 200 - "https://nacaomestica.org/blog4/wp-cron.php?doing_wp_cron=1672205286.1797189712524414062500" "WordPress/5.6.10; https://nacaomestica.org/blog4" "nacaomestica.org"
114.119.136.109 - - [27/Dec/2022:21:28:04 -0800] "GET /blog4/?p=5268 HTTP/1.1" 200 74472 "https://nacaomestica.org/blog4?p_=%2B874&paged=177" "Mozilla/5.0 (Linux; Android 7.0;) AppleWebKit/537.36 (KHTML, like Gecko) Mobile Safari/537.36 (compatible; PetalBot;+https://webmaster.petalsearch.com/site/petalbot)" "nacaomestica.org"
114.119.129.179 - - [27/Dec/2022:21:30:03 -0800] "GET /blog4?fb_comment_id=1198602463593553_1198607630259703&paged=50 HTTP/1.1" 301 1460 "https://nacaomestica.org/blog4?fb_comment_id=1198602463593553_1198607630259703&paged=49" "Mozilla/5.0 (Linux; Android 7.0;) AppleWebKit/537.36 (KHTML, like Gecko) Mobile Safari/537.36 (compatible; PetalBot;+https://webmaster.petalsearch.com/site/petalbot)" "nacaomestica.org"
114.119.129.179 - - [27/Dec/2022:21:30:17 -0800] "GET /blog4/?fb_comment_id=1198602463593553_1198607630259703&paged=50 HTTP/1.1" 200 91128 "https://nacaomestica.org/blog4?fb_comment_id=1198602463593553_1198607630259703&paged=49" "Mozilla/5.0 (Linux; Android 7.0;) AppleWebKit/537.36 (KHTML, like Gecko) Mobile Safari/537.36 (compatible; PetalBot;+https://webmaster.petalsearch.com/site/petalbot)" "nacaomestica.org"
10.213.116.69 - - [27/Dec/2022:21:30:20 -0800] "POST /blog4/wp-cron.php?doing_wp_cron=1672205420.3943200111389160156250 HTTP/1.1" 200 - "https://nacaomestica.org/blog4/wp-cron.php?doing_wp_cron=1672205420.3943200111389160156250" "WordPress/5.6.10; https://nacaomestica.org/blog4" "nacaomestica.org"
114.119.134.182 - - [27/Dec/2022:21:30:57 -0800] "GET /blog4/?p=31555 HTTP/1.1" 200 78021 "https://nacaomestica.org/blog4/?fb_comment_id=984940818183286_1340913332586031&paged=2" "Mozilla/5.0 (Linux; Android 7.0;) AppleWebKit/537.36 (KHTML, like Gecko) Mobile Safari/537.36 (compatible; PetalBot;+https://webmaster.petalsearch.com/site/petalbot)" "nacaomestica.org"
114.119.130.105 - - [27/Dec/2022:21:32:43 -0800] "GET /blog4?fb_comment_id=744046349041217_985074814938368&paged=32 HTTP/1.1" 301 1462 "https://nacaomestica.org/blog4?fb_comment_id=744046349041217_985074814938368&paged=33" "Mozilla/5.0 (Linux; Android 7.0;) AppleWebKit/537.36 (KHTML, like Gecko) Mobile Safari/537.36 (compatible; PetalBot;+https://webmaster.petalsearch.com/site/petalbot)" "nacaomestica.org"
114.119.130.105 - - [27/Dec/2022:21:32:58 -0800] "GET /blog4/?fb_comment_id=744046349041217_985074814938368&paged=32 HTTP/1.1" 200 88449 "https://nacaomestica.org/blog4?fb_comment_id=744046349041217_985074814938368&paged=33" "Mozilla/5.0 (Linux; Android 7.0;) AppleWebKit/537.36 (KHTML, like Gecko) Mobile Safari/537.36 (compatible; PetalBot;+https://webmaster.petalsearch.com/site/petalbot)" "nacaomestica.org"
207.46.13.94 - - [27/Dec/2022:21:32:58 -0800] "GET /blog4/?p=24541 HTTP/1.1" 200 88347 "-" "Mozilla/5.0 AppleWebKit/537.36 (KHTML, like Gecko; compatible; bingbot/2.0; +http://www.bing.com/bingbot.htm) Chrome/103.0.5060.134 Safari/537.36" "nacaomestica.org"
10.213.116.69 - - [27/Dec/2022:21:33:00 -0800] "POST /blog4/wp-cron.php?doing_wp_cron=1672205580.2951378822326660156250 HTTP/1.1" 200 - "https://nacaomestica.org/blog4/wp-cron.php?doing_wp_cron=1672205580.2951378822326660156250" "WordPress/5.6.10; https://nacaomestica.org/blog4" "nacaomestica.org"
114.119.150.42 - - [27/Dec/2022:21:33:15 -0800] "GET /blog4/?p=13644 HTTP/1.1" 200 83242 "https://nacaomestica.org/blog4?cat=1&paged=40" "Mozilla/5.0 (Linux; Android 7.0;) AppleWebKit/537.36 (KHTML, like Gecko) Mobile Safari/537.36 (compatible; PetalBot;+https://webmaster.petalsearch.com/site/petalbot)" "nacaomestica.org"
51.222.253.14 - - [27/Dec/2022:21:33:53 -0800] "GET /blog4/wp-trackback.php?p=10384 HTTP/1.1" 302 - "-" "Mozilla/5.0 (compatible; AhrefsBot/7.0; +http://ahrefs.com/robot/)" "nacaomestica.org"
114.119.144.184 - - [27/Dec/2022:21:35:55 -0800] "GET /blog4?feed=rss2&p=7514 HTTP/1.1" 301 1429 "https://nacaomestica.org/blog4/wp-trackback.php?p=7514" "Mozilla/5.0 (Linux; Android 7.0;) AppleWebKit/537.36 (KHTML, like Gecko) Mobile Safari/537.36 (compatible; PetalBot;+https://webmaster.petalsearch.com/site/petalbot)" "nacaomestica.org"
10.213.116.69 - - [27/Dec/2022:21:36:03 -0800] "POST /blog4/wp-cron.php?doing_wp_cron=1672205763.5371730327606201171875 HTTP/1.1" 200 - "https://nacaomestica.org/blog4/wp-cron.php?doing_wp_cron=1672205763.5371730327606201171875" "WordPress/5.6.10; https://nacaomestica.org/blog4" "nacaomestica.org"
114.119.144.184 - - [27/Dec/2022:21:36:10 -0800] "GET /blog4/?feed=rss2&p=7514 HTTP/1.1" 200 3832 "https://nacaomestica.org/blog4/wp-trackback.php?p=7514" "Mozilla/5.0 (Linux; Android 7.0;) AppleWebKit/537.36 (KHTML, like Gecko) Mobile Safari/537.36 (compatible; PetalBot;+https://webmaster.petalsearch.com/site/petalbot)" "nacaomestica.org"
66.249.68.80 - - [27/Dec/2022:21:36:15 -0800] "GET /blog4/wp-content/uploads/2013/08/apartheid.jpg HTTP/1.1" 200 254303 "-" "Googlebot-Image/1.0" "nacaomestica.org"
177.11.7.163 - - [27/Dec/2022:21:36:40 -0800] "GET /blog4/wp-content/uploads/2018/02/The_c%C3%A9l%C3%A9bration_at_Abomey1908._-_The_veteran_amazones_AHOSI__of_the_Fon_king_B%C3%A9hanzin_Son_of_Roi_G%C3%A9l%C3%A9.jpg HTTP/1.1" 200 111815 "https://www.google.com.br/" "Mozilla/5.0 (iPhone; CPU iPhone OS 16_1_1 like Mac OS X) AppleWebKit/605.1.15 (KHTML, like Gecko) Version/16.1 Mobile/15E148 Safari/604.1" "nacaomestica.org"
114.119.148.154 - - [27/Dec/2022:21:36:51 -0800] "GET /blog4?feed=rss2&p=5970 HTTP/1.1" 301 1429 "https://nacaomestica.org/blog4/?p=5970" "Mozilla/5.0 (Linux; Android 7.0;) AppleWebKit/537.36 (KHTML, like Gecko) Mobile Safari/537.36 (compatible; PetalBot;+https://webmaster.petalsearch.com/site/petalbot)" "nacaomestica.org"
114.119.148.154 - - [27/Dec/2022:21:37:05 -0800] "GET /blog4/?feed=rss2&p=5970 HTTP/1.1" 200 791 "https://nacaomestica.org/blog4/?p=5970" "Mozilla/5.0 (Linux; Android 7.0;) AppleWebKit/537.36 (KHTML, like Gecko) Mobile Safari/537.36 (compatible; PetalBot;+https://webmaster.petalsearch.com/site/petalbot)" "nacaomestica.org"
52.188.211.122 - - [27/Dec/2022:21:37:15 -0800] "GET /blog4/?cat=136 HTTP/1.1" 200 68286 "-" "Mozilla/5.0 (Linux; Android 7.0; SM-G930V Build/NRD90M) AppleWebKit/537.36 (KHTML, like Gecko) Chrome/59.0.3071.125 Mobile Safari/537.36" "nacaomestica.org"
52.188.211.122 - - [27/Dec/2022:21:37:19 -0800] "GET /blog4/?tag=globalismo HTTP/1.1" 200 80366 "-" "Mozilla/5.0 (Linux; Android 7.0; SM-G930V Build/NRD90M) AppleWebKit/537.36 (KHTML, like Gecko) Chrome/59.0.3071.125 Mobile Safari/537.36" "nacaomestica.org"
52.188.211.122 - - [27/Dec/2022:21:37:19 -0800] "GET /blog4/?tag=separatismo HTTP/1.1" 200 82714 "-" "Mozilla/5.0 (Linux; Android 7.0; SM-G930V Build/NRD90M) AppleWebKit/537.36 (KHTML, like Gecko) Chrome/59.0.3071.125 Mobile Safari/537.36" "nacaomestica.org"
52.188.211.122 - - [27/Dec/2022:21:37:28 -0800] "GET /blog4/?cat=106 HTTP/1.1" 200 81078 "-" "Mozilla/5.0 (Linux; Android 7.0; SM-G930V Build/NRD90M) AppleWebKit/537.36 (KHTML, like Gecko) Chrome/59.0.3071.125 Mobile Safari/537.36" "nacaomestica.org"
52.188.211.122 - - [27/Dec/2022:21:37:32 -0800] "GET /blog4/?tag=dia-do-mestico HTTP/1.1" 200 82715 "-" "Mozilla/5.0 (Linux; Android 7.0; SM-G930V Build/NRD90M) AppleWebKit/537.36 (KHTML, like Gecko) Chrome/59.0.3071.125 Mobile Safari/537.36" "nacaomestica.org"
