52.188.211.122 - - [27/Dec/2022:21:37:32 -0800] "GET /blog4/?cat=60 HTTP/1.1" 200 93045 "-" "Mozilla/5.0 (Linux; Android 7.0; SM-G930V Build/NRD90M) AppleWebKit/537.36 (KHTML, like Gecko) Chrome/59.0.3071.125 Mobile Safari/537.36" "nacaomestica.org"
114.119.139.8 - - [27/Dec/2022:21:37:49 -0800] "GET /blog4/?feed=rss2&p=6350 HTTP/1.1" 200 1788 "https://nacaomestica.org/blog4/?p=6350" "Mozilla/5.0 (Linux; Android 7.0;) AppleWebKit/537.36 (KHTML, like Gecko) Mobile Safari/537.36 (compatible; PetalBot;+https://webmaster.petalsearch.com/site/petalbot)" "nacaomestica.org"
52.188.211.122 - - [27/Dec/2022:21:37:49 -0800] "GET /blog4/?tag=censura HTTP/1.1" 200 79021 "-" "Mozilla/5.0 (Linux; Android 7.0; SM-G930V Build/NRD90M) AppleWebKit/537.36 (KHTML, like Gecko) Chrome/59.0.3071.125 Mobile Safari/537.36" "nacaomestica.org"
52.188.211.122 - - [27/Dec/2022:21:37:49 -0800] "GET /blog4/?tag=acoes-afirmativas HTTP/1.1" 200 83077 "-" "Mozilla/5.0 (Linux; Android 7.0; SM-G930V Build/NRD90M) AppleWebKit/537.36 (KHTML, like Gecko) Chrome/59.0.3071.125 Mobile Safari/537.36" "nacaomestica.org"
10.213.116.69 - - [27/Dec/2022:21:38:13 -0800] "POST /blog4/wp-cron.php?doing_wp_cron=1672205893.3359398841857910156250 HTTP/1.1" 200 - "https://nacaomestica.org/blog4/wp-cron.php?doing_wp_cron=1672205893.3359398841857910156250" "WordPress/5.6.10; https://nacaomestica.org/blog4" "nacaomestica.org"
52.188.211.122 - - [27/Dec/2022:21:38:11 -0800] "GET /blog4/?cat=267 HTTP/1.1" 200 70015 "-" "Mozilla/5.0 (Linux; Android 7.0; SM-G930V Build/NRD90M) AppleWebKit/537.36 (KHTML, like Gecko) Chrome/59.0.3071.125 Mobile Safari/537.36" "nacaomestica.org"
168.196.21.248 - - [27/Dec/2022:21:38:14 -0800] "GET /blog4/?p=17752 HTTP/1.1" 200 150869 "https://www.google.com/" "Mozilla/5.0 (Linux; Android 9; moto e6s) AppleWebKit/537.36 (KHTML, like Gecko) Chrome/108.0.0.0 Mobile Safari/537.36" "nacaomestica.org"
52.188.211.122 - - [27/Dec/2022:21:38:15 -0800] "GET /blog4/?tag=racism HTTP/1.1" 200 87320 "-" "Mozilla/5.0 (Linux; Android 7.0; SM-G930V Build/NRD90M) AppleWebKit/537.36 (KHTML, like Gecko) Chrome/59.0.3071.125 Mobile Safari/537.36" "nacaomestica.org"
168.196.21.248 - - [27/Dec/2022:21:38:18 -0800] "GET /blog4/wp-includes/js/jquery/jquery.min.js?ver=3.5.1 HTTP/1.1" 200 30916 "https://nacaomestica.org/blog4/?p=17752" "Mozilla/5.0 (Linux; Android 9; moto e6s) AppleWebKit/537.36 (KHTML, like Gecko) Chrome/108.0.0.0 Mobile Safari/537.36" "nacaomestica.org"
168.196.21.248 - - [27/Dec/2022:21:38:18 -0800] "GET /blog4/wp-content/themes/carrington-blog/js/carrington.js?ver=1.0 HTTP/1.1" 200 1229 "https://nacaomestica.org/blog4/?p=17752" "Mozilla/5.0 (Linux; Android 9; moto e6s) AppleWebKit/537.36 (KHTML, like Gecko) Chrome/108.0.0.0 Mobile Safari/537.36" "nacaomestica.org"
168.196.21.248 - - [27/Dec/2022:21:38:18 -0800] "GET /blog4/wp-includes/js/jquery/jquery-migrate.min.js?ver=3.3.2 HTTP/1.1" 200 4169 "https://nacaomestica.org/blog4/?p=17752" "Mozilla/5.0 (Linux; Android 9; moto e6s) AppleWebKit/537.36 (KHTML, like Gecko) Chrome/108.0.0.0 Mobile Safari/537.36" "nacaomestica.org"
168.196.21.248 - - [27/Dec/2022:21:38:18 -0800] "GET /blog4/wp-content/themes/carrington-blog/carrington-core/lightbox/css/thickbox.css HTTP/1.1" 200 975 "https://nacaomestica.org/blog4/?p=17752" "Mozilla/5.0 (Linux; Android 9; moto e6s) AppleWebKit/537.36 (KHTML, like Gecko) Chrome/108.0.0.0 Mobile Safari/537.36" "nacaomestica.org"
168.196.21.248 - - [27/Dec/2022:21:38:18 -0800] "GET /blog4/wp-content/themes/carrington-blog/carrington-core/lightbox/thickbox.js?ver=1.0 HTTP/1.1" 200 3903 "https://nacaomestica.org/blog4/?p=17752" "Mozilla/5.0 (Linux; Android 9; moto e6s) AppleWebKit/537.36 (KHTML, like Gecko) Chrome/108.0.0.0 Mobile Safari/537.36" "nacaomestica.org"
168.196.21.248 - - [27/Dec/2022:21:38:18 -0800] "GET /blog4/wp-content/themes/carrington-blog/css/css.php HTTP/1.1" 200 4963 "https://nacaomestica.org/blog4/?p=17752" "Mozilla/5.0 (Linux; Android 9; moto e6s) AppleWebKit/537.36 (KHTML, like Gecko) Chrome/108.0.0.0 Mobile Safari/537.36" "nacaomestica.org"
168.196.21.248 - - [27/Dec/2022:21:38:20 -0800] "GET /blog4/wp-includes/js/mediaelement/wp-mediaelement.min.css?ver=5.6.10 HTTP/1.1" 200 1156 "https://nacaomestica.org/blog4/?p=17752" "Mozilla/5.0 (Linux; Android 9; moto e6s) AppleWebKit/537.36 (KHTML, like Gecko) Chrome/108.0.0.0 Mobile Safari/537.36" "nacaomestica.org"
168.196.21.248 - - [27/Dec/2022:21:38:20 -0800] "GET /blog4/wp-includes/js/mediaelement/mediaelementplayer-legacy.min.css?ver=4.2.16 HTTP/1.1" 200 2592 "https://nacaomestica.org/blog4/?p=17752" "Mozilla/5.0 (Linux; Android 9; moto e6s) AppleWebKit/537.36 (KHTML, like Gecko) Chrome/108.0.0.0 Mobile Safari/537.36" "nacaomestica.org"
52.188.211.122 - - [27/Dec/2022:21:38:19 -0800] "GET /blog4/?cat=223 HTTP/1.1" 200 95119 "-" "Mozilla/5.0 (Linux; Android 7.0; SM-G930V Build/NRD90M) AppleWebKit/537.36 (KHTML, like Gecko) Chrome/59.0.3071.125 Mobile Safari/537.36" "nacaomestica.org"
168.196.21.248 - - [27/Dec/2022:21:38:21 -0800] "GET /blog4/wp-includes/js/wp-embed.min.js?ver=5.6.10 HTTP/1.1" 200 765 "https://nacaomestica.org/blog4/?p=17752" "Mozilla/5.0 (Linux; Android 9; moto e6s) AppleWebKit/537.36 (KHTML, like Gecko) Chrome/108.0.0.0 Mobile Safari/537.36" "nacaomestica.org"
168.196.21.248 - - [27/Dec/2022:21:38:21 -0800] "GET /blog4/wp-content/plugins/wp-spamshield/js/jscripts-ftr2-min.js HTTP/1.1" 200 637 "https://nacaomestica.org/blog4/?p=17752" "Mozilla/5.0 (Linux; Android 9; moto e6s) AppleWebKit/537.36 (KHTML, like Gecko) Chrome/108.0.0.0 Mobile Safari/537.36" "nacaomestica.org"
168.196.21.248 - - [27/Dec/2022:21:38:21 -0800] "GET /blog4/wp-includes/js/wp-emoji-release.min.js?ver=5.6.10 HTTP/1.1" 200 4662 "https://nacaomestica.org/blog4/?p=17752" "Mozilla/5.0 (Linux; Android 9; moto e6s) AppleWebKit/537.36 (KHTML, like Gecko) Chrome/108.0.0.0 Mobile Safari/537.36" "nacaomestica.org"
168.196.21.248 - - [27/Dec/2022:21:38:21 -0800] "GET /blog4/wp-includes/js/mediaelement/wp-mediaelement.min.js?ver=5.6.10 HTTP/1.1" 200 475 "https://nacaomestica.org/blog4/?p=17752" "Mozilla/5.0 (Linux; Android 9; moto e6s) AppleWebKit/537.36 (KHTML, like Gecko) Chrome/108.0.0.0 Mobile Safari/537.36" "nacaomestica.org"
168.196.21.248 - - [27/Dec/2022:21:38:21 -0800] "GET /blog4/wp-includes/js/mediaelement/mediaelement-migrate.min.js?ver=5.6.10 HTTP/1.1" 200 544 "https://nacaomestica.org/blog4/?p=17752" "Mozilla/5.0 (Linux; Android 9; moto e6s) AppleWebKit/537.36 (KHTML, like Gecko) Chrome/108.0.0.0 Mobile Safari/537.36" "nacaomestica.org"
168.196.21.248 - - [27/Dec/2022:21:38:21 -0800] "GET /blog4/wp-content/themes/carrington-blog/img/rss-button.gif HTTP/1.1" 200 2208 "https://nacaomestica.org/blog4/?p=17752" "Mozilla/5.0 (Linux; Android 9; moto e6s) AppleWebKit/537.36 (KHTML, like Gecko) Chrome/108.0.0.0 Mobile Safari/537.36" "nacaomestica.org"
168.196.21.248 - - [27/Dec/2022:21:38:21 -0800] "GET /blog4/wp-includes/js/mediaelement/renderers/vimeo.min.js?ver=4.2.16 HTTP/1.1" 200 2284 "https://nacaomestica.org/blog4/?p=17752" "Mozilla/5.0 (Linux; Android 9; moto e6s) AppleWebKit/537.36 (KHTML, like Gecko) Chrome/108.0.0.0 Mobile Safari/537.36" "nacaomestica.org"
168.196.21.248 - - [27/Dec/2022:21:38:21 -0800] "GET /blog4/wp-content/uploads/2015/04/ONCA_SITE2.png HTTP/1.1" 200 296324 "https://nacaomestica.org/blog4/?p=17752" "Mozilla/5.0 (Linux; Android 9; moto e6s) AppleWebKit/537.36 (KHTML, like Gecko) Chrome/108.0.0.0 Mobile Safari/537.36" "nacaomestica.org"
168.196.21.248 - - [27/Dec/2022:21:38:21 -0800] "GET /blog4/wp-content/themes/carrington-blog/img/header/gradient-dark.png HTTP/1.1" 200 2877 "https://nacaomestica.org/blog4/?p=17752" "Mozilla/5.0 (Linux; Android 9; moto e6s) AppleWebKit/537.36 (KHTML, like Gecko) Chrome/108.0.0.0 Mobile Safari/537.36" "nacaomestica.org"
168.196.21.248 - - [27/Dec/2022:21:38:21 -0800] "GET /blog4/wp-includes/js/mediaelement/mediaelement-and-player.min.js?ver=4.2.16 HTTP/1.1" 200 38657 "https://nacaomestica.org/blog4/?p=17752" "Mozilla/5.0 (Linux; Android 9; moto e6s) AppleWebKit/537.36 (KHTML, like Gecko) Chrome/108.0.0.0 Mobile Safari/537.36" "nacaomestica.org"
168.196.21.248 - - [27/Dec/2022:21:38:21 -0800] "GET /blog4/wp-content/themes/carrington-blog/img/dropdown-divider.gif HTTP/1.1" 200 144 "https://nacaomestica.org/blog4/wp-content/themes/carrington-blog/css/css.php" "Mozilla/5.0 (Linux; Android 9; moto e6s) AppleWebKit/537.36 (KHTML, like Gecko) Chrome/108.0.0.0 Mobile Safari/537.36" "nacaomestica.org"
168.196.21.248 - - [27/Dec/2022:21:38:21 -0800] "GET /blog4/wp-content/themes/carrington-blog/img/sub-header-border-bottom.gif HTTP/1.1" 200 43 "https://nacaomestica.org/blog4/wp-content/themes/carrington-blog/css/css.php" "Mozilla/5.0 (Linux; Android 9; moto e6s) AppleWebKit/537.36 (KHTML, like Gecko) Chrome/108.0.0.0 Mobile Safari/537.36" "nacaomestica.org"
168.196.21.248 - - [27/Dec/2022:21:38:21 -0800] "GET /blog4/wp-content/uploads/2016/02/leopardo.png HTTP/1.1" 200 520833 "https://nacaomestica.org/blog4/?p=17752" "Mozilla/5.0 (Linux; Android 9; moto e6s) AppleWebKit/537.36 (KHTML, like Gecko) Chrome/108.0.0.0 Mobile Safari/537.36" "nacaomestica.org"
168.196.21.248 - - [27/Dec/2022:21:38:21 -0800] "GET /blog4/wp-content/uploads/2016/02/pardo_preto1.png HTTP/1.1" 200 331753 "https://nacaomestica.org/blog4/?p=17752" "Mozilla/5.0 (Linux; Android 9; moto e6s) AppleWebKit/537.36 (KHTML, like Gecko) Chrome/108.0.0.0 Mobile Safari/537.36" "nacaomestica.org"
168.196.21.248 - - [27/Dec/2022:21:38:21 -0800] "GET /blog4/wp-content/themes/carrington-blog/img/comment.gif HTTP/1.1" 200 370 "https://nacaomestica.org/blog4/wp-content/themes/carrington-blog/css/css.php" "Mozilla/5.0 (Linux; Android 9; moto e6s) AppleWebKit/537.36 (KHTML, like Gecko) Chrome/108.0.0.0 Mobile Safari/537.36" "nacaomestica.org"
168.196.21.248 - - [27/Dec/2022:21:38:21 -0800] "GET /blog4/wp-content/themes/carrington-blog/img/comments-divider.gif HTTP/1.1" 200 6855 "https://nacaomestica.org/blog4/wp-content/themes/carrington-blog/css/css.php" "Mozilla/5.0 (Linux; Android 9; moto e6s) AppleWebKit/537.36 (KHTML, like Gecko) Chrome/108.0.0.0 Mobile Safari/537.36" "nacaomestica.org"
168.196.21.248 - - [27/Dec/2022:21:38:21 -0800] "GET /blog4/wp-content/themes/carrington-blog/img/comment-thread.gif HTTP/1.1" 200 236 "https://nacaomestica.org/blog4/wp-content/themes/carrington-blog/css/css.php" "Mozilla/5.0 (Linux; Android 9; moto e6s) AppleWebKit/537.36 (KHTML, like Gecko) Chrome/108.0.0.0 Mobile Safari/537.36" "nacaomestica.org"
168.196.21.248 - - [27/Dec/2022:21:38:21 -0800] "GET /blog4/wp-content/themes/carrington-blog/img/grey-to-white-gradient.png HTTP/1.1" 200 153 "https://nacaomestica.org/blog4/wp-content/themes/carrington-blog/css/css.php" "Mozilla/5.0 (Linux; Android 9; moto e6s) AppleWebKit/537.36 (KHTML, like Gecko) Chrome/108.0.0.0 Mobile Safari/537.36" "nacaomestica.org"
168.196.21.248 - - [27/Dec/2022:21:38:21 -0800] "GET /blog4/wp-content/themes/carrington-blog/img/watermark-light.gif HTTP/1.1" 200 31981 "https://nacaomestica.org/blog4/wp-content/themes/carrington-blog/css/css.php" "Mozilla/5.0 (Linux; Android 9; moto e6s) AppleWebKit/537.36 (KHTML, like Gecko) Chrome/108.0.0.0 Mobile Safari/537.36" "nacaomestica.org"
168.196.21.248 - - [27/Dec/2022:21:38:21 -0800] "GET /blog4/wp-content/themes/carrington-blog/img/arrow-bullet.gif HTTP/1.1" 200 50 "https://nacaomestica.org/blog4/wp-content/themes/carrington-blog/css/css.php" "Mozilla/5.0 (Linux; Android 9; moto e6s) AppleWebKit/537.36 (KHTML, like Gecko) Chrome/108.0.0.0 Mobile Safari/537.36" "nacaomestica.org"
168.196.21.248 - - [27/Dec/2022:21:38:21 -0800] "GET /blog4/wp-content/themes/carrington-blog/img/sidebar-background.gif HTTP/1.1" 200 1515 "https://nacaomestica.org/blog4/wp-content/themes/carrington-blog/css/css.php" "Mozilla/5.0 (Linux; Android 9; moto e6s) AppleWebKit/537.36 (KHTML, like Gecko) Chrome/108.0.0.0 Mobile Safari/537.36" "nacaomestica.org"
168.196.21.248 - - [27/Dec/2022:21:38:21 -0800] "GET /blog4/wp-content/themes/carrington-blog/img/divider-ornament.gif HTTP/1.1" 200 778 "https://nacaomestica.org/blog4/wp-content/themes/carrington-blog/css/css.php" "Mozilla/5.0 (Linux; Android 9; moto e6s) AppleWebKit/537.36 (KHTML, like Gecko) Chrome/108.0.0.0 Mobile Safari/537.36" "nacaomestica.org"
168.196.21.248 - - [27/Dec/2022:21:38:21 -0800] "GET /blog4/wp-content/themes/carrington-blog/img/footer/by-crowd-favorite-light.png HTTP/1.1" 200 2825 "https://nacaomestica.org/blog4/?p=17752" "Mozilla/5.0 (Linux; Android 9; moto e6s) AppleWebKit/537.36 (KHTML, like Gecko) Chrome/108.0.0.0 Mobile Safari/537.36" "nacaomestica.org"
168.196.21.248 - - [27/Dec/2022:21:38:21 -0800] "GET /blog4/wp-content/themes/carrington-blog/img/footer/divider-ornament-wide-light.png HTTP/1.1" 200 1601 "https://nacaomestica.org/blog4/wp-content/themes/carrington-blog/css/css.php" "Mozilla/5.0 (Linux; Android 9; moto e6s) AppleWebKit/537.36 (KHTML, like Gecko) Chrome/108.0.0.0 Mobile Safari/537.36" "nacaomestica.org"
168.196.21.248 - - [27/Dec/2022:21:38:21 -0800] "GET /blog4/wp-content/themes/carrington-blog/img/footer/gradient-light.png HTTP/1.1" 200 172 "https://nacaomestica.org/blog4/?p=17752" "Mozilla/5.0 (Linux; Android 9; moto e6s) AppleWebKit/537.36 (KHTML, like Gecko) Chrome/108.0.0.0 Mobile Safari/537.36" "nacaomestica.org"
168.196.21.248 - - [27/Dec/2022:21:38:21 -0800] "GET /blog4/wp-content/uploads/2018/08/livro_mestico_CAPA-2peq.png HTTP/1.1" 200 35385 "https://nacaomestica.org/blog4/?p=17752" "Mozilla/5.0 (Linux; Android 9; moto e6s) AppleWebKit/537.36 (KHTML, like Gecko) Chrome/108.0.0.0 Mobile Safari/537.36" "nacaomestica.org"
168.196.21.248 - - [27/Dec/2022:21:38:24 -0800] "GET /blog4/wp-content/themes/carrington-blog/carrington-core/lightbox/img/loadingAnimation.gif HTTP/1.1" 200 5886 "https://nacaomestica.org/blog4/?p=17752" "Mozilla/5.0 (Linux; Android 9; moto e6s) AppleWebKit/537.36 (KHTML, like Gecko) Chrome/108.0.0.0 Mobile Safari/537.36" "nacaomestica.org"
52.188.211.122 - - [27/Dec/2022:21:38:22 -0800] "GET /blog4/?p=20922 HTTP/1.1" 200 88035 "-" "Mozilla/5.0 (Linux; Android 7.0; SM-G930V Build/NRD90M) AppleWebKit/537.36 (KHTML, like Gecko) Chrome/59.0.3071.125 Mobile Safari/537.36" "nacaomestica.org"
168.196.21.248 - - [27/Dec/2022:21:38:25 -0800] "GET /blog4/wp-includes/js/mediaelement/mejs-controls.svg HTTP/1.1" 200 1413 "https://nacaomestica.org/blog4/wp-includes/js/mediaelement/mediaelementplayer-legacy.min.css?ver=4.2.16" "Mozilla/5.0 (Linux; Android 9; moto e6s) AppleWebKit/537.36 (KHTML, like Gecko) Chrome/108.0.0.0 Mobile Safari/537.36" "nacaomestica.org"
52.188.211.122 - - [27/Dec/2022:21:38:25 -0800] "GET /blog4/?tag=branco HTTP/1.1" 200 96684 "-" "Mozilla/5.0 (Linux; Android 7.0; SM-G930V Build/NRD90M) AppleWebKit/537.36 (KHTML, like Gecko) Chrome/59.0.3071.125 Mobile Safari/537.36" "nacaomestica.org"
135.181.212.177 - - [27/Dec/2022:21:38:28 -0800] "GET /robots.txt HTTP/1.1" 200 43 "-" "Mozilla/5.0 (compatible; MJ12bot/v1.4.8; http://mj12bot.com/)" "nacaomestica.org"
168.196.21.248 - - [27/Dec/2022:21:38:32 -0800] "GET /favicon.ico HTTP/1.1" 200 676 "https://nacaomestica.org/blog4/?p=17752" "Mozilla/5.0 (Linux; Android 9; moto e6s) AppleWebKit/537.36 (KHTML, like Gecko) Chrome/108.0.0.0 Mobile Safari/537.36" "nacaomestica.org"
135.181.212.177 - - [27/Dec/2022:21:38:30 -0800] "GET /blog4/?p=12145 HTTP/1.1" 200 86301 "-" "Mozilla/5.0 (compatible; MJ12bot/v1.4.8; http://mj12bot.com/)" "nacaomestica.org"
168.196.21.248 - - [27/Dec/2022:21:38:35 -0800] "GET /blog4/wp-content/uploads/2016/02/mesticos_sombra-2.png HTTP/1.1" 200 191787 "https://nacaomestica.org/blog4/?p=17752" "Mozilla/5.0 (Linux; Android 9; moto e6s) AppleWebKit/537.36 (KHTML, like Gecko) Chrome/108.0.0.0 Mobile Safari/537.36" "nacaomestica.org"
168.196.21.248 - - [27/Dec/2022:21:38:35 -0800] "GET /blog4/wp-content/uploads/2016/02/EVOLUCAO_COR_CENSOS-768x330.png HTTP/1.1" 200 132074 "https://nacaomestica.org/blog4/?p=17752" "Mozilla/5.0 (Linux; Android 9; moto e6s) AppleWebKit/537.36 (KHTML, like Gecko) Chrome/108.0.0.0 Mobile Safari/537.36" "nacaomestica.org"
135.181.212.177 - - [27/Dec/2022:21:38:35 -0800] "GET /blog4/?p=8979 HTTP/1.1" 200 76206 "-" "Mozilla/5.0 (compatible; MJ12bot/v1.4.8; http://mj12bot.com/)" "nacaomestica.org"
168.196.21.248 - - [27/Dec/2022:21:38:37 -0800] "GET /blog4/wp-content/uploads/2016/02/nem_raca_nem_cor1.png HTTP/1.1" 200 1041615 "https://nacaomestica.org/blog4/?p=17752" "Mozilla/5.0 (Linux; Android 9; moto e6s) AppleWebKit/537.36 (KHTML, like Gecko) Chrome/108.0.0.0 Mobile Safari/537.36" "nacaomestica.org"
168.196.21.248 - - [27/Dec/2022:21:38:59 -0800] "GET /blog4/wp-content/uploads/2016/02/mouro.jpg HTTP/1.1" 200 123760 "https://nacaomestica.org/blog4/?p=17752" "Mozilla/5.0 (Linux; Android 9; moto e6s) AppleWebKit/537.36 (KHTML, like Gecko) Chrome/108.0.0.0 Mobile Safari/537.36" "nacaomestica.org"
168.196.21.248 - - [27/Dec/2022:21:39:04 -0800] "GET /blog4/?p=17752 HTTP/1.1" 200 150869 "https://www.google.com/" "Mozilla/5.0 (Linux; Android 9; moto e6s) AppleWebKit/537.36 (KHTML, like Gecko) Chrome/108.0.0.0 Mobile Safari/537.36" "nacaomestica.org"
52.188.211.122 - - [27/Dec/2022:21:39:08 -0800] "GET /blog4/?tag=indio HTTP/1.1" 200 100731 "-" "Mozilla/5.0 (Linux; Android 7.0; SM-G930V Build/NRD90M) AppleWebKit/537.36 (KHTML, like Gecko) Chrome/59.0.3071.125 Mobile Safari/537.36" "nacaomestica.org"
52.188.211.122 - - [27/Dec/2022:21:39:12 -0800] "GET /blog4/?tag=english-texts HTTP/1.1" 200 93883 "-" "Mozilla/5.0 (Linux; Android 7.0; SM-G930V Build/NRD90M) AppleWebKit/537.36 (KHTML, like Gecko) Chrome/59.0.3071.125 Mobile Safari/537.36" "nacaomestica.org"
52.188.211.122 - - [27/Dec/2022:21:39:13 -0800] "GET /blog4/?cat=203 HTTP/1.1" 200 96535 "-" "Mozilla/5.0 (Linux; Android 7.0; SM-G930V Build/NRD90M) AppleWebKit/537.36 (KHTML, like Gecko) Chrome/59.0.3071.125 Mobile Safari/537.36" "nacaomestica.org"
185.119.81.103 - - [27/Dec/2022:21:39:21 -0800] "GET /blog4/wp-login.php HTTP/1.1" 200 9235 "-" "Mozilla/5.0 (Windows NT 6.1; Win64; x64) AppleWebKit/537.36 (KHTML, like Gecko) Chrome/55.0.2883.87 Safari/537.36" "nacaomestica.org"
185.119.81.103 - - [27/Dec/2022:21:39:24 -0800] "POST /blog4/wp-login.php HTTP/1.1" 200 9550 "https://nacaomestica.org/blog4/wp-login.php" "Mozilla/5.0 (Windows NT 6.1; Win64; x64) AppleWebKit/537.36 (KHTML, like Gecko) Chrome/55.0.2883.87 Safari/537.36" "nacaomestica.org"
52.188.211.122 - - [27/Dec/2022:21:39:30 -0800] "GET /blog4/?cat=134 HTTP/1.1" 200 71438 "-" "Mozilla/5.0 (Linux; Android 7.0; SM-G930V Build/NRD90M) AppleWebKit/537.36 (KHTML, like Gecko) Chrome/59.0.3071.125 Mobile Safari/537.36" "nacaomestica.org"
52.188.211.122 - - [27/Dec/2022:21:39:30 -0800] "GET /blog4/?cat=28 HTTP/1.1" 200 97516 "-" "Mozilla/5.0 (Linux; Android 7.0; SM-G930V Build/NRD90M) AppleWebKit/537.36 (KHTML, like Gecko) Chrome/59.0.3071.125 Mobile Safari/537.36" "nacaomestica.org"
52.188.211.122 - - [27/Dec/2022:21:39:32 -0800] "GET /blog4/?cat=241 HTTP/1.1" 200 68954 "-" "Mozilla/5.0 (Linux; Android 7.0; SM-G930V Build/NRD90M) AppleWebKit/537.36 (KHTML, like Gecko) Chrome/59.0.3071.125 Mobile Safari/537.36" "nacaomestica.org"
52.188.211.122 - - [27/Dec/2022:21:39:33 -0800] "GET /blog4/?tag=gilberto-freyre HTTP/1.1" 200 81105 "-" "Mozilla/5.0 (Linux; Android 7.0; SM-G930V Build/NRD90M) AppleWebKit/537.36 (KHTML, like Gecko) Chrome/59.0.3071.125 Mobile Safari/537.36" "nacaomestica.org"
93.158.161.55 - - [27/Dec/2022:21:39:41 -0800] "GET /robots.txt HTTP/1.1" 200 43 "-" "Mozilla/5.0 (compatible; YandexBot/3.0; +http://yandex.com/bots)" "nacaomestica.org"
77.88.5.215 - - [27/Dec/2022:21:39:45 -0800] "GET /robots.txt HTTP/1.1" 200 43 "-" "Mozilla/5.0 (compatible; YandexBot/3.0; +http://yandex.com/bots)" "nacaomestica.org"
77.88.5.86 - - [27/Dec/2022:21:39:48 -0800] "GET /blog4/wp-content/uploads/2010/05/veja05_prob.jpg HTTP/1.1" 200 56916 "-" "Mozilla/5.0 (compatible; YandexImages/3.0; +http://yandex.com/bots)" "nacaomestica.org"
52.188.211.122 - - [27/Dec/2022:21:39:47 -0800] "GET /blog4/?cat=259 HTTP/1.1" 200 68701 "-" "Mozilla/5.0 (Linux; Android 7.0; SM-G930V Build/NRD90M) AppleWebKit/537.36 (KHTML, like Gecko) Chrome/59.0.3071.125 Mobile Safari/537.36" "nacaomestica.org"
114.119.132.36 - - [27/Dec/2022:21:39:48 -0800] "GET /blog4/?p=9757 HTTP/1.1" 200 77409 "https://nacaomestica.org/blog4/wp-trackback.php?p=9743" "Mozilla/5.0 (Linux; Android 7.0;) AppleWebKit/537.36 (KHTML, like Gecko) Mobile Safari/537.36 (compatible; PetalBot;+https://webmaster.petalsearch.com/site/petalbot)" "nacaomestica.org"
52.188.211.122 - - [27/Dec/2022:21:40:12 -0800] "GET /blog4/?tag=antologia HTTP/1.1" 200 76603 "-" "Mozilla/5.0 (Linux; Android 7.0; SM-G930V Build/NRD90M) AppleWebKit/537.36 (KHTML, like Gecko) Chrome/59.0.3071.125 Mobile Safari/537.36" "nacaomestica.org"
10.213.116.70 - - [27/Dec/2022:21:40:26 -0800] "POST /blog4/wp-cron.php?doing_wp_cron=1672206026.2895059585571289062500 HTTP/1.1" 200 - "https://nacaomestica.org/blog4/wp-cron.php?doing_wp_cron=1672206026.2895059585571289062500" "WordPress/5.6.10; https://nacaomestica.org/blog4" "nacaomestica.org"
52.188.211.122 - - [27/Dec/2022:21:40:24 -0800] "GET /blog4/?tag=racismo HTTP/1.1" 200 100486 "-" "Mozilla/5.0 (Linux; Android 7.0; SM-G930V Build/NRD90M) AppleWebKit/537.36 (KHTML, like Gecko) Chrome/59.0.3071.125 Mobile Safari/537.36" "nacaomestica.org"
52.188.211.122 - - [27/Dec/2022:21:40:34 -0800] "GET /blog4/?tag=dignidade-humana HTTP/1.1" 200 75387 "-" "Mozilla/5.0 (Linux; Android 7.0; SM-G930V Build/NRD90M) AppleWebKit/537.36 (KHTML, like Gecko) Chrome/59.0.3071.125 Mobile Safari/537.36" "nacaomestica.org"
52.188.211.122 - - [27/Dec/2022:21:40:44 -0800] "GET /blog4/?cat=236 HTTP/1.1" 200 73070 "-" "Mozilla/5.0 (Linux; Android 7.0; SM-G930V Build/NRD90M) AppleWebKit/537.36 (KHTML, like Gecko) Chrome/59.0.3071.125 Mobile Safari/537.36" "nacaomestica.org"
114.119.136.188 - - [27/Dec/2022:21:40:50 -0800] "GET /blog4?feed=rss2&p=2315 HTTP/1.1" 301 1429 "https://nacaomestica.org/blog4/wp-trackback.php?p=2315" "Mozilla/5.0 (Linux; Android 7.0;) AppleWebKit/537.36 (KHTML, like Gecko) Mobile Safari/537.36 (compatible; PetalBot;+https://webmaster.petalsearch.com/site/petalbot)" "nacaomestica.org"
52.188.211.122 - - [27/Dec/2022:21:40:48 -0800] "GET /blog4/?p=30944 HTTP/1.1" 200 78323 "-" "Mozilla/5.0 (Linux; Android 7.0; SM-G930V Build/NRD90M) AppleWebKit/537.36 (KHTML, like Gecko) Chrome/59.0.3071.125 Mobile Safari/537.36" "nacaomestica.org"
52.188.211.122 - - [27/Dec/2022:21:40:52 -0800] "GET /blog4/?cat=49 HTTP/1.1" 200 89239 "-" "Mozilla/5.0 (Linux; Android 7.0; SM-G930V Build/NRD90M) AppleWebKit/537.36 (KHTML, like Gecko) Chrome/59.0.3071.125 Mobile Safari/537.36" "nacaomestica.org"
52.188.211.122 - - [27/Dec/2022:21:40:58 -0800] "GET /blog4/?author=1 HTTP/1.1" 200 93434 "-" "Mozilla/5.0 (Linux; Android 7.0; SM-G930V Build/NRD90M) AppleWebKit/537.36 (KHTML, like Gecko) Chrome/59.0.3071.125 Mobile Safari/537.36" "nacaomestica.org"
114.119.136.188 - - [27/Dec/2022:21:41:01 -0800] "GET /blog4/?feed=rss2&p=2315 HTTP/1.1" 200 785 "https://nacaomestica.org/blog4/wp-trackback.php?p=2315" "Mozilla/5.0 (Linux; Android 7.0;) AppleWebKit/537.36 (KHTML, like Gecko) Mobile Safari/537.36 (compatible; PetalBot;+https://webmaster.petalsearch.com/site/petalbot)" "nacaomestica.org"
52.188.211.122 - - [27/Dec/2022:21:41:13 -0800] "GET /blog4/?tag=comunismo HTTP/1.1" 200 75372 "-" "Mozilla/5.0 (Linux; Android 7.0; SM-G930V Build/NRD90M) AppleWebKit/537.36 (KHTML, like Gecko) Chrome/59.0.3071.125 Mobile Safari/537.36" "nacaomestica.org"
52.188.211.122 - - [27/Dec/2022:21:41:43 -0800] "GET /blog4/?tag=poder-branco HTTP/1.1" 200 95012 "-" "Mozilla/5.0 (Linux; Android 7.0; SM-G930V Build/NRD90M) AppleWebKit/537.36 (KHTML, like Gecko) Chrome/59.0.3071.125 Mobile Safari/537.36" "nacaomestica.org"
52.188.211.122 - - [27/Dec/2022:21:41:44 -0800] "GET /blog4/?cat=231 HTTP/1.1" 200 73192 "-" "Mozilla/5.0 (Linux; Android 7.0; SM-G930V Build/NRD90M) AppleWebKit/537.36 (KHTML, like Gecko) Chrome/59.0.3071.125 Mobile Safari/537.36" "nacaomestica.org"
52.188.211.122 - - [27/Dec/2022:21:41:45 -0800] "GET /blog4/?cat=20 HTTP/1.1" 200 94867 "-" "Mozilla/5.0 (Linux; Android 7.0; SM-G930V Build/NRD90M) AppleWebKit/537.36 (KHTML, like Gecko) Chrome/59.0.3071.125 Mobile Safari/537.36" "nacaomestica.org"
52.188.211.122 - - [27/Dec/2022:21:42:05 -0800] "GET /blog4/?tag=identidade-nacional HTTP/1.1" 200 90931 "-" "Mozilla/5.0 (Linux; Android 7.0; SM-G930V Build/NRD90M) AppleWebKit/537.36 (KHTML, like Gecko) Chrome/59.0.3071.125 Mobile Safari/537.36" "nacaomestica.org"
52.188.211.122 - - [27/Dec/2022:21:42:07 -0800] "GET /blog4/?cat=221 HTTP/1.1" 200 84887 "-" "Mozilla/5.0 (Linux; Android 7.0; SM-G930V Build/NRD90M) AppleWebKit/537.36 (KHTML, like Gecko) Chrome/59.0.3071.125 Mobile Safari/537.36" "nacaomestica.org"
114.119.152.8 - - [27/Dec/2022:21:42:10 -0800] "GET /blog4/?feed=rss2&p=30117 HTTP/1.1" 200 803 "https://nacaomestica.org/blog4?p=30117" "Mozilla/5.0 (Linux; Android 7.0;) AppleWebKit/537.36 (KHTML, like Gecko) Mobile Safari/537.36 (compatible; PetalBot;+https://webmaster.petalsearch.com/site/petalbot)" "nacaomestica.org"
114.119.132.36 - - [27/Dec/2022:21:43:02 -0800] "GET /blog4/?feed=rss2&p=2782 HTTP/1.1" 200 824 "https://nacaomestica.org/blog4?p=2782" "Mozilla/5.0 (Linux; Android 7.0;) AppleWebKit/537.36 (KHTML, like Gecko) Mobile Safari/537.36 (compatible; PetalBot;+https://webmaster.petalsearch.com/site/petalbot)" "nacaomestica.org"
10.213.116.70 - - [27/Dec/2022:21:43:04 -0800] "POST /blog4/wp-cron.php?doing_wp_cron=1672206184.2021749019622802734375 HTTP/1.1" 200 - "https://nacaomestica.org/blog4/wp-cron.php?doing_wp_cron=1672206184.2021749019622802734375" "WordPress/5.6.10; https://nacaomestica.org/blog4" "nacaomestica.org"
51.222.253.10 - - [27/Dec/2022:21:43:18 -0800] "GET /blog4/wp-trackback.php?p=5663 HTTP/1.1" 302 - "-" "Mozilla/5.0 (compatible; AhrefsBot/7.0; +http://ahrefs.com/robot/)" "nacaomestica.org"
52.188.211.122 - - [27/Dec/2022:21:43:39 -0800] "GET /blog4/?p=20631 HTTP/1.1" 200 94403 "-" "Mozilla/5.0 (Linux; Android 7.0; SM-G930V Build/NRD90M) AppleWebKit/537.36 (KHTML, like Gecko) Chrome/59.0.3071.125 Mobile Safari/537.36" "nacaomestica.org"
52.188.211.122 - - [27/Dec/2022:21:43:43 -0800] "GET /blog4/?tag=mestico HTTP/1.1" 200 100124 "-" "Mozilla/5.0 (Linux; Android 7.0; SM-G930V Build/NRD90M) AppleWebKit/537.36 (KHTML, like Gecko) Chrome/59.0.3071.125 Mobile Safari/537.36" "nacaomestica.org"
52.188.211.122 - - [27/Dec/2022:21:43:44 -0800] "GET /blog4/?cat=244 HTTP/1.1" 200 77004 "-" "Mozilla/5.0 (Linux; Android 7.0; SM-G930V Build/NRD90M) AppleWebKit/537.36 (KHTML, like Gecko) Chrome/59.0.3071.125 Mobile Safari/537.36" "nacaomestica.org"
52.188.211.122 - - [27/Dec/2022:21:44:13 -0800] "GET /blog4/?tag=internacionalizacao HTTP/1.1" 200 75477 "-" "Mozilla/5.0 (Linux; Android 7.0; SM-G930V Build/NRD90M) AppleWebKit/537.36 (KHTML, like Gecko) Chrome/59.0.3071.125 Mobile Safari/537.36" "nacaomestica.org"
52.188.211.122 - - [27/Dec/2022:21:44:34 -0800] "GET /blog4/?tag=internacionalizacao HTTP/1.1" 200 75477 "-" "Mozilla/5.0 (Linux; Android 7.0; SM-G930V Build/NRD90M) AppleWebKit/537.36 (KHTML, like Gecko) Chrome/59.0.3071.125 Mobile Safari/537.36" "nacaomestica.org"
114.119.159.62 - - [27/Dec/2022:21:45:00 -0800] "GET /blog4/wp-content/uploads/2011/12/?C=S%3BO%3DA HTTP/1.1" 200 912 "https://nacaomestica.org/blog4/wp-content/uploads/2011/12?S=D" "Mozilla/5.0 (Linux; Android 7.0;) AppleWebKit/537.36 (KHTML, like Gecko) Mobile Safari/537.36 (compatible; PetalBot;+https://webmaster.petalsearch.com/site/petalbot)" "nacaomestica.org"
10.213.116.70 - - [27/Dec/2022:21:46:00 -0800] "POST /blog4/wp-cron.php?doing_wp_cron=1672206360.6658949851989746093750 HTTP/1.1" 200 - "https://nacaomestica.org/blog4/wp-cron.php?doing_wp_cron=1672206360.6658949851989746093750" "WordPress/5.6.10; https://nacaomestica.org/blog4" "nacaomestica.org"
114.119.155.236 - - [27/Dec/2022:21:45:58 -0800] "GET /blog4/?p=14634 HTTP/1.1" 200 81014 "https://nacaomestica.org/blog4?p=14667" "Mozilla/5.0 (Linux; Android 7.0;) AppleWebKit/537.36 (KHTML, like Gecko) Mobile Safari/537.36 (compatible; PetalBot;+https://webmaster.petalsearch.com/site/petalbot)" "nacaomestica.org"
52.188.211.122 - - [27/Dec/2022:21:46:17 -0800] "GET /blog4/?paged=2 HTTP/1.1" 200 94190 "-" "Mozilla/5.0 (Linux; Android 7.0; SM-G930V Build/NRD90M) AppleWebKit/537.36 (KHTML, like Gecko) Chrome/59.0.3071.125 Mobile Safari/537.36" "nacaomestica.org"
51.222.253.13 - - [27/Dec/2022:21:47:12 -0800] "GET /blog4/wp-trackback.php?p=4050 HTTP/1.1" 302 - "-" "Mozilla/5.0 (compatible; AhrefsBot/7.0; +http://ahrefs.com/robot/)" "nacaomestica.org"
114.119.150.56 - - [27/Dec/2022:21:47:51 -0800] "GET /blog4/?fb_comment_id=744046349041217_985074814938368&paged=68 HTTP/1.1" 200 148647 "https://nacaomestica.org/blog4/?fb_comment_id=744046349041217_985074814938368&paged=67" "Mozilla/5.0 (Linux; Android 7.0;) AppleWebKit/537.36 (KHTML, like Gecko) Mobile Safari/537.36 (compatible; PetalBot;+https://webmaster.petalsearch.com/site/petalbot)" "nacaomestica.org"
10.213.116.69 - - [27/Dec/2022:21:48:03 -0800] "POST /blog4/wp-cron.php?doing_wp_cron=1672206483.5281798839569091796875 HTTP/1.1" 200 - "https://nacaomestica.org/blog4/wp-cron.php?doing_wp_cron=1672206483.5281798839569091796875" "WordPress/5.6.10; https://nacaomestica.org/blog4" "nacaomestica.org"
77.88.5.87 - - [27/Dec/2022:21:48:43 -0800] "GET /blog4/wp-content/uploads/2011/03/caramuru_paraguacu.jpg HTTP/1.1" 200 21155 "-" "Mozilla/5.0 (compatible; YandexImages/3.0; +http://yandex.com/bots)" "nacaomestica.org"
114.119.143.25 - - [27/Dec/2022:21:48:54 -0800] "GET /blog4/?p=13271 HTTP/1.1" 200 84357 "https://nacaomestica.org/blog4?p_=%2B874&paged=121" "Mozilla/5.0 (Linux; Android 7.0;) AppleWebKit/537.36 (KHTML, like Gecko) Mobile Safari/537.36 (compatible; PetalBot;+https://webmaster.petalsearch.com/site/petalbot)" "nacaomestica.org"
66.220.149.15 - - [27/Dec/2022:21:49:34 -0800] "GET /blog4/wp-content/uploads/2022/12/AFROIMPERIALISMO_001.png HTTP/1.1" 200 286461 "-" "facebookexternalhit/1.1 (+http://www.facebook.com/externalhit_uatext.php)" "nacaomestica.org"
114.119.130.26 - - [27/Dec/2022:21:50:20 -0800] "GET /blog4/wp-trackback.php?p=8005 HTTP/1.1" 302 - "https://nacaomestica.org/blog4?p=8005" "Mozilla/5.0 (Linux; Android 7.0;) AppleWebKit/537.36 (KHTML, like Gecko) Mobile Safari/537.36 (compatible; PetalBot;+https://webmaster.petalsearch.com/site/petalbot)" "nacaomestica.org"
10.213.116.70 - - [27/Dec/2022:21:50:22 -0800] "POST /blog4/wp-cron.php?doing_wp_cron=1672206622.3391749858856201171875 HTTP/1.1" 200 - "https://nacaomestica.org/blog4/wp-cron.php?doing_wp_cron=1672206622.3391749858856201171875" "WordPress/5.6.10; https://nacaomestica.org/blog4" "nacaomestica.org"
114.119.130.26 - - [27/Dec/2022:21:50:36 -0800] "GET /blog4/?p=8005 HTTP/1.1" 200 79880 "https://nacaomestica.org/blog4?p=8005" "Mozilla/5.0 (Linux; Android 7.0;) AppleWebKit/537.36 (KHTML, like Gecko) Mobile Safari/537.36 (compatible; PetalBot;+https://webmaster.petalsearch.com/site/petalbot)" "nacaomestica.org"
45.233.105.9 - - [27/Dec/2022:21:51:02 -0800] "GET /blog4/wp-content/uploads/2014/03/Nova-Imagem-1.jpg HTTP/1.1" 200 52406 "https://www.google.com/" "Mozilla/5.0 (Windows NT 10.0; Win64; x64) AppleWebKit/537.36 (KHTML, like Gecko) Chrome/107.0.0.0 Safari/537.36 OPR/93.0.0.0" "nacaomestica.org"
114.119.137.103 - - [27/Dec/2022:21:51:42 -0800] "GET /blog4/?p=9504 HTTP/1.1" 200 79071 "https://nacaomestica.org/blog4?cat=1&paged=50" "Mozilla/5.0 (Linux; Android 7.0;) AppleWebKit/537.36 (KHTML, like Gecko) Mobile Safari/537.36 (compatible; PetalBot;+https://webmaster.petalsearch.com/site/petalbot)" "nacaomestica.org"
51.222.253.13 - - [27/Dec/2022:21:52:27 -0800] "GET /blog4/wp-trackback.php?p=7989 HTTP/1.1" 302 - "-" "Mozilla/5.0 (compatible; AhrefsBot/7.0; +http://ahrefs.com/robot/)" "nacaomestica.org"
10.213.116.69 - - [27/Dec/2022:21:52:29 -0800] "POST /blog4/wp-cron.php?doing_wp_cron=1672206749.0050320625305175781250 HTTP/1.1" 200 - "https://nacaomestica.org/blog4/wp-cron.php?doing_wp_cron=1672206749.0050320625305175781250" "WordPress/5.6.10; https://nacaomestica.org/blog4" "nacaomestica.org"
17.241.75.160 - - [27/Dec/2022:21:52:38 -0800] "GET /blog4/?p=14870 HTTP/1.1" 200 89322 "-" "Mozilla/5.0 (Macintosh; Intel Mac OS X 10_15_5) AppleWebKit/605.1.15 (KHTML, like Gecko) Version/13.1.1 Safari/605.1.15 (Applebot/0.1; +http://www.apple.com/go/applebot)" "nacaomestica.org"
17.241.219.34 - - [27/Dec/2022:21:52:43 -0800] "GET /blog4/wp-trackback.php?p=12882 HTTP/1.1" 302 - "-" "Mozilla/5.0 (Macintosh; Intel Mac OS X 10_15_5) AppleWebKit/605.1.15 (KHTML, like Gecko) Version/13.1.1 Safari/605.1.15 (Applebot/0.1; +http://www.apple.com/go/applebot)" "nacaomestica.org"
17.241.219.34 - - [27/Dec/2022:21:52:45 -0800] "GET /blog4/?p=12882 HTTP/1.1" 200 88637 "-" "Mozilla/5.0 (Macintosh; Intel Mac OS X 10_15_5) AppleWebKit/605.1.15 (KHTML, like Gecko) Version/13.1.1 Safari/605.1.15 (Applebot/0.1; +http://www.apple.com/go/applebot)" "nacaomestica.org"
191.241.168.244 - - [27/Dec/2022:21:53:39 -0800] "GET /blog4/wp-content/uploads/2016/06/4845989787_ac5608ced7_b.jpg HTTP/1.1" 200 302118 "-" "com.google.android.apps.searchlite/724009 (Linux; U; Android 11; pt_BR; SM-A032M; Build/RP1A.201005.001; Cronet/108.0.5359.47)" "nacaomestica.org"
114.119.131.182 - - [27/Dec/2022:21:53:39 -0800] "GET /blog4/?feed=rss2&p=12294 HTTP/1.1" 200 792 "https://nacaomestica.org/blog4/wp-trackback.php?p=12294" "Mozilla/5.0 (Linux; Android 7.0;) AppleWebKit/537.36 (KHTML, like Gecko) Mobile Safari/537.36 (compatible; PetalBot;+https://webmaster.petalsearch.com/site/petalbot)" "nacaomestica.org"
191.241.168.244 - - [27/Dec/2022:21:53:43 -0800] "GET /blog4/wp-content/uploads/2016/02/mesticos_sombra-2.png HTTP/1.1" 200 191787 "-" "com.google.android.apps.searchlite/724009 (Linux; U; Android 11; pt_BR; SM-A032M; Build/RP1A.201005.001; Cronet/108.0.5359.47)" "nacaomestica.org"
114.119.152.246 - - [27/Dec/2022:21:54:31 -0800] "GET /blog4/?feed=rss2&p=24651 HTTP/1.1" 200 806 "https://nacaomestica.org/blog4/?p=24651" "Mozilla/5.0 (Linux; Android 7.0;) AppleWebKit/537.36 (KHTML, like Gecko) Mobile Safari/537.36 (compatible; PetalBot;+https://webmaster.petalsearch.com/site/petalbot)" "nacaomestica.org"
10.213.116.69 - - [27/Dec/2022:21:54:33 -0800] "POST /blog4/wp-cron.php?doing_wp_cron=1672206873.9270238876342773437500 HTTP/1.1" 200 - "https://nacaomestica.org/blog4/wp-cron.php?doing_wp_cron=1672206873.9270238876342773437500" "WordPress/5.6.10; https://nacaomestica.org/blog4" "nacaomestica.org"
17.241.219.67 - - [27/Dec/2022:21:55:30 -0800] "GET /blog4/?p=31341 HTTP/1.1" 200 74279 "-" "Mozilla/5.0 (Macintosh; Intel Mac OS X 10_15_5) AppleWebKit/605.1.15 (KHTML, like Gecko) Version/13.1.1 Safari/605.1.15 (Applebot/0.1; +http://www.apple.com/go/applebot)" "nacaomestica.org"
114.119.143.25 - - [27/Dec/2022:21:56:45 -0800] "GET /blog4/?cat=60&paged=5 HTTP/1.1" 200 74699 "https://nacaomestica.org/blog4?cat=60&paged=4" "Mozilla/5.0 (Linux; Android 7.0;) AppleWebKit/537.36 (KHTML, like Gecko) Mobile Safari/537.36 (compatible; PetalBot;+https://webmaster.petalsearch.com/site/petalbot)" "nacaomestica.org"
10.213.116.70 - - [27/Dec/2022:21:56:47 -0800] "POST /blog4/wp-cron.php?doing_wp_cron=1672207007.4817070960998535156250 HTTP/1.1" 200 - "https://nacaomestica.org/blog4/wp-cron.php?doing_wp_cron=1672207007.4817070960998535156250" "WordPress/5.6.10; https://nacaomestica.org/blog4" "nacaomestica.org"
193.150.70.205 - - [27/Dec/2022:21:57:02 -0800] "GET /blog4/?p=10580 HTTP/1.1" 200 92785 "https://nacaomestica.org/" "Mozilla/5.0 (Windows NT 10.0; Win64; x64) AppleWebKit/537.36 (KHTML, like Gecko) Chrome/103.0.0.0 Safari/537.36 OPR/89.0.4447.51" "nacaomestica.org"
62.210.215.119 - - [27/Dec/2022:21:57:04 -0800] "GET /blog4/?feed=rss2&p=481 HTTP/1.1" 200 1424 "-" "Mozilla/5.0 (X11; Linux i686) AppleWebKit/537.36 (KHTML, like Gecko) Chrome/30.0.1599.66 Safari/537.36" "nacaomestica.org"
193.150.70.205 - - [27/Dec/2022:21:57:12 -0800] "GET /blog4/wp-login.php HTTP/1.1" 200 9235 "https://nacaomestica.org/" "Mozilla/5.0 (Windows NT 6.3; Win64; x64) AppleWebKit/537.36 (KHTML, like Gecko) Chrome/103.0.0.0 Safari/537.36" "nacaomestica.org"
193.150.70.205 - - [27/Dec/2022:21:57:15 -0800] "GET /blog4/wp-login.php HTTP/1.1" 200 9235 "https://nacaomestica.org/blog4/wp-login.php" "Mozilla/5.0 (Windows NT 6.3; Win64; x64) AppleWebKit/537.36 (KHTML, like Gecko) Chrome/103.0.0.0 Safari/537.36" "nacaomestica.org"
193.150.70.205 - - [27/Dec/2022:21:57:18 -0800] "GET /blog4/?p=10580 HTTP/1.1" 200 92785 "https://nacaomestica.org/" "Mozilla/5.0 (Windows NT 6.3; Win64; x64) AppleWebKit/537.36 (KHTML, like Gecko) Chrome/103.0.0.0 Safari/537.36" "nacaomestica.org"
193.150.70.205 - - [27/Dec/2022:21:57:23 -0800] "POST /blog4/wp-comments-post.php HTTP/1.1" 403 3072 "https://nacaomestica.org/blog4/?p=10580" "Mozilla/5.0 (Windows NT 6.3; Win64; x64) AppleWebKit/537.36 (KHTML, like Gecko) Chrome/103.0.0.0 Safari/537.36" "nacaomestica.org"
193.218.190.75 - - [27/Dec/2022:21:57:27 -0800] "POST /blog4/wp-comments-post.php HTTP/1.1" 403 3072 "https://nacaomestica.org/blog4/?p=10580" "Mozilla/5.0 (Windows NT 6.3; Win64; x64) AppleWebKit/537.36 (KHTML, like Gecko) Chrome/103.0.0.0 Safari/537.36" "nacaomestica.org"
193.218.190.141 - - [27/Dec/2022:21:57:30 -0800] "POST /blog4/wp-comments-post.php HTTP/1.1" 403 3072 "https://nacaomestica.org/blog4/?p=10580" "Mozilla/5.0 (Windows NT 6.3; Win64; x64) AppleWebKit/537.36 (KHTML, like Gecko) Chrome/103.0.0.0 Safari/537.36" "nacaomestica.org"
193.218.190.99 - - [27/Dec/2022:21:57:33 -0800] "POST /blog4/wp-comments-post.php HTTP/1.1" 403 3072 "https://nacaomestica.org/blog4/?p=10580" "Mozilla/5.0 (Windows NT 6.3; Win64; x64) AppleWebKit/537.36 (KHTML, like Gecko) Chrome/103.0.0.0 Safari/537.36" "nacaomestica.org"
193.218.190.240 - - [27/Dec/2022:21:57:37 -0800] "GET /blog4/?p=10580 HTTP/1.1" 200 92785 "-" "Mozilla/5.0 (Windows NT 6.3; Win64; x64) AppleWebKit/537.36 (KHTML, like Gecko) Chrome/103.0.0.0 Safari/537.36" "nacaomestica.org"
51.222.253.9 - - [27/Dec/2022:21:58:20 -0800] "GET /blog4/wp-trackback.php?p=18920 HTTP/1.1" 302 - "-" "Mozilla/5.0 (compatible; AhrefsBot/7.0; +http://ahrefs.com/robot/)" "nacaomestica.org"
114.119.133.228 - - [27/Dec/2022:21:58:20 -0800] "GET /blog4/?attachment_id=18242 HTTP/1.1" 301 - "https://nacaomestica.org/blog4/?p=18028" "Mozilla/5.0 (Linux; Android 7.0;) AppleWebKit/537.36 (KHTML, like Gecko) Mobile Safari/537.36 (compatible; PetalBot;+https://webmaster.petalsearch.com/site/petalbot)" "nacaomestica.org"
114.119.133.228 - - [27/Dec/2022:21:58:41 -0800] "GET /blog4/wp-content/uploads/2016/02/SAM_1148.JPG HTTP/1.1" 200 3692780 "https://nacaomestica.org/blog4/?p=18028" "Mozilla/5.0 (Linux; Android 7.0;) AppleWebKit/537.36 (KHTML, like Gecko) Mobile Safari/537.36 (compatible; PetalBot;+https://webmaster.petalsearch.com/site/petalbot)" "nacaomestica.org"
10.213.116.68 - - [27/Dec/2022:21:59:17 -0800] "POST /blog4/wp-cron.php?doing_wp_cron=1672207157.8209459781646728515625 HTTP/1.1" 200 - "https://nacaomestica.org/blog4/wp-cron.php?doing_wp_cron=1672207157.8209459781646728515625" "WordPress/5.6.10; https://nacaomestica.org/blog4" "nacaomestica.org"
114.119.150.203 - - [27/Dec/2022:21:59:16 -0800] "GET /blog4/?p=18678 HTTP/1.1" 200 76186 "https://nacaomestica.org/blog4/?fb_comment_id=1541743392522289_1541851212511507&paged=83" "Mozilla/5.0 (Linux; Android 7.0;) AppleWebKit/537.36 (KHTML, like Gecko) Mobile Safari/537.36 (compatible; PetalBot;+https://webmaster.petalsearch.com/site/petalbot)" "nacaomestica.org"
69.171.251.12 - - [27/Dec/2022:22:00:26 -0800] "GET /blog4/wp-content/uploads/2022/12/AFROIMPERIALISMO_001.png HTTP/1.1" 200 286461 "-" "facebookexternalhit/1.1 (+http://www.facebook.com/externalhit_uatext.php)" "nacaomestica.org"
114.119.152.230 - - [27/Dec/2022:22:00:29 -0800] "GET /blog4?p=1597 HTTP/1.1" 301 1416 "https://nacaomestica.org/blog4/wp-trackback.php?p=1603" "Mozilla/5.0 (Linux; Android 7.0;) AppleWebKit/537.36 (KHTML, like Gecko) Mobile Safari/537.36 (compatible; PetalBot;+https://webmaster.petalsearch.com/site/petalbot)" "nacaomestica.org"
173.252.83.4 - - [27/Dec/2022:22:00:31 -0800] "GET /blog4/wp-content/uploads/2022/11/7e76e7aa-c760-433d-884d-1cd0a1bb9e63.jpeg HTTP/1.1" 404 73 "-" "facebookexternalhit/1.1 (+http://www.facebook.com/externalhit_uatext.php)" "nacaomestica.org"
185.119.81.96 - - [27/Dec/2022:22:00:46 -0800] "GET /blog4/wp-login.php HTTP/1.1" 200 9235 "-" "Mozilla/5.0 (Windows NT 6.3; Win64; x64) AppleWebKit/537.36 (KHTML, like Gecko) Chrome/97.0.4692.99 Safari/537.36" "nacaomestica.org"
185.119.81.96 - - [27/Dec/2022:22:00:50 -0800] "POST /blog4/wp-login.php HTTP/1.1" 200 9550 "https://nacaomestica.org/blog4/wp-login.php" "Mozilla/5.0 (Windows NT 6.3; Win64; x64) AppleWebKit/537.36 (KHTML, like Gecko) Chrome/97.0.4692.99 Safari/537.36" "nacaomestica.org"
37.139.53.22 - - [27/Dec/2022:22:00:51 -0800] "GET /blog4/?p=11065 HTTP/1.1" 200 82047 "https://nacaomestica.org/blog4/?p=11065" "Mozilla/5.0 (Windows NT 10.0; Win64; x64) AppleWebKit/537.36 (KHTML, like Gecko) Chrome/90.0.4430.72 Safari/537.36 Edg/90.0.818.42" "nacaomestica.org"
37.139.53.22 - - [27/Dec/2022:22:00:55 -0800] "POST /blog4/wp-comments-post.php HTTP/1.1" 403 3072 "https://nacaomestica.org/blog4/?p=11065" "Mozilla/5.0 (Windows NT 10.0; Win64; x64) AppleWebKit/537.36 (KHTML, like Gecko) Chrome/90.0.4430.72 Safari/537.36 Edg/90.0.818.42" "nacaomestica.org"
51.222.253.8 - - [27/Dec/2022:22:01:03 -0800] "GET /blog4/wp-trackback.php?p=20209 HTTP/1.1" 302 - "-" "Mozilla/5.0 (compatible; AhrefsBot/7.0; +http://ahrefs.com/robot/)" "nacaomestica.org"
114.119.148.191 - - [27/Dec/2022:22:01:11 -0800] "GET /blog4/?feed=rss2&p=31643 HTTP/1.1" 200 854 "https://nacaomestica.org/blog4/?p=31643" "Mozilla/5.0 (Linux; Android 7.0;) AppleWebKit/537.36 (KHTML, like Gecko) Mobile Safari/537.36 (compatible; PetalBot;+https://webmaster.petalsearch.com/site/petalbot)" "nacaomestica.org"
10.213.116.69 - - [27/Dec/2022:22:02:17 -0800] "POST /blog4/wp-cron.php?doing_wp_cron=1672207337.9172151088714599609375 HTTP/1.1" 200 - "https://nacaomestica.org/blog4/wp-cron.php?doing_wp_cron=1672207337.9172151088714599609375" "WordPress/5.6.10; https://nacaomestica.org/blog4" "nacaomestica.org"
17.241.75.205 - - [27/Dec/2022:22:02:15 -0800] "GET /blog4/?p=16314 HTTP/1.1" 200 74669 "-" "Mozilla/5.0 (Macintosh; Intel Mac OS X 10_15_5) AppleWebKit/605.1.15 (KHTML, like Gecko) Version/13.1.1 Safari/605.1.15 (Applebot/0.1; +http://www.apple.com/go/applebot)" "nacaomestica.org"
114.119.151.104 - - [27/Dec/2022:22:03:04 -0800] "GET /blog4/?author=1&paged=78 HTTP/1.1" 200 90945 "https://nacaomestica.org/blog4/?author=1&paged=79" "Mozilla/5.0 (Linux; Android 7.0;) AppleWebKit/537.36 (KHTML, like Gecko) Mobile Safari/537.36 (compatible; PetalBot;+https://webmaster.petalsearch.com/site/petalbot)" "nacaomestica.org"
17.241.75.249 - - [27/Dec/2022:22:03:11 -0800] "GET /blog4/?p=25831 HTTP/1.1" 200 120327 "-" "Mozilla/5.0 (Macintosh; Intel Mac OS X 10_15_5) AppleWebKit/605.1.15 (KHTML, like Gecko) Version/13.1.1 Safari/605.1.15 (Applebot/0.1; +http://www.apple.com/go/applebot)" "nacaomestica.org"
17.241.219.133 - - [27/Dec/2022:22:03:22 -0800] "GET /blog4/?p=20631 HTTP/1.1" 200 94403 "-" "Mozilla/5.0 (Macintosh; Intel Mac OS X 10_15_5) AppleWebKit/605.1.15 (KHTML, like Gecko) Version/13.1.1 Safari/605.1.15 (Applebot/0.1; +http://www.apple.com/go/applebot)" "nacaomestica.org"
157.55.39.142 - - [27/Dec/2022:22:03:41 -0800] "GET /blog4/?p=8676 HTTP/1.1" 200 74954 "-" "Mozilla/5.0 (compatible; bingbot/2.0; +http://www.bing.com/bingbot.htm)" "nacaomestica.org"
114.119.138.111 - - [27/Dec/2022:22:03:58 -0800] "GET /blog4/?D=A&paged=41 HTTP/1.1" 200 87633 "https://nacaomestica.org/blog4/?D=A&paged=42" "Mozilla/5.0 (Linux; Android 7.0;) AppleWebKit/537.36 (KHTML, like Gecko) Mobile Safari/537.36 (compatible; PetalBot;+https://webmaster.petalsearch.com/site/petalbot)" "nacaomestica.org"
40.87.9.95 - - [27/Dec/2022:22:04:08 -0800] "GET /blog4/?feed=rss2 HTTP/1.1" 200 14241 "-" "Mozilla/5.0 (Linux; Android 7.0; SM-G930V Build/NRD90M) AppleWebKit/537.36 (KHTML, like Gecko) Chrome/59.0.3071.125 Mobile Safari/537.36" "nacaomestica.org"
17.241.219.164 - - [27/Dec/2022:22:04:19 -0800] "GET /blog4/?p=7977 HTTP/1.1" 200 78450 "-" "Mozilla/5.0 (Macintosh; Intel Mac OS X 10_15_5) AppleWebKit/605.1.15 (KHTML, like Gecko) Version/13.1.1 Safari/605.1.15 (Applebot/0.1; +http://www.apple.com/go/applebot)" "nacaomestica.org"
10.213.116.68 - - [27/Dec/2022:22:04:21 -0800] "POST /blog4/wp-cron.php?doing_wp_cron=1672207461.2570259571075439453125 HTTP/1.1" 200 - "https://nacaomestica.org/blog4/wp-cron.php?doing_wp_cron=1672207461.2570259571075439453125" "WordPress/5.6.10; https://nacaomestica.org/blog4" "nacaomestica.org"
181.225.154.7 - - [27/Dec/2022:22:04:47 -0800] "GET /blog4/wp-content/uploads/2017/01/Cx-ddydXUAAGzwC.jpg HTTP/1.1" 200 69505 "https://www.google.com/" "Mozilla/5.0 (Windows NT 10.0; Win64; x64) AppleWebKit/537.36 (KHTML, like Gecko) Chrome/108.0.0.0 Safari/537.36" "nacaomestica.org"
114.119.156.175 - - [27/Dec/2022:22:05:25 -0800] "GET /blog4/?p=3871 HTTP/1.1" 200 85494 "https://nacaomestica.org/blog4/?author=1&paged=79" "Mozilla/5.0 (Linux; Android 7.0;) AppleWebKit/537.36 (KHTML, like Gecko) Mobile Safari/537.36 (compatible; PetalBot;+https://webmaster.petalsearch.com/site/petalbot)" "nacaomestica.org"
52.188.211.122 - - [27/Dec/2022:22:06:05 -0800] "GET /blog4/?cat=269 HTTP/1.1" 200 95493 "-" "Mozilla/5.0 (Linux; Android 7.0; SM-G930V Build/NRD90M) AppleWebKit/537.36 (KHTML, like Gecko) Chrome/59.0.3071.125 Mobile Safari/537.36" "nacaomestica.org"
66.249.68.84 - - [27/Dec/2022:22:06:09 -0800] "GET /blog4/wp-content/uploads/2021/02/CUIDADO_COM_SEUS_PRECONCEITOS_004.png HTTP/1.1" 200 260173 "-" "Googlebot-Image/1.0" "nacaomestica.org"
52.188.211.122 - - [27/Dec/2022:22:06:10 -0800] "GET /blog4/?p=30917 HTTP/1.1" 200 76207 "-" "Mozilla/5.0 (Linux; Android 7.0; SM-G930V Build/NRD90M) AppleWebKit/537.36 (KHTML, like Gecko) Chrome/59.0.3071.125 Mobile Safari/537.36" "nacaomestica.org"
10.213.116.69 - - [27/Dec/2022:22:06:31 -0800] "POST /blog4/wp-cron.php?doing_wp_cron=1672207591.9287369251251220703125 HTTP/1.1" 200 - "https://nacaomestica.org/blog4/wp-cron.php?doing_wp_cron=1672207591.9287369251251220703125" "WordPress/5.6.10; https://nacaomestica.org/blog4" "nacaomestica.org"
52.188.211.122 - - [27/Dec/2022:22:06:30 -0800] "GET /blog4/?cat=102 HTTP/1.1" 200 92743 "-" "Mozilla/5.0 (Linux; Android 7.0; SM-G930V Build/NRD90M) AppleWebKit/537.36 (KHTML, like Gecko) Chrome/59.0.3071.125 Mobile Safari/537.36" "nacaomestica.org"
52.188.211.122 - - [27/Dec/2022:22:06:33 -0800] "GET /blog4/?tag=soberania HTTP/1.1" 200 79200 "-" "Mozilla/5.0 (Linux; Android 7.0; SM-G930V Build/NRD90M) AppleWebKit/537.36 (KHTML, like Gecko) Chrome/59.0.3071.125 Mobile Safari/537.36" "nacaomestica.org"
52.188.211.122 - - [27/Dec/2022:22:06:55 -0800] "GET /blog4/?p=8326 HTTP/1.1" 200 94515 "-" "Mozilla/5.0 (Linux; Android 7.0; SM-G930V Build/NRD90M) AppleWebKit/537.36 (KHTML, like Gecko) Chrome/59.0.3071.125 Mobile Safari/537.36" "nacaomestica.org"
52.188.211.122 - - [27/Dec/2022:22:07:47 -0800] "GET /blog4/?tag=eventos HTTP/1.1" 200 86390 "-" "Mozilla/5.0 (Linux; Android 7.0; SM-G930V Build/NRD90M) AppleWebKit/537.36 (KHTML, like Gecko) Chrome/59.0.3071.125 Mobile Safari/537.36" "nacaomestica.org"
52.188.211.122 - - [27/Dec/2022:22:08:02 -0800] "GET /blog4/?cat=118 HTTP/1.1" 200 67561 "-" "Mozilla/5.0 (Linux; Android 7.0; SM-G930V Build/NRD90M) AppleWebKit/537.36 (KHTML, like Gecko) Chrome/59.0.3071.125 Mobile Safari/537.36" "nacaomestica.org"
52.188.211.122 - - [27/Dec/2022:22:08:06 -0800] "GET /blog4/?cat=157 HTTP/1.1" 200 97426 "-" "Mozilla/5.0 (Linux; Android 7.0; SM-G930V Build/NRD90M) AppleWebKit/537.36 (KHTML, like Gecko) Chrome/59.0.3071.125 Mobile Safari/537.36" "nacaomestica.org"
52.188.211.122 - - [27/Dec/2022:22:08:08 -0800] "GET /blog4/?cat=252 HTTP/1.1" 200 80525 "-" "Mozilla/5.0 (Linux; Android 7.0; SM-G930V Build/NRD90M) AppleWebKit/537.36 (KHTML, like Gecko) Chrome/59.0.3071.125 Mobile Safari/537.36" "nacaomestica.org"
52.188.211.122 - - [27/Dec/2022:22:08:12 -0800] "GET /blog4/?cat=143 HTTP/1.1" 200 86703 "-" "Mozilla/5.0 (Linux; Android 7.0; SM-G930V Build/NRD90M) AppleWebKit/537.36 (KHTML, like Gecko) Chrome/59.0.3071.125 Mobile Safari/537.36" "nacaomestica.org"
52.188.211.122 - - [27/Dec/2022:22:08:21 -0800] "GET /blog4/?cat=86 HTTP/1.1" 200 75797 "-" "Mozilla/5.0 (Linux; Android 7.0; SM-G930V Build/NRD90M) AppleWebKit/537.36 (KHTML, like Gecko) Chrome/59.0.3071.125 Mobile Safari/537.36" "nacaomestica.org"
52.188.211.122 - - [27/Dec/2022:22:08:22 -0800] "GET /blog4/?tag=indigenismo HTTP/1.1" 200 97002 "-" "Mozilla/5.0 (Linux; Android 7.0; SM-G930V Build/NRD90M) AppleWebKit/537.36 (KHTML, like Gecko) Chrome/59.0.3071.125 Mobile Safari/537.36" "nacaomestica.org"
10.213.116.70 - - [27/Dec/2022:22:08:43 -0800] "POST /blog4/wp-cron.php?doing_wp_cron=1672207723.0740571022033691406250 HTTP/1.1" 200 - "https://nacaomestica.org/blog4/wp-cron.php?doing_wp_cron=1672207723.0740571022033691406250" "WordPress/5.6.10; https://nacaomestica.org/blog4" "nacaomestica.org"
52.188.211.122 - - [27/Dec/2022:22:08:41 -0800] "GET /blog4/?p=30960 HTTP/1.1" 200 75609 "-" "Mozilla/5.0 (Linux; Android 7.0; SM-G930V Build/NRD90M) AppleWebKit/537.36 (KHTML, like Gecko) Chrome/59.0.3071.125 Mobile Safari/537.36" "nacaomestica.org"
52.188.211.122 - - [27/Dec/2022:22:08:46 -0800] "GET /blog4/?cat=115 HTTP/1.1" 200 67548 "-" "Mozilla/5.0 (Linux; Android 7.0; SM-G930V Build/NRD90M) AppleWebKit/537.36 (KHTML, like Gecko) Chrome/59.0.3071.125 Mobile Safari/537.36" "nacaomestica.org"
