52.188.211.122 - - [27/Dec/2022:22:08:46 -0800] "GET /blog4/?cat=129 HTTP/1.1" 200 67413 "-" "Mozilla/5.0 (Linux; Android 7.0; SM-G930V Build/NRD90M) AppleWebKit/537.36 (KHTML, like Gecko) Chrome/59.0.3071.125 Mobile Safari/537.36" "nacaomestica.org"
52.188.211.122 - - [27/Dec/2022:22:09:15 -0800] "GET /blog4/?p=23009 HTTP/1.1" 200 92264 "-" "Mozilla/5.0 (Linux; Android 7.0; SM-G930V Build/NRD90M) AppleWebKit/537.36 (KHTML, like Gecko) Chrome/59.0.3071.125 Mobile Safari/537.36" "nacaomestica.org"
52.188.211.122 - - [27/Dec/2022:22:09:15 -0800] "GET /blog4/?cat=129 HTTP/1.1" 200 67413 "-" "Mozilla/5.0 (Linux; Android 7.0; SM-G930V Build/NRD90M) AppleWebKit/537.36 (KHTML, like Gecko) Chrome/59.0.3071.125 Mobile Safari/537.36" "nacaomestica.org"
52.188.211.122 - - [27/Dec/2022:22:09:35 -0800] "GET /blog4/?tag=supremacismo HTTP/1.1" 200 92496 "-" "Mozilla/5.0 (Linux; Android 7.0; SM-G930V Build/NRD90M) AppleWebKit/537.36 (KHTML, like Gecko) Chrome/59.0.3071.125 Mobile Safari/537.36" "nacaomestica.org"
20.124.250.146 - - [27/Dec/2022:22:09:44 -0800] "GET /blog4/?p=30937 HTTP/1.1" 200 78556 "-" "Mozilla/5.0 (Linux; Android 7.0; SM-G930V Build/NRD90M) AppleWebKit/537.36 (KHTML, like Gecko) Chrome/59.0.3071.125 Mobile Safari/537.36" "nacaomestica.org"
52.188.211.122 - - [27/Dec/2022:22:09:44 -0800] "GET /blog4/?tag=mensagem-mestica HTTP/1.1" 200 89175 "-" "Mozilla/5.0 (Linux; Android 7.0; SM-G930V Build/NRD90M) AppleWebKit/537.36 (KHTML, like Gecko) Chrome/59.0.3071.125 Mobile Safari/537.36" "nacaomestica.org"
51.222.253.7 - - [27/Dec/2022:22:10:13 -0800] "GET /blog4/wp-trackback.php?p=509 HTTP/1.1" 302 - "-" "Mozilla/5.0 (compatible; AhrefsBot/7.0; +http://ahrefs.com/robot/)" "nacaomestica.org"
20.124.250.146 - - [27/Dec/2022:22:10:31 -0800] "GET /blog4/?tag=direitos-humanos HTTP/1.1" 200 81162 "-" "Mozilla/5.0 (Linux; Android 7.0; SM-G930V Build/NRD90M) AppleWebKit/537.36 (KHTML, like Gecko) Chrome/59.0.3071.125 Mobile Safari/537.36" "nacaomestica.org"
52.188.211.122 - - [27/Dec/2022:22:10:43 -0800] "GET /blog4/?p=30966 HTTP/1.1" 200 73768 "-" "Mozilla/5.0 (Linux; Android 7.0; SM-G930V Build/NRD90M) AppleWebKit/537.36 (KHTML, like Gecko) Chrome/59.0.3071.125 Mobile Safari/537.36" "nacaomestica.org"
10.213.116.69 - - [27/Dec/2022:22:10:45 -0800] "POST /blog4/wp-cron.php?doing_wp_cron=1672207845.0773630142211914062500 HTTP/1.1" 200 - "https://nacaomestica.org/blog4/wp-cron.php?doing_wp_cron=1672207845.0773630142211914062500" "WordPress/5.6.10; https://nacaomestica.org/blog4" "nacaomestica.org"
20.124.250.146 - - [27/Dec/2022:22:10:47 -0800] "GET /blog4/?cat=122 HTTP/1.1" 200 78265 "-" "Mozilla/5.0 (Linux; Android 7.0; SM-G930V Build/NRD90M) AppleWebKit/537.36 (KHTML, like Gecko) Chrome/59.0.3071.125 Mobile Safari/537.36" "nacaomestica.org"
20.124.250.146 - - [27/Dec/2022:22:11:01 -0800] "GET /blog4/?tag=preto HTTP/1.1" 200 93976 "-" "Mozilla/5.0 (Linux; Android 7.0; SM-G930V Build/NRD90M) AppleWebKit/537.36 (KHTML, like Gecko) Chrome/59.0.3071.125 Mobile Safari/537.36" "nacaomestica.org"
20.124.250.146 - - [27/Dec/2022:22:11:05 -0800] "GET /blog4/?cat=30 HTTP/1.1" 200 71386 "-" "Mozilla/5.0 (Linux; Android 7.0; SM-G930V Build/NRD90M) AppleWebKit/537.36 (KHTML, like Gecko) Chrome/59.0.3071.125 Mobile Safari/537.36" "nacaomestica.org"
200.229.212.15 - - [27/Dec/2022:22:11:15 -0800] "GET /blog4/wp-content/uploads/2019/11/GRAFICO03_RACA_MESTICO_ETNIA3-1024x576.png HTTP/1.1" 200 120733 "https://www.google.com/" "Mozilla/5.0 (Linux; Android 12; M2101K7BL Build/SP1A.210812.016; wv) AppleWebKit/537.36 (KHTML, like Gecko) Version/4.0 Chrome/103.0.5060.70 Mobile Safari/537.36 GoogleApp/13.25.10.26.arm64" "nacaomestica.org"
20.124.250.146 - - [27/Dec/2022:22:11:39 -0800] "GET /blog4/?tag=escravos HTTP/1.1" 200 85763 "-" "Mozilla/5.0 (Linux; Android 7.0; SM-G930V Build/NRD90M) AppleWebKit/537.36 (KHTML, like Gecko) Chrome/59.0.3071.125 Mobile Safari/537.36" "nacaomestica.org"
20.124.250.146 - - [27/Dec/2022:22:11:55 -0800] "GET /blog4/?cat=253 HTTP/1.1" 200 91450 "-" "Mozilla/5.0 (Linux; Android 7.0; SM-G930V Build/NRD90M) AppleWebKit/537.36 (KHTML, like Gecko) Chrome/59.0.3071.125 Mobile Safari/537.36" "nacaomestica.org"
17.241.75.144 - - [27/Dec/2022:22:11:59 -0800] "GET /blog4/wp-trackback.php?p=22361 HTTP/1.1" 302 - "-" "Mozilla/5.0 (Macintosh; Intel Mac OS X 10_15_5) AppleWebKit/605.1.15 (KHTML, like Gecko) Version/13.1.1 Safari/605.1.15 (Applebot/0.1; +http://www.apple.com/go/applebot)" "nacaomestica.org"
17.241.75.144 - - [27/Dec/2022:22:12:02 -0800] "GET /blog4/?p=22361 HTTP/1.1" 200 81458 "-" "Mozilla/5.0 (Macintosh; Intel Mac OS X 10_15_5) AppleWebKit/605.1.15 (KHTML, like Gecko) Version/13.1.1 Safari/605.1.15 (Applebot/0.1; +http://www.apple.com/go/applebot)" "nacaomestica.org"
51.222.253.10 - - [27/Dec/2022:22:12:21 -0800] "GET /blog4/wp-trackback.php?p=3111 HTTP/1.1" 302 - "-" "Mozilla/5.0 (compatible; AhrefsBot/7.0; +http://ahrefs.com/robot/)" "nacaomestica.org"
52.188.211.122 - - [27/Dec/2022:22:12:39 -0800] "GET /blog4/?cat=119 HTTP/1.1" 200 78939 "-" "Mozilla/5.0 (Linux; Android 7.0; SM-G930V Build/NRD90M) AppleWebKit/537.36 (KHTML, like Gecko) Chrome/59.0.3071.125 Mobile Safari/537.36" "nacaomestica.org"
17.241.219.203 - - [27/Dec/2022:22:12:39 -0800] "GET /blog4/?p=19338 HTTP/1.1" 200 74761 "-" "Mozilla/5.0 (Macintosh; Intel Mac OS X 10_15_5) AppleWebKit/605.1.15 (KHTML, like Gecko) Version/13.1.1 Safari/605.1.15 (Applebot/0.1; +http://www.apple.com/go/applebot)" "nacaomestica.org"
10.213.116.69 - - [27/Dec/2022:22:13:01 -0800] "POST /blog4/wp-cron.php?doing_wp_cron=1672207980.9909720420837402343750 HTTP/1.1" 200 - "https://nacaomestica.org/blog4/wp-cron.php?doing_wp_cron=1672207980.9909720420837402343750" "WordPress/5.6.10; https://nacaomestica.org/blog4" "nacaomestica.org"
20.124.250.146 - - [27/Dec/2022:22:12:59 -0800] "GET /blog4/?cat=81 HTTP/1.1" 200 74818 "-" "Mozilla/5.0 (Linux; Android 7.0; SM-G930V Build/NRD90M) AppleWebKit/537.36 (KHTML, like Gecko) Chrome/59.0.3071.125 Mobile Safari/537.36" "nacaomestica.org"
20.124.250.146 - - [27/Dec/2022:22:13:04 -0800] "GET /blog4/?cat=1 HTTP/1.1" 200 90603 "-" "Mozilla/5.0 (Linux; Android 7.0; SM-G930V Build/NRD90M) AppleWebKit/537.36 (KHTML, like Gecko) Chrome/59.0.3071.125 Mobile Safari/537.36" "nacaomestica.org"
20.124.250.146 - - [27/Dec/2022:22:13:13 -0800] "GET /blog4/?tag=discriminacao HTTP/1.1" 200 86819 "-" "Mozilla/5.0 (Linux; Android 7.0; SM-G930V Build/NRD90M) AppleWebKit/537.36 (KHTML, like Gecko) Chrome/59.0.3071.125 Mobile Safari/537.36" "nacaomestica.org"
20.124.250.146 - - [27/Dec/2022:22:13:24 -0800] "GET /blog4/?cat=220 HTTP/1.1" 200 76590 "-" "Mozilla/5.0 (Linux; Android 7.0; SM-G930V Build/NRD90M) AppleWebKit/537.36 (KHTML, like Gecko) Chrome/59.0.3071.125 Mobile Safari/537.36" "nacaomestica.org"
193.218.190.14 - - [27/Dec/2022:22:13:43 -0800] "GET /blog4/?p=10580 HTTP/1.1" 200 92785 "-" "Mozilla/5.0 (Macintosh; Intel Mac OS X 12_5) AppleWebKit/537.36 (KHTML, like Gecko) Chrome/103.0.0.0 Safari/537.36 Vivaldi/5.3.2679.68" "nacaomestica.org"
51.161.86.137 - - [27/Dec/2022:22:14:09 -0800] "GET /blog4/?p=8456 HTTP/1.1" 200 172947 "https://t.co/" "Mozilla/5.0 (Macintosh; Intel Mac OS X 11_0_1) AppleWebKit/537.36 (KHTML, like Gecko) Chrome/103.0.0.0 Safari/537.36" "nacaomestica.org"
20.124.250.146 - - [27/Dec/2022:22:14:11 -0800] "GET /blog4/?cat=199 HTTP/1.1" 200 101222 "-" "Mozilla/5.0 (Linux; Android 7.0; SM-G930V Build/NRD90M) AppleWebKit/537.36 (KHTML, like Gecko) Chrome/59.0.3071.125 Mobile Safari/537.36" "nacaomestica.org"
20.124.250.146 - - [27/Dec/2022:22:14:14 -0800] "GET /blog4/?cat=24 HTTP/1.1" 200 98848 "-" "Mozilla/5.0 (Linux; Android 7.0; SM-G930V Build/NRD90M) AppleWebKit/537.36 (KHTML, like Gecko) Chrome/59.0.3071.125 Mobile Safari/537.36" "nacaomestica.org"
20.124.250.146 - - [27/Dec/2022:22:14:17 -0800] "GET /blog4/?cat=248 HTTP/1.1" 200 82393 "-" "Mozilla/5.0 (Linux; Android 7.0; SM-G930V Build/NRD90M) AppleWebKit/537.36 (KHTML, like Gecko) Chrome/59.0.3071.125 Mobile Safari/537.36" "nacaomestica.org"
20.124.250.146 - - [27/Dec/2022:22:14:42 -0800] "GET /blog4/?cat=246 HTTP/1.1" 200 71513 "-" "Mozilla/5.0 (Linux; Android 7.0; SM-G930V Build/NRD90M) AppleWebKit/537.36 (KHTML, like Gecko) Chrome/59.0.3071.125 Mobile Safari/537.36" "nacaomestica.org"
52.188.211.122 - - [27/Dec/2022:22:14:43 -0800] "GET /blog4/?cat=195 HTTP/1.1" 200 80252 "-" "Mozilla/5.0 (Linux; Android 7.0; SM-G930V Build/NRD90M) AppleWebKit/537.36 (KHTML, like Gecko) Chrome/59.0.3071.125 Mobile Safari/537.36" "nacaomestica.org"
207.46.13.121 - - [27/Dec/2022:22:14:45 -0800] "GET /blog4/?p=25686 HTTP/1.1" 200 77575 "-" "Mozilla/5.0 AppleWebKit/537.36 (KHTML, like Gecko; compatible; bingbot/2.0; +http://www.bing.com/bingbot.htm) Chrome/103.0.5060.134 Safari/537.36" "nacaomestica.org"
10.213.116.69 - - [27/Dec/2022:22:15:12 -0800] "POST /blog4/wp-cron.php?doing_wp_cron=1672208112.7515239715576171875000 HTTP/1.1" 200 - "https://nacaomestica.org/blog4/wp-cron.php?doing_wp_cron=1672208112.7515239715576171875000" "WordPress/5.6.10; https://nacaomestica.org/blog4" "nacaomestica.org"
20.124.250.146 - - [27/Dec/2022:22:15:11 -0800] "GET /blog4/?cat=216 HTTP/1.1" 200 98120 "-" "Mozilla/5.0 (Linux; Android 7.0; SM-G930V Build/NRD90M) AppleWebKit/537.36 (KHTML, like Gecko) Chrome/59.0.3071.125 Mobile Safari/537.36" "nacaomestica.org"
20.124.250.146 - - [27/Dec/2022:22:15:15 -0800] "GET /blog4/?cat=193 HTTP/1.1" 200 83411 "-" "Mozilla/5.0 (Linux; Android 7.0; SM-G930V Build/NRD90M) AppleWebKit/537.36 (KHTML, like Gecko) Chrome/59.0.3071.125 Mobile Safari/537.36" "nacaomestica.org"
20.124.250.146 - - [27/Dec/2022:22:15:19 -0800] "GET /blog4/?tag=anti-conservadorismo HTTP/1.1" 200 77117 "-" "Mozilla/5.0 (Linux; Android 7.0; SM-G930V Build/NRD90M) AppleWebKit/537.36 (KHTML, like Gecko) Chrome/59.0.3071.125 Mobile Safari/537.36" "nacaomestica.org"
52.188.211.122 - - [27/Dec/2022:22:15:18 -0800] "GET /blog4/?cat=229 HTTP/1.1" 200 77924 "-" "Mozilla/5.0 (Linux; Android 7.0; SM-G930V Build/NRD90M) AppleWebKit/537.36 (KHTML, like Gecko) Chrome/59.0.3071.125 Mobile Safari/537.36" "nacaomestica.org"
20.124.250.146 - - [27/Dec/2022:22:15:20 -0800] "GET /blog4/?cat=240 HTTP/1.1" 200 77263 "-" "Mozilla/5.0 (Linux; Android 7.0; SM-G930V Build/NRD90M) AppleWebKit/537.36 (KHTML, like Gecko) Chrome/59.0.3071.125 Mobile Safari/537.36" "nacaomestica.org"
52.188.211.122 - - [27/Dec/2022:22:15:23 -0800] "GET /blog4/?cat=141 HTTP/1.1" 200 99214 "-" "Mozilla/5.0 (Linux; Android 7.0; SM-G930V Build/NRD90M) AppleWebKit/537.36 (KHTML, like Gecko) Chrome/59.0.3071.125 Mobile Safari/537.36" "nacaomestica.org"
20.124.250.146 - - [27/Dec/2022:22:15:24 -0800] "GET /blog4/?cat=230 HTTP/1.1" 200 71125 "-" "Mozilla/5.0 (Linux; Android 7.0; SM-G930V Build/NRD90M) AppleWebKit/537.36 (KHTML, like Gecko) Chrome/59.0.3071.125 Mobile Safari/537.36" "nacaomestica.org"
52.188.211.122 - - [27/Dec/2022:22:15:40 -0800] "GET /blog4/?tag=funai HTTP/1.1" 200 94806 "-" "Mozilla/5.0 (Linux; Android 7.0; SM-G930V Build/NRD90M) AppleWebKit/537.36 (KHTML, like Gecko) Chrome/59.0.3071.125 Mobile Safari/537.36" "nacaomestica.org"
52.188.211.122 - - [27/Dec/2022:22:15:43 -0800] "GET /blog4/?tag=espanol HTTP/1.1" 200 90219 "-" "Mozilla/5.0 (Linux; Android 7.0; SM-G930V Build/NRD90M) AppleWebKit/537.36 (KHTML, like Gecko) Chrome/59.0.3071.125 Mobile Safari/537.36" "nacaomestica.org"
20.124.250.146 - - [27/Dec/2022:22:15:44 -0800] "GET /blog4/?cat=237 HTTP/1.1" 200 84541 "-" "Mozilla/5.0 (Linux; Android 7.0; SM-G930V Build/NRD90M) AppleWebKit/537.36 (KHTML, like Gecko) Chrome/59.0.3071.125 Mobile Safari/537.36" "nacaomestica.org"
20.124.250.146 - - [27/Dec/2022:22:15:48 -0800] "GET /blog4/?cat=132 HTTP/1.1" 200 91963 "-" "Mozilla/5.0 (Linux; Android 7.0; SM-G930V Build/NRD90M) AppleWebKit/537.36 (KHTML, like Gecko) Chrome/59.0.3071.125 Mobile Safari/537.36" "nacaomestica.org"
20.124.250.146 - - [27/Dec/2022:22:15:51 -0800] "GET /blog4/?cat=126 HTTP/1.1" 200 72201 "-" "Mozilla/5.0 (Linux; Android 7.0; SM-G930V Build/NRD90M) AppleWebKit/537.36 (KHTML, like Gecko) Chrome/59.0.3071.125 Mobile Safari/537.36" "nacaomestica.org"
52.188.211.122 - - [27/Dec/2022:22:15:54 -0800] "GET /blog4/?cat=123 HTTP/1.1" 200 68099 "-" "Mozilla/5.0 (Linux; Android 7.0; SM-G930V Build/NRD90M) AppleWebKit/537.36 (KHTML, like Gecko) Chrome/59.0.3071.125 Mobile Safari/537.36" "nacaomestica.org"
20.124.250.146 - - [27/Dec/2022:22:16:04 -0800] "GET /blog4/?tag=pardo HTTP/1.1" 200 92788 "-" "Mozilla/5.0 (Linux; Android 7.0; SM-G930V Build/NRD90M) AppleWebKit/537.36 (KHTML, like Gecko) Chrome/59.0.3071.125 Mobile Safari/537.36" "nacaomestica.org"
51.222.253.14 - - [27/Dec/2022:22:16:06 -0800] "GET /blog4/wp-trackback.php?p=4244 HTTP/1.1" 302 - "-" "Mozilla/5.0 (compatible; AhrefsBot/7.0; +http://ahrefs.com/robot/)" "nacaomestica.org"
20.124.250.146 - - [27/Dec/2022:22:16:06 -0800] "GET /blog4/?cat=124 HTTP/1.1" 200 72116 "-" "Mozilla/5.0 (Linux; Android 7.0; SM-G930V Build/NRD90M) AppleWebKit/537.36 (KHTML, like Gecko) Chrome/59.0.3071.125 Mobile Safari/537.36" "nacaomestica.org"
20.124.250.146 - - [27/Dec/2022:22:16:08 -0800] "GET /blog4/?p=30914 HTTP/1.1" 200 74048 "-" "Mozilla/5.0 (Linux; Android 7.0; SM-G930V Build/NRD90M) AppleWebKit/537.36 (KHTML, like Gecko) Chrome/59.0.3071.125 Mobile Safari/537.36" "nacaomestica.org"
114.119.152.143 - - [27/Dec/2022:22:16:23 -0800] "GET /blog4?p1603&paged=19 HTTP/1.1" 301 1427 "https://nacaomestica.org/blog4?p1603&paged=18" "Mozilla/5.0 (Linux; Android 7.0;) AppleWebKit/537.36 (KHTML, like Gecko) Mobile Safari/537.36 (compatible; PetalBot;+https://webmaster.petalsearch.com/site/petalbot)" "nacaomestica.org"
114.119.152.143 - - [27/Dec/2022:22:16:33 -0800] "GET /blog4/?p1603&paged=19 HTTP/1.1" 200 88707 "https://nacaomestica.org/blog4?p1603&paged=18" "Mozilla/5.0 (Linux; Android 7.0;) AppleWebKit/537.36 (KHTML, like Gecko) Mobile Safari/537.36 (compatible; PetalBot;+https://webmaster.petalsearch.com/site/petalbot)" "nacaomestica.org"
20.124.250.146 - - [27/Dec/2022:22:16:39 -0800] "GET /blog4/?tag=noticias HTTP/1.1" 200 90425 "-" "Mozilla/5.0 (Linux; Android 7.0; SM-G930V Build/NRD90M) AppleWebKit/537.36 (KHTML, like Gecko) Chrome/59.0.3071.125 Mobile Safari/537.36" "nacaomestica.org"
52.188.211.122 - - [27/Dec/2022:22:16:41 -0800] "GET /blog4/?p=8456 HTTP/1.1" 200 172947 "-" "Mozilla/5.0 (Linux; Android 7.0; SM-G930V Build/NRD90M) AppleWebKit/537.36 (KHTML, like Gecko) Chrome/59.0.3071.125 Mobile Safari/537.36" "nacaomestica.org"
20.124.250.146 - - [27/Dec/2022:22:16:45 -0800] "GET /blog4/?p=30671 HTTP/1.1" 200 83605 "-" "Mozilla/5.0 (Linux; Android 7.0; SM-G930V Build/NRD90M) AppleWebKit/537.36 (KHTML, like Gecko) Chrome/59.0.3071.125 Mobile Safari/537.36" "nacaomestica.org"
20.124.250.146 - - [27/Dec/2022:22:16:45 -0800] "GET /blog4/?tag=negro HTTP/1.1" 200 85723 "-" "Mozilla/5.0 (Linux; Android 7.0; SM-G930V Build/NRD90M) AppleWebKit/537.36 (KHTML, like Gecko) Chrome/59.0.3071.125 Mobile Safari/537.36" "nacaomestica.org"
52.188.211.122 - - [27/Dec/2022:22:16:46 -0800] "GET /blog4/?tag=escravidao HTTP/1.1" 200 86699 "-" "Mozilla/5.0 (Linux; Android 7.0; SM-G930V Build/NRD90M) AppleWebKit/537.36 (KHTML, like Gecko) Chrome/59.0.3071.125 Mobile Safari/537.36" "nacaomestica.org"
20.124.250.146 - - [27/Dec/2022:22:16:46 -0800] "GET /blog4/?p=20146 HTTP/1.1" 200 143694 "-" "Mozilla/5.0 (Linux; Android 7.0; SM-G930V Build/NRD90M) AppleWebKit/537.36 (KHTML, like Gecko) Chrome/59.0.3071.125 Mobile Safari/537.36" "nacaomestica.org"
20.124.250.146 - - [27/Dec/2022:22:16:49 -0800] "GET /blog4/?tag=imigracao HTTP/1.1" 200 90466 "-" "Mozilla/5.0 (Linux; Android 7.0; SM-G930V Build/NRD90M) AppleWebKit/537.36 (KHTML, like Gecko) Chrome/59.0.3071.125 Mobile Safari/537.36" "nacaomestica.org"
52.188.211.122 - - [27/Dec/2022:22:17:02 -0800] "GET /blog4/?p=30905 HTTP/1.1" 200 78009 "-" "Mozilla/5.0 (Linux; Android 7.0; SM-G930V Build/NRD90M) AppleWebKit/537.36 (KHTML, like Gecko) Chrome/59.0.3071.125 Mobile Safari/537.36" "nacaomestica.org"
10.213.116.69 - - [27/Dec/2022:22:17:42 -0800] "POST /blog4/wp-cron.php?doing_wp_cron=1672208262.6765959262847900390625 HTTP/1.1" 200 - "https://nacaomestica.org/blog4/wp-cron.php?doing_wp_cron=1672208262.6765959262847900390625" "WordPress/5.6.10; https://nacaomestica.org/blog4" "nacaomestica.org"
20.124.250.146 - - [27/Dec/2022:22:17:41 -0800] "GET /blog4/?p=30955 HTTP/1.1" 200 80347 "-" "Mozilla/5.0 (Linux; Android 7.0; SM-G930V Build/NRD90M) AppleWebKit/537.36 (KHTML, like Gecko) Chrome/59.0.3071.125 Mobile Safari/537.36" "nacaomestica.org"
104.211.53.213 - - [27/Dec/2022:22:17:42 -0800] "GET /blog4/?cat=90 HTTP/1.1" 200 92393 "-" "Mozilla/5.0 (Linux; Android 7.0; SM-G930V Build/NRD90M) AppleWebKit/537.36 (KHTML, like Gecko) Chrome/59.0.3071.125 Mobile Safari/537.36" "nacaomestica.org"
20.124.250.146 - - [27/Dec/2022:22:17:45 -0800] "GET /blog4/?cat=127 HTTP/1.1" 200 102316 "-" "Mozilla/5.0 (Linux; Android 7.0; SM-G930V Build/NRD90M) AppleWebKit/537.36 (KHTML, like Gecko) Chrome/59.0.3071.125 Mobile Safari/537.36" "nacaomestica.org"
20.124.250.146 - - [27/Dec/2022:22:17:53 -0800] "GET /blog4/?cat=225 HTTP/1.1" 200 70621 "-" "Mozilla/5.0 (Linux; Android 7.0; SM-G930V Build/NRD90M) AppleWebKit/537.36 (KHTML, like Gecko) Chrome/59.0.3071.125 Mobile Safari/537.36" "nacaomestica.org"
114.119.150.248 - - [27/Dec/2022:22:17:59 -0800] "GET /blog4?feed=rss2&p=19678 HTTP/1.1" 301 1430 "https://nacaomestica.org/blog4?p=19678" "Mozilla/5.0 (Linux; Android 7.0;) AppleWebKit/537.36 (KHTML, like Gecko) Mobile Safari/537.36 (compatible; PetalBot;+https://webmaster.petalsearch.com/site/petalbot)" "nacaomestica.org"
114.119.150.248 - - [27/Dec/2022:22:18:11 -0800] "GET /blog4/?feed=rss2&p=19678 HTTP/1.1" 200 819 "https://nacaomestica.org/blog4?p=19678" "Mozilla/5.0 (Linux; Android 7.0;) AppleWebKit/537.36 (KHTML, like Gecko) Mobile Safari/537.36 (compatible; PetalBot;+https://webmaster.petalsearch.com/site/petalbot)" "nacaomestica.org"
20.124.250.146 - - [27/Dec/2022:22:18:30 -0800] "GET /blog4/?tag=apartheid HTTP/1.1" 200 91554 "-" "Mozilla/5.0 (Linux; Android 7.0; SM-G930V Build/NRD90M) AppleWebKit/537.36 (KHTML, like Gecko) Chrome/59.0.3071.125 Mobile Safari/537.36" "nacaomestica.org"
104.211.53.213 - - [27/Dec/2022:22:18:31 -0800] "GET /blog4/?cat=116 HTTP/1.1" 200 67399 "-" "Mozilla/5.0 (Linux; Android 7.0; SM-G930V Build/NRD90M) AppleWebKit/537.36 (KHTML, like Gecko) Chrome/59.0.3071.125 Mobile Safari/537.36" "nacaomestica.org"
104.211.53.213 - - [27/Dec/2022:22:18:34 -0800] "GET /blog4/?tag=limpeza-etnica HTTP/1.1" 200 91967 "-" "Mozilla/5.0 (Linux; Android 7.0; SM-G930V Build/NRD90M) AppleWebKit/537.36 (KHTML, like Gecko) Chrome/59.0.3071.125 Mobile Safari/537.36" "nacaomestica.org"
104.211.53.213 - - [27/Dec/2022:22:18:34 -0800] "GET /blog4/?cat=266 HTTP/1.1" 200 70172 "-" "Mozilla/5.0 (Linux; Android 7.0; SM-G930V Build/NRD90M) AppleWebKit/537.36 (KHTML, like Gecko) Chrome/59.0.3071.125 Mobile Safari/537.36" "nacaomestica.org"
104.211.53.213 - - [27/Dec/2022:22:18:48 -0800] "GET /blog4/?cat=268 HTTP/1.1" 200 96863 "-" "Mozilla/5.0 (Linux; Android 7.0; SM-G930V Build/NRD90M) AppleWebKit/537.36 (KHTML, like Gecko) Chrome/59.0.3071.125 Mobile Safari/537.36" "nacaomestica.org"
66.249.68.80 - - [27/Dec/2022:22:18:53 -0800] "GET /blog4/wp-content/uploads/2018/01/26814917_2020503301525907_3209000256856597590_n.jpg HTTP/1.1" 200 122700 "-" "Googlebot-Image/1.0" "nacaomestica.org"
114.119.128.19 - - [27/Dec/2022:22:19:25 -0800] "GET /blog4?fb_comment_id=464581046954554_1139841066095212&paged=7 HTTP/1.1" 301 1461 "https://nacaomestica.org/blog4?fb_comment_id=464581046954554_1139841066095212&paged=8" "Mozilla/5.0 (Linux; Android 7.0;) AppleWebKit/537.36 (KHTML, like Gecko) Mobile Safari/537.36 (compatible; PetalBot;+https://webmaster.petalsearch.com/site/petalbot)" "nacaomestica.org"
17.241.219.142 - - [27/Dec/2022:22:19:25 -0800] "GET /blog4/?p=22160 HTTP/1.1" 200 110376 "-" "Mozilla/5.0 (Macintosh; Intel Mac OS X 10_15_5) AppleWebKit/605.1.15 (KHTML, like Gecko) Version/13.1.1 Safari/605.1.15 (Applebot/0.1; +http://www.apple.com/go/applebot)" "nacaomestica.org"
114.119.128.19 - - [27/Dec/2022:22:19:36 -0800] "GET /blog4/?fb_comment_id=464581046954554_1139841066095212&paged=7 HTTP/1.1" 200 90978 "https://nacaomestica.org/blog4?fb_comment_id=464581046954554_1139841066095212&paged=8" "Mozilla/5.0 (Linux; Android 7.0;) AppleWebKit/537.36 (KHTML, like Gecko) Mobile Safari/537.36 (compatible; PetalBot;+https://webmaster.petalsearch.com/site/petalbot)" "nacaomestica.org"
104.211.53.213 - - [27/Dec/2022:22:19:41 -0800] "GET /blog4/?cat=263 HTTP/1.1" 200 69362 "-" "Mozilla/5.0 (Linux; Android 7.0; SM-G930V Build/NRD90M) AppleWebKit/537.36 (KHTML, like Gecko) Chrome/59.0.3071.125 Mobile Safari/537.36" "nacaomestica.org"
104.211.53.213 - - [27/Dec/2022:22:20:03 -0800] "GET /blog4/?tag=amarelo HTTP/1.1" 200 79949 "-" "Mozilla/5.0 (Linux; Android 7.0; SM-G930V Build/NRD90M) AppleWebKit/537.36 (KHTML, like Gecko) Chrome/59.0.3071.125 Mobile Safari/537.36" "nacaomestica.org"
10.213.116.68 - - [27/Dec/2022:22:20:04 -0800] "POST /blog4/wp-cron.php?doing_wp_cron=1672208404.2180929183959960937500 HTTP/1.1" 200 - "https://nacaomestica.org/blog4/wp-cron.php?doing_wp_cron=1672208404.2180929183959960937500" "WordPress/5.6.10; https://nacaomestica.org/blog4" "nacaomestica.org"
104.211.53.213 - - [27/Dec/2022:22:20:02 -0800] "GET /blog4/ HTTP/1.1" 200 92878 "-" "Mozilla/5.0 (Linux; Android 7.0; SM-G930V Build/NRD90M) AppleWebKit/537.36 (KHTML, like Gecko) Chrome/59.0.3071.125 Mobile Safari/537.36" "nacaomestica.org"
104.211.53.213 - - [27/Dec/2022:22:20:17 -0800] "GET /blog4/?cat=182 HTTP/1.1" 200 73986 "-" "Mozilla/5.0 (Linux; Android 7.0; SM-G930V Build/NRD90M) AppleWebKit/537.36 (KHTML, like Gecko) Chrome/59.0.3071.125 Mobile Safari/537.36" "nacaomestica.org"
51.222.253.9 - - [27/Dec/2022:22:20:23 -0800] "GET /blog4/?p=30057 HTTP/1.1" 200 89284 "-" "Mozilla/5.0 (compatible; AhrefsBot/7.0; +http://ahrefs.com/robot/)" "nacaomestica.org"
51.222.253.14 - - [27/Dec/2022:22:20:44 -0800] "GET /blog4/wp-trackback.php?p=25648 HTTP/1.1" 302 - "-" "Mozilla/5.0 (compatible; AhrefsBot/7.0; +http://ahrefs.com/robot/)" "nacaomestica.org"
104.211.53.213 - - [27/Dec/2022:22:20:44 -0800] "GET /blog4/?p=30980 HTTP/1.1" 200 74685 "-" "Mozilla/5.0 (Linux; Android 7.0; SM-G930V Build/NRD90M) AppleWebKit/537.36 (KHTML, like Gecko) Chrome/59.0.3071.125 Mobile Safari/537.36" "nacaomestica.org"
114.119.131.52 - - [27/Dec/2022:22:20:45 -0800] "GET /blog4/wp-trackback.php?p=21478 HTTP/1.1" 302 - "https://nacaomestica.org/blog4/wp-trackback.php?p=21478" "Mozilla/5.0 (Linux; Android 7.0;) AppleWebKit/537.36 (KHTML, like Gecko) Mobile Safari/537.36 (compatible; PetalBot;+https://webmaster.petalsearch.com/site/petalbot)" "nacaomestica.org"
114.119.131.52 - - [27/Dec/2022:22:20:58 -0800] "GET /blog4/?p=21478 HTTP/1.1" 200 76564 "https://nacaomestica.org/blog4/wp-trackback.php?p=21478" "Mozilla/5.0 (Linux; Android 7.0;) AppleWebKit/537.36 (KHTML, like Gecko) Mobile Safari/537.36 (compatible; PetalBot;+https://webmaster.petalsearch.com/site/petalbot)" "nacaomestica.org"
104.211.53.213 - - [27/Dec/2022:22:21:08 -0800] "GET /blog4/?tag=anti-cristianismo HTTP/1.1" 200 75919 "-" "Mozilla/5.0 (Linux; Android 7.0; SM-G930V Build/NRD90M) AppleWebKit/537.36 (KHTML, like Gecko) Chrome/59.0.3071.125 Mobile Safari/537.36" "nacaomestica.org"
104.211.53.213 - - [27/Dec/2022:22:21:13 -0800] "GET /blog4/?cat=131 HTTP/1.1" 200 94090 "-" "Mozilla/5.0 (Linux; Android 7.0; SM-G930V Build/NRD90M) AppleWebKit/537.36 (KHTML, like Gecko) Chrome/59.0.3071.125 Mobile Safari/537.36" "nacaomestica.org"
104.211.53.213 - - [27/Dec/2022:22:21:15 -0800] "GET /blog4/?cat=125 HTTP/1.1" 200 69776 "-" "Mozilla/5.0 (Linux; Android 7.0; SM-G930V Build/NRD90M) AppleWebKit/537.36 (KHTML, like Gecko) Chrome/59.0.3071.125 Mobile Safari/537.36" "nacaomestica.org"
104.211.53.213 - - [27/Dec/2022:22:21:21 -0800] "GET /blog4/?tag=charge HTTP/1.1" 200 86687 "-" "Mozilla/5.0 (Linux; Android 7.0; SM-G930V Build/NRD90M) AppleWebKit/537.36 (KHTML, like Gecko) Chrome/59.0.3071.125 Mobile Safari/537.36" "nacaomestica.org"
104.211.53.213 - - [27/Dec/2022:22:21:26 -0800] "GET /blog4/?tag=bantustao HTTP/1.1" 200 96665 "-" "Mozilla/5.0 (Linux; Android 7.0; SM-G930V Build/NRD90M) AppleWebKit/537.36 (KHTML, like Gecko) Chrome/59.0.3071.125 Mobile Safari/537.36" "nacaomestica.org"
104.211.53.213 - - [27/Dec/2022:22:21:26 -0800] "GET /blog4/?cat=128 HTTP/1.1" 200 96432 "-" "Mozilla/5.0 (Linux; Android 7.0; SM-G930V Build/NRD90M) AppleWebKit/537.36 (KHTML, like Gecko) Chrome/59.0.3071.125 Mobile Safari/537.36" "nacaomestica.org"
104.211.53.213 - - [27/Dec/2022:22:21:47 -0800] "GET /blog4/?tag=mesticagem-miscigenacao HTTP/1.1" 200 78972 "-" "Mozilla/5.0 (Linux; Android 7.0; SM-G930V Build/NRD90M) AppleWebKit/537.36 (KHTML, like Gecko) Chrome/59.0.3071.125 Mobile Safari/537.36" "nacaomestica.org"
104.211.53.213 - - [27/Dec/2022:22:21:51 -0800] "GET /blog4/?tag=direitos-originarios HTTP/1.1" 200 82684 "-" "Mozilla/5.0 (Linux; Android 7.0; SM-G930V Build/NRD90M) AppleWebKit/537.36 (KHTML, like Gecko) Chrome/59.0.3071.125 Mobile Safari/537.36" "nacaomestica.org"
51.222.253.15 - - [27/Dec/2022:22:22:06 -0800] "GET /blog4/wp-trackback.php?p=5862 HTTP/1.1" 302 - "-" "Mozilla/5.0 (compatible; AhrefsBot/7.0; +http://ahrefs.com/robot/)" "nacaomestica.org"
114.119.137.64 - - [27/Dec/2022:22:22:09 -0800] "GET /blog4/wp-content/uploads/2017/02/Decreto-n%C2%BA-659-de-12-de-Agosto-de-1890-Publica%C3%A7%C3%A3o-Original-Portal-C%C3%A2mara-dos-Deputados.pdf HTTP/1.1" 200 100283 "https://nacaomestica.org/blog4/wp-content/uploads/2017/02/" "Mozilla/5.0 (Linux; Android 7.0;) AppleWebKit/537.36 (KHTML, like Gecko) Mobile Safari/537.36 (compatible; PetalBot;+https://webmaster.petalsearch.com/site/petalbot)" "nacaomestica.org"
10.213.116.68 - - [27/Dec/2022:22:22:07 -0800] "POST /blog4/wp-cron.php?doing_wp_cron=1672208527.7454419136047363281250 HTTP/1.1" 200 - "https://nacaomestica.org/blog4/wp-cron.php?doing_wp_cron=1672208527.7454419136047363281250" "WordPress/5.6.10; https://nacaomestica.org/blog4" "nacaomestica.org"
104.211.53.213 - - [27/Dec/2022:22:22:09 -0800] "GET /blog4/?cat=262 HTTP/1.1" 200 67828 "-" "Mozilla/5.0 (Linux; Android 7.0; SM-G930V Build/NRD90M) AppleWebKit/537.36 (KHTML, like Gecko) Chrome/59.0.3071.125 Mobile Safari/537.36" "nacaomestica.org"
104.211.53.213 - - [27/Dec/2022:22:22:10 -0800] "GET /blog4/?cat=181 HTTP/1.1" 200 78489 "-" "Mozilla/5.0 (Linux; Android 7.0; SM-G930V Build/NRD90M) AppleWebKit/537.36 (KHTML, like Gecko) Chrome/59.0.3071.125 Mobile Safari/537.36" "nacaomestica.org"
104.211.53.213 - - [27/Dec/2022:22:22:10 -0800] "GET /blog4/?cat=245 HTTP/1.1" 200 82244 "-" "Mozilla/5.0 (Linux; Android 7.0; SM-G930V Build/NRD90M) AppleWebKit/537.36 (KHTML, like Gecko) Chrome/59.0.3071.125 Mobile Safari/537.36" "nacaomestica.org"
104.211.53.213 - - [27/Dec/2022:22:22:10 -0800] "GET /blog4/?cat=219 HTTP/1.1" 200 94829 "-" "Mozilla/5.0 (Linux; Android 7.0; SM-G930V Build/NRD90M) AppleWebKit/537.36 (KHTML, like Gecko) Chrome/59.0.3071.125 Mobile Safari/537.36" "nacaomestica.org"
104.211.53.213 - - [27/Dec/2022:22:22:20 -0800] "GET /blog4/?p=30970 HTTP/1.1" 200 75914 "-" "Mozilla/5.0 (Linux; Android 7.0; SM-G930V Build/NRD90M) AppleWebKit/537.36 (KHTML, like Gecko) Chrome/59.0.3071.125 Mobile Safari/537.36" "nacaomestica.org"
104.211.53.213 - - [27/Dec/2022:22:22:20 -0800] "GET /blog4/?tag=mesticofobia HTTP/1.1" 200 98594 "-" "Mozilla/5.0 (Linux; Android 7.0; SM-G930V Build/NRD90M) AppleWebKit/537.36 (KHTML, like Gecko) Chrome/59.0.3071.125 Mobile Safari/537.36" "nacaomestica.org"
104.211.53.213 - - [27/Dec/2022:22:22:21 -0800] "GET /blog4/?cat=217 HTTP/1.1" 200 74984 "-" "Mozilla/5.0 (Linux; Android 7.0; SM-G930V Build/NRD90M) AppleWebKit/537.36 (KHTML, like Gecko) Chrome/59.0.3071.125 Mobile Safari/537.36" "nacaomestica.org"
104.211.53.213 - - [27/Dec/2022:22:22:28 -0800] "GET /blog4/?cat=69 HTTP/1.1" 200 94538 "-" "Mozilla/5.0 (Linux; Android 7.0; SM-G930V Build/NRD90M) AppleWebKit/537.36 (KHTML, like Gecko) Chrome/59.0.3071.125 Mobile Safari/537.36" "nacaomestica.org"
104.211.53.213 - - [27/Dec/2022:22:22:33 -0800] "GET /blog4/?cat=29 HTTP/1.1" 200 70522 "-" "Mozilla/5.0 (Linux; Android 7.0; SM-G930V Build/NRD90M) AppleWebKit/537.36 (KHTML, like Gecko) Chrome/59.0.3071.125 Mobile Safari/537.36" "nacaomestica.org"
104.211.53.213 - - [27/Dec/2022:22:22:32 -0800] "GET /blog4/?p=23346 HTTP/1.1" 200 90887 "-" "Mozilla/5.0 (Linux; Android 7.0; SM-G930V Build/NRD90M) AppleWebKit/537.36 (KHTML, like Gecko) Chrome/59.0.3071.125 Mobile Safari/537.36" "nacaomestica.org"
104.211.53.213 - - [27/Dec/2022:22:22:44 -0800] "GET /blog4/?tag=cotas HTTP/1.1" 200 92777 "-" "Mozilla/5.0 (Linux; Android 7.0; SM-G930V Build/NRD90M) AppleWebKit/537.36 (KHTML, like Gecko) Chrome/59.0.3071.125 Mobile Safari/537.36" "nacaomestica.org"
104.211.53.213 - - [27/Dec/2022:22:22:45 -0800] "GET / HTTP/1.1" 200 92878 "-" "Mozilla/5.0 (Linux; Android 7.0; SM-G930V Build/NRD90M) AppleWebKit/537.36 (KHTML, like Gecko) Chrome/59.0.3071.125 Mobile Safari/537.36" "nacaomestica.org"
114.119.134.89 - - [27/Dec/2022:22:23:17 -0800] "GET /blog4?fb_comment_id=1229390723812229_1229391603812141&paged=37 HTTP/1.1" 301 1456 "https://nacaomestica.org/blog4?fb_comment_id=1229390723812229_1229391603812141&paged=38" "Mozilla/5.0 (Linux; Android 7.0;) AppleWebKit/537.36 (KHTML, like Gecko) Mobile Safari/537.36 (compatible; PetalBot;+https://webmaster.petalsearch.com/site/petalbot)" "nacaomestica.org"
114.119.134.89 - - [27/Dec/2022:22:23:36 -0800] "GET /blog4/?fb_comment_id=1229390723812229_1229391603812141&paged=37 HTTP/1.1" 200 89986 "https://nacaomestica.org/blog4?fb_comment_id=1229390723812229_1229391603812141&paged=38" "Mozilla/5.0 (Linux; Android 7.0;) AppleWebKit/537.36 (KHTML, like Gecko) Mobile Safari/537.36 (compatible; PetalBot;+https://webmaster.petalsearch.com/site/petalbot)" "nacaomestica.org"
114.119.153.121 - - [27/Dec/2022:22:24:58 -0800] "GET /blog4/?feed=rss2&p=30877 HTTP/1.1" 200 1348 "https://nacaomestica.org/blog4/?p=30877" "Mozilla/5.0 (Linux; Android 7.0;) AppleWebKit/537.36 (KHTML, like Gecko) Mobile Safari/537.36 (compatible; PetalBot;+https://webmaster.petalsearch.com/site/petalbot)" "nacaomestica.org"
10.213.116.68 - - [27/Dec/2022:22:25:00 -0800] "POST /blog4/wp-cron.php?doing_wp_cron=1672208700.4413440227508544921875 HTTP/1.1" 200 - "https://nacaomestica.org/blog4/wp-cron.php?doing_wp_cron=1672208700.4413440227508544921875" "WordPress/5.6.10; https://nacaomestica.org/blog4" "nacaomestica.org"
17.241.75.59 - - [27/Dec/2022:22:26:05 -0800] "GET /blog4/?p=2298 HTTP/1.1" 200 76938 "-" "Mozilla/5.0 (Macintosh; Intel Mac OS X 10_15_5) AppleWebKit/605.1.15 (KHTML, like Gecko) Version/13.1.1 Safari/605.1.15 (Applebot/0.1; +http://www.apple.com/go/applebot)" "nacaomestica.org"
114.119.155.149 - - [27/Dec/2022:22:26:18 -0800] "GET /blog4?p=25790 HTTP/1.1" 301 1418 "https://nacaomestica.org/blog4/?p=25783" "Mozilla/5.0 (Linux; Android 7.0;) AppleWebKit/537.36 (KHTML, like Gecko) Mobile Safari/537.36 (compatible; PetalBot;+https://webmaster.petalsearch.com/site/petalbot)" "nacaomestica.org"
114.119.155.149 - - [27/Dec/2022:22:26:28 -0800] "GET /blog4/?p=25790 HTTP/1.1" 200 74629 "https://nacaomestica.org/blog4/?p=25783" "Mozilla/5.0 (Linux; Android 7.0;) AppleWebKit/537.36 (KHTML, like Gecko) Mobile Safari/537.36 (compatible; PetalBot;+https://webmaster.petalsearch.com/site/petalbot)" "nacaomestica.org"
114.119.167.18 - - [27/Dec/2022:22:27:43 -0800] "GET /blog4?p=1808 HTTP/1.1" 301 1416 "https://nacaomestica.org/blog4?p=1813" "Mozilla/5.0 (Linux; Android 7.0;) AppleWebKit/537.36 (KHTML, like Gecko) Mobile Safari/537.36 (compatible; PetalBot;+https://webmaster.petalsearch.com/site/petalbot)" "nacaomestica.org"
10.213.116.69 - - [27/Dec/2022:22:28:00 -0800] "POST /blog4/wp-cron.php?doing_wp_cron=1672208880.6829020977020263671875 HTTP/1.1" 200 - "https://nacaomestica.org/blog4/wp-cron.php?doing_wp_cron=1672208880.6829020977020263671875" "WordPress/5.6.10; https://nacaomestica.org/blog4" "nacaomestica.org"
114.119.167.18 - - [27/Dec/2022:22:27:58 -0800] "GET /blog4/?p=1808 HTTP/1.1" 200 79807 "https://nacaomestica.org/blog4?p=1813" "Mozilla/5.0 (Linux; Android 7.0;) AppleWebKit/537.36 (KHTML, like Gecko) Mobile Safari/537.36 (compatible; PetalBot;+https://webmaster.petalsearch.com/site/petalbot)" "nacaomestica.org"
114.119.148.37 - - [27/Dec/2022:22:28:57 -0800] "GET /blog4/?feed=rss2&p=26041 HTTP/1.1" 200 834 "https://nacaomestica.org/blog4/?p=26041" "Mozilla/5.0 (Linux; Android 7.0;) AppleWebKit/537.36 (KHTML, like Gecko) Mobile Safari/537.36 (compatible; PetalBot;+https://webmaster.petalsearch.com/site/petalbot)" "nacaomestica.org"
114.119.151.14 - - [27/Dec/2022:22:29:38 -0800] "GET /blog4/?attachment_id=14090 HTTP/1.1" 301 - "-" "Mozilla/5.0 (Linux; Android 7.0;) AppleWebKit/537.36 (KHTML, like Gecko) Mobile Safari/537.36 (compatible; PetalBot;+https://webmaster.petalsearch.com/site/petalbot)" "nacaomestica.org"
114.119.151.14 - - [27/Dec/2022:22:29:41 -0800] "GET /blog4/wp-content/uploads/2015/04/AINDA-N%C3%83O-ENTENDEU-MESTI%C3%87O04.png HTTP/1.1" 200 1577670 "-" "Mozilla/5.0 (Linux; Android 7.0;) AppleWebKit/537.36 (KHTML, like Gecko) Mobile Safari/537.36 (compatible; PetalBot;+https://webmaster.petalsearch.com/site/petalbot)" "nacaomestica.org"
10.213.116.68 - - [27/Dec/2022:22:33:01 -0800] "POST /blog4/wp-cron.php?doing_wp_cron=1672209181.2478840351104736328125 HTTP/1.1" 200 - "https://nacaomestica.org/blog4/wp-cron.php?doing_wp_cron=1672209181.2478840351104736328125" "WordPress/5.6.10; https://nacaomestica.org/blog4" "nacaomestica.org"
152.89.196.13 - - [27/Dec/2022:22:35:29 -0800] "POST /?up-time=eval(base64_decode(ZXZhbCgkX1JFUVVFU1RbJ2NvZGUnXSk7))%3B HTTP/1.1" 403 2765 "-" "Mozilla/5.0 (Windows NT 10.0; Win64; x64) AppleWebKit/537.36 (KHTML, like Gecko) Chrome/74.0.3729.157 Safari/537.36" "nacaomestica.org"
173.252.107.6 - - [27/Dec/2022:22:35:53 -0800] "GET /blog4/wp-content/uploads/2018/02/620x349.jpg HTTP/1.1" 200 70678 "-" "facebookexternalhit/1.1 (+http://www.facebook.com/externalhit_uatext.php)" "nacaomestica.org"
17.241.219.111 - - [27/Dec/2022:22:37:01 -0800] "GET /blog4/?p=10900 HTTP/1.1" 200 86875 "-" "Mozilla/5.0 (Macintosh; Intel Mac OS X 10_15_5) AppleWebKit/605.1.15 (KHTML, like Gecko) Version/13.1.1 Safari/605.1.15 (Applebot/0.1; +http://www.apple.com/go/applebot)" "nacaomestica.org"
10.213.116.70 - - [27/Dec/2022:22:37:03 -0800] "POST /blog4/wp-cron.php?doing_wp_cron=1672209423.8290820121765136718750 HTTP/1.1" 200 - "https://nacaomestica.org/blog4/wp-cron.php?doing_wp_cron=1672209423.8290820121765136718750" "WordPress/5.6.10; https://nacaomestica.org/blog4" "nacaomestica.org"
168.138.135.145 - - [27/Dec/2022:22:37:11 -0800] "GET /blog4/?feed=rss2 HTTP/1.1" 200 14241 "-" "Mozilla/5.0 (Macintosh; I; Intel Mac OS X 11_7_9; de-LI; rv:1.9b4) Gecko/2012010317 Firefox/10.0a4" "nacaomestica.org"
168.138.230.76 - - [27/Dec/2022:22:37:15 -0800] "GET / HTTP/1.1" 200 92878 "-" "facebookexternalhit/1.1 (+http://www.facebook.com/externalhit_uatext.php)" "nacaomestica.org"
66.249.68.84 - - [27/Dec/2022:22:38:25 -0800] "GET /blog4/wp-content/uploads/2019/09/GARIMPEIRO-768x432.png HTTP/1.1" 304 - "-" "Googlebot-Image/1.0" "nacaomestica.org"
114.119.138.65 - - [27/Dec/2022:22:40:00 -0800] "GET /racism_against_mestizos.htm HTTP/1.1" 200 4369 "https://nacaomestica.org/hemero_060623_060706_noticia_do_amazonas_pt.htm" "Mozilla/5.0 (Linux; Android 7.0;) AppleWebKit/537.36 (KHTML, like Gecko) Mobile Safari/537.36 (compatible; PetalBot;+https://webmaster.petalsearch.com/site/petalbot)" "nacaomestica.org"
17.241.219.119 - - [27/Dec/2022:22:41:02 -0800] "GET /blog4/?feed=rss2&p=25831 HTTP/1.1" 200 8730 "-" "Mozilla/5.0 (Macintosh; Intel Mac OS X 10_15_5) AppleWebKit/605.1.15 (KHTML, like Gecko) Version/13.1.1 Safari/605.1.15 (Applebot/0.1; +http://www.apple.com/go/applebot)" "nacaomestica.org"
10.213.116.70 - - [27/Dec/2022:22:41:04 -0800] "POST /blog4/wp-cron.php?doing_wp_cron=1672209664.8057579994201660156250 HTTP/1.1" 200 - "https://nacaomestica.org/blog4/wp-cron.php?doing_wp_cron=1672209664.8057579994201660156250" "WordPress/5.6.10; https://nacaomestica.org/blog4" "nacaomestica.org"
114.119.162.58 - - [27/Dec/2022:22:41:29 -0800] "GET /blog4?p=8326 HTTP/1.1" 301 1417 "https://nacaomestica.org/blog4?p=8330" "Mozilla/5.0 (Linux; Android 7.0;) AppleWebKit/537.36 (KHTML, like Gecko) Mobile Safari/537.36 (compatible; PetalBot;+https://webmaster.petalsearch.com/site/petalbot)" "nacaomestica.org"
114.119.162.58 - - [27/Dec/2022:22:41:37 -0800] "GET /blog4/?p=8326 HTTP/1.1" 200 94515 "https://nacaomestica.org/blog4?p=8330" "Mozilla/5.0 (Linux; Android 7.0;) AppleWebKit/537.36 (KHTML, like Gecko) Mobile Safari/537.36 (compatible; PetalBot;+https://webmaster.petalsearch.com/site/petalbot)" "nacaomestica.org"
114.119.136.160 - - [27/Dec/2022:22:42:55 -0800] "GET /blog4/?feed=rss2&p=7037 HTTP/1.1" 200 810 "https://nacaomestica.org/blog4/?p=7037" "Mozilla/5.0 (Linux; Android 7.0;) AppleWebKit/537.36 (KHTML, like Gecko) Mobile Safari/537.36 (compatible; PetalBot;+https://webmaster.petalsearch.com/site/petalbot)" "nacaomestica.org"
51.222.253.7 - - [27/Dec/2022:22:43:00 -0800] "GET /blog4/?attachment_id=20132 HTTP/1.1" 301 - "-" "Mozilla/5.0 (compatible; AhrefsBot/7.0; +http://ahrefs.com/robot/)" "nacaomestica.org"
114.119.130.26 - - [27/Dec/2022:22:44:02 -0800] "GET /blog4?feed=rss2&p=22284 HTTP/1.1" 301 1430 "https://nacaomestica.org/blog4/wp-trackback.php?p=22284" "Mozilla/5.0 (Linux; Android 7.0;) AppleWebKit/537.36 (KHTML, like Gecko) Mobile Safari/537.36 (compatible; PetalBot;+https://webmaster.petalsearch.com/site/petalbot)" "nacaomestica.org"
114.119.130.26 - - [27/Dec/2022:22:44:13 -0800] "GET /blog4/?feed=rss2&p=22284 HTTP/1.1" 200 770 "https://nacaomestica.org/blog4/wp-trackback.php?p=22284" "Mozilla/5.0 (Linux; Android 7.0;) AppleWebKit/537.36 (KHTML, like Gecko) Mobile Safari/537.36 (compatible; PetalBot;+https://webmaster.petalsearch.com/site/petalbot)" "nacaomestica.org"
10.213.116.70 - - [27/Dec/2022:22:44:15 -0800] "POST /blog4/wp-cron.php?doing_wp_cron=1672209855.7471089363098144531250 HTTP/1.1" 200 - "https://nacaomestica.org/blog4/wp-cron.php?doing_wp_cron=1672209855.7471089363098144531250" "WordPress/5.6.10; https://nacaomestica.org/blog4" "nacaomestica.org"
114.119.150.239 - - [27/Dec/2022:22:45:44 -0800] "GET /blog4/?feed=rss2&p=29907 HTTP/1.1" 200 4387 "https://nacaomestica.org/blog4/wp-trackback.php?p=29907" "Mozilla/5.0 (Linux; Android 7.0;) AppleWebKit/537.36 (KHTML, like Gecko) Mobile Safari/537.36 (compatible; PetalBot;+https://webmaster.petalsearch.com/site/petalbot)" "nacaomestica.org"
114.119.148.88 - - [27/Dec/2022:22:46:47 -0800] "GET /blog4?fb_comment_id=744046349041217_985074814938368&paged=58 HTTP/1.1" 301 1462 "https://nacaomestica.org/blog4?fb_comment_id=744046349041217_985074814938368&paged=57" "Mozilla/5.0 (Linux; Android 7.0;) AppleWebKit/537.36 (KHTML, like Gecko) Mobile Safari/537.36 (compatible; PetalBot;+https://webmaster.petalsearch.com/site/petalbot)" "nacaomestica.org"
10.213.116.68 - - [27/Dec/2022:22:46:59 -0800] "POST /blog4/wp-cron.php?doing_wp_cron=1672210019.3170659542083740234375 HTTP/1.1" 200 - "https://nacaomestica.org/blog4/wp-cron.php?doing_wp_cron=1672210019.3170659542083740234375" "WordPress/5.6.10; https://nacaomestica.org/blog4" "nacaomestica.org"
114.119.148.88 - - [27/Dec/2022:22:46:57 -0800] "GET /blog4/?fb_comment_id=744046349041217_985074814938368&paged=58 HTTP/1.1" 200 89566 "https://nacaomestica.org/blog4?fb_comment_id=744046349041217_985074814938368&paged=57" "Mozilla/5.0 (Linux; Android 7.0;) AppleWebKit/537.36 (KHTML, like Gecko) Mobile Safari/537.36 (compatible; PetalBot;+https://webmaster.petalsearch.com/site/petalbot)" "nacaomestica.org"
5.253.19.24 - - [27/Dec/2022:22:47:07 -0800] "GET /blog4/?p=10580 HTTP/1.1" 200 92785 "-" "Mozilla/5.0 (Macintosh; Intel Mac OS X 12_5) AppleWebKit/537.36 (KHTML, like Gecko) Chrome/103.0.0.0 Safari/537.36 OPR/89.0.4447.51" "nacaomestica.org"
51.222.253.2 - - [27/Dec/2022:22:48:36 -0800] "GET /blog4/wp-trackback.php?p=17921 HTTP/1.1" 302 - "-" "Mozilla/5.0 (compatible; AhrefsBot/7.0; +http://ahrefs.com/robot/)" "nacaomestica.org"
40.77.167.13 - - [27/Dec/2022:22:49:25 -0800] "GET / HTTP/1.1" 301 - "-" "Mozilla/5.0 (compatible; bingbot/2.0; +http://www.bing.com/bingbot.htm)" "www.nacaomestica.org"
10.213.116.68 - - [27/Dec/2022:22:49:26 -0800] "POST /blog4/wp-cron.php?doing_wp_cron=1672210166.6268529891967773437500 HTTP/1.1" 200 - "https://nacaomestica.org/blog4/wp-cron.php?doing_wp_cron=1672210166.6268529891967773437500" "WordPress/5.6.10; https://nacaomestica.org/blog4" "nacaomestica.org"
114.119.131.123 - - [27/Dec/2022:22:49:47 -0800] "GET /blog4/?feed=rss2&p=22307 HTTP/1.1" 200 806 "https://nacaomestica.org/blog4/wp-trackback.php?p=22307" "Mozilla/5.0 (Linux; Android 7.0;) AppleWebKit/537.36 (KHTML, like Gecko) Mobile Safari/537.36 (compatible; PetalBot;+https://webmaster.petalsearch.com/site/petalbot)" "nacaomestica.org"
73.128.100.31 - - [27/Dec/2022:22:50:04 -0800] "GET /blog4/wp-content/uploads/2018/11/5406-o-mosaico-que-e-o-brasil-mesticagem-ou-racismo.jpg HTTP/1.1" 200 96352 "https://www.google.com/" "Mozilla/5.0 (Macintosh; Intel Mac OS X 10_15_7) AppleWebKit/537.36 (KHTML, like Gecko) Chrome/107.0.0.0 Safari/537.36" "nacaomestica.org"
20.124.25.29 - - [27/Dec/2022:22:51:10 -0800] "GET /blog4/?cat=136 HTTP/1.1" 200 68286 "-" "Mozilla/5.0 (Linux; Android 7.0; SM-G930V Build/NRD90M) AppleWebKit/537.36 (KHTML, like Gecko) Chrome/59.0.3071.125 Mobile Safari/537.36" "nacaomestica.org"
51.222.253.5 - - [27/Dec/2022:22:51:13 -0800] "GET /blog4/wp-trackback.php?p=8816 HTTP/1.1" 302 - "-" "Mozilla/5.0 (compatible; AhrefsBot/7.0; +http://ahrefs.com/robot/)" "nacaomestica.org"
10.213.116.70 - - [27/Dec/2022:22:51:37 -0800] "POST /blog4/wp-cron.php?doing_wp_cron=1672210297.8102209568023681640625 HTTP/1.1" 200 - "https://nacaomestica.org/blog4/wp-cron.php?doing_wp_cron=1672210297.8102209568023681640625" "WordPress/5.6.10; https://nacaomestica.org/blog4" "nacaomestica.org"
20.124.25.29 - - [27/Dec/2022:22:51:35 -0800] "GET /blog4/?tag=separatismo HTTP/1.1" 200 82714 "-" "Mozilla/5.0 (Linux; Android 7.0; SM-G930V Build/NRD90M) AppleWebKit/537.36 (KHTML, like Gecko) Chrome/59.0.3071.125 Mobile Safari/537.36" "nacaomestica.org"
20.124.25.29 - - [27/Dec/2022:22:51:37 -0800] "GET /blog4/?tag=globalismo HTTP/1.1" 200 80366 "-" "Mozilla/5.0 (Linux; Android 7.0; SM-G930V Build/NRD90M) AppleWebKit/537.36 (KHTML, like Gecko) Chrome/59.0.3071.125 Mobile Safari/537.36" "nacaomestica.org"
17.241.227.229 - - [27/Dec/2022:22:51:51 -0800] "GET /cotas_militao.htm HTTP/1.1" 200 5151 "-" "Mozilla/5.0 (Macintosh; Intel Mac OS X 10_15_5) AppleWebKit/605.1.15 (KHTML, like Gecko) Version/13.1.1 Safari/605.1.15 (Applebot/0.1; +http://www.apple.com/go/applebot)" "www.nacaomestica.org"
177.105.85.249 - - [27/Dec/2022:22:52:12 -0800] "GET /blog4/wp-content/uploads/2016/02/pardo_preto1.png HTTP/1.1" 200 331753 "https://www.google.com/" "Mozilla/5.0 (Linux; Android 12; SM-A135M Build/SP1A.210812.016; wv) AppleWebKit/537.36 (KHTML, like Gecko) Version/4.0 Chrome/108.0.5359.128 Mobile Safari/537.36 GoogleApp/13.48.11.26.arm" "nacaomestica.org"
20.124.25.29 - - [27/Dec/2022:22:52:34 -0800] "GET /blog4/?cat=106 HTTP/1.1" 200 81078 "-" "Mozilla/5.0 (Linux; Android 7.0; SM-G930V Build/NRD90M) AppleWebKit/537.36 (KHTML, like Gecko) Chrome/59.0.3071.125 Mobile Safari/537.36" "nacaomestica.org"
20.124.25.29 - - [27/Dec/2022:22:53:26 -0800] "GET /blog4/?tag=dia-do-mestico HTTP/1.1" 200 82715 "-" "Mozilla/5.0 (Linux; Android 7.0; SM-G930V Build/NRD90M) AppleWebKit/537.36 (KHTML, like Gecko) Chrome/59.0.3071.125 Mobile Safari/537.36" "nacaomestica.org"
20.124.25.29 - - [27/Dec/2022:22:53:33 -0800] "GET /blog4/?cat=60 HTTP/1.1" 200 93045 "-" "Mozilla/5.0 (Linux; Android 7.0; SM-G930V Build/NRD90M) AppleWebKit/537.36 (KHTML, like Gecko) Chrome/59.0.3071.125 Mobile Safari/537.36" "nacaomestica.org"
10.213.116.68 - - [27/Dec/2022:22:53:47 -0800] "POST /blog4/wp-cron.php?doing_wp_cron=1672210427.0147221088409423828125 HTTP/1.1" 200 - "https://nacaomestica.org/blog4/wp-cron.php?doing_wp_cron=1672210427.0147221088409423828125" "WordPress/5.6.10; https://nacaomestica.org/blog4" "nacaomestica.org"
17.241.219.20 - - [27/Dec/2022:22:53:45 -0800] "GET /blog4/?p=18563 HTTP/1.1" 200 73962 "-" "Mozilla/5.0 (Macintosh; Intel Mac OS X 10_15_5) AppleWebKit/605.1.15 (KHTML, like Gecko) Version/13.1.1 Safari/605.1.15 (Applebot/0.1; +http://www.apple.com/go/applebot)" "nacaomestica.org"
51.222.253.2 - - [27/Dec/2022:22:53:53 -0800] "GET /blog4/?p=5397 HTTP/1.1" 301 - "-" "Mozilla/5.0 (compatible; AhrefsBot/7.0; +http://ahrefs.com/robot/)" "www.nacaomestica.org"
20.124.25.29 - - [27/Dec/2022:22:53:53 -0800] "GET /blog4/?tag=censura HTTP/1.1" 200 79021 "-" "Mozilla/5.0 (Linux; Android 7.0; SM-G930V Build/NRD90M) AppleWebKit/537.36 (KHTML, like Gecko) Chrome/59.0.3071.125 Mobile Safari/537.36" "nacaomestica.org"
20.124.25.29 - - [27/Dec/2022:22:53:54 -0800] "GET /blog4/?tag=acoes-afirmativas HTTP/1.1" 200 83077 "-" "Mozilla/5.0 (Linux; Android 7.0; SM-G930V Build/NRD90M) AppleWebKit/537.36 (KHTML, like Gecko) Chrome/59.0.3071.125 Mobile Safari/537.36" "nacaomestica.org"
17.241.227.35 - - [27/Dec/2022:22:54:40 -0800] "GET /blog4/?p=182 HTTP/1.1" 200 78040 "-" "Mozilla/5.0 (Macintosh; Intel Mac OS X 10_15_5) AppleWebKit/605.1.15 (KHTML, like Gecko) Version/13.1.1 Safari/605.1.15 (Applebot/0.1; +http://www.apple.com/go/applebot)" "nacaomestica.org"
20.124.25.29 - - [27/Dec/2022:22:54:42 -0800] "GET /blog4/?cat=267 HTTP/1.1" 200 70015 "-" "Mozilla/5.0 (Linux; Android 7.0; SM-G930V Build/NRD90M) AppleWebKit/537.36 (KHTML, like Gecko) Chrome/59.0.3071.125 Mobile Safari/537.36" "nacaomestica.org"
114.119.134.80 - - [27/Dec/2022:22:54:47 -0800] "GET /blog4?p_=%2B874&paged=84 HTTP/1.1" 301 1432 "https://nacaomestica.org/blog4?p_=%2B874&paged=83" "Mozilla/5.0 (Linux; Android 7.0;) AppleWebKit/537.36 (KHTML, like Gecko) Mobile Safari/537.36 (compatible; PetalBot;+https://webmaster.petalsearch.com/site/petalbot)" "nacaomestica.org"
20.124.25.29 - - [27/Dec/2022:22:54:54 -0800] "GET /blog4/?tag=racism HTTP/1.1" 200 87320 "-" "Mozilla/5.0 (Linux; Android 7.0; SM-G930V Build/NRD90M) AppleWebKit/537.36 (KHTML, like Gecko) Chrome/59.0.3071.125 Mobile Safari/537.36" "nacaomestica.org"
114.119.134.80 - - [27/Dec/2022:22:55:05 -0800] "GET /blog4/?p_=%2B874&paged=84 HTTP/1.1" 200 103911 "https://nacaomestica.org/blog4?p_=%2B874&paged=83" "Mozilla/5.0 (Linux; Android 7.0;) AppleWebKit/537.36 (KHTML, like Gecko) Mobile Safari/537.36 (compatible; PetalBot;+https://webmaster.petalsearch.com/site/petalbot)" "nacaomestica.org"
20.124.25.29 - - [27/Dec/2022:22:55:06 -0800] "GET /blog4/?cat=223 HTTP/1.1" 200 95119 "-" "Mozilla/5.0 (Linux; Android 7.0; SM-G930V Build/NRD90M) AppleWebKit/537.36 (KHTML, like Gecko) Chrome/59.0.3071.125 Mobile Safari/537.36" "nacaomestica.org"
20.124.25.29 - - [27/Dec/2022:22:55:12 -0800] "GET /blog4/?p=20922 HTTP/1.1" 200 88035 "-" "Mozilla/5.0 (Linux; Android 7.0; SM-G930V Build/NRD90M) AppleWebKit/537.36 (KHTML, like Gecko) Chrome/59.0.3071.125 Mobile Safari/537.36" "nacaomestica.org"
20.124.25.29 - - [27/Dec/2022:22:55:19 -0800] "GET /blog4/?tag=branco HTTP/1.1" 200 96684 "-" "Mozilla/5.0 (Linux; Android 7.0; SM-G930V Build/NRD90M) AppleWebKit/537.36 (KHTML, like Gecko) Chrome/59.0.3071.125 Mobile Safari/537.36" "nacaomestica.org"
10.213.116.68 - - [27/Dec/2022:22:56:08 -0800] "POST /blog4/wp-cron.php?doing_wp_cron=1672210567.9679300785064697265625 HTTP/1.1" 200 - "https://nacaomestica.org/blog4/wp-cron.php?doing_wp_cron=1672210567.9679300785064697265625" "WordPress/5.6.10; https://nacaomestica.org/blog4" "nacaomestica.org"
17.241.227.121 - - [27/Dec/2022:22:56:05 -0800] "GET /blog4/?p=6911 HTTP/1.1" 200 79989 "-" "Mozilla/5.0 (Macintosh; Intel Mac OS X 10_15_5) AppleWebKit/605.1.15 (KHTML, like Gecko) Version/13.1.1 Safari/605.1.15 (Applebot/0.1; +http://www.apple.com/go/applebot)" "nacaomestica.org"
192.99.15.29 - - [27/Dec/2022:22:56:10 -0800] "GET /robots.txt HTTP/1.1" 200 43 "-" "Mozilla/5.0 (compatible; MJ12bot/v1.4.8; http://mj12bot.com/)" "nacaomestica.org"
192.99.15.29 - - [27/Dec/2022:22:56:12 -0800] "GET /blog4/?p=11310 HTTP/1.1" 200 82160 "-" "Mozilla/5.0 (compatible; MJ12bot/v1.4.8; http://mj12bot.com/)" "nacaomestica.org"
192.99.15.29 - - [27/Dec/2022:22:56:17 -0800] "GET /blog4/?p=3723 HTTP/1.1" 200 89457 "-" "Mozilla/5.0 (compatible; MJ12bot/v1.4.8; http://mj12bot.com/)" "nacaomestica.org"
20.124.25.29 - - [27/Dec/2022:22:56:18 -0800] "GET /blog4/?tag=indio HTTP/1.1" 200 100731 "-" "Mozilla/5.0 (Linux; Android 7.0; SM-G930V Build/NRD90M) AppleWebKit/537.36 (KHTML, like Gecko) Chrome/59.0.3071.125 Mobile Safari/537.36" "nacaomestica.org"
17.241.227.119 - - [27/Dec/2022:22:56:24 -0800] "GET /blog4/?p=29893 HTTP/1.1" 200 74211 "-" "Mozilla/5.0 (Macintosh; Intel Mac OS X 10_15_5) AppleWebKit/605.1.15 (KHTML, like Gecko) Version/13.1.1 Safari/605.1.15 (Applebot/0.1; +http://www.apple.com/go/applebot)" "nacaomestica.org"
20.124.25.29 - - [27/Dec/2022:22:56:28 -0800] "GET /blog4/?tag=english-texts HTTP/1.1" 200 93883 "-" "Mozilla/5.0 (Linux; Android 7.0; SM-G930V Build/NRD90M) AppleWebKit/537.36 (KHTML, like Gecko) Chrome/59.0.3071.125 Mobile Safari/537.36" "nacaomestica.org"
20.124.25.29 - - [27/Dec/2022:22:56:30 -0800] "GET /blog4/?cat=203 HTTP/1.1" 200 96535 "-" "Mozilla/5.0 (Linux; Android 7.0; SM-G930V Build/NRD90M) AppleWebKit/537.36 (KHTML, like Gecko) Chrome/59.0.3071.125 Mobile Safari/537.36" "nacaomestica.org"
