177.18.147.162 - - [07/Nov/2022:19:09:59 -0800] "GET /blog4/wp-content/themes/carrington-blog/carrington-core/lightbox/img/loadingAnimation.gif HTTP/1.1" 200 5886 "https://nacaomestica.org/blog4/?p=8456" "Mozilla/5.0 (Linux; Android 9; moto e6s) AppleWebKit/537.36 (KHTML, like Gecko) Chrome/107.0.0.0 Mobile Safari/537.36" "nacaomestica.org"
177.18.147.162 - - [07/Nov/2022:19:09:59 -0800] "GET /blog4/wp-content/uploads/2013/01/videoplayback-2.mp4?_=1 HTTP/1.1" 206 1455300 "https://nacaomestica.org/blog4/?p=8456" "Mozilla/5.0 (Linux; Android 9; moto e6s) AppleWebKit/537.36 (KHTML, like Gecko) Chrome/107.0.0.0 Mobile Safari/537.36" "nacaomestica.org"
177.18.147.162 - - [07/Nov/2022:19:10:06 -0800] "GET /favicon.ico HTTP/1.1" 200 676 "https://nacaomestica.org/blog4/?p=8456" "Mozilla/5.0 (Linux; Android 9; moto e6s) AppleWebKit/537.36 (KHTML, like Gecko) Chrome/107.0.0.0 Mobile Safari/537.36" "nacaomestica.org"
177.18.147.162 - - [07/Nov/2022:19:10:20 -0800] "GET /blog4/wp-content/uploads/2013/01/che_almeida.jpg HTTP/1.1" 200 13761 "https://nacaomestica.org/blog4/?p=8456" "Mozilla/5.0 (Linux; Android 9; moto e6s) AppleWebKit/537.36 (KHTML, like Gecko) Chrome/107.0.0.0 Mobile Safari/537.36" "nacaomestica.org"
114.119.139.86 - - [07/Nov/2022:19:10:34 -0800] "GET /blog4?p=2665 HTTP/1.1" 301 1417 "https://nacaomestica.org/blog4?p=2654" "Mozilla/5.0 (Linux; Android 7.0;) AppleWebKit/537.36 (KHTML, like Gecko) Mobile Safari/537.36 (compatible; PetalBot;+https://webmaster.petalsearch.com/site/petalbot)" "nacaomestica.org"
20.124.250.146 - - [07/Nov/2022:19:10:32 -0800] "GET /blog4/?p=23346 HTTP/1.1" 200 90602 "-" "Mozilla/5.0 (Linux; Android 7.0; SM-G930V Build/NRD90M) AppleWebKit/537.36 (KHTML, like Gecko) Chrome/59.0.3071.125 Mobile Safari/537.36" "nacaomestica.org"
20.124.250.146 - - [07/Nov/2022:19:10:39 -0800] "GET /blog4/?cat=29 HTTP/1.1" 200 70237 "-" "Mozilla/5.0 (Linux; Android 7.0; SM-G930V Build/NRD90M) AppleWebKit/537.36 (KHTML, like Gecko) Chrome/59.0.3071.125 Mobile Safari/537.36" "nacaomestica.org"
114.119.139.86 - - [07/Nov/2022:19:10:40 -0800] "GET /blog4/?p=2665 HTTP/1.1" 200 77292 "https://nacaomestica.org/blog4?p=2654" "Mozilla/5.0 (Linux; Android 7.0;) AppleWebKit/537.36 (KHTML, like Gecko) Mobile Safari/537.36 (compatible; PetalBot;+https://webmaster.petalsearch.com/site/petalbot)" "nacaomestica.org"
177.141.253.185 - - [07/Nov/2022:19:11:23 -0800] "GET /blog4/?p=8456 HTTP/1.1" 200 172662 "https://www.google.com.br/" "Mozilla/5.0 (Macintosh; Intel Mac OS X 10_15_6) AppleWebKit/605.1.15 (KHTML, like Gecko) Version/15.6.1 Safari/605.1.15" "nacaomestica.org"
177.141.253.185 - - [07/Nov/2022:19:11:27 -0800] "GET /blog4/wp-includes/js/jquery/jquery-migrate.min.js?ver=3.3.2 HTTP/1.1" 200 4169 "https://nacaomestica.org/blog4/?p=8456" "Mozilla/5.0 (Macintosh; Intel Mac OS X 10_15_6) AppleWebKit/605.1.15 (KHTML, like Gecko) Version/15.6.1 Safari/605.1.15" "nacaomestica.org"
177.141.253.185 - - [07/Nov/2022:19:11:27 -0800] "GET /blog4/wp-content/themes/carrington-blog/carrington-core/lightbox/thickbox.js?ver=1.0 HTTP/1.1" 200 3903 "https://nacaomestica.org/blog4/?p=8456" "Mozilla/5.0 (Macintosh; Intel Mac OS X 10_15_6) AppleWebKit/605.1.15 (KHTML, like Gecko) Version/15.6.1 Safari/605.1.15" "nacaomestica.org"
177.141.253.185 - - [07/Nov/2022:19:11:27 -0800] "GET /blog4/wp-content/themes/carrington-blog/js/carrington.js?ver=1.0 HTTP/1.1" 200 1229 "https://nacaomestica.org/blog4/?p=8456" "Mozilla/5.0 (Macintosh; Intel Mac OS X 10_15_6) AppleWebKit/605.1.15 (KHTML, like Gecko) Version/15.6.1 Safari/605.1.15" "nacaomestica.org"
177.141.253.185 - - [07/Nov/2022:19:11:27 -0800] "GET /blog4/wp-content/themes/carrington-blog/carrington-core/lightbox/css/thickbox.css HTTP/1.1" 200 975 "https://nacaomestica.org/blog4/?p=8456" "Mozilla/5.0 (Macintosh; Intel Mac OS X 10_15_6) AppleWebKit/605.1.15 (KHTML, like Gecko) Version/15.6.1 Safari/605.1.15" "nacaomestica.org"
177.141.253.185 - - [07/Nov/2022:19:11:27 -0800] "GET /blog4/wp-includes/js/jquery/jquery.min.js?ver=3.5.1 HTTP/1.1" 200 30916 "https://nacaomestica.org/blog4/?p=8456" "Mozilla/5.0 (Macintosh; Intel Mac OS X 10_15_6) AppleWebKit/605.1.15 (KHTML, like Gecko) Version/15.6.1 Safari/605.1.15" "nacaomestica.org"
177.141.253.185 - - [07/Nov/2022:19:11:27 -0800] "GET /blog4/wp-content/themes/carrington-blog/css/css.php HTTP/1.1" 200 4963 "https://nacaomestica.org/blog4/?p=8456" "Mozilla/5.0 (Macintosh; Intel Mac OS X 10_15_6) AppleWebKit/605.1.15 (KHTML, like Gecko) Version/15.6.1 Safari/605.1.15" "nacaomestica.org"
177.141.253.185 - - [07/Nov/2022:19:11:27 -0800] "GET /blog4/wp-includes/js/mediaelement/mediaelement-migrate.min.js?ver=5.6.10 HTTP/1.1" 200 544 "https://nacaomestica.org/blog4/?p=8456" "Mozilla/5.0 (Macintosh; Intel Mac OS X 10_15_6) AppleWebKit/605.1.15 (KHTML, like Gecko) Version/15.6.1 Safari/605.1.15" "nacaomestica.org"
177.141.253.185 - - [07/Nov/2022:19:11:27 -0800] "GET /blog4/wp-includes/js/mediaelement/wp-mediaelement.min.css?ver=5.6.10 HTTP/1.1" 200 1156 "https://nacaomestica.org/blog4/?p=8456" "Mozilla/5.0 (Macintosh; Intel Mac OS X 10_15_6) AppleWebKit/605.1.15 (KHTML, like Gecko) Version/15.6.1 Safari/605.1.15" "nacaomestica.org"
177.141.253.185 - - [07/Nov/2022:19:11:27 -0800] "GET /blog4/wp-includes/js/mediaelement/mediaelementplayer-legacy.min.css?ver=4.2.16 HTTP/1.1" 200 2592 "https://nacaomestica.org/blog4/?p=8456" "Mozilla/5.0 (Macintosh; Intel Mac OS X 10_15_6) AppleWebKit/605.1.15 (KHTML, like Gecko) Version/15.6.1 Safari/605.1.15" "nacaomestica.org"
177.141.253.185 - - [07/Nov/2022:19:11:27 -0800] "GET /blog4/wp-includes/js/wp-embed.min.js?ver=5.6.10 HTTP/1.1" 200 765 "https://nacaomestica.org/blog4/?p=8456" "Mozilla/5.0 (Macintosh; Intel Mac OS X 10_15_6) AppleWebKit/605.1.15 (KHTML, like Gecko) Version/15.6.1 Safari/605.1.15" "nacaomestica.org"
177.141.253.185 - - [07/Nov/2022:19:11:27 -0800] "GET /blog4/wp-includes/js/mediaelement/renderers/vimeo.min.js?ver=4.2.16 HTTP/1.1" 200 2284 "https://nacaomestica.org/blog4/?p=8456" "Mozilla/5.0 (Macintosh; Intel Mac OS X 10_15_6) AppleWebKit/605.1.15 (KHTML, like Gecko) Version/15.6.1 Safari/605.1.15" "nacaomestica.org"
177.141.253.185 - - [07/Nov/2022:19:11:27 -0800] "GET /blog4/wp-content/plugins/wp-spamshield/js/jscripts-ftr2-min.js HTTP/1.1" 200 637 "https://nacaomestica.org/blog4/?p=8456" "Mozilla/5.0 (Macintosh; Intel Mac OS X 10_15_6) AppleWebKit/605.1.15 (KHTML, like Gecko) Version/15.6.1 Safari/605.1.15" "nacaomestica.org"
177.141.253.185 - - [07/Nov/2022:19:11:27 -0800] "GET /blog4/wp-includes/js/mediaelement/wp-mediaelement.min.js?ver=5.6.10 HTTP/1.1" 200 475 "https://nacaomestica.org/blog4/?p=8456" "Mozilla/5.0 (Macintosh; Intel Mac OS X 10_15_6) AppleWebKit/605.1.15 (KHTML, like Gecko) Version/15.6.1 Safari/605.1.15" "nacaomestica.org"
177.141.253.185 - - [07/Nov/2022:19:11:27 -0800] "GET /blog4/wp-includes/js/mediaelement/mediaelement-and-player.min.js?ver=4.2.16 HTTP/1.1" 200 38657 "https://nacaomestica.org/blog4/?p=8456" "Mozilla/5.0 (Macintosh; Intel Mac OS X 10_15_6) AppleWebKit/605.1.15 (KHTML, like Gecko) Version/15.6.1 Safari/605.1.15" "nacaomestica.org"
177.141.253.185 - - [07/Nov/2022:19:11:28 -0800] "GET /blog4/wp-content/themes/carrington-blog/img/rss-button.gif HTTP/1.1" 200 2208 "https://nacaomestica.org/blog4/?p=8456" "Mozilla/5.0 (Macintosh; Intel Mac OS X 10_15_6) AppleWebKit/605.1.15 (KHTML, like Gecko) Version/15.6.1 Safari/605.1.15" "nacaomestica.org"
177.141.253.185 - - [07/Nov/2022:19:11:28 -0800] "GET /blog4/wp-includes/js/wp-emoji-release.min.js?ver=5.6.10 HTTP/1.1" 200 4662 "https://nacaomestica.org/blog4/?p=8456" "Mozilla/5.0 (Macintosh; Intel Mac OS X 10_15_6) AppleWebKit/605.1.15 (KHTML, like Gecko) Version/15.6.1 Safari/605.1.15" "nacaomestica.org"
177.141.253.185 - - [07/Nov/2022:19:11:29 -0800] "GET /blog4/wp-content/uploads/2015/04/ONCA_SITE2.png HTTP/1.1" 200 296324 "https://nacaomestica.org/blog4/?p=8456" "Mozilla/5.0 (Macintosh; Intel Mac OS X 10_15_6) AppleWebKit/605.1.15 (KHTML, like Gecko) Version/15.6.1 Safari/605.1.15" "nacaomestica.org"
177.141.253.185 - - [07/Nov/2022:19:11:29 -0800] "GET /blog4/wp-content/uploads/2013/01/rebel-execution.jpg HTTP/1.1" 200 35597 "https://nacaomestica.org/blog4/?p=8456" "Mozilla/5.0 (Macintosh; Intel Mac OS X 10_15_6) AppleWebKit/605.1.15 (KHTML, like Gecko) Version/15.6.1 Safari/605.1.15" "nacaomestica.org"
177.141.253.185 - - [07/Nov/2022:19:11:29 -0800] "GET /blog4/wp-content/themes/carrington-blog/img/watermark-light.gif HTTP/1.1" 200 31981 "https://nacaomestica.org/blog4/?p=8456" "Mozilla/5.0 (Macintosh; Intel Mac OS X 10_15_6) AppleWebKit/605.1.15 (KHTML, like Gecko) Version/15.6.1 Safari/605.1.15" "nacaomestica.org"
177.141.253.185 - - [07/Nov/2022:19:11:29 -0800] "GET /blog4/wp-content/themes/carrington-blog/img/divider-ornament.gif HTTP/1.1" 200 778 "https://nacaomestica.org/blog4/?p=8456" "Mozilla/5.0 (Macintosh; Intel Mac OS X 10_15_6) AppleWebKit/605.1.15 (KHTML, like Gecko) Version/15.6.1 Safari/605.1.15" "nacaomestica.org"
177.141.253.185 - - [07/Nov/2022:19:11:29 -0800] "GET /blog4/wp-content/themes/carrington-blog/img/sub-header-border-bottom.gif HTTP/1.1" 200 43 "https://nacaomestica.org/blog4/?p=8456" "Mozilla/5.0 (Macintosh; Intel Mac OS X 10_15_6) AppleWebKit/605.1.15 (KHTML, like Gecko) Version/15.6.1 Safari/605.1.15" "nacaomestica.org"
177.141.253.185 - - [07/Nov/2022:19:11:29 -0800] "GET /blog4/wp-content/themes/carrington-blog/img/header/gradient-dark.png HTTP/1.1" 200 2877 "https://nacaomestica.org/blog4/?p=8456" "Mozilla/5.0 (Macintosh; Intel Mac OS X 10_15_6) AppleWebKit/605.1.15 (KHTML, like Gecko) Version/15.6.1 Safari/605.1.15" "nacaomestica.org"
177.141.253.185 - - [07/Nov/2022:19:11:29 -0800] "GET /blog4/wp-content/themes/carrington-blog/img/arrow-bullet.gif HTTP/1.1" 200 50 "https://nacaomestica.org/blog4/?p=8456" "Mozilla/5.0 (Macintosh; Intel Mac OS X 10_15_6) AppleWebKit/605.1.15 (KHTML, like Gecko) Version/15.6.1 Safari/605.1.15" "nacaomestica.org"
177.141.253.185 - - [07/Nov/2022:19:11:29 -0800] "GET /blog4/wp-content/themes/carrington-blog/img/sidebar-background.gif HTTP/1.1" 200 1515 "https://nacaomestica.org/blog4/?p=8456" "Mozilla/5.0 (Macintosh; Intel Mac OS X 10_15_6) AppleWebKit/605.1.15 (KHTML, like Gecko) Version/15.6.1 Safari/605.1.15" "nacaomestica.org"
177.141.253.185 - - [07/Nov/2022:19:11:30 -0800] "GET /blog4/wp-content/uploads/2018/08/livro_mestico_CAPA-2peq.png HTTP/1.1" 200 35385 "https://nacaomestica.org/blog4/?p=8456" "Mozilla/5.0 (Macintosh; Intel Mac OS X 10_15_6) AppleWebKit/605.1.15 (KHTML, like Gecko) Version/15.6.1 Safari/605.1.15" "nacaomestica.org"
177.141.253.185 - - [07/Nov/2022:19:11:30 -0800] "GET /blog4/wp-includes/js/mediaelement/mejs-controls.svg HTTP/1.1" 200 1413 "https://nacaomestica.org/blog4/?p=8456" "Mozilla/5.0 (Macintosh; Intel Mac OS X 10_15_6) AppleWebKit/605.1.15 (KHTML, like Gecko) Version/15.6.1 Safari/605.1.15" "nacaomestica.org"
177.141.253.185 - - [07/Nov/2022:19:11:30 -0800] "GET /blog4/?p=8456 HTTP/1.1" 200 172662 "-" "Mozilla/5.0 (iPhone; CPU iPhone OS 15_6_1 like Mac OS X) AppleWebKit/605.1.15 (KHTML, like Gecko) Version/15.6.1 Mobile/15E148 Safari/604.1" "nacaomestica.org"
177.141.253.185 - - [07/Nov/2022:19:11:35 -0800] "GET /blog4/wp-content/themes/carrington-blog/img/watermark-light.gif HTTP/1.1" 200 31981 "https://nacaomestica.org/blog4/?p=8456" "Mozilla/5.0 (iPhone; CPU iPhone OS 15_6_1 like Mac OS X) AppleWebKit/605.1.15 (KHTML, like Gecko) Version/15.6.1 Mobile/15E148 Safari/604.1" "nacaomestica.org"
177.141.253.185 - - [07/Nov/2022:19:11:35 -0800] "GET /blog4/wp-content/themes/carrington-blog/img/sub-header-border-bottom.gif HTTP/1.1" 200 43 "https://nacaomestica.org/blog4/?p=8456" "Mozilla/5.0 (iPhone; CPU iPhone OS 15_6_1 like Mac OS X) AppleWebKit/605.1.15 (KHTML, like Gecko) Version/15.6.1 Mobile/15E148 Safari/604.1" "nacaomestica.org"
177.141.253.185 - - [07/Nov/2022:19:11:35 -0800] "GET /blog4/wp-content/uploads/2013/01/rebel-execution.jpg HTTP/1.1" 200 35597 "https://nacaomestica.org/blog4/?p=8456" "Mozilla/5.0 (iPhone; CPU iPhone OS 15_6_1 like Mac OS X) AppleWebKit/605.1.15 (KHTML, like Gecko) Version/15.6.1 Mobile/15E148 Safari/604.1" "nacaomestica.org"
177.141.253.185 - - [07/Nov/2022:19:11:35 -0800] "GET /blog4/wp-content/uploads/2018/08/livro_mestico_CAPA-2peq.png HTTP/1.1" 200 35385 "https://nacaomestica.org/blog4/?p=8456" "Mozilla/5.0 (iPhone; CPU iPhone OS 15_6_1 like Mac OS X) AppleWebKit/605.1.15 (KHTML, like Gecko) Version/15.6.1 Mobile/15E148 Safari/604.1" "nacaomestica.org"
177.141.253.185 - - [07/Nov/2022:19:11:35 -0800] "GET /blog4/wp-content/uploads/2015/04/ONCA_SITE2.png HTTP/1.1" 200 296324 "https://nacaomestica.org/blog4/?p=8456" "Mozilla/5.0 (iPhone; CPU iPhone OS 15_6_1 like Mac OS X) AppleWebKit/605.1.15 (KHTML, like Gecko) Version/15.6.1 Mobile/15E148 Safari/604.1" "nacaomestica.org"
177.141.253.185 - - [07/Nov/2022:19:11:35 -0800] "GET /blog4/wp-content/themes/carrington-blog/img/divider-ornament.gif HTTP/1.1" 200 778 "https://nacaomestica.org/blog4/?p=8456" "Mozilla/5.0 (iPhone; CPU iPhone OS 15_6_1 like Mac OS X) AppleWebKit/605.1.15 (KHTML, like Gecko) Version/15.6.1 Mobile/15E148 Safari/604.1" "nacaomestica.org"
177.141.253.185 - - [07/Nov/2022:19:11:35 -0800] "GET /blog4/wp-content/themes/carrington-blog/img/header/gradient-dark.png HTTP/1.1" 200 2877 "https://nacaomestica.org/blog4/?p=8456" "Mozilla/5.0 (iPhone; CPU iPhone OS 15_6_1 like Mac OS X) AppleWebKit/605.1.15 (KHTML, like Gecko) Version/15.6.1 Mobile/15E148 Safari/604.1" "nacaomestica.org"
177.141.253.185 - - [07/Nov/2022:19:11:35 -0800] "GET /blog4/wp-content/themes/carrington-blog/img/sidebar-background.gif HTTP/1.1" 200 1515 "https://nacaomestica.org/blog4/?p=8456" "Mozilla/5.0 (iPhone; CPU iPhone OS 15_6_1 like Mac OS X) AppleWebKit/605.1.15 (KHTML, like Gecko) Version/15.6.1 Mobile/15E148 Safari/604.1" "nacaomestica.org"
177.141.253.185 - - [07/Nov/2022:19:11:35 -0800] "GET /blog4/wp-content/themes/carrington-blog/img/arrow-bullet.gif HTTP/1.1" 200 50 "https://nacaomestica.org/blog4/?p=8456" "Mozilla/5.0 (iPhone; CPU iPhone OS 15_6_1 like Mac OS X) AppleWebKit/605.1.15 (KHTML, like Gecko) Version/15.6.1 Mobile/15E148 Safari/604.1" "nacaomestica.org"
177.141.253.185 - - [07/Nov/2022:19:11:35 -0800] "GET /blog4/wp-includes/js/mediaelement/mejs-controls.svg HTTP/1.1" 200 1413 "https://nacaomestica.org/blog4/?p=8456" "Mozilla/5.0 (iPhone; CPU iPhone OS 15_6_1 like Mac OS X) AppleWebKit/605.1.15 (KHTML, like Gecko) Version/15.6.1 Mobile/15E148 Safari/604.1" "nacaomestica.org"
177.141.253.185 - - [07/Nov/2022:19:11:36 -0800] "GET /blog4/wp-content/uploads/2013/01/videoplayback-2.mp4?_=1 HTTP/1.1" 206 2 "-" "Mozilla/5.0 (iPhone; CPU iPhone OS 15_6_1 like Mac OS X) AppleWebKit/605.1.15 (KHTML, like Gecko) Version/15.6.1 Mobile/15E148 Safari/604.1" "nacaomestica.org"
177.141.253.185 - - [07/Nov/2022:19:11:37 -0800] "GET /blog4/wp-content/themes/carrington-blog/img/header/gradient-dark.png HTTP/1.1" 200 2877 "https://nacaomestica.org/blog4/?p=8456" "Mozilla/5.0 (iPhone; CPU iPhone OS 15_6_1 like Mac OS X) AppleWebKit/605.1.15 (KHTML, like Gecko) Version/15.6.1 Mobile/15E148 Safari/604.1" "nacaomestica.org"
177.141.253.185 - - [07/Nov/2022:19:11:37 -0800] "GET /blog4/wp-includes/js/mediaelement/mejs-controls.svg HTTP/1.1" 200 1413 "https://nacaomestica.org/blog4/?p=8456" "Mozilla/5.0 (iPhone; CPU iPhone OS 15_6_1 like Mac OS X) AppleWebKit/605.1.15 (KHTML, like Gecko) Version/15.6.1 Mobile/15E148 Safari/604.1" "nacaomestica.org"
177.141.253.185 - - [07/Nov/2022:19:11:37 -0800] "GET /blog4/wp-content/themes/carrington-blog/img/sidebar-background.gif HTTP/1.1" 200 1515 "https://nacaomestica.org/blog4/?p=8456" "Mozilla/5.0 (iPhone; CPU iPhone OS 15_6_1 like Mac OS X) AppleWebKit/605.1.15 (KHTML, like Gecko) Version/15.6.1 Mobile/15E148 Safari/604.1" "nacaomestica.org"
177.141.253.185 - - [07/Nov/2022:19:11:37 -0800] "GET /blog4/wp-content/themes/carrington-blog/img/arrow-bullet.gif HTTP/1.1" 200 50 "https://nacaomestica.org/blog4/?p=8456" "Mozilla/5.0 (iPhone; CPU iPhone OS 15_6_1 like Mac OS X) AppleWebKit/605.1.15 (KHTML, like Gecko) Version/15.6.1 Mobile/15E148 Safari/604.1" "nacaomestica.org"
177.141.253.185 - - [07/Nov/2022:19:11:37 -0800] "GET /blog4/wp-content/uploads/2013/01/videoplayback-2.mp4?_=1 HTTP/1.1" 206 2 "-" "Mozilla/5.0 (iPhone; CPU iPhone OS 15_6_1 like Mac OS X) AppleWebKit/605.1.15 (KHTML, like Gecko) Version/15.6.1 Mobile/15E148 Safari/604.1" "nacaomestica.org"
177.141.253.185 - - [07/Nov/2022:19:11:37 -0800] "GET /blog4/wp-content/themes/carrington-blog/img/divider-ornament.gif HTTP/1.1" 200 778 "https://nacaomestica.org/blog4/?p=8456" "Mozilla/5.0 (iPhone; CPU iPhone OS 15_6_1 like Mac OS X) AppleWebKit/605.1.15 (KHTML, like Gecko) Version/15.6.1 Mobile/15E148 Safari/604.1" "nacaomestica.org"
10.213.116.68 - - [07/Nov/2022:19:11:35 -0800] "POST /blog4/wp-cron.php?doing_wp_cron=1667877095.3910269737243652343750 HTTP/1.1" 200 - "https://nacaomestica.org/blog4/wp-cron.php?doing_wp_cron=1667877095.3910269737243652343750" "WordPress/5.6.10; https://nacaomestica.org/blog4" "nacaomestica.org"
20.124.250.146 - - [07/Nov/2022:19:11:34 -0800] "GET /blog4/?tag=cotas HTTP/1.1" 200 92492 "-" "Mozilla/5.0 (Linux; Android 7.0; SM-G930V Build/NRD90M) AppleWebKit/537.36 (KHTML, like Gecko) Chrome/59.0.3071.125 Mobile Safari/537.36" "nacaomestica.org"
177.141.253.185 - - [07/Nov/2022:19:11:38 -0800] "GET /blog4/wp-content/uploads/2013/01/videoplayback-2.mp4?_=1 HTTP/1.1" 206 1536726 "https://nacaomestica.org/blog4/?p=8456" "Mozilla/5.0 (iPhone; CPU iPhone OS 15_6_1 like Mac OS X) AppleWebKit/605.1.15 (KHTML, like Gecko) Version/15.6.1 Mobile/15E148 Safari/604.1" "nacaomestica.org"
177.141.253.185 - - [07/Nov/2022:19:11:39 -0800] "GET /blog4/wp-content/themes/carrington-blog/img/dropdown-divider.gif HTTP/1.1" 200 144 "https://nacaomestica.org/blog4/?p=8456" "Mozilla/5.0 (iPhone; CPU iPhone OS 15_6_1 like Mac OS X) AppleWebKit/605.1.15 (KHTML, like Gecko) Version/15.6.1 Mobile/15E148 Safari/604.1" "nacaomestica.org"
177.141.253.185 - - [07/Nov/2022:19:11:40 -0800] "GET /blog4/wp-content/themes/carrington-blog/img/comment-thread.gif HTTP/1.1" 200 236 "https://nacaomestica.org/blog4/?p=8456" "Mozilla/5.0 (iPhone; CPU iPhone OS 15_6_1 like Mac OS X) AppleWebKit/605.1.15 (KHTML, like Gecko) Version/15.6.1 Mobile/15E148 Safari/604.1" "nacaomestica.org"
177.141.253.185 - - [07/Nov/2022:19:11:40 -0800] "GET /blog4/wp-content/themes/carrington-blog/img/footer/divider-ornament-wide-light.png HTTP/1.1" 200 1601 "https://nacaomestica.org/blog4/?p=8456" "Mozilla/5.0 (iPhone; CPU iPhone OS 15_6_1 like Mac OS X) AppleWebKit/605.1.15 (KHTML, like Gecko) Version/15.6.1 Mobile/15E148 Safari/604.1" "nacaomestica.org"
177.141.253.185 - - [07/Nov/2022:19:11:40 -0800] "GET /blog4/wp-content/uploads/2013/01/che_almeida.jpg HTTP/1.1" 200 13761 "https://nacaomestica.org/blog4/?p=8456" "Mozilla/5.0 (iPhone; CPU iPhone OS 15_6_1 like Mac OS X) AppleWebKit/605.1.15 (KHTML, like Gecko) Version/15.6.1 Mobile/15E148 Safari/604.1" "nacaomestica.org"
177.141.253.185 - - [07/Nov/2022:19:11:40 -0800] "GET /blog4/wp-content/themes/carrington-blog/img/grey-to-white-gradient.png HTTP/1.1" 200 153 "https://nacaomestica.org/blog4/?p=8456" "Mozilla/5.0 (iPhone; CPU iPhone OS 15_6_1 like Mac OS X) AppleWebKit/605.1.15 (KHTML, like Gecko) Version/15.6.1 Mobile/15E148 Safari/604.1" "nacaomestica.org"
177.141.253.185 - - [07/Nov/2022:19:11:40 -0800] "GET /blog4/wp-content/themes/carrington-blog/img/comment.gif HTTP/1.1" 200 370 "https://nacaomestica.org/blog4/?p=8456" "Mozilla/5.0 (iPhone; CPU iPhone OS 15_6_1 like Mac OS X) AppleWebKit/605.1.15 (KHTML, like Gecko) Version/15.6.1 Mobile/15E148 Safari/604.1" "nacaomestica.org"
177.141.253.185 - - [07/Nov/2022:19:11:40 -0800] "GET /blog4/wp-content/themes/carrington-blog/img/footer/gradient-light.png HTTP/1.1" 200 172 "https://nacaomestica.org/blog4/?p=8456" "Mozilla/5.0 (iPhone; CPU iPhone OS 15_6_1 like Mac OS X) AppleWebKit/605.1.15 (KHTML, like Gecko) Version/15.6.1 Mobile/15E148 Safari/604.1" "nacaomestica.org"
177.141.253.185 - - [07/Nov/2022:19:11:40 -0800] "GET /blog4/wp-content/themes/carrington-blog/img/footer/by-crowd-favorite-light.png HTTP/1.1" 200 2825 "https://nacaomestica.org/blog4/?p=8456" "Mozilla/5.0 (iPhone; CPU iPhone OS 15_6_1 like Mac OS X) AppleWebKit/605.1.15 (KHTML, like Gecko) Version/15.6.1 Mobile/15E148 Safari/604.1" "nacaomestica.org"
177.141.253.185 - - [07/Nov/2022:19:11:40 -0800] "GET /blog4/wp-content/themes/carrington-blog/img/comments-divider.gif HTTP/1.1" 200 6855 "https://nacaomestica.org/blog4/?p=8456" "Mozilla/5.0 (iPhone; CPU iPhone OS 15_6_1 like Mac OS X) AppleWebKit/605.1.15 (KHTML, like Gecko) Version/15.6.1 Mobile/15E148 Safari/604.1" "nacaomestica.org"
177.141.253.185 - - [07/Nov/2022:19:11:40 -0800] "GET /blog4/wp-content/themes/carrington-blog/carrington-core/lightbox/img/loadingAnimation.gif HTTP/1.1" 200 5886 "https://nacaomestica.org/blog4/?p=8456" "Mozilla/5.0 (iPhone; CPU iPhone OS 15_6_1 like Mac OS X) AppleWebKit/605.1.15 (KHTML, like Gecko) Version/15.6.1 Mobile/15E148 Safari/604.1" "nacaomestica.org"
20.124.250.146 - - [07/Nov/2022:19:11:38 -0800] "GET / HTTP/1.1" 200 88633 "-" "Mozilla/5.0 (Linux; Android 7.0; SM-G930V Build/NRD90M) AppleWebKit/537.36 (KHTML, like Gecko) Chrome/59.0.3071.125 Mobile Safari/537.36" "nacaomestica.org"
177.141.253.185 - - [07/Nov/2022:19:11:44 -0800] "GET /favicon.ico HTTP/1.1" 200 676 "https://nacaomestica.org/blog4/?p=8456" "Mozilla/5.0 (iPhone; CPU iPhone OS 15_6_1 like Mac OS X) AppleWebKit/605.1.15 (KHTML, like Gecko) Version/15.6.1 Mobile/15E148 Safari/604.1" "nacaomestica.org"
114.119.139.88 - - [07/Nov/2022:19:11:44 -0800] "GET /blog4/?p=14193 HTTP/1.1" 200 72779 "https://nacaomestica.org/blog4?cat=1&paged=38" "Mozilla/5.0 (Linux; Android 7.0;) AppleWebKit/537.36 (KHTML, like Gecko) Mobile Safari/537.36 (compatible; PetalBot;+https://webmaster.petalsearch.com/site/petalbot)" "nacaomestica.org"
51.222.253.4 - - [07/Nov/2022:19:12:22 -0800] "GET /blog4/?feed=rss2&p=842 HTTP/1.1" 200 801 "-" "Mozilla/5.0 (compatible; AhrefsBot/7.0; +http://ahrefs.com/robot/)" "nacaomestica.org"
177.18.147.162 - - [07/Nov/2022:19:13:04 -0800] "GET /blog4/wp-content/uploads/2013/01/videoplayback-2.mp4?_=1 HTTP/1.1" 206 1455300 "https://nacaomestica.org/blog4/?p=8456" "Mozilla/5.0 (Linux; Android 9; moto e6s) AppleWebKit/537.36 (KHTML, like Gecko) Chrome/107.0.0.0 Mobile Safari/537.36" "nacaomestica.org"
177.18.147.162 - - [07/Nov/2022:19:13:14 -0800] "GET /blog4/wp-content/uploads/2013/01/videoplayback-2.mp4?_=1 HTTP/1.1" 206 1390253 "https://nacaomestica.org/blog4/?p=8456" "Mozilla/5.0 (Linux; Android 9; moto e6s) AppleWebKit/537.36 (KHTML, like Gecko) Chrome/107.0.0.0 Mobile Safari/537.36" "nacaomestica.org"
177.18.147.162 - - [07/Nov/2022:19:13:14 -0800] "GET /blog4/wp-content/uploads/2013/01/videoplayback-2.mp4?_=1 HTTP/1.1" 206 1390253 "https://nacaomestica.org/blog4/?p=8456" "Mozilla/5.0 (Linux; Android 9; moto e6s) AppleWebKit/537.36 (KHTML, like Gecko) Chrome/107.0.0.0 Mobile Safari/537.36" "nacaomestica.org"
114.119.139.88 - - [07/Nov/2022:19:13:25 -0800] "GET /blog4/?fb_comment_id=1229241883828686_1229243050495236&paged=73 HTTP/1.1" 200 99240 "https://nacaomestica.org/blog4/?fb_comment_id=1229241883828686_1229243050495236&paged=72" "Mozilla/5.0 (Linux; Android 7.0;) AppleWebKit/537.36 (KHTML, like Gecko) Mobile Safari/537.36 (compatible; PetalBot;+https://webmaster.petalsearch.com/site/petalbot)" "nacaomestica.org"
177.18.147.162 - - [07/Nov/2022:19:13:57 -0800] "GET /blog4/?p=8456 HTTP/1.1" 200 147072 "-" "WhatsApp/2.22.22.80 A" "nacaomestica.org"
10.213.116.68 - - [07/Nov/2022:19:14:00 -0800] "POST /blog4/wp-cron.php?doing_wp_cron=1667877240.9103438854217529296875 HTTP/1.1" 200 - "https://nacaomestica.org/blog4/wp-cron.php?doing_wp_cron=1667877240.9103438854217529296875" "WordPress/5.6.10; https://nacaomestica.org/blog4" "nacaomestica.org"
177.18.147.162 - - [07/Nov/2022:19:14:04 -0800] "GET /blog4/?p=8456 HTTP/1.1" 200 147072 "-" "WhatsApp/2.22.22.80 A" "nacaomestica.org"
114.119.139.66 - - [07/Nov/2022:19:14:46 -0800] "GET /blog4/wp-trackback.php?p=5228 HTTP/1.1" 302 - "https://nacaomestica.org/blog4/?p=5228" "Mozilla/5.0 (Linux; Android 7.0;) AppleWebKit/537.36 (KHTML, like Gecko) Mobile Safari/537.36 (compatible; PetalBot;+https://webmaster.petalsearch.com/site/petalbot)" "nacaomestica.org"
114.119.139.66 - - [07/Nov/2022:19:14:52 -0800] "GET /blog4/?p=5228 HTTP/1.1" 200 74164 "https://nacaomestica.org/blog4/?p=5228" "Mozilla/5.0 (Linux; Android 7.0;) AppleWebKit/537.36 (KHTML, like Gecko) Mobile Safari/537.36 (compatible; PetalBot;+https://webmaster.petalsearch.com/site/petalbot)" "nacaomestica.org"
35.208.65.204 - - [07/Nov/2022:19:15:01 -0800] "HEAD / HTTP/1.1" 200 - "-" "scalaj-http/2.4.2" "nacaomestica.org"
35.208.65.204 - - [07/Nov/2022:19:15:03 -0800] "GET / HTTP/1.1" 200 88633 "-" "Buck/2.3.2; (+https://app.hypefactors.com/media-monitoring/about.html)" "nacaomestica.org"
35.208.65.204 - - [07/Nov/2022:19:15:06 -0800] "GET /robots.txt HTTP/1.1" 200 59 "-" "Buck/2.3.2; (+https://app.hypefactors.com/media-monitoring/about.html)" "nacaomestica.org"
177.18.147.162 - - [07/Nov/2022:19:15:05 -0800] "GET /blog4/?p=8456 HTTP/1.1" 200 172662 "-" "Mozilla/5.0 (Linux; Android 9; moto e6s) AppleWebKit/537.36 (KHTML, like Gecko) Chrome/107.0.0.0 Mobile Safari/537.36" "nacaomestica.org"
51.222.253.19 - - [07/Nov/2022:19:15:11 -0800] "GET /blog4/?feed=rss2&p=9482 HTTP/1.1" 200 829 "-" "Mozilla/5.0 (compatible; AhrefsBot/7.0; +http://ahrefs.com/robot/)" "nacaomestica.org"
35.208.65.204 - - [07/Nov/2022:19:15:51 -0800] "GET /blog4/?feed=comments-rss2 HTTP/1.1" 200 11502 "-" "Buck/2.3.2; (+https://app.hypefactors.com/media-monitoring/about.html)" "nacaomestica.org"
35.208.65.204 - - [07/Nov/2022:19:15:55 -0800] "GET /sitemap.xml HTTP/1.1" 200 170 "-" "Buck/2.3.2; (+https://app.hypefactors.com/media-monitoring/about.html)" "nacaomestica.org"
181.66.176.104 - - [07/Nov/2022:19:16:09 -0800] "GET /blog4/wp-content/uploads/2018/04/francisca-pizarro-tr.jpg HTTP/1.1" 200 45680 "https://www.google.com/" "Mozilla/5.0 (Windows NT 10.0; Win64; x64) AppleWebKit/537.36 (KHTML, like Gecko) Chrome/105.0.0.0 Safari/537.36 OPR/91.0.4516.106" "nacaomestica.org"
114.119.139.59 - - [07/Nov/2022:19:16:23 -0800] "GET /blog4?p_=%2B874&paged=213 HTTP/1.1" 301 1433 "https://nacaomestica.org/blog4?p_=%2B874&paged=214" "Mozilla/5.0 (Linux; Android 7.0;) AppleWebKit/537.36 (KHTML, like Gecko) Mobile Safari/537.36 (compatible; PetalBot;+https://webmaster.petalsearch.com/site/petalbot)" "nacaomestica.org"
114.119.139.59 - - [07/Nov/2022:19:16:23 -0800] "GET /blog4/?p_=%2B874&paged=213 HTTP/1.1" 500 2609 "https://nacaomestica.org/blog4?p_=%2B874&paged=214" "Mozilla/5.0 (Linux; Android 7.0;) AppleWebKit/537.36 (KHTML, like Gecko) Mobile Safari/537.36 (compatible; PetalBot;+https://webmaster.petalsearch.com/site/petalbot)" "nacaomestica.org"
193.186.4.203 - - [07/Nov/2022:19:16:29 -0800] "GET /blog4/?p=24053 HTTP/1.1" 200 79119 "-" "Mozilla/5.0 (Linux; Android 10; K) AppleWebKit/537.36 (KHTML, like Gecko) Chrome/107.0.0.0 Mobile Safari/537.36" "nacaomestica.org"
10.213.116.69 - - [07/Nov/2022:19:16:31 -0800] "POST /blog4/wp-cron.php?doing_wp_cron=1667877390.9962251186370849609375 HTTP/1.1" 200 - "https://nacaomestica.org/blog4/wp-cron.php?doing_wp_cron=1667877390.9962251186370849609375" "WordPress/5.6.10; https://nacaomestica.org/blog4" "nacaomestica.org"
179.6.202.13 - - [07/Nov/2022:19:17:14 -0800] "GET /blog4/wp-content/uploads/2013/07/bantustoes_mapa.jpg HTTP/1.1" 200 146995 "https://www.google.com/" "Mozilla/5.0 (Macintosh; Intel Mac OS X 10_15_7) AppleWebKit/537.36 (KHTML, like Gecko) Chrome/106.0.0.0 Safari/537.36" "nacaomestica.org"
114.119.139.66 - - [07/Nov/2022:19:17:50 -0800] "GET /blog4?feed=rss2&p=6350 HTTP/1.1" 301 1429 "https://nacaomestica.org/blog4/wp-trackback.php?p=6350" "Mozilla/5.0 (Linux; Android 7.0;) AppleWebKit/537.36 (KHTML, like Gecko) Mobile Safari/537.36 (compatible; PetalBot;+https://webmaster.petalsearch.com/site/petalbot)" "nacaomestica.org"
114.119.139.66 - - [07/Nov/2022:19:17:51 -0800] "GET /blog4/?feed=rss2&p=6350 HTTP/1.1" 200 1788 "https://nacaomestica.org/blog4/wp-trackback.php?p=6350" "Mozilla/5.0 (Linux; Android 7.0;) AppleWebKit/537.36 (KHTML, like Gecko) Mobile Safari/537.36 (compatible; PetalBot;+https://webmaster.petalsearch.com/site/petalbot)" "nacaomestica.org"
51.222.253.2 - - [07/Nov/2022:19:18:07 -0800] "GET /blog4/?feed=rss2&p=30241 HTTP/1.1" 200 1509 "-" "Mozilla/5.0 (compatible; AhrefsBot/7.0; +http://ahrefs.com/robot/)" "nacaomestica.org"
177.128.252.104 - - [07/Nov/2022:19:18:17 -0800] "GET /blog4/wp-content/themes/carrington-blog/carrington-core/lightbox/css/thickbox.css HTTP/1.1" 200 975 "-" "Mozilla/5.0 (Linux; Android 11; SM-A105M) AppleWebKit/537.36 (KHTML, like Gecko) Chrome/104.0.0.0 Mobile Safari/537.36" "nacaomestica.org"
177.128.252.104 - - [07/Nov/2022:19:18:17 -0800] "GET /blog4/wp-content/themes/carrington-blog/css/css.php HTTP/1.1" 200 4963 "-" "Mozilla/5.0 (Linux; Android 11; SM-A105M) AppleWebKit/537.36 (KHTML, like Gecko) Chrome/104.0.0.0 Mobile Safari/537.36" "nacaomestica.org"
177.128.252.104 - - [07/Nov/2022:19:18:16 -0800] "GET /blog4/?p=22632 HTTP/1.1" 200 73465 "-" "Mozilla/5.0 (Linux; Android 11; SM-A105M) AppleWebKit/537.36 (KHTML, like Gecko) Chrome/104.0.0.0 Mobile Safari/537.36" "nacaomestica.org"
177.128.252.104 - - [07/Nov/2022:19:18:20 -0800] "GET /blog4/wp-content/themes/carrington-blog/js/carrington.js?ver=1.0 HTTP/1.1" 200 1229 "https://nacaomestica.org/blog4/?p=22632" "Mozilla/5.0 (Linux; Android 11; SM-A105M) AppleWebKit/537.36 (KHTML, like Gecko) Chrome/104.0.0.0 Mobile Safari/537.36" "nacaomestica.org"
177.128.252.104 - - [07/Nov/2022:19:18:20 -0800] "GET /blog4/wp-includes/js/jquery/jquery-migrate.min.js?ver=3.3.2 HTTP/1.1" 200 4169 "https://nacaomestica.org/blog4/?p=22632" "Mozilla/5.0 (Linux; Android 11; SM-A105M) AppleWebKit/537.36 (KHTML, like Gecko) Chrome/104.0.0.0 Mobile Safari/537.36" "nacaomestica.org"
177.128.252.104 - - [07/Nov/2022:19:18:20 -0800] "GET /blog4/wp-content/themes/carrington-blog/carrington-core/lightbox/thickbox.js?ver=1.0 HTTP/1.1" 200 3903 "https://nacaomestica.org/blog4/?p=22632" "Mozilla/5.0 (Linux; Android 11; SM-A105M) AppleWebKit/537.36 (KHTML, like Gecko) Chrome/104.0.0.0 Mobile Safari/537.36" "nacaomestica.org"
177.128.252.104 - - [07/Nov/2022:19:18:20 -0800] "GET /blog4/wp-includes/js/jquery/jquery.min.js?ver=3.5.1 HTTP/1.1" 200 30916 "https://nacaomestica.org/blog4/?p=22632" "Mozilla/5.0 (Linux; Android 11; SM-A105M) AppleWebKit/537.36 (KHTML, like Gecko) Chrome/104.0.0.0 Mobile Safari/537.36" "nacaomestica.org"
177.128.252.104 - - [07/Nov/2022:19:18:22 -0800] "GET /blog4/wp-includes/js/mediaelement/mediaelementplayer-legacy.min.css?ver=4.2.16 HTTP/1.1" 200 2592 "https://nacaomestica.org/blog4/?p=22632" "Mozilla/5.0 (Linux; Android 11; SM-A105M) AppleWebKit/537.36 (KHTML, like Gecko) Chrome/104.0.0.0 Mobile Safari/537.36" "nacaomestica.org"
177.128.252.104 - - [07/Nov/2022:19:18:22 -0800] "GET /blog4/wp-includes/js/mediaelement/wp-mediaelement.min.css?ver=5.6.10 HTTP/1.1" 200 1156 "https://nacaomestica.org/blog4/?p=22632" "Mozilla/5.0 (Linux; Android 11; SM-A105M) AppleWebKit/537.36 (KHTML, like Gecko) Chrome/104.0.0.0 Mobile Safari/537.36" "nacaomestica.org"
177.128.252.104 - - [07/Nov/2022:19:18:22 -0800] "GET /blog4/wp-includes/js/mediaelement/mediaelement-migrate.min.js?ver=5.6.10 HTTP/1.1" 200 544 "https://nacaomestica.org/blog4/?p=22632" "Mozilla/5.0 (Linux; Android 11; SM-A105M) AppleWebKit/537.36 (KHTML, like Gecko) Chrome/104.0.0.0 Mobile Safari/537.36" "nacaomestica.org"
177.128.252.104 - - [07/Nov/2022:19:18:22 -0800] "GET /blog4/wp-content/plugins/wp-spamshield/js/jscripts-ftr2-min.js HTTP/1.1" 200 637 "https://nacaomestica.org/blog4/?p=22632" "Mozilla/5.0 (Linux; Android 11; SM-A105M) AppleWebKit/537.36 (KHTML, like Gecko) Chrome/104.0.0.0 Mobile Safari/537.36" "nacaomestica.org"
177.128.252.104 - - [07/Nov/2022:19:18:22 -0800] "GET /blog4/wp-includes/js/wp-emoji-release.min.js?ver=5.6.10 HTTP/1.1" 200 4662 "https://nacaomestica.org/blog4/?p=22632" "Mozilla/5.0 (Linux; Android 11; SM-A105M) AppleWebKit/537.36 (KHTML, like Gecko) Chrome/104.0.0.0 Mobile Safari/537.36" "nacaomestica.org"
177.128.252.104 - - [07/Nov/2022:19:18:22 -0800] "GET /blog4/wp-includes/js/wp-embed.min.js?ver=5.6.10 HTTP/1.1" 200 765 "https://nacaomestica.org/blog4/?p=22632" "Mozilla/5.0 (Linux; Android 11; SM-A105M) AppleWebKit/537.36 (KHTML, like Gecko) Chrome/104.0.0.0 Mobile Safari/537.36" "nacaomestica.org"
177.128.252.104 - - [07/Nov/2022:19:18:22 -0800] "GET /blog4/wp-includes/js/mediaelement/renderers/vimeo.min.js?ver=4.2.16 HTTP/1.1" 200 2284 "https://nacaomestica.org/blog4/?p=22632" "Mozilla/5.0 (Linux; Android 11; SM-A105M) AppleWebKit/537.36 (KHTML, like Gecko) Chrome/104.0.0.0 Mobile Safari/537.36" "nacaomestica.org"
177.128.252.104 - - [07/Nov/2022:19:18:22 -0800] "GET /blog4/wp-includes/js/mediaelement/mediaelement-and-player.min.js?ver=4.2.16 HTTP/1.1" 200 38657 "https://nacaomestica.org/blog4/?p=22632" "Mozilla/5.0 (Linux; Android 11; SM-A105M) AppleWebKit/537.36 (KHTML, like Gecko) Chrome/104.0.0.0 Mobile Safari/537.36" "nacaomestica.org"
177.128.252.104 - - [07/Nov/2022:19:18:22 -0800] "GET /blog4/wp-content/themes/carrington-blog/img/rss-button.gif HTTP/1.1" 200 2208 "https://nacaomestica.org/blog4/?p=22632" "Mozilla/5.0 (Linux; Android 11; SM-A105M) AppleWebKit/537.36 (KHTML, like Gecko) Chrome/104.0.0.0 Mobile Safari/537.36" "nacaomestica.org"
177.128.252.104 - - [07/Nov/2022:19:18:22 -0800] "GET /blog4/wp-includes/js/mediaelement/wp-mediaelement.min.js?ver=5.6.10 HTTP/1.1" 200 475 "https://nacaomestica.org/blog4/?p=22632" "Mozilla/5.0 (Linux; Android 11; SM-A105M) AppleWebKit/537.36 (KHTML, like Gecko) Chrome/104.0.0.0 Mobile Safari/537.36" "nacaomestica.org"
177.128.252.104 - - [07/Nov/2022:19:18:22 -0800] "GET /blog4/wp-content/themes/carrington-blog/img/header/gradient-dark.png HTTP/1.1" 200 2877 "https://nacaomestica.org/blog4/?p=22632" "Mozilla/5.0 (Linux; Android 11; SM-A105M) AppleWebKit/537.36 (KHTML, like Gecko) Chrome/104.0.0.0 Mobile Safari/537.36" "nacaomestica.org"
177.128.252.104 - - [07/Nov/2022:19:18:22 -0800] "GET /blog4/wp-content/themes/carrington-blog/img/sub-header-border-bottom.gif HTTP/1.1" 200 43 "https://nacaomestica.org/blog4/wp-content/themes/carrington-blog/css/css.php" "Mozilla/5.0 (Linux; Android 11; SM-A105M) AppleWebKit/537.36 (KHTML, like Gecko) Chrome/104.0.0.0 Mobile Safari/537.36" "nacaomestica.org"
177.128.252.104 - - [07/Nov/2022:19:18:22 -0800] "GET /blog4/wp-content/uploads/2015/04/ONCA_SITE2.png HTTP/1.1" 200 296324 "https://nacaomestica.org/blog4/?p=22632" "Mozilla/5.0 (Linux; Android 11; SM-A105M) AppleWebKit/537.36 (KHTML, like Gecko) Chrome/104.0.0.0 Mobile Safari/537.36" "nacaomestica.org"
177.128.252.104 - - [07/Nov/2022:19:18:22 -0800] "GET /blog4/wp-content/themes/carrington-blog/img/sidebar-background.gif HTTP/1.1" 200 1515 "https://nacaomestica.org/blog4/wp-content/themes/carrington-blog/css/css.php" "Mozilla/5.0 (Linux; Android 11; SM-A105M) AppleWebKit/537.36 (KHTML, like Gecko) Chrome/104.0.0.0 Mobile Safari/537.36" "nacaomestica.org"
177.128.252.104 - - [07/Nov/2022:19:18:22 -0800] "GET /blog4/wp-content/themes/carrington-blog/img/grey-to-white-gradient.png HTTP/1.1" 200 153 "https://nacaomestica.org/blog4/wp-content/themes/carrington-blog/css/css.php" "Mozilla/5.0 (Linux; Android 11; SM-A105M) AppleWebKit/537.36 (KHTML, like Gecko) Chrome/104.0.0.0 Mobile Safari/537.36" "nacaomestica.org"
177.128.252.104 - - [07/Nov/2022:19:18:22 -0800] "GET /blog4/wp-content/themes/carrington-blog/img/divider-ornament.gif HTTP/1.1" 200 778 "https://nacaomestica.org/blog4/wp-content/themes/carrington-blog/css/css.php" "Mozilla/5.0 (Linux; Android 11; SM-A105M) AppleWebKit/537.36 (KHTML, like Gecko) Chrome/104.0.0.0 Mobile Safari/537.36" "nacaomestica.org"
177.128.252.104 - - [07/Nov/2022:19:18:22 -0800] "GET /blog4/wp-content/themes/carrington-blog/img/comments-divider.gif HTTP/1.1" 200 6855 "https://nacaomestica.org/blog4/wp-content/themes/carrington-blog/css/css.php" "Mozilla/5.0 (Linux; Android 11; SM-A105M) AppleWebKit/537.36 (KHTML, like Gecko) Chrome/104.0.0.0 Mobile Safari/537.36" "nacaomestica.org"
177.128.252.104 - - [07/Nov/2022:19:18:22 -0800] "GET /blog4/wp-content/themes/carrington-blog/img/watermark-light.gif HTTP/1.1" 200 31981 "https://nacaomestica.org/blog4/wp-content/themes/carrington-blog/css/css.php" "Mozilla/5.0 (Linux; Android 11; SM-A105M) AppleWebKit/537.36 (KHTML, like Gecko) Chrome/104.0.0.0 Mobile Safari/537.36" "nacaomestica.org"
177.128.252.104 - - [07/Nov/2022:19:18:22 -0800] "GET /blog4/wp-content/themes/carrington-blog/img/arrow-bullet.gif HTTP/1.1" 200 50 "https://nacaomestica.org/blog4/wp-content/themes/carrington-blog/css/css.php" "Mozilla/5.0 (Linux; Android 11; SM-A105M) AppleWebKit/537.36 (KHTML, like Gecko) Chrome/104.0.0.0 Mobile Safari/537.36" "nacaomestica.org"
177.128.252.104 - - [07/Nov/2022:19:18:22 -0800] "GET /blog4/wp-content/uploads/2018/01/DUTG4f9WsAEJSzb.jpg HTTP/1.1" 200 32012 "https://nacaomestica.org/blog4/?p=22632" "Mozilla/5.0 (Linux; Android 11; SM-A105M) AppleWebKit/537.36 (KHTML, like Gecko) Chrome/104.0.0.0 Mobile Safari/537.36" "nacaomestica.org"
177.128.252.104 - - [07/Nov/2022:19:18:23 -0800] "GET /blog4/wp-content/uploads/2018/08/livro_mestico_CAPA-2peq.png HTTP/1.1" 200 35385 "https://nacaomestica.org/blog4/?p=22632" "Mozilla/5.0 (Linux; Android 11; SM-A105M) AppleWebKit/537.36 (KHTML, like Gecko) Chrome/104.0.0.0 Mobile Safari/537.36" "nacaomestica.org"
177.128.252.104 - - [07/Nov/2022:19:18:23 -0800] "GET /blog4/wp-includes/js/mediaelement/mejs-controls.svg HTTP/1.1" 200 1413 "https://nacaomestica.org/blog4/wp-includes/js/mediaelement/mediaelementplayer-legacy.min.css?ver=4.2.16" "Mozilla/5.0 (Linux; Android 11; SM-A105M) AppleWebKit/537.36 (KHTML, like Gecko) Chrome/104.0.0.0 Mobile Safari/537.36" "nacaomestica.org"
177.128.252.104 - - [07/Nov/2022:19:18:24 -0800] "GET /blog4/wp-content/themes/carrington-blog/img/comment.gif HTTP/1.1" 200 370 "https://nacaomestica.org/blog4/wp-content/themes/carrington-blog/css/css.php" "Mozilla/5.0 (Linux; Android 11; SM-A105M) AppleWebKit/537.36 (KHTML, like Gecko) Chrome/104.0.0.0 Mobile Safari/537.36" "nacaomestica.org"
177.128.252.104 - - [07/Nov/2022:19:18:24 -0800] "GET /blog4/wp-content/themes/carrington-blog/img/footer/by-crowd-favorite-light.png HTTP/1.1" 200 2825 "https://nacaomestica.org/blog4/?p=22632" "Mozilla/5.0 (Linux; Android 11; SM-A105M) AppleWebKit/537.36 (KHTML, like Gecko) Chrome/104.0.0.0 Mobile Safari/537.36" "nacaomestica.org"
177.128.252.104 - - [07/Nov/2022:19:18:24 -0800] "GET /blog4/wp-content/themes/carrington-blog/img/dropdown-divider.gif HTTP/1.1" 200 144 "https://nacaomestica.org/blog4/wp-content/themes/carrington-blog/css/css.php" "Mozilla/5.0 (Linux; Android 11; SM-A105M) AppleWebKit/537.36 (KHTML, like Gecko) Chrome/104.0.0.0 Mobile Safari/537.36" "nacaomestica.org"
177.128.252.104 - - [07/Nov/2022:19:18:24 -0800] "GET /blog4/wp-content/themes/carrington-blog/img/footer/divider-ornament-wide-light.png HTTP/1.1" 200 1601 "https://nacaomestica.org/blog4/wp-content/themes/carrington-blog/css/css.php" "Mozilla/5.0 (Linux; Android 11; SM-A105M) AppleWebKit/537.36 (KHTML, like Gecko) Chrome/104.0.0.0 Mobile Safari/537.36" "nacaomestica.org"
177.128.252.104 - - [07/Nov/2022:19:18:24 -0800] "GET /blog4/wp-content/themes/carrington-blog/img/footer/gradient-light.png HTTP/1.1" 200 172 "https://nacaomestica.org/blog4/?p=22632" "Mozilla/5.0 (Linux; Android 11; SM-A105M) AppleWebKit/537.36 (KHTML, like Gecko) Chrome/104.0.0.0 Mobile Safari/537.36" "nacaomestica.org"
177.128.252.104 - - [07/Nov/2022:19:18:24 -0800] "GET /blog4/wp-content/themes/carrington-blog/carrington-core/lightbox/img/loadingAnimation.gif HTTP/1.1" 200 5886 "https://nacaomestica.org/blog4/?p=22632" "Mozilla/5.0 (Linux; Android 11; SM-A105M) AppleWebKit/537.36 (KHTML, like Gecko) Chrome/104.0.0.0 Mobile Safari/537.36" "nacaomestica.org"
177.128.252.104 - - [07/Nov/2022:19:18:34 -0800] "GET /favicon.ico HTTP/1.1" 200 676 "https://nacaomestica.org/blog4/?p=22632" "Mozilla/5.0 (Linux; Android 11; SM-A105M) AppleWebKit/537.36 (KHTML, like Gecko) Chrome/104.0.0.0 Mobile Safari/537.36" "nacaomestica.org"
201.3.69.61 - - [07/Nov/2022:19:18:45 -0800] "GET /blog4/wp-content/uploads/2017/11/img5a0af0e31d821-1.jpg HTTP/1.1" 200 103682 "https://www.google.com.br/" "Mozilla/5.0 (Macintosh; Intel Mac OS X 10_15_6) AppleWebKit/605.1.15 (KHTML, like Gecko) Version/14.0.3 Safari/605.1.15" "nacaomestica.org"
157.55.39.146 - - [07/Nov/2022:19:18:43 -0800] "GET /blog4/?p=30417 HTTP/1.1" 200 73758 "-" "Mozilla/5.0 AppleWebKit/537.36 (KHTML, like Gecko; compatible; bingbot/2.0; +http://www.bing.com/bingbot.htm) Chrome/103.0.5060.134 Safari/537.36" "nacaomestica.org"
10.213.116.69 - - [07/Nov/2022:19:18:44 -0800] "POST /blog4/wp-cron.php?doing_wp_cron=1667877524.7558050155639648437500 HTTP/1.1" 200 - "https://nacaomestica.org/blog4/wp-cron.php?doing_wp_cron=1667877524.7558050155639648437500" "WordPress/5.6.10; https://nacaomestica.org/blog4" "nacaomestica.org"
201.3.69.61 - - [07/Nov/2022:19:18:47 -0800] "GET /blog4/wp-content/uploads/2017/11/img5a0af0e31d821-1.jpg HTTP/1.1" 200 103682 "https://www.google.com.br/" "Mozilla/5.0 (Macintosh; Intel Mac OS X 10_15_6) AppleWebKit/605.1.15 (KHTML, like Gecko) Version/14.0.3 Safari/605.1.15" "nacaomestica.org"
138.121.122.199 - - [07/Nov/2022:19:19:05 -0800] "GET /blog4/wp-content/uploads/2016/02/pardo_preto1.png HTTP/1.1" 200 331753 "https://br.images.search.yahoo.com/search/images;_ylt=AwrFFJIzymljL0AKzZj16Qt.;_ylu=c2VjA3NlYXJjaARzbGsDYnV0dG9u;_ylc=X1MDMjExNDcxMDAwNQRfcgMyBGZyA21jYWZlZQRmcjIDcDpzLHY6aSxtOnNiLXRvcARncHJpZANRbGtqcTFOc1JKbVNwbGkwVU9BNXhBBG5fcnNsdAMwBG5fc3VnZwMwBG9yaWdpbgNici5pbWFnZXMuc2VhcmNoLnlhaG9vLmNvbQRwb3MDMARwcXN0cgMEcHFzdHJsAzAEcXN0cmwDOQRxdWVyeQNjb3IlMjBwYXJkYQR0X3N0bXADMTY2Nzg3NzQ3OA--?p=cor+parda&fr=mcafee&fr2=p%3As%2Cv%3Ai%2Cm%3Asb-top&ei=UTF-8&x=wrt&type=E210BR91199G0" "Mozilla/5.0 (Windows NT 10.0; Win64; x64) AppleWebKit/537.36 (KHTML, like Gecko) Chrome/107.0.0.0 Safari/537.36" "nacaomestica.org"
114.119.156.56 - - [07/Nov/2022:19:19:22 -0800] "GET /blog4/?fb_comment_id=1198602463593553_1198607630259703&paged=66 HTTP/1.1" 200 93057 "https://nacaomestica.org/blog4/?fb_comment_id=1198602463593553_1198607630259703&paged=65" "Mozilla/5.0 (Linux; Android 7.0;) AppleWebKit/537.36 (KHTML, like Gecko) Mobile Safari/537.36 (compatible; PetalBot;+https://webmaster.petalsearch.com/site/petalbot)" "nacaomestica.org"
136.147.165.60 - - [07/Nov/2022:19:19:52 -0800] "GET /robots.txt HTTP/1.1" 200 59 "-" "R6_CommentReader(www.radian6.com/crawler)" "nacaomestica.org"
136.147.165.60 - - [07/Nov/2022:19:19:52 -0800] "GET /blog4/?p=31605 HTTP/1.1" 200 73986 "-" "R6_CommentReader(www.radian6.com/crawler)" "nacaomestica.org"
136.147.165.60 - - [07/Nov/2022:19:20:01 -0800] "GET /blog4/?p=31607 HTTP/1.1" 200 74751 "-" "R6_CommentReader(www.radian6.com/crawler)" "nacaomestica.org"
114.119.139.59 - - [07/Nov/2022:19:20:51 -0800] "GET /blog4?p_=%2B874&paged=95 HTTP/1.1" 301 1433 "https://nacaomestica.org/blog4?p_=%2B874&paged=96" "Mozilla/5.0 (Linux; Android 7.0;) AppleWebKit/537.36 (KHTML, like Gecko) Mobile Safari/537.36 (compatible; PetalBot;+https://webmaster.petalsearch.com/site/petalbot)" "nacaomestica.org"
10.213.116.68 - - [07/Nov/2022:19:20:53 -0800] "POST /blog4/wp-cron.php?doing_wp_cron=1667877653.6201789379119873046875 HTTP/1.1" 200 - "https://nacaomestica.org/blog4/wp-cron.php?doing_wp_cron=1667877653.6201789379119873046875" "WordPress/5.6.10; https://nacaomestica.org/blog4" "nacaomestica.org"
114.119.139.59 - - [07/Nov/2022:19:20:52 -0800] "GET /blog4/?p_=%2B874&paged=95 HTTP/1.1" 200 177720 "https://nacaomestica.org/blog4?p_=%2B874&paged=96" "Mozilla/5.0 (Linux; Android 7.0;) AppleWebKit/537.36 (KHTML, like Gecko) Mobile Safari/537.36 (compatible; PetalBot;+https://webmaster.petalsearch.com/site/petalbot)" "nacaomestica.org"
77.75.77.62 - - [07/Nov/2022:19:21:01 -0800] "GET /robots.txt HTTP/1.1" 200 59 "-" "Mozilla/5.0 (compatible; SeznamBot/3.2; +http://napoveda.seznam.cz/en/seznambot-intro/)" "nacaomestica.org"
77.75.77.62 - - [07/Nov/2022:19:21:04 -0800] "GET /blog4/?p=2765 HTTP/1.1" 200 74703 "-" "Mozilla/5.0 (compatible; SeznamBot/3.2; +http://napoveda.seznam.cz/en/seznambot-intro/)" "nacaomestica.org"
51.222.253.20 - - [07/Nov/2022:19:21:08 -0800] "GET /blog4/?attachment_id=18194 HTTP/1.1" 301 - "-" "Mozilla/5.0 (compatible; AhrefsBot/7.0; +http://ahrefs.com/robot/)" "nacaomestica.org"
51.222.253.18 - - [07/Nov/2022:19:21:07 -0800] "GET /blog4/?p=13663 HTTP/1.1" 200 87892 "-" "Mozilla/5.0 (compatible; AhrefsBot/7.0; +http://ahrefs.com/robot/)" "nacaomestica.org"
199.16.157.183 - - [07/Nov/2022:19:21:39 -0800] "GET /robots.txt HTTP/1.1" 200 43 "-" "Twitterbot/1.0" "nacaomestica.org"
199.16.157.182 - - [07/Nov/2022:19:21:40 -0800] "GET /robots.txt HTTP/1.1" 200 43 "-" "Twitterbot/1.0" "nacaomestica.org"
199.16.157.182 - - [07/Nov/2022:19:21:40 -0800] "GET /blog4/wp-content/uploads/2017/02/yusra-kogali.jpg.size_.custom.crop_.850x567.jpg HTTP/1.1" 200 61189 "-" "Twitterbot/1.0" "nacaomestica.org"
10.213.116.70 - - [07/Nov/2022:19:21:41 -0800] "POST /blog4/wp-cron.php?doing_wp_cron=1667877701.4992558956146240234375 HTTP/1.1" 200 - "https://nacaomestica.org/blog4/wp-cron.php?doing_wp_cron=1667877701.4992558956146240234375" "WordPress/5.6.10; https://nacaomestica.org/blog4" "nacaomestica.org"
199.16.157.183 - - [07/Nov/2022:19:21:40 -0800] "GET /blog4/?p=20631 HTTP/1.1" 200 94118 "-" "Twitterbot/1.0" "nacaomestica.org"
114.119.139.88 - - [07/Nov/2022:19:22:25 -0800] "GET /blog4?feed=rss2&p=289 HTTP/1.1" 301 1429 "https://nacaomestica.org/blog4/wp-trackback.php?p=289" "Mozilla/5.0 (Linux; Android 7.0;) AppleWebKit/537.36 (KHTML, like Gecko) Mobile Safari/537.36 (compatible; PetalBot;+https://webmaster.petalsearch.com/site/petalbot)" "nacaomestica.org"
114.119.139.88 - - [07/Nov/2022:19:22:27 -0800] "GET /blog4/?feed=rss2&p=289 HTTP/1.1" 200 809 "https://nacaomestica.org/blog4/wp-trackback.php?p=289" "Mozilla/5.0 (Linux; Android 7.0;) AppleWebKit/537.36 (KHTML, like Gecko) Mobile Safari/537.36 (compatible; PetalBot;+https://webmaster.petalsearch.com/site/petalbot)" "nacaomestica.org"
189.101.36.131 - - [07/Nov/2022:19:23:30 -0800] "GET /blog4/wp-content/uploads/2020/07/GRAFICO08_DIFERENCA_MISCIGENADO_MESTICO.png HTTP/1.1" 200 124670 "https://www.google.com.br/" "Mozilla/5.0 (iPhone; CPU iPhone OS 15_6_1 like Mac OS X) AppleWebKit/605.1.15 (KHTML, like Gecko) Version/15.6.1 Mobile/15E148 Safari/604.1" "nacaomestica.org"
189.101.36.131 - - [07/Nov/2022:19:23:31 -0800] "GET /blog4/wp-content/uploads/2019/11/GRAFICO03_RACA_MESTICO_ETNIA3-1024x576.png HTTP/1.1" 200 120733 "https://www.google.com.br/" "Mozilla/5.0 (iPhone; CPU iPhone OS 15_6_1 like Mac OS X) AppleWebKit/605.1.15 (KHTML, like Gecko) Version/15.6.1 Mobile/15E148 Safari/604.1" "nacaomestica.org"
114.119.139.86 - - [07/Nov/2022:19:23:57 -0800] "GET /blog4/?p=16508 HTTP/1.1" 200 76965 "https://nacaomestica.org/blog4?cat=1&paged=32" "Mozilla/5.0 (Linux; Android 7.0;) AppleWebKit/537.36 (KHTML, like Gecko) Mobile Safari/537.36 (compatible; PetalBot;+https://webmaster.petalsearch.com/site/petalbot)" "nacaomestica.org"
10.213.116.70 - - [07/Nov/2022:19:23:59 -0800] "POST /blog4/wp-cron.php?doing_wp_cron=1667877839.4388129711151123046875 HTTP/1.1" 200 - "https://nacaomestica.org/blog4/wp-cron.php?doing_wp_cron=1667877839.4388129711151123046875" "WordPress/5.6.10; https://nacaomestica.org/blog4" "nacaomestica.org"
51.222.253.4 - - [07/Nov/2022:19:24:21 -0800] "GET /blog4/?p=19808 HTTP/1.1" 200 79844 "-" "Mozilla/5.0 (compatible; AhrefsBot/7.0; +http://ahrefs.com/robot/)" "nacaomestica.org"
79.173.83.179 - - [07/Nov/2022:19:24:53 -0800] "GET /blog4/wp-content/uploads/2017/02/essai_inegalite_races_1.pdf HTTP/1.1" 200 3427525 "https://yandex.ru/" "Mozilla/5.0 (Windows NT 10.0; Win64; x64) AppleWebKit/537.36 (KHTML, like Gecko) Chrome/104.0.5112.124 YaBrowser/22.9.4.863 Yowser/2.5 Safari/537.36" "nacaomestica.org"
114.119.139.59 - - [07/Nov/2022:19:25:25 -0800] "GET /blog4/wp-content/uploads/2018/10?C=S%3BO%3DA HTTP/1.1" 301 1445 "https://nacaomestica.org/blog4/wp-content/uploads/2018/10?N=D" "Mozilla/5.0 (Linux; Android 7.0;) AppleWebKit/537.36 (KHTML, like Gecko) Mobile Safari/537.36 (compatible; PetalBot;+https://webmaster.petalsearch.com/site/petalbot)" "nacaomestica.org"
114.119.139.59 - - [07/Nov/2022:19:25:26 -0800] "GET /blog4/wp-content/uploads/2018/10/?C=S%3BO%3DA HTTP/1.1" 200 3080 "https://nacaomestica.org/blog4/wp-content/uploads/2018/10?N=D" "Mozilla/5.0 (Linux; Android 7.0;) AppleWebKit/537.36 (KHTML, like Gecko) Mobile Safari/537.36 (compatible; PetalBot;+https://webmaster.petalsearch.com/site/petalbot)" "nacaomestica.org"
40.77.167.67 - - [07/Nov/2022:19:25:35 -0800] "GET /blog4/wp-content/uploads/2016/02/SAM_1140.JPG HTTP/1.1" 200 3721944 "-" "Mozilla/5.0 (compatible; bingbot/2.0; +http://www.bing.com/bingbot.htm)" "nacaomestica.org"
207.46.13.5 - - [07/Nov/2022:19:25:49 -0800] "GET /blog4/wp-content/uploads/2018/09/e8222b66-2869-4bfa-8885-7a278ffea2d0-1024x614.jpg HTTP/1.1" 200 111834 "-" "Mozilla/5.0 (compatible; bingbot/2.0; +http://www.bing.com/bingbot.htm)" "nacaomestica.org"
20.12.191.72 - - [07/Nov/2022:19:26:34 -0800] "GET /blog4/wp-content/uploads/2015/05/HITLER-INDIGENISTA2.png HTTP/1.1" 200 1649822 "http://nacaomestica.org/blog4/wp-content/uploads/2015/05" "Mozilla/5.0 (Windows NT 10.0; Win64; x64) AppleWebKit/537.36 (KHTML, like Gecko) Chrome/74.0.3729.157 Safari/537.36" "nacaomestica.org"
