20.124.106.235 - - [07/Nov/2022:21:51:36 -0800] "GET /blog4/?tag=noticias HTTP/1.1" 200 90140 "-" "Mozilla/5.0 (Linux; Android 7.0; SM-G930V Build/NRD90M) AppleWebKit/537.36 (KHTML, like Gecko) Chrome/59.0.3071.125 Mobile Safari/537.36" "nacaomestica.org"
52.142.8.243 - - [07/Nov/2022:21:51:42 -0800] "GET /blog4/?tag=gilberto-freyre HTTP/1.1" 200 80820 "-" "Mozilla/5.0 (Linux; Android 7.0; SM-G930V Build/NRD90M) AppleWebKit/537.36 (KHTML, like Gecko) Chrome/59.0.3071.125 Mobile Safari/537.36" "nacaomestica.org"
20.124.106.235 - - [07/Nov/2022:21:51:51 -0800] "GET /blog4/?tag=negro HTTP/1.1" 200 85438 "-" "Mozilla/5.0 (Linux; Android 7.0; SM-G930V Build/NRD90M) AppleWebKit/537.36 (KHTML, like Gecko) Chrome/59.0.3071.125 Mobile Safari/537.36" "nacaomestica.org"
20.124.106.235 - - [07/Nov/2022:21:51:54 -0800] "GET /blog4/?p=30671 HTTP/1.1" 200 83320 "-" "Mozilla/5.0 (Linux; Android 7.0; SM-G930V Build/NRD90M) AppleWebKit/537.36 (KHTML, like Gecko) Chrome/59.0.3071.125 Mobile Safari/537.36" "nacaomestica.org"
20.124.106.235 - - [07/Nov/2022:21:51:55 -0800] "GET /blog4/?p=20146 HTTP/1.1" 200 143409 "-" "Mozilla/5.0 (Linux; Android 7.0; SM-G930V Build/NRD90M) AppleWebKit/537.36 (KHTML, like Gecko) Chrome/59.0.3071.125 Mobile Safari/537.36" "nacaomestica.org"
52.142.8.243 - - [07/Nov/2022:21:51:58 -0800] "GET /blog4/?cat=259 HTTP/1.1" 200 68416 "-" "Mozilla/5.0 (Linux; Android 7.0; SM-G930V Build/NRD90M) AppleWebKit/537.36 (KHTML, like Gecko) Chrome/59.0.3071.125 Mobile Safari/537.36" "nacaomestica.org"
10.213.116.68 - - [07/Nov/2022:21:52:06 -0800] "POST /blog4/wp-cron.php?doing_wp_cron=1667886726.2406649589538574218750 HTTP/1.1" 200 - "https://nacaomestica.org/blog4/wp-cron.php?doing_wp_cron=1667886726.2406649589538574218750" "WordPress/5.6.10; https://nacaomestica.org/blog4" "nacaomestica.org"
20.124.106.235 - - [07/Nov/2022:21:52:05 -0800] "GET /blog4/?tag=imigracao HTTP/1.1" 200 90181 "-" "Mozilla/5.0 (Linux; Android 7.0; SM-G930V Build/NRD90M) AppleWebKit/537.36 (KHTML, like Gecko) Chrome/59.0.3071.125 Mobile Safari/537.36" "nacaomestica.org"
51.222.253.18 - - [07/Nov/2022:21:52:18 -0800] "GET /blog4/?cat=69 HTTP/1.1" 200 94253 "-" "Mozilla/5.0 (compatible; AhrefsBot/7.0; +http://ahrefs.com/robot/)" "nacaomestica.org"
141.95.110.165 - - [07/Nov/2022:21:52:30 -0800] "GET / HTTP/1.1" 200 88633 "-" "Mozilla/5.0 (Windows NT 10.0; Win64; x64; rv:89.0) Gecko/20100101 Firefox/89.0" "nacaomestica.org"
52.142.8.243 - - [07/Nov/2022:21:52:31 -0800] "GET /blog4/?tag=antologia HTTP/1.1" 200 76318 "-" "Mozilla/5.0 (Linux; Android 7.0; SM-G930V Build/NRD90M) AppleWebKit/537.36 (KHTML, like Gecko) Chrome/59.0.3071.125 Mobile Safari/537.36" "nacaomestica.org"
52.142.8.243 - - [07/Nov/2022:21:52:39 -0800] "GET /blog4/?tag=racismo HTTP/1.1" 200 100201 "-" "Mozilla/5.0 (Linux; Android 7.0; SM-G930V Build/NRD90M) AppleWebKit/537.36 (KHTML, like Gecko) Chrome/59.0.3071.125 Mobile Safari/537.36" "nacaomestica.org"
52.142.8.243 - - [07/Nov/2022:21:53:07 -0800] "GET /blog4/?tag=dignidade-humana HTTP/1.1" 200 75102 "-" "Mozilla/5.0 (Linux; Android 7.0; SM-G930V Build/NRD90M) AppleWebKit/537.36 (KHTML, like Gecko) Chrome/59.0.3071.125 Mobile Safari/537.36" "nacaomestica.org"
207.46.13.155 - - [07/Nov/2022:21:53:18 -0800] "GET /blog4/wp-content/uploads/2016/02/SAM_1060.JPG HTTP/1.1" 200 3665721 "-" "Mozilla/5.0 (compatible; bingbot/2.0; +http://www.bing.com/bingbot.htm)" "nacaomestica.org"
52.142.8.243 - - [07/Nov/2022:21:53:43 -0800] "GET /blog4/?cat=236 HTTP/1.1" 200 72785 "-" "Mozilla/5.0 (Linux; Android 7.0; SM-G930V Build/NRD90M) AppleWebKit/537.36 (KHTML, like Gecko) Chrome/59.0.3071.125 Mobile Safari/537.36" "nacaomestica.org"
20.124.106.235 - - [07/Nov/2022:21:53:45 -0800] "GET /blog4/?p=30955 HTTP/1.1" 200 79854 "-" "Mozilla/5.0 (Linux; Android 7.0; SM-G930V Build/NRD90M) AppleWebKit/537.36 (KHTML, like Gecko) Chrome/59.0.3071.125 Mobile Safari/537.36" "nacaomestica.org"
20.106.28.18 - - [07/Nov/2022:21:53:51 -0800] "GET /blog4/wp-content/uploads/2016/02/SAM_1049-150x150.jpg HTTP/1.1" 200 10782 "https://nacaomestica.org/blog4/wp-content/uploads/2016/02" "Mozilla/5.0 (Linux; Android 10; SM-G960U) AppleWebKit/537.36 (KHTML, like Gecko) Chrome/88.0.4324.181 Mobile Safari/537.36" "nacaomestica.org"
52.142.8.243 - - [07/Nov/2022:21:53:49 -0800] "GET /blog4/?p=30944 HTTP/1.1" 200 78038 "-" "Mozilla/5.0 (Linux; Android 7.0; SM-G930V Build/NRD90M) AppleWebKit/537.36 (KHTML, like Gecko) Chrome/59.0.3071.125 Mobile Safari/537.36" "nacaomestica.org"
20.124.106.235 - - [07/Nov/2022:21:53:50 -0800] "GET /blog4/?cat=127 HTTP/1.1" 200 102031 "-" "Mozilla/5.0 (Linux; Android 7.0; SM-G930V Build/NRD90M) AppleWebKit/537.36 (KHTML, like Gecko) Chrome/59.0.3071.125 Mobile Safari/537.36" "nacaomestica.org"
52.142.8.243 - - [07/Nov/2022:21:53:53 -0800] "GET /blog4/?cat=49 HTTP/1.1" 200 88954 "-" "Mozilla/5.0 (Linux; Android 7.0; SM-G930V Build/NRD90M) AppleWebKit/537.36 (KHTML, like Gecko) Chrome/59.0.3071.125 Mobile Safari/537.36" "nacaomestica.org"
52.142.8.243 - - [07/Nov/2022:21:54:02 -0800] "GET /blog4/?author=1 HTTP/1.1" 200 93124 "-" "Mozilla/5.0 (Linux; Android 7.0; SM-G930V Build/NRD90M) AppleWebKit/537.36 (KHTML, like Gecko) Chrome/59.0.3071.125 Mobile Safari/537.36" "nacaomestica.org"
10.213.116.70 - - [07/Nov/2022:21:54:13 -0800] "POST /blog4/wp-cron.php?doing_wp_cron=1667886853.2833828926086425781250 HTTP/1.1" 200 - "https://nacaomestica.org/blog4/wp-cron.php?doing_wp_cron=1667886853.2833828926086425781250" "WordPress/5.6.10; https://nacaomestica.org/blog4" "nacaomestica.org"
20.124.106.235 - - [07/Nov/2022:21:54:11 -0800] "GET /blog4/?cat=225 HTTP/1.1" 200 70336 "-" "Mozilla/5.0 (Linux; Android 7.0; SM-G930V Build/NRD90M) AppleWebKit/537.36 (KHTML, like Gecko) Chrome/59.0.3071.125 Mobile Safari/537.36" "nacaomestica.org"
52.142.8.243 - - [07/Nov/2022:21:54:43 -0800] "GET /blog4/?tag=comunismo HTTP/1.1" 200 75087 "-" "Mozilla/5.0 (Linux; Android 7.0; SM-G930V Build/NRD90M) AppleWebKit/537.36 (KHTML, like Gecko) Chrome/59.0.3071.125 Mobile Safari/537.36" "nacaomestica.org"
66.249.73.110 - - [07/Nov/2022:21:54:49 -0800] "GET /blog4/?p=13000 HTTP/1.1" 200 90780 "-" "Googlebot-Image/1.0" "nacaomestica.org"
40.122.227.200 - - [07/Nov/2022:21:54:56 -0800] "GET /blog4/wp-content/uploads/2016/02/leopardo.png HTTP/1.1" 200 520833 "https://nacaomestica.org/blog4/wp-content/uploads/2016/02" "Mozilla/5.0 (Windows NT 10.0; Win64; x64) AppleWebKit/537.36 (KHTML, like Gecko) Chrome/74.0.3729.157 Safari/537.36" "nacaomestica.org"
52.142.8.243 - - [07/Nov/2022:21:55:23 -0800] "GET /blog4/?tag=poder-branco HTTP/1.1" 200 94727 "-" "Mozilla/5.0 (Linux; Android 7.0; SM-G930V Build/NRD90M) AppleWebKit/537.36 (KHTML, like Gecko) Chrome/59.0.3071.125 Mobile Safari/537.36" "nacaomestica.org"
20.124.106.235 - - [07/Nov/2022:21:55:23 -0800] "GET /blog4/?tag=apartheid HTTP/1.1" 200 91269 "-" "Mozilla/5.0 (Linux; Android 7.0; SM-G930V Build/NRD90M) AppleWebKit/537.36 (KHTML, like Gecko) Chrome/59.0.3071.125 Mobile Safari/537.36" "nacaomestica.org"
52.142.8.243 - - [07/Nov/2022:21:55:26 -0800] "GET /blog4/?cat=231 HTTP/1.1" 200 72907 "-" "Mozilla/5.0 (Linux; Android 7.0; SM-G930V Build/NRD90M) AppleWebKit/537.36 (KHTML, like Gecko) Chrome/59.0.3071.125 Mobile Safari/537.36" "nacaomestica.org"
52.142.8.243 - - [07/Nov/2022:21:55:28 -0800] "GET /blog4/?cat=20 HTTP/1.1" 200 97093 "-" "Mozilla/5.0 (Linux; Android 7.0; SM-G930V Build/NRD90M) AppleWebKit/537.36 (KHTML, like Gecko) Chrome/59.0.3071.125 Mobile Safari/537.36" "nacaomestica.org"
52.142.8.243 - - [07/Nov/2022:21:55:56 -0800] "GET /blog4/?tag=identidade-nacional HTTP/1.1" 200 90646 "-" "Mozilla/5.0 (Linux; Android 7.0; SM-G930V Build/NRD90M) AppleWebKit/537.36 (KHTML, like Gecko) Chrome/59.0.3071.125 Mobile Safari/537.36" "nacaomestica.org"
52.142.8.243 - - [07/Nov/2022:21:55:57 -0800] "GET /blog4/?cat=221 HTTP/1.1" 200 84602 "-" "Mozilla/5.0 (Linux; Android 7.0; SM-G930V Build/NRD90M) AppleWebKit/537.36 (KHTML, like Gecko) Chrome/59.0.3071.125 Mobile Safari/537.36" "nacaomestica.org"
52.142.8.243 - - [07/Nov/2022:21:57:03 -0800] "GET /blog4/?cat=244 HTTP/1.1" 200 76719 "-" "Mozilla/5.0 (Linux; Android 7.0; SM-G930V Build/NRD90M) AppleWebKit/537.36 (KHTML, like Gecko) Chrome/59.0.3071.125 Mobile Safari/537.36" "nacaomestica.org"
52.142.8.243 - - [07/Nov/2022:21:57:03 -0800] "GET /blog4/?tag=mestico HTTP/1.1" 200 99839 "-" "Mozilla/5.0 (Linux; Android 7.0; SM-G930V Build/NRD90M) AppleWebKit/537.36 (KHTML, like Gecko) Chrome/59.0.3071.125 Mobile Safari/537.36" "nacaomestica.org"
10.213.116.68 - - [07/Nov/2022:21:57:03 -0800] "POST /blog4/wp-cron.php?doing_wp_cron=1667887023.7808721065521240234375 HTTP/1.1" 200 - "https://nacaomestica.org/blog4/wp-cron.php?doing_wp_cron=1667887023.7808721065521240234375" "WordPress/5.6.10; https://nacaomestica.org/blog4" "nacaomestica.org"
52.142.8.243 - - [07/Nov/2022:21:57:01 -0800] "GET /blog4/?p=20631 HTTP/1.1" 200 94118 "-" "Mozilla/5.0 (Linux; Android 7.0; SM-G930V Build/NRD90M) AppleWebKit/537.36 (KHTML, like Gecko) Chrome/59.0.3071.125 Mobile Safari/537.36" "nacaomestica.org"
51.222.253.8 - - [07/Nov/2022:21:57:14 -0800] "GET /blog4/?feed=rss2&p=22662 HTTP/1.1" 200 826 "-" "Mozilla/5.0 (compatible; AhrefsBot/7.0; +http://ahrefs.com/robot/)" "nacaomestica.org"
52.142.8.243 - - [07/Nov/2022:21:57:17 -0800] "GET /blog4/?tag=internacionalizacao HTTP/1.1" 200 75192 "-" "Mozilla/5.0 (Linux; Android 7.0; SM-G930V Build/NRD90M) AppleWebKit/537.36 (KHTML, like Gecko) Chrome/59.0.3071.125 Mobile Safari/537.36" "nacaomestica.org"
52.142.8.243 - - [07/Nov/2022:21:58:04 -0800] "GET /blog4/?paged=2 HTTP/1.1" 200 88966 "-" "Mozilla/5.0 (Linux; Android 7.0; SM-G930V Build/NRD90M) AppleWebKit/537.36 (KHTML, like Gecko) Chrome/59.0.3071.125 Mobile Safari/537.36" "nacaomestica.org"
10.213.116.69 - - [07/Nov/2022:21:59:41 -0800] "POST /blog4/wp-cron.php?doing_wp_cron=1667887181.5239210128784179687500 HTTP/1.1" 200 - "https://nacaomestica.org/blog4/wp-cron.php?doing_wp_cron=1667887181.5239210128784179687500" "WordPress/5.6.10; https://nacaomestica.org/blog4" "nacaomestica.org"
51.222.253.2 - - [07/Nov/2022:21:59:35 -0800] "GET /blog4/?p=25771 HTTP/1.1" 200 81236 "-" "Mozilla/5.0 (compatible; AhrefsBot/7.0; +http://ahrefs.com/robot/)" "nacaomestica.org"
20.85.215.177 - - [07/Nov/2022:22:01:07 -0800] "GET /blog4/?cat=90 HTTP/1.1" 200 92246 "-" "Mozilla/5.0 (Linux; Android 7.0; SM-G930V Build/NRD90M) AppleWebKit/537.36 (KHTML, like Gecko) Chrome/59.0.3071.125 Mobile Safari/537.36" "nacaomestica.org"
20.85.215.177 - - [07/Nov/2022:22:01:22 -0800] "GET /blog4/?cat=116 HTTP/1.1" 200 67114 "-" "Mozilla/5.0 (Linux; Android 7.0; SM-G930V Build/NRD90M) AppleWebKit/537.36 (KHTML, like Gecko) Chrome/59.0.3071.125 Mobile Safari/537.36" "nacaomestica.org"
20.85.215.177 - - [07/Nov/2022:22:01:23 -0800] "GET /blog4/?tag=limpeza-etnica HTTP/1.1" 200 91682 "-" "Mozilla/5.0 (Linux; Android 7.0; SM-G930V Build/NRD90M) AppleWebKit/537.36 (KHTML, like Gecko) Chrome/59.0.3071.125 Mobile Safari/537.36" "nacaomestica.org"
20.85.215.177 - - [07/Nov/2022:22:01:24 -0800] "GET /blog4/?cat=266 HTTP/1.1" 200 69887 "-" "Mozilla/5.0 (Linux; Android 7.0; SM-G930V Build/NRD90M) AppleWebKit/537.36 (KHTML, like Gecko) Chrome/59.0.3071.125 Mobile Safari/537.36" "nacaomestica.org"
20.85.215.177 - - [07/Nov/2022:22:01:26 -0800] "GET /blog4/?cat=268 HTTP/1.1" 200 95973 "-" "Mozilla/5.0 (Linux; Android 7.0; SM-G930V Build/NRD90M) AppleWebKit/537.36 (KHTML, like Gecko) Chrome/59.0.3071.125 Mobile Safari/537.36" "nacaomestica.org"
51.222.253.8 - - [07/Nov/2022:22:01:35 -0800] "GET /blog4/?feed=rss2&p=13663 HTTP/1.1" 200 1878 "-" "Mozilla/5.0 (compatible; AhrefsBot/7.0; +http://ahrefs.com/robot/)" "nacaomestica.org"
20.85.215.177 - - [07/Nov/2022:22:01:47 -0800] "GET /blog4/?cat=263 HTTP/1.1" 200 69077 "-" "Mozilla/5.0 (Linux; Android 7.0; SM-G930V Build/NRD90M) AppleWebKit/537.36 (KHTML, like Gecko) Chrome/59.0.3071.125 Mobile Safari/537.36" "nacaomestica.org"
10.213.116.69 - - [07/Nov/2022:22:01:48 -0800] "POST /blog4/wp-cron.php?doing_wp_cron=1667887308.2795209884643554687500 HTTP/1.1" 200 - "https://nacaomestica.org/blog4/wp-cron.php?doing_wp_cron=1667887308.2795209884643554687500" "WordPress/5.6.10; https://nacaomestica.org/blog4" "nacaomestica.org"
20.85.215.177 - - [07/Nov/2022:22:01:52 -0800] "GET /blog4/?tag=amarelo HTTP/1.1" 200 79664 "-" "Mozilla/5.0 (Linux; Android 7.0; SM-G930V Build/NRD90M) AppleWebKit/537.36 (KHTML, like Gecko) Chrome/59.0.3071.125 Mobile Safari/537.36" "nacaomestica.org"
20.85.215.177 - - [07/Nov/2022:22:01:51 -0800] "GET /blog4/ HTTP/1.1" 200 88633 "-" "Mozilla/5.0 (Linux; Android 7.0; SM-G930V Build/NRD90M) AppleWebKit/537.36 (KHTML, like Gecko) Chrome/59.0.3071.125 Mobile Safari/537.36" "nacaomestica.org"
20.85.215.177 - - [07/Nov/2022:22:01:54 -0800] "GET /blog4/?cat=182 HTTP/1.1" 200 73701 "-" "Mozilla/5.0 (Linux; Android 7.0; SM-G930V Build/NRD90M) AppleWebKit/537.36 (KHTML, like Gecko) Chrome/59.0.3071.125 Mobile Safari/537.36" "nacaomestica.org"
17.121.112.235 - - [07/Nov/2022:22:01:58 -0800] "GET /diretorio_dos_indios.htm HTTP/1.1" 200 33795 "-" "Mozilla/5.0 (Macintosh; Intel Mac OS X 10_15_5) AppleWebKit/605.1.15 (KHTML, like Gecko) Version/13.1.1 Safari/605.1.15 (Applebot/0.1; +http://www.apple.com/go/applebot)" "www.nacaomestica.org"
20.85.215.177 - - [07/Nov/2022:22:02:01 -0800] "GET /blog4/?p=30980 HTTP/1.1" 200 74400 "-" "Mozilla/5.0 (Linux; Android 7.0; SM-G930V Build/NRD90M) AppleWebKit/537.36 (KHTML, like Gecko) Chrome/59.0.3071.125 Mobile Safari/537.36" "nacaomestica.org"
20.85.215.177 - - [07/Nov/2022:22:02:06 -0800] "GET /blog4/?tag=anti-cristianismo HTTP/1.1" 200 75634 "-" "Mozilla/5.0 (Linux; Android 7.0; SM-G930V Build/NRD90M) AppleWebKit/537.36 (KHTML, like Gecko) Chrome/59.0.3071.125 Mobile Safari/537.36" "nacaomestica.org"
20.85.215.177 - - [07/Nov/2022:22:02:10 -0800] "GET /blog4/?cat=125 HTTP/1.1" 200 69491 "-" "Mozilla/5.0 (Linux; Android 7.0; SM-G930V Build/NRD90M) AppleWebKit/537.36 (KHTML, like Gecko) Chrome/59.0.3071.125 Mobile Safari/537.36" "nacaomestica.org"
20.85.215.177 - - [07/Nov/2022:22:02:12 -0800] "GET /blog4/?tag=charge HTTP/1.1" 200 86402 "-" "Mozilla/5.0 (Linux; Android 7.0; SM-G930V Build/NRD90M) AppleWebKit/537.36 (KHTML, like Gecko) Chrome/59.0.3071.125 Mobile Safari/537.36" "nacaomestica.org"
20.85.215.177 - - [07/Nov/2022:22:02:09 -0800] "GET /blog4/?cat=131 HTTP/1.1" 200 93805 "-" "Mozilla/5.0 (Linux; Android 7.0; SM-G930V Build/NRD90M) AppleWebKit/537.36 (KHTML, like Gecko) Chrome/59.0.3071.125 Mobile Safari/537.36" "nacaomestica.org"
20.85.215.177 - - [07/Nov/2022:22:02:14 -0800] "GET /blog4/?tag=bantustao HTTP/1.1" 200 96380 "-" "Mozilla/5.0 (Linux; Android 7.0; SM-G930V Build/NRD90M) AppleWebKit/537.36 (KHTML, like Gecko) Chrome/59.0.3071.125 Mobile Safari/537.36" "nacaomestica.org"
20.85.215.177 - - [07/Nov/2022:22:02:14 -0800] "GET /blog4/?cat=128 HTTP/1.1" 200 96290 "-" "Mozilla/5.0 (Linux; Android 7.0; SM-G930V Build/NRD90M) AppleWebKit/537.36 (KHTML, like Gecko) Chrome/59.0.3071.125 Mobile Safari/537.36" "nacaomestica.org"
20.85.215.177 - - [07/Nov/2022:22:02:19 -0800] "GET /blog4/?tag=mesticagem-miscigenacao HTTP/1.1" 200 78687 "-" "Mozilla/5.0 (Linux; Android 7.0; SM-G930V Build/NRD90M) AppleWebKit/537.36 (KHTML, like Gecko) Chrome/59.0.3071.125 Mobile Safari/537.36" "nacaomestica.org"
20.85.215.177 - - [07/Nov/2022:22:02:20 -0800] "GET /blog4/?tag=direitos-originarios HTTP/1.1" 200 82399 "-" "Mozilla/5.0 (Linux; Android 7.0; SM-G930V Build/NRD90M) AppleWebKit/537.36 (KHTML, like Gecko) Chrome/59.0.3071.125 Mobile Safari/537.36" "nacaomestica.org"
20.85.215.177 - - [07/Nov/2022:22:02:30 -0800] "GET /blog4/?cat=262 HTTP/1.1" 200 67543 "-" "Mozilla/5.0 (Linux; Android 7.0; SM-G930V Build/NRD90M) AppleWebKit/537.36 (KHTML, like Gecko) Chrome/59.0.3071.125 Mobile Safari/537.36" "nacaomestica.org"
20.85.215.177 - - [07/Nov/2022:22:02:30 -0800] "GET /blog4/?cat=245 HTTP/1.1" 200 81959 "-" "Mozilla/5.0 (Linux; Android 7.0; SM-G930V Build/NRD90M) AppleWebKit/537.36 (KHTML, like Gecko) Chrome/59.0.3071.125 Mobile Safari/537.36" "nacaomestica.org"
20.85.215.177 - - [07/Nov/2022:22:02:31 -0800] "GET /blog4/?cat=181 HTTP/1.1" 200 78204 "-" "Mozilla/5.0 (Linux; Android 7.0; SM-G930V Build/NRD90M) AppleWebKit/537.36 (KHTML, like Gecko) Chrome/59.0.3071.125 Mobile Safari/537.36" "nacaomestica.org"
20.85.215.177 - - [07/Nov/2022:22:02:31 -0800] "GET /blog4/?cat=219 HTTP/1.1" 200 94544 "-" "Mozilla/5.0 (Linux; Android 7.0; SM-G930V Build/NRD90M) AppleWebKit/537.36 (KHTML, like Gecko) Chrome/59.0.3071.125 Mobile Safari/537.36" "nacaomestica.org"
66.249.73.112 - - [07/Nov/2022:22:02:34 -0800] "GET /blog4/?p=1270 HTTP/1.1" 200 77312 "-" "Googlebot-Image/1.0" "nacaomestica.org"
20.85.215.177 - - [07/Nov/2022:22:02:34 -0800] "GET /blog4/?tag=mesticofobia HTTP/1.1" 200 98309 "-" "Mozilla/5.0 (Linux; Android 7.0; SM-G930V Build/NRD90M) AppleWebKit/537.36 (KHTML, like Gecko) Chrome/59.0.3071.125 Mobile Safari/537.36" "nacaomestica.org"
20.85.215.177 - - [07/Nov/2022:22:02:35 -0800] "GET /blog4/?p=30970 HTTP/1.1" 200 75629 "-" "Mozilla/5.0 (Linux; Android 7.0; SM-G930V Build/NRD90M) AppleWebKit/537.36 (KHTML, like Gecko) Chrome/59.0.3071.125 Mobile Safari/537.36" "nacaomestica.org"
20.85.215.177 - - [07/Nov/2022:22:02:36 -0800] "GET /blog4/?cat=217 HTTP/1.1" 200 74699 "-" "Mozilla/5.0 (Linux; Android 7.0; SM-G930V Build/NRD90M) AppleWebKit/537.36 (KHTML, like Gecko) Chrome/59.0.3071.125 Mobile Safari/537.36" "nacaomestica.org"
20.85.215.177 - - [07/Nov/2022:22:02:39 -0800] "GET /blog4/?cat=69 HTTP/1.1" 200 94253 "-" "Mozilla/5.0 (Linux; Android 7.0; SM-G930V Build/NRD90M) AppleWebKit/537.36 (KHTML, like Gecko) Chrome/59.0.3071.125 Mobile Safari/537.36" "nacaomestica.org"
20.85.215.177 - - [07/Nov/2022:22:02:43 -0800] "GET /blog4/?p=23346 HTTP/1.1" 200 90602 "-" "Mozilla/5.0 (Linux; Android 7.0; SM-G930V Build/NRD90M) AppleWebKit/537.36 (KHTML, like Gecko) Chrome/59.0.3071.125 Mobile Safari/537.36" "nacaomestica.org"
20.85.215.177 - - [07/Nov/2022:22:02:45 -0800] "GET /blog4/?cat=29 HTTP/1.1" 200 70237 "-" "Mozilla/5.0 (Linux; Android 7.0; SM-G930V Build/NRD90M) AppleWebKit/537.36 (KHTML, like Gecko) Chrome/59.0.3071.125 Mobile Safari/537.36" "nacaomestica.org"
207.46.13.184 - - [07/Nov/2022:22:02:47 -0800] "GET /blog4/wp-content/uploads/2017/06/europelargestsecondnationality-768x640.jpg HTTP/1.1" 200 80497 "-" "Mozilla/5.0 AppleWebKit/537.36 (KHTML, like Gecko; compatible; bingbot/2.0; +http://www.bing.com/bingbot.htm) Chrome/103.0.5060.134 Safari/537.36" "nacaomestica.org"
20.85.215.177 - - [07/Nov/2022:22:02:54 -0800] "GET /blog4/?tag=cotas HTTP/1.1" 200 92492 "-" "Mozilla/5.0 (Linux; Android 7.0; SM-G930V Build/NRD90M) AppleWebKit/537.36 (KHTML, like Gecko) Chrome/59.0.3071.125 Mobile Safari/537.36" "nacaomestica.org"
20.85.215.177 - - [07/Nov/2022:22:02:54 -0800] "GET / HTTP/1.1" 200 88633 "-" "Mozilla/5.0 (Linux; Android 7.0; SM-G930V Build/NRD90M) AppleWebKit/537.36 (KHTML, like Gecko) Chrome/59.0.3071.125 Mobile Safari/537.36" "nacaomestica.org"
51.222.253.4 - - [07/Nov/2022:22:03:42 -0800] "GET /blog4/?feed=rss2&p=471 HTTP/1.1" 200 820 "-" "Mozilla/5.0 (compatible; AhrefsBot/7.0; +http://ahrefs.com/robot/)" "nacaomestica.org"
157.55.39.146 - - [07/Nov/2022:22:04:40 -0800] "GET /blog4/?p=31623 HTTP/1.1" 200 75172 "-" "Mozilla/5.0 (compatible; bingbot/2.0; +http://www.bing.com/bingbot.htm)" "nacaomestica.org"
10.213.116.68 - - [07/Nov/2022:22:04:42 -0800] "POST /blog4/wp-cron.php?doing_wp_cron=1667887482.3685989379882812500000 HTTP/1.1" 200 - "https://nacaomestica.org/blog4/wp-cron.php?doing_wp_cron=1667887482.3685989379882812500000" "WordPress/5.6.10; https://nacaomestica.org/blog4" "nacaomestica.org"
51.222.253.5 - - [07/Nov/2022:22:05:56 -0800] "GET /blog4/?tag=islamizacao HTTP/1.1" 200 69210 "-" "Mozilla/5.0 (compatible; AhrefsBot/7.0; +http://ahrefs.com/robot/)" "nacaomestica.org"
40.86.101.254 - - [07/Nov/2022:22:07:44 -0800] "GET /blog4/wp-content/uploads/2018/11/48944916_560673334346176_638426702204108800_n-150x150.jpg HTTP/1.1" 200 7737 "https://nacaomestica.org/blog4/wp-content/uploads/2018/11" "Mozilla/5.0 (Macintosh; Intel Mac OS X 10_11_6) AppleWebKit/605.1.15 (KHTML, like Gecko) Version/11.1.2 Safari/605.1.15" "nacaomestica.org"
51.222.253.12 - - [07/Nov/2022:22:08:11 -0800] "GET /blog4/?feed=rss2&p=25427 HTTP/1.1" 200 834 "-" "Mozilla/5.0 (compatible; AhrefsBot/7.0; +http://ahrefs.com/robot/)" "nacaomestica.org"
10.213.116.70 - - [07/Nov/2022:22:08:14 -0800] "POST /blog4/wp-cron.php?doing_wp_cron=1667887694.3133859634399414062500 HTTP/1.1" 200 - "https://nacaomestica.org/blog4/wp-cron.php?doing_wp_cron=1667887694.3133859634399414062500" "WordPress/5.6.10; https://nacaomestica.org/blog4" "nacaomestica.org"
207.46.13.5 - - [07/Nov/2022:22:09:05 -0800] "GET /blog4/?p=23502 HTTP/1.1" 200 93119 "-" "Mozilla/5.0 AppleWebKit/537.36 (KHTML, like Gecko; compatible; bingbot/2.0; +http://www.bing.com/bingbot.htm) Chrome/103.0.5060.134 Safari/537.36" "nacaomestica.org"
187.19.214.224 - - [07/Nov/2022:22:09:18 -0800] "GET /blog4/wp-content/uploads/2018/01/DUTG4f9WsAEJSzb.jpg HTTP/1.1" 200 32012 "https://www.google.com/" "Mozilla/5.0 (Windows NT 10.0; Win64; x64) AppleWebKit/537.36 (KHTML, like Gecko) Chrome/107.0.0.0 Safari/537.36" "nacaomestica.org"
177.87.40.30 - - [07/Nov/2022:22:09:42 -0800] "GET /blog4/wp-content/uploads/2017/11/miscigenacao_e_genocidio04.png HTTP/1.1" 200 1438104 "https://elaele.com.br/" "Mozilla/5.0 (Linux; Android 10; MI 8 Lite) AppleWebKit/537.36 (KHTML, like Gecko) Chrome/106.0.0.0 Mobile Safari/537.36" "nacaomestica.org"
51.222.253.18 - - [07/Nov/2022:22:10:28 -0800] "GET /blog4/?feed=rss2&p=23694 HTTP/1.1" 200 835 "-" "Mozilla/5.0 (compatible; AhrefsBot/7.0; +http://ahrefs.com/robot/)" "nacaomestica.org"
10.213.116.68 - - [07/Nov/2022:22:10:30 -0800] "POST /blog4/wp-cron.php?doing_wp_cron=1667887830.0168600082397460937500 HTTP/1.1" 200 - "https://nacaomestica.org/blog4/wp-cron.php?doing_wp_cron=1667887830.0168600082397460937500" "WordPress/5.6.10; https://nacaomestica.org/blog4" "nacaomestica.org"
10.213.116.68 - - [07/Nov/2022:22:12:37 -0800] "POST /blog4/wp-cron.php?doing_wp_cron=1667887957.6992530822753906250000 HTTP/1.1" 200 - "https://nacaomestica.org/blog4/wp-cron.php?doing_wp_cron=1667887957.6992530822753906250000" "WordPress/5.6.10; https://nacaomestica.org/blog4" "nacaomestica.org"
52.188.213.161 - - [07/Nov/2022:22:12:36 -0800] "GET /blog4/?cat=269 HTTP/1.1" 200 95119 "-" "Mozilla/5.0 (Linux; Android 7.0; SM-G930V Build/NRD90M) AppleWebKit/537.36 (KHTML, like Gecko) Chrome/59.0.3071.125 Mobile Safari/537.36" "nacaomestica.org"
52.188.213.161 - - [07/Nov/2022:22:12:38 -0800] "GET /blog4/?p=30917 HTTP/1.1" 200 75922 "-" "Mozilla/5.0 (Linux; Android 7.0; SM-G930V Build/NRD90M) AppleWebKit/537.36 (KHTML, like Gecko) Chrome/59.0.3071.125 Mobile Safari/537.36" "nacaomestica.org"
51.222.253.20 - - [07/Nov/2022:22:12:45 -0800] "GET /blog4/?feed=rss2&p=5924 HTTP/1.1" 200 813 "-" "Mozilla/5.0 (compatible; AhrefsBot/7.0; +http://ahrefs.com/robot/)" "nacaomestica.org"
52.188.213.161 - - [07/Nov/2022:22:13:12 -0800] "GET /blog4/?cat=102 HTTP/1.1" 200 92233 "-" "Mozilla/5.0 (Linux; Android 7.0; SM-G930V Build/NRD90M) AppleWebKit/537.36 (KHTML, like Gecko) Chrome/59.0.3071.125 Mobile Safari/537.36" "nacaomestica.org"
66.249.73.110 - - [07/Nov/2022:22:13:20 -0800] "GET /blog4/wp-content/uploads/2012/12/a_01en-150x150.png HTTP/1.1" 304 - "-" "Googlebot-Image/1.0" "nacaomestica.org"
52.188.213.161 - - [07/Nov/2022:22:13:18 -0800] "GET /blog4/?tag=soberania HTTP/1.1" 200 78915 "-" "Mozilla/5.0 (Linux; Android 7.0; SM-G930V Build/NRD90M) AppleWebKit/537.36 (KHTML, like Gecko) Chrome/59.0.3071.125 Mobile Safari/537.36" "nacaomestica.org"
52.188.213.161 - - [07/Nov/2022:22:13:40 -0800] "GET /blog4/?p=8326 HTTP/1.1" 200 94230 "-" "Mozilla/5.0 (Linux; Android 7.0; SM-G930V Build/NRD90M) AppleWebKit/537.36 (KHTML, like Gecko) Chrome/59.0.3071.125 Mobile Safari/537.36" "nacaomestica.org"
177.18.147.162 - - [07/Nov/2022:22:14:08 -0800] "GET /blog4/?p=8456 HTTP/1.1" 200 172662 "-" "Mozilla/5.0 (Linux; Android 9; moto e6s) AppleWebKit/537.36 (KHTML, like Gecko) Chrome/107.0.0.0 Mobile Safari/537.36" "nacaomestica.org"
52.188.213.161 - - [07/Nov/2022:22:14:14 -0800] "GET /blog4/?tag=eventos HTTP/1.1" 200 86105 "-" "Mozilla/5.0 (Linux; Android 7.0; SM-G930V Build/NRD90M) AppleWebKit/537.36 (KHTML, like Gecko) Chrome/59.0.3071.125 Mobile Safari/537.36" "nacaomestica.org"
52.188.213.161 - - [07/Nov/2022:22:14:27 -0800] "GET /blog4/?cat=118 HTTP/1.1" 200 67276 "-" "Mozilla/5.0 (Linux; Android 7.0; SM-G930V Build/NRD90M) AppleWebKit/537.36 (KHTML, like Gecko) Chrome/59.0.3071.125 Mobile Safari/537.36" "nacaomestica.org"
52.188.213.161 - - [07/Nov/2022:22:14:36 -0800] "GET /blog4/?cat=157 HTTP/1.1" 200 97141 "-" "Mozilla/5.0 (Linux; Android 7.0; SM-G930V Build/NRD90M) AppleWebKit/537.36 (KHTML, like Gecko) Chrome/59.0.3071.125 Mobile Safari/537.36" "nacaomestica.org"
10.213.116.70 - - [07/Nov/2022:22:14:40 -0800] "POST /blog4/wp-cron.php?doing_wp_cron=1667888080.2537798881530761718750 HTTP/1.1" 200 - "https://nacaomestica.org/blog4/wp-cron.php?doing_wp_cron=1667888080.2537798881530761718750" "WordPress/5.6.10; https://nacaomestica.org/blog4" "nacaomestica.org"
52.188.213.161 - - [07/Nov/2022:22:14:39 -0800] "GET /blog4/?cat=252 HTTP/1.1" 200 80240 "-" "Mozilla/5.0 (Linux; Android 7.0; SM-G930V Build/NRD90M) AppleWebKit/537.36 (KHTML, like Gecko) Chrome/59.0.3071.125 Mobile Safari/537.36" "nacaomestica.org"
52.188.213.161 - - [07/Nov/2022:22:14:43 -0800] "GET /blog4/?cat=143 HTTP/1.1" 200 86418 "-" "Mozilla/5.0 (Linux; Android 7.0; SM-G930V Build/NRD90M) AppleWebKit/537.36 (KHTML, like Gecko) Chrome/59.0.3071.125 Mobile Safari/537.36" "nacaomestica.org"
17.121.114.211 - - [07/Nov/2022:22:14:47 -0800] "GET /blog4/?cat=219 HTTP/1.1" 200 94544 "-" "Mozilla/5.0 (Macintosh; Intel Mac OS X 10_15_5) AppleWebKit/605.1.15 (KHTML, like Gecko) Version/13.1.1 Safari/605.1.15 (Applebot/0.1; +http://www.apple.com/go/applebot)" "nacaomestica.org"
52.188.213.161 - - [07/Nov/2022:22:14:57 -0800] "GET /blog4/?cat=86 HTTP/1.1" 200 75512 "-" "Mozilla/5.0 (Linux; Android 7.0; SM-G930V Build/NRD90M) AppleWebKit/537.36 (KHTML, like Gecko) Chrome/59.0.3071.125 Mobile Safari/537.36" "nacaomestica.org"
52.188.213.161 - - [07/Nov/2022:22:14:57 -0800] "GET /blog4/?tag=indigenismo HTTP/1.1" 200 96717 "-" "Mozilla/5.0 (Linux; Android 7.0; SM-G930V Build/NRD90M) AppleWebKit/537.36 (KHTML, like Gecko) Chrome/59.0.3071.125 Mobile Safari/537.36" "nacaomestica.org"
51.222.253.16 - - [07/Nov/2022:22:15:05 -0800] "GET /blog4/?feed=rss2&p=10384 HTTP/1.1" 200 820 "-" "Mozilla/5.0 (compatible; AhrefsBot/7.0; +http://ahrefs.com/robot/)" "nacaomestica.org"
52.188.213.161 - - [07/Nov/2022:22:15:27 -0800] "GET /blog4/?p=30960 HTTP/1.1" 200 75324 "-" "Mozilla/5.0 (Linux; Android 7.0; SM-G930V Build/NRD90M) AppleWebKit/537.36 (KHTML, like Gecko) Chrome/59.0.3071.125 Mobile Safari/537.36" "nacaomestica.org"
51.222.253.19 - - [07/Nov/2022:22:15:35 -0800] "GET /blog4/wp-trackback.php?p=3412 HTTP/1.1" 302 - "-" "Mozilla/5.0 (compatible; AhrefsBot/7.0; +http://ahrefs.com/robot/)" "nacaomestica.org"
52.188.213.161 - - [07/Nov/2022:22:15:37 -0800] "GET /blog4/?cat=115 HTTP/1.1" 200 67263 "-" "Mozilla/5.0 (Linux; Android 7.0; SM-G930V Build/NRD90M) AppleWebKit/537.36 (KHTML, like Gecko) Chrome/59.0.3071.125 Mobile Safari/537.36" "nacaomestica.org"
52.188.213.161 - - [07/Nov/2022:22:15:42 -0800] "GET /blog4/?cat=129 HTTP/1.1" 200 67128 "-" "Mozilla/5.0 (Linux; Android 7.0; SM-G930V Build/NRD90M) AppleWebKit/537.36 (KHTML, like Gecko) Chrome/59.0.3071.125 Mobile Safari/537.36" "nacaomestica.org"
52.188.213.161 - - [07/Nov/2022:22:15:45 -0800] "GET /blog4/?p=23009 HTTP/1.1" 200 91979 "-" "Mozilla/5.0 (Linux; Android 7.0; SM-G930V Build/NRD90M) AppleWebKit/537.36 (KHTML, like Gecko) Chrome/59.0.3071.125 Mobile Safari/537.36" "nacaomestica.org"
52.188.213.161 - - [07/Nov/2022:22:16:09 -0800] "GET /blog4/?tag=supremacismo HTTP/1.1" 200 92211 "-" "Mozilla/5.0 (Linux; Android 7.0; SM-G930V Build/NRD90M) AppleWebKit/537.36 (KHTML, like Gecko) Chrome/59.0.3071.125 Mobile Safari/537.36" "nacaomestica.org"
168.138.230.76 - - [07/Nov/2022:22:16:10 -0800] "GET /blog4/?feed=rss2 HTTP/1.1" 200 11803 "-" "Mozilla/5.0 (Macintosh; I; Intel Mac OS X 11_7_9; de-LI; rv:1.9b4) Gecko/2012010317 Firefox/10.0a4" "nacaomestica.org"
168.138.230.76 - - [07/Nov/2022:22:16:13 -0800] "GET / HTTP/1.1" 200 88633 "-" "facebookexternalhit/1.0 (+http://www.facebook.com/externalhit_uatext.php)" "nacaomestica.org"
52.188.213.161 - - [07/Nov/2022:22:16:18 -0800] "GET /blog4/?tag=mensagem-mestica HTTP/1.1" 200 88890 "-" "Mozilla/5.0 (Linux; Android 7.0; SM-G930V Build/NRD90M) AppleWebKit/537.36 (KHTML, like Gecko) Chrome/59.0.3071.125 Mobile Safari/537.36" "nacaomestica.org"
52.188.213.161 - - [07/Nov/2022:22:17:22 -0800] "GET /blog4/?p=30966 HTTP/1.1" 200 73483 "-" "Mozilla/5.0 (Linux; Android 7.0; SM-G930V Build/NRD90M) AppleWebKit/537.36 (KHTML, like Gecko) Chrome/59.0.3071.125 Mobile Safari/537.36" "nacaomestica.org"
10.213.116.69 - - [07/Nov/2022:22:17:23 -0800] "POST /blog4/wp-cron.php?doing_wp_cron=1667888243.1971800327301025390625 HTTP/1.1" 200 - "https://nacaomestica.org/blog4/wp-cron.php?doing_wp_cron=1667888243.1971800327301025390625" "WordPress/5.6.10; https://nacaomestica.org/blog4" "nacaomestica.org"
51.222.253.12 - - [07/Nov/2022:22:17:24 -0800] "GET /blog4/?p=7375 HTTP/1.1" 200 94304 "-" "Mozilla/5.0 (compatible; AhrefsBot/7.0; +http://ahrefs.com/robot/)" "nacaomestica.org"
114.119.128.58 - - [07/Nov/2022:22:18:50 -0800] "GET /robots.txt HTTP/1.1" 200 59 "-" "Mozilla/5.0 (compatible;PetalBot;+https://webmaster.petalsearch.com/site/petalbot)" "www.nacaomestica.org"
52.188.213.161 - - [07/Nov/2022:22:19:25 -0800] "GET /blog4/?cat=119 HTTP/1.1" 200 78654 "-" "Mozilla/5.0 (Linux; Android 7.0; SM-G930V Build/NRD90M) AppleWebKit/537.36 (KHTML, like Gecko) Chrome/59.0.3071.125 Mobile Safari/537.36" "nacaomestica.org"
10.213.116.69 - - [07/Nov/2022:22:19:27 -0800] "POST /blog4/wp-cron.php?doing_wp_cron=1667888367.8888509273529052734375 HTTP/1.1" 200 - "https://nacaomestica.org/blog4/wp-cron.php?doing_wp_cron=1667888367.8888509273529052734375" "WordPress/5.6.10; https://nacaomestica.org/blog4" "nacaomestica.org"
51.222.253.10 - - [07/Nov/2022:22:19:43 -0800] "GET /blog4/?feed=rss2&p=5221 HTTP/1.1" 200 4259 "-" "Mozilla/5.0 (compatible; AhrefsBot/7.0; +http://ahrefs.com/robot/)" "nacaomestica.org"
52.188.213.161 - - [07/Nov/2022:22:20:54 -0800] "GET /blog4/?cat=195 HTTP/1.1" 200 79967 "-" "Mozilla/5.0 (Linux; Android 7.0; SM-G930V Build/NRD90M) AppleWebKit/537.36 (KHTML, like Gecko) Chrome/59.0.3071.125 Mobile Safari/537.36" "nacaomestica.org"
52.188.213.161 - - [07/Nov/2022:22:21:50 -0800] "GET /blog4/?cat=229 HTTP/1.1" 200 77639 "-" "Mozilla/5.0 (Linux; Android 7.0; SM-G930V Build/NRD90M) AppleWebKit/537.36 (KHTML, like Gecko) Chrome/59.0.3071.125 Mobile Safari/537.36" "nacaomestica.org"
69.171.249.8 - - [07/Nov/2022:22:21:56 -0800] "GET /blog4/wp-content/uploads/2019/07/41680743_303.jpg HTTP/1.1" 200 32899 "-" "facebookexternalhit/1.1 (+http://www.facebook.com/externalhit_uatext.php)" "nacaomestica.org"
10.213.116.68 - - [07/Nov/2022:22:21:53 -0800] "POST /blog4/wp-cron.php?doing_wp_cron=1667888513.2743260860443115234375 HTTP/1.1" 200 - "https://nacaomestica.org/blog4/wp-cron.php?doing_wp_cron=1667888513.2743260860443115234375" "WordPress/5.6.10; https://nacaomestica.org/blog4" "nacaomestica.org"
51.222.253.1 - - [07/Nov/2022:22:21:54 -0800] "GET /blog4/?feed=rss2&p=3755 HTTP/1.1" 200 834 "-" "Mozilla/5.0 (compatible; AhrefsBot/7.0; +http://ahrefs.com/robot/)" "nacaomestica.org"
52.188.213.161 - - [07/Nov/2022:22:21:56 -0800] "GET /blog4/?cat=141 HTTP/1.1" 200 98929 "-" "Mozilla/5.0 (Linux; Android 7.0; SM-G930V Build/NRD90M) AppleWebKit/537.36 (KHTML, like Gecko) Chrome/59.0.3071.125 Mobile Safari/537.36" "nacaomestica.org"
52.188.213.161 - - [07/Nov/2022:22:22:13 -0800] "GET /blog4/?tag=funai HTTP/1.1" 200 94521 "-" "Mozilla/5.0 (Linux; Android 7.0; SM-G930V Build/NRD90M) AppleWebKit/537.36 (KHTML, like Gecko) Chrome/59.0.3071.125 Mobile Safari/537.36" "nacaomestica.org"
52.188.213.161 - - [07/Nov/2022:22:22:15 -0800] "GET /blog4/?tag=espanol HTTP/1.1" 200 89934 "-" "Mozilla/5.0 (Linux; Android 7.0; SM-G930V Build/NRD90M) AppleWebKit/537.36 (KHTML, like Gecko) Chrome/59.0.3071.125 Mobile Safari/537.36" "nacaomestica.org"
52.188.213.161 - - [07/Nov/2022:22:22:27 -0800] "GET /blog4/?cat=123 HTTP/1.1" 200 67814 "-" "Mozilla/5.0 (Linux; Android 7.0; SM-G930V Build/NRD90M) AppleWebKit/537.36 (KHTML, like Gecko) Chrome/59.0.3071.125 Mobile Safari/537.36" "nacaomestica.org"
177.81.78.173 - - [07/Nov/2022:22:22:56 -0800] "GET /blog4/wp-content/uploads/2018/08/01candidatospres.jpg HTTP/1.1" 200 160293 "https://www.google.com/" "Mozilla/5.0 (Windows NT 10.0; Win64; x64) AppleWebKit/537.36 (KHTML, like Gecko) Chrome/105.0.0.0 Safari/537.36 OPR/91.0.4516.106" "nacaomestica.org"
66.249.73.110 - - [07/Nov/2022:22:23:16 -0800] "GET /blog4/wp-content/uploads/2017/03/5d52687934f337b9d66eb83d7fa9c728.jpg HTTP/1.1" 200 154769 "-" "Googlebot-Image/1.0" "nacaomestica.org"
52.188.213.161 - - [07/Nov/2022:22:23:30 -0800] "GET /blog4/?p=8456 HTTP/1.1" 200 172662 "-" "Mozilla/5.0 (Linux; Android 7.0; SM-G930V Build/NRD90M) AppleWebKit/537.36 (KHTML, like Gecko) Chrome/59.0.3071.125 Mobile Safari/537.36" "nacaomestica.org"
52.188.213.161 - - [07/Nov/2022:22:23:36 -0800] "GET /blog4/?tag=escravidao HTTP/1.1" 200 86414 "-" "Mozilla/5.0 (Linux; Android 7.0; SM-G930V Build/NRD90M) AppleWebKit/537.36 (KHTML, like Gecko) Chrome/59.0.3071.125 Mobile Safari/537.36" "nacaomestica.org"
52.188.213.161 - - [07/Nov/2022:22:23:49 -0800] "GET /blog4/?p=30905 HTTP/1.1" 200 77724 "-" "Mozilla/5.0 (Linux; Android 7.0; SM-G930V Build/NRD90M) AppleWebKit/537.36 (KHTML, like Gecko) Chrome/59.0.3071.125 Mobile Safari/537.36" "nacaomestica.org"
199.16.157.181 - - [07/Nov/2022:22:24:12 -0800] "GET /robots.txt HTTP/1.1" 200 43 "-" "Twitterbot/1.0" "nacaomestica.org"
199.16.157.181 - - [07/Nov/2022:22:24:12 -0800] "GET /robots.txt HTTP/1.1" 200 43 "-" "Twitterbot/1.0" "nacaomestica.org"
199.16.157.181 - - [07/Nov/2022:22:24:12 -0800] "GET /blog4/wp-content/uploads/2022/05/joadel_bravo2.jpg HTTP/1.1" 200 37424 "-" "Twitterbot/1.0" "nacaomestica.org"
51.222.253.12 - - [07/Nov/2022:22:24:14 -0800] "GET /blog4/?feed=rss2&p=15680 HTTP/1.1" 200 813 "-" "Mozilla/5.0 (compatible; AhrefsBot/7.0; +http://ahrefs.com/robot/)" "nacaomestica.org"
10.213.116.70 - - [07/Nov/2022:22:24:14 -0800] "POST /blog4/wp-cron.php?doing_wp_cron=1667888654.5342450141906738281250 HTTP/1.1" 200 - "https://nacaomestica.org/blog4/wp-cron.php?doing_wp_cron=1667888654.5342450141906738281250" "WordPress/5.6.10; https://nacaomestica.org/blog4" "nacaomestica.org"
199.16.157.181 - - [07/Nov/2022:22:24:12 -0800] "GET /blog4/?p=31431 HTTP/1.1" 200 79953 "-" "Twitterbot/1.0" "nacaomestica.org"
72.14.201.203 - - [07/Nov/2022:22:26:16 -0800] "GET /blog4/?p=2252 HTTP/1.1" 200 73536 "-" "Mozilla/5.0 (Linux; Android 10; K) AppleWebKit/537.36 (KHTML, like Gecko) Chrome/106.0.0.0 Mobile Safari/537.36" "nacaomestica.org"
10.213.116.70 - - [07/Nov/2022:22:26:18 -0800] "POST /blog4/wp-cron.php?doing_wp_cron=1667888778.2613499164581298828125 HTTP/1.1" 200 - "https://nacaomestica.org/blog4/wp-cron.php?doing_wp_cron=1667888778.2613499164581298828125" "WordPress/5.6.10; https://nacaomestica.org/blog4" "nacaomestica.org"
51.222.253.11 - - [07/Nov/2022:22:26:28 -0800] "GET /blog4/?feed=rss2&p=18920 HTTP/1.1" 200 792 "-" "Mozilla/5.0 (compatible; AhrefsBot/7.0; +http://ahrefs.com/robot/)" "nacaomestica.org"
20.109.241.80 - - [07/Nov/2022:22:27:05 -0800] "GET /blog4/wp-content/uploads/2018/06/Capitao-mato3.jpg HTTP/1.1" 200 196535 "https://nacaomestica.org/blog4/wp-content/uploads/2018/06" "Mozilla/5.0 (Linux; Android 10; SM-G960U) AppleWebKit/537.36 (KHTML, like Gecko) Chrome/88.0.4324.181 Mobile Safari/537.36" "nacaomestica.org"
207.46.13.184 - - [07/Nov/2022:22:27:08 -0800] "GET /blog4/wp-content/uploads/2018/01/Detran-AM-Fachada-Divulgacao.jpg HTTP/1.1" 200 70262 "-" "Mozilla/5.0 AppleWebKit/537.36 (KHTML, like Gecko; compatible; bingbot/2.0; +http://www.bing.com/bingbot.htm) Chrome/103.0.5060.134 Safari/537.36" "nacaomestica.org"
68.69.184.202 - - [07/Nov/2022:22:27:23 -0800] "GET /robots.txt HTTP/1.1" 200 59 "-" "got (https://github.com/sindresorhus/got)" "nacaomestica.org"
68.69.184.202 - - [07/Nov/2022:22:27:23 -0800] "GET / HTTP/1.1" 200 27576 "-" "got (https://github.com/sindresorhus/got)" "nacaomestica.org"
52.188.211.122 - - [07/Nov/2022:22:27:42 -0800] "GET /blog4/?feed=rss2 HTTP/1.1" 200 11803 "-" "Mozilla/5.0 (Linux; Android 7.0; SM-G930V Build/NRD90M) AppleWebKit/537.36 (KHTML, like Gecko) Chrome/59.0.3071.125 Mobile Safari/537.36" "nacaomestica.org"
51.222.253.18 - - [07/Nov/2022:22:28:37 -0800] "GET /blog4/?feed=rss2&p=12113 HTTP/1.1" 200 3563 "-" "Mozilla/5.0 (compatible; AhrefsBot/7.0; +http://ahrefs.com/robot/)" "nacaomestica.org"
17.121.113.215 - - [07/Nov/2022:22:28:34 -0800] "GET /blog4/?tag=eventos HTTP/1.1" 200 86105 "-" "Mozilla/5.0 (Macintosh; Intel Mac OS X 10_15_5) AppleWebKit/605.1.15 (KHTML, like Gecko) Version/13.1.1 Safari/605.1.15 (Applebot/0.1; +http://www.apple.com/go/applebot)" "nacaomestica.org"
51.222.253.5 - - [07/Nov/2022:22:28:34 -0800] "GET /blog4/?attachment_id=17447 HTTP/1.1" 301 - "-" "Mozilla/5.0 (compatible; AhrefsBot/7.0; +http://ahrefs.com/robot/)" "nacaomestica.org"
10.213.116.69 - - [07/Nov/2022:22:28:44 -0800] "POST /blog4/wp-cron.php?doing_wp_cron=1667888924.6457428932189941406250 HTTP/1.1" 200 - "https://nacaomestica.org/blog4/wp-cron.php?doing_wp_cron=1667888924.6457428932189941406250" "WordPress/5.6.10; https://nacaomestica.org/blog4" "nacaomestica.org"
52.142.8.243 - - [07/Nov/2022:22:29:19 -0800] "GET /blog4/?cat=136 HTTP/1.1" 200 68001 "-" "Mozilla/5.0 (Linux; Android 7.0; SM-G930V Build/NRD90M) AppleWebKit/537.36 (KHTML, like Gecko) Chrome/59.0.3071.125 Mobile Safari/537.36" "nacaomestica.org"
52.142.8.243 - - [07/Nov/2022:22:29:41 -0800] "GET /blog4/?tag=globalismo HTTP/1.1" 200 80081 "-" "Mozilla/5.0 (Linux; Android 7.0; SM-G930V Build/NRD90M) AppleWebKit/537.36 (KHTML, like Gecko) Chrome/59.0.3071.125 Mobile Safari/537.36" "nacaomestica.org"
52.142.8.243 - - [07/Nov/2022:22:29:39 -0800] "GET /blog4/?tag=separatismo HTTP/1.1" 200 82429 "-" "Mozilla/5.0 (Linux; Android 7.0; SM-G930V Build/NRD90M) AppleWebKit/537.36 (KHTML, like Gecko) Chrome/59.0.3071.125 Mobile Safari/537.36" "nacaomestica.org"
207.46.13.5 - - [07/Nov/2022:22:30:07 -0800] "GET /blog4/wp-content/uploads/2012/10/na%C3%A7%C3%A3o-mesti%C3%A7a-2.JPG HTTP/1.1" 200 385017 "-" "Mozilla/5.0 AppleWebKit/537.36 (KHTML, like Gecko; compatible; bingbot/2.0; +http://www.bing.com/bingbot.htm) Chrome/103.0.5060.134 Safari/537.36" "nacaomestica.org"
52.142.8.243 - - [07/Nov/2022:22:30:27 -0800] "GET /blog4/?cat=106 HTTP/1.1" 200 80793 "-" "Mozilla/5.0 (Linux; Android 7.0; SM-G930V Build/NRD90M) AppleWebKit/537.36 (KHTML, like Gecko) Chrome/59.0.3071.125 Mobile Safari/537.36" "nacaomestica.org"
52.142.8.243 - - [07/Nov/2022:22:30:42 -0800] "GET /blog4/?tag=dia-do-mestico HTTP/1.1" 200 82430 "-" "Mozilla/5.0 (Linux; Android 7.0; SM-G930V Build/NRD90M) AppleWebKit/537.36 (KHTML, like Gecko) Chrome/59.0.3071.125 Mobile Safari/537.36" "nacaomestica.org"
52.142.8.243 - - [07/Nov/2022:22:30:48 -0800] "GET /blog4/?cat=60 HTTP/1.1" 200 92760 "-" "Mozilla/5.0 (Linux; Android 7.0; SM-G930V Build/NRD90M) AppleWebKit/537.36 (KHTML, like Gecko) Chrome/59.0.3071.125 Mobile Safari/537.36" "nacaomestica.org"
5.255.253.186 - - [07/Nov/2022:22:30:36 -0800] "GET /blog4/wp-content/uploads/2017/02/aeb_2019.pdf HTTP/1.1" 200 15983745 "-" "Mozilla/5.0 (compatible; YandexBot/3.0; +http://yandex.com/bots)" "nacaomestica.org"
52.142.8.243 - - [07/Nov/2022:22:31:05 -0800] "GET /blog4/?tag=censura HTTP/1.1" 200 78736 "-" "Mozilla/5.0 (Linux; Android 7.0; SM-G930V Build/NRD90M) AppleWebKit/537.36 (KHTML, like Gecko) Chrome/59.0.3071.125 Mobile Safari/537.36" "nacaomestica.org"
51.222.253.6 - - [07/Nov/2022:22:31:04 -0800] "GET /blog4/?feed=rss2&p=13599 HTTP/1.1" 200 810 "-" "Mozilla/5.0 (compatible; AhrefsBot/7.0; +http://ahrefs.com/robot/)" "nacaomestica.org"
52.142.8.243 - - [07/Nov/2022:22:31:07 -0800] "GET /blog4/?tag=acoes-afirmativas HTTP/1.1" 200 82792 "-" "Mozilla/5.0 (Linux; Android 7.0; SM-G930V Build/NRD90M) AppleWebKit/537.36 (KHTML, like Gecko) Chrome/59.0.3071.125 Mobile Safari/537.36" "nacaomestica.org"
10.213.116.69 - - [07/Nov/2022:22:31:09 -0800] "POST /blog4/wp-cron.php?doing_wp_cron=1667889069.4389879703521728515625 HTTP/1.1" 200 - "https://nacaomestica.org/blog4/wp-cron.php?doing_wp_cron=1667889069.4389879703521728515625" "WordPress/5.6.10; https://nacaomestica.org/blog4" "nacaomestica.org"
207.46.13.184 - - [07/Nov/2022:22:31:30 -0800] "GET /blog4/wp-content/uploads/2011/12/ HTTP/1.1" 200 912 "-" "Mozilla/5.0 AppleWebKit/537.36 (KHTML, like Gecko; compatible; bingbot/2.0; +http://www.bing.com/bingbot.htm) Chrome/103.0.5060.134 Safari/537.36" "nacaomestica.org"
52.142.8.243 - - [07/Nov/2022:22:31:31 -0800] "GET /blog4/?cat=267 HTTP/1.1" 200 69730 "-" "Mozilla/5.0 (Linux; Android 7.0; SM-G930V Build/NRD90M) AppleWebKit/537.36 (KHTML, like Gecko) Chrome/59.0.3071.125 Mobile Safari/537.36" "nacaomestica.org"
52.142.8.243 - - [07/Nov/2022:22:31:42 -0800] "GET /blog4/?tag=racism HTTP/1.1" 200 87035 "-" "Mozilla/5.0 (Linux; Android 7.0; SM-G930V Build/NRD90M) AppleWebKit/537.36 (KHTML, like Gecko) Chrome/59.0.3071.125 Mobile Safari/537.36" "nacaomestica.org"
52.142.8.243 - - [07/Nov/2022:22:31:52 -0800] "GET /blog4/?cat=223 HTTP/1.1" 200 95463 "-" "Mozilla/5.0 (Linux; Android 7.0; SM-G930V Build/NRD90M) AppleWebKit/537.36 (KHTML, like Gecko) Chrome/59.0.3071.125 Mobile Safari/537.36" "nacaomestica.org"
52.142.8.243 - - [07/Nov/2022:22:32:02 -0800] "GET /blog4/?p=20922 HTTP/1.1" 200 87750 "-" "Mozilla/5.0 (Linux; Android 7.0; SM-G930V Build/NRD90M) AppleWebKit/537.36 (KHTML, like Gecko) Chrome/59.0.3071.125 Mobile Safari/537.36" "nacaomestica.org"
52.142.8.243 - - [07/Nov/2022:22:32:11 -0800] "GET /blog4/?tag=branco HTTP/1.1" 200 96399 "-" "Mozilla/5.0 (Linux; Android 7.0; SM-G930V Build/NRD90M) AppleWebKit/537.36 (KHTML, like Gecko) Chrome/59.0.3071.125 Mobile Safari/537.36" "nacaomestica.org"
157.55.39.146 - - [07/Nov/2022:22:32:32 -0800] "GET /blog4/wp-content/uploads/2015/06/3.png HTTP/1.1" 200 255988 "-" "Mozilla/5.0 (compatible; bingbot/2.0; +http://www.bing.com/bingbot.htm)" "nacaomestica.org"
52.142.8.243 - - [07/Nov/2022:22:33:00 -0800] "GET /blog4/?tag=indio HTTP/1.1" 200 100446 "-" "Mozilla/5.0 (Linux; Android 7.0; SM-G930V Build/NRD90M) AppleWebKit/537.36 (KHTML, like Gecko) Chrome/59.0.3071.125 Mobile Safari/537.36" "nacaomestica.org"
52.142.8.243 - - [07/Nov/2022:22:33:06 -0800] "GET /blog4/?tag=english-texts HTTP/1.1" 200 93598 "-" "Mozilla/5.0 (Linux; Android 7.0; SM-G930V Build/NRD90M) AppleWebKit/537.36 (KHTML, like Gecko) Chrome/59.0.3071.125 Mobile Safari/537.36" "nacaomestica.org"
52.142.8.243 - - [07/Nov/2022:22:33:08 -0800] "GET /blog4/?cat=203 HTTP/1.1" 200 96250 "-" "Mozilla/5.0 (Linux; Android 7.0; SM-G930V Build/NRD90M) AppleWebKit/537.36 (KHTML, like Gecko) Chrome/59.0.3071.125 Mobile Safari/537.36" "nacaomestica.org"
51.222.253.14 - - [07/Nov/2022:22:33:10 -0800] "GET /blog4/?feed=rss2&p=22732 HTTP/1.1" 200 1332 "-" "Mozilla/5.0 (compatible; AhrefsBot/7.0; +http://ahrefs.com/robot/)" "nacaomestica.org"
10.213.116.69 - - [07/Nov/2022:22:33:22 -0800] "POST /blog4/wp-cron.php?doing_wp_cron=1667889202.8267590999603271484375 HTTP/1.1" 200 - "https://nacaomestica.org/blog4/wp-cron.php?doing_wp_cron=1667889202.8267590999603271484375" "WordPress/5.6.10; https://nacaomestica.org/blog4" "nacaomestica.org"
52.142.8.243 - - [07/Nov/2022:22:33:22 -0800] "GET /blog4/?cat=28 HTTP/1.1" 200 97231 "-" "Mozilla/5.0 (Linux; Android 7.0; SM-G930V Build/NRD90M) AppleWebKit/537.36 (KHTML, like Gecko) Chrome/59.0.3071.125 Mobile Safari/537.36" "nacaomestica.org"
52.142.8.243 - - [07/Nov/2022:22:33:21 -0800] "GET /blog4/?cat=134 HTTP/1.1" 200 71153 "-" "Mozilla/5.0 (Linux; Android 7.0; SM-G930V Build/NRD90M) AppleWebKit/537.36 (KHTML, like Gecko) Chrome/59.0.3071.125 Mobile Safari/537.36" "nacaomestica.org"
52.142.8.243 - - [07/Nov/2022:22:33:23 -0800] "GET /blog4/?cat=241 HTTP/1.1" 200 68669 "-" "Mozilla/5.0 (Linux; Android 7.0; SM-G930V Build/NRD90M) AppleWebKit/537.36 (KHTML, like Gecko) Chrome/59.0.3071.125 Mobile Safari/537.36" "nacaomestica.org"
52.142.8.243 - - [07/Nov/2022:22:33:26 -0800] "GET /blog4/?tag=gilberto-freyre HTTP/1.1" 200 80820 "-" "Mozilla/5.0 (Linux; Android 7.0; SM-G930V Build/NRD90M) AppleWebKit/537.36 (KHTML, like Gecko) Chrome/59.0.3071.125 Mobile Safari/537.36" "nacaomestica.org"
52.142.8.243 - - [07/Nov/2022:22:33:31 -0800] "GET /blog4/?cat=259 HTTP/1.1" 200 68416 "-" "Mozilla/5.0 (Linux; Android 7.0; SM-G930V Build/NRD90M) AppleWebKit/537.36 (KHTML, like Gecko) Chrome/59.0.3071.125 Mobile Safari/537.36" "nacaomestica.org"
52.142.8.243 - - [07/Nov/2022:22:33:47 -0800] "GET /blog4/?tag=antologia HTTP/1.1" 200 76318 "-" "Mozilla/5.0 (Linux; Android 7.0; SM-G930V Build/NRD90M) AppleWebKit/537.36 (KHTML, like Gecko) Chrome/59.0.3071.125 Mobile Safari/537.36" "nacaomestica.org"
52.142.8.243 - - [07/Nov/2022:22:33:52 -0800] "GET /blog4/?tag=racismo HTTP/1.1" 200 100201 "-" "Mozilla/5.0 (Linux; Android 7.0; SM-G930V Build/NRD90M) AppleWebKit/537.36 (KHTML, like Gecko) Chrome/59.0.3071.125 Mobile Safari/537.36" "nacaomestica.org"
52.142.8.243 - - [07/Nov/2022:22:34:08 -0800] "GET /blog4/?tag=dignidade-humana HTTP/1.1" 200 75102 "-" "Mozilla/5.0 (Linux; Android 7.0; SM-G930V Build/NRD90M) AppleWebKit/537.36 (KHTML, like Gecko) Chrome/59.0.3071.125 Mobile Safari/537.36" "nacaomestica.org"
52.142.8.243 - - [07/Nov/2022:22:34:23 -0800] "GET /blog4/?cat=236 HTTP/1.1" 200 72785 "-" "Mozilla/5.0 (Linux; Android 7.0; SM-G930V Build/NRD90M) AppleWebKit/537.36 (KHTML, like Gecko) Chrome/59.0.3071.125 Mobile Safari/537.36" "nacaomestica.org"
52.142.8.243 - - [07/Nov/2022:22:34:27 -0800] "GET /blog4/?p=30944 HTTP/1.1" 200 78038 "-" "Mozilla/5.0 (Linux; Android 7.0; SM-G930V Build/NRD90M) AppleWebKit/537.36 (KHTML, like Gecko) Chrome/59.0.3071.125 Mobile Safari/537.36" "nacaomestica.org"
52.142.8.243 - - [07/Nov/2022:22:34:28 -0800] "GET /blog4/?cat=49 HTTP/1.1" 200 88954 "-" "Mozilla/5.0 (Linux; Android 7.0; SM-G930V Build/NRD90M) AppleWebKit/537.36 (KHTML, like Gecko) Chrome/59.0.3071.125 Mobile Safari/537.36" "nacaomestica.org"
52.142.8.243 - - [07/Nov/2022:22:34:34 -0800] "GET /blog4/?author=1 HTTP/1.1" 200 93124 "-" "Mozilla/5.0 (Linux; Android 7.0; SM-G930V Build/NRD90M) AppleWebKit/537.36 (KHTML, like Gecko) Chrome/59.0.3071.125 Mobile Safari/537.36" "nacaomestica.org"
79.124.8.3 - - [07/Nov/2022:22:34:51 -0800] "GET /wp-content/themes/seotheme/db.php?u HTTP/1.1" 404 88 "www.google.com" "Mozlila/5.0 (Linux; Android 7.0; SM-G892A Bulid/NRD90M; wv) AppleWebKit/537.36 (KHTML, like Gecko) Version/4.0 Chrome/60.0.3112.107 Moblie Safari/537.36" "nacaomestica.org"
52.142.8.243 - - [07/Nov/2022:22:35:01 -0800] "GET /blog4/?tag=comunismo HTTP/1.1" 200 75087 "-" "Mozilla/5.0 (Linux; Android 7.0; SM-G930V Build/NRD90M) AppleWebKit/537.36 (KHTML, like Gecko) Chrome/59.0.3071.125 Mobile Safari/537.36" "nacaomestica.org"
79.124.8.3 - - [07/Nov/2022:22:35:05 -0800] "GET /wp-content/themes/seotheme/db.php?u HTTP/1.1" 404 88 "www.google.com" "Mozlila/5.0 (Linux; Android 7.0; SM-G892A Bulid/NRD90M; wv) AppleWebKit/537.36 (KHTML, like Gecko) Version/4.0 Chrome/60.0.3112.107 Moblie Safari/537.36" "nacaomestica.org"
51.222.253.19 - - [07/Nov/2022:22:35:18 -0800] "GET /blog4/?feed=rss2&p=30153 HTTP/1.1" 200 764 "-" "Mozilla/5.0 (compatible; AhrefsBot/7.0; +http://ahrefs.com/robot/)" "nacaomestica.org"
79.124.8.3 - - [07/Nov/2022:22:35:34 -0800] "GET /wp-content/themes/seotheme/db.php?u HTTP/1.1" 404 88 "www.google.com" "Mozlila/5.0 (Linux; Android 7.0; SM-G892A Bulid/NRD90M; wv) AppleWebKit/537.36 (KHTML, like Gecko) Version/4.0 Chrome/60.0.3112.107 Moblie Safari/537.36" "nacaomestica.org"
10.213.116.69 - - [07/Nov/2022:22:35:33 -0800] "POST /blog4/wp-cron.php?doing_wp_cron=1667889333.2655830383300781250000 HTTP/1.1" 200 - "https://nacaomestica.org/blog4/wp-cron.php?doing_wp_cron=1667889333.2655830383300781250000" "WordPress/5.6.10; https://nacaomestica.org/blog4" "nacaomestica.org"
52.142.8.243 - - [07/Nov/2022:22:35:32 -0800] "GET /blog4/?cat=231 HTTP/1.1" 200 72907 "-" "Mozilla/5.0 (Linux; Android 7.0; SM-G930V Build/NRD90M) AppleWebKit/537.36 (KHTML, like Gecko) Chrome/59.0.3071.125 Mobile Safari/537.36" "nacaomestica.org"
52.142.8.243 - - [07/Nov/2022:22:35:31 -0800] "GET /blog4/?tag=poder-branco HTTP/1.1" 200 94727 "-" "Mozilla/5.0 (Linux; Android 7.0; SM-G930V Build/NRD90M) AppleWebKit/537.36 (KHTML, like Gecko) Chrome/59.0.3071.125 Mobile Safari/537.36" "nacaomestica.org"
52.142.8.243 - - [07/Nov/2022:22:35:33 -0800] "GET /blog4/?cat=20 HTTP/1.1" 200 97093 "-" "Mozilla/5.0 (Linux; Android 7.0; SM-G930V Build/NRD90M) AppleWebKit/537.36 (KHTML, like Gecko) Chrome/59.0.3071.125 Mobile Safari/537.36" "nacaomestica.org"
79.124.8.3 - - [07/Nov/2022:22:35:50 -0800] "GET /wp-content/themes/seotheme/db.php?u HTTP/1.1" 404 88 "www.google.com" "Mozlila/5.0 (Linux; Android 7.0; SM-G892A Bulid/NRD90M; wv) AppleWebKit/537.36 (KHTML, like Gecko) Version/4.0 Chrome/60.0.3112.107 Moblie Safari/537.36" "nacaomestica.org"
52.142.8.243 - - [07/Nov/2022:22:35:52 -0800] "GET /blog4/?tag=identidade-nacional HTTP/1.1" 200 90646 "-" "Mozilla/5.0 (Linux; Android 7.0; SM-G930V Build/NRD90M) AppleWebKit/537.36 (KHTML, like Gecko) Chrome/59.0.3071.125 Mobile Safari/537.36" "nacaomestica.org"
