185.173.36.129 - - [07/Nov/2022:16:25:00 -0800] "POST /blog4/wp-comments-post.php HTTP/1.1" 403 3072 "https://nacaomestica.org/blog4/?p=12355" "Mozilla/5.0 (Windows NT 6.3; Win64; x64) AppleWebKit/537.36 (KHTML, like Gecko) Chrome/103.0.0.0 Safari/537.36" "nacaomestica.org"
185.173.36.129 - - [07/Nov/2022:16:25:06 -0800] "POST /blog4/wp-comments-post.php HTTP/1.1" 403 3072 "https://nacaomestica.org/blog4/?p=12355" "Mozilla/5.0 (Windows NT 6.3; Win64; x64) AppleWebKit/537.36 (KHTML, like Gecko) Chrome/103.0.0.0 Safari/537.36" "nacaomestica.org"
20.85.215.177 - - [07/Nov/2022:16:25:06 -0800] "GET /blog4/?cat=29 HTTP/1.1" 200 70237 "-" "Mozilla/5.0 (Linux; Android 7.0; SM-G930V Build/NRD90M) AppleWebKit/537.36 (KHTML, like Gecko) Chrome/59.0.3071.125 Mobile Safari/537.36" "nacaomestica.org"
177.192.4.56 - - [07/Nov/2022:16:25:15 -0800] "GET /blog4/wp-content/uploads/2013/09/8C81F.jpg HTTP/1.1" 200 130499 "https://www.google.com/" "Mozilla/5.0 (Windows NT 10.0; Win64; x64) AppleWebKit/537.36 (KHTML, like Gecko) Chrome/107.0.0.0 Safari/537.36" "nacaomestica.org"
185.173.36.129 - - [07/Nov/2022:16:25:10 -0800] "GET /blog4/?p=12355 HTTP/1.1" 200 101435 "http://nacaomestica.org/blog4/?p=12355" "Mozilla/5.0 (Windows NT 6.3; Win64; x64) AppleWebKit/537.36 (KHTML, like Gecko) Chrome/103.0.0.0 Safari/537.36" "nacaomestica.org"
20.85.215.177 - - [07/Nov/2022:16:26:02 -0800] "GET /blog4/?tag=cotas HTTP/1.1" 200 92492 "-" "Mozilla/5.0 (Linux; Android 7.0; SM-G930V Build/NRD90M) AppleWebKit/537.36 (KHTML, like Gecko) Chrome/59.0.3071.125 Mobile Safari/537.36" "nacaomestica.org"
20.85.215.177 - - [07/Nov/2022:16:26:06 -0800] "GET / HTTP/1.1" 200 88633 "-" "Mozilla/5.0 (Linux; Android 7.0; SM-G930V Build/NRD90M) AppleWebKit/537.36 (KHTML, like Gecko) Chrome/59.0.3071.125 Mobile Safari/537.36" "nacaomestica.org"
10.213.116.69 - - [07/Nov/2022:16:27:09 -0800] "POST /blog4/wp-cron.php?doing_wp_cron=1667867228.6767930984497070312500 HTTP/1.1" 200 - "https://nacaomestica.org/blog4/wp-cron.php?doing_wp_cron=1667867228.6767930984497070312500" "WordPress/5.6.10; https://nacaomestica.org/blog4" "nacaomestica.org"
51.222.253.19 - - [07/Nov/2022:16:27:06 -0800] "GET /blog4/?p=9251 HTTP/1.1" 200 79645 "-" "Mozilla/5.0 (compatible; AhrefsBot/7.0; +http://ahrefs.com/robot/)" "nacaomestica.org"
20.106.24.246 - - [07/Nov/2022:16:27:39 -0800] "GET /blog4/wp-content/uploads/2015/04/nm_marca-150x150.png HTTP/1.1" 200 17661 "http://nacaomestica.org/blog4/wp-content/uploads/2015/04" "Mozilla/5.0 (Linux; Android 10; SM-G960U) AppleWebKit/537.36 (KHTML, like Gecko) Chrome/88.0.4324.181 Mobile Safari/537.36" "nacaomestica.org"
45.162.12.184 - - [07/Nov/2022:16:28:13 -0800] "GET /blog4/wp-content/uploads/2018/08/01candidatospres.jpg HTTP/1.1" 200 160293 "https://www.google.com.br/" "Mozilla/5.0 (Windows NT 10.0; Win64; x64) AppleWebKit/537.36 (KHTML, like Gecko) Chrome/107.0.0.0 Safari/537.36" "nacaomestica.org"
157.55.39.146 - - [07/Nov/2022:16:28:17 -0800] "GET /blog4/?p=23315 HTTP/1.1" 200 76698 "-" "Mozilla/5.0 (compatible; bingbot/2.0; +http://www.bing.com/bingbot.htm)" "nacaomestica.org"
185.173.36.129 - - [07/Nov/2022:16:28:41 -0800] "GET /blog4/?p=12355 HTTP/1.1" 200 101435 "http://nacaomestica.org/blog4/?p=12355" "Mozilla/5.0 (Windows NT 10.0; Win64; x64) AppleWebKit/537.36 (KHTML, like Gecko) Chrome/103.0.0.0 Safari/537.36 OPR/89.0.4447.51" "nacaomestica.org"
20.106.27.209 - - [07/Nov/2022:16:28:49 -0800] "GET /blog4/wp-content/uploads/2018/10/URNAS-1.jpg HTTP/1.1" 200 47844 "https://nacaomestica.org/blog4/wp-content/uploads/2018/10" "Mozilla/5.0 (X11; Linux x86_64) AppleWebKit/537.36 (KHTML, like Gecko) Chrome/74.0.3729.169 Safari/537.36" "nacaomestica.org"
194.195.91.66 - - [07/Nov/2022:16:29:10 -0800] "GET /blog4/ HTTP/1.1" 200 88633 "https://nacaomestica.org/blog4/" "Mozilla/5.0 (Windows NT 6.3; Win64; x64) AppleWebKit/537.36 (KHTML, like Gecko) Chrome/90.0.4430.85 Safari/537.36" "nacaomestica.org"
10.213.116.70 - - [07/Nov/2022:16:29:12 -0800] "POST /blog4/wp-cron.php?doing_wp_cron=1667867352.0011138916015625000000 HTTP/1.1" 200 - "https://nacaomestica.org/blog4/wp-cron.php?doing_wp_cron=1667867352.0011138916015625000000" "WordPress/5.6.10; https://nacaomestica.org/blog4" "nacaomestica.org"
194.195.91.66 - - [07/Nov/2022:16:29:10 -0800] "GET /blog4/ HTTP/1.1" 200 88633 "https://nacaomestica.org/blog4/" "Mozilla/5.0 (Windows NT 6.1; ) AppleWebKit/537.36 (KHTML, like Gecko) Chrome/90.0.4430.72 Safari/537.36" "nacaomestica.org"
194.195.91.66 - - [07/Nov/2022:16:29:10 -0800] "GET /blog4/ HTTP/1.1" 200 88633 "https://nacaomestica.org/blog4/" "Mozilla/5.0 (Windows NT 6.3) AppleWebKit/537.36 (KHTML, like Gecko) Chrome/90.0.4430.72 Safari/537.36" "nacaomestica.org"
20.124.250.146 - - [07/Nov/2022:16:29:18 -0800] "GET /blog4/?cat=136 HTTP/1.1" 200 68001 "-" "Mozilla/5.0 (Linux; Android 7.0; SM-G930V Build/NRD90M) AppleWebKit/537.36 (KHTML, like Gecko) Chrome/59.0.3071.125 Mobile Safari/537.36" "nacaomestica.org"
20.124.250.146 - - [07/Nov/2022:16:29:32 -0800] "GET /blog4/?tag=separatismo HTTP/1.1" 200 82429 "-" "Mozilla/5.0 (Linux; Android 7.0; SM-G930V Build/NRD90M) AppleWebKit/537.36 (KHTML, like Gecko) Chrome/59.0.3071.125 Mobile Safari/537.36" "nacaomestica.org"
20.124.250.146 - - [07/Nov/2022:16:29:33 -0800] "GET /blog4/?tag=globalismo HTTP/1.1" 200 80081 "-" "Mozilla/5.0 (Linux; Android 7.0; SM-G930V Build/NRD90M) AppleWebKit/537.36 (KHTML, like Gecko) Chrome/59.0.3071.125 Mobile Safari/537.36" "nacaomestica.org"
114.119.139.59 - - [07/Nov/2022:16:29:41 -0800] "GET /blog4/wp-content/uploads/2022/01/ HTTP/1.1" 200 645 "https://nacaomestica.org/blog4/wp-content/uploads/2022/?C=N%3BO%3DD" "Mozilla/5.0 (Linux; Android 7.0;) AppleWebKit/537.36 (KHTML, like Gecko) Mobile Safari/537.36 (compatible; PetalBot;+https://webmaster.petalsearch.com/site/petalbot)" "nacaomestica.org"
202.21.38.57 - - [07/Nov/2022:16:29:50 -0800] "GET /blog4/?feed=comments-rss2 HTTP/1.1" 200 11502 "-" "-" "nacaomestica.org"
51.222.253.10 - - [07/Nov/2022:16:29:50 -0800] "GET /blog4/?p=2983 HTTP/1.1" 200 78731 "-" "Mozilla/5.0 (compatible; AhrefsBot/7.0; +http://ahrefs.com/robot/)" "nacaomestica.org"
20.124.250.146 - - [07/Nov/2022:16:29:57 -0800] "GET /blog4/?cat=106 HTTP/1.1" 200 80793 "-" "Mozilla/5.0 (Linux; Android 7.0; SM-G930V Build/NRD90M) AppleWebKit/537.36 (KHTML, like Gecko) Chrome/59.0.3071.125 Mobile Safari/537.36" "nacaomestica.org"
193.186.4.202 - - [07/Nov/2022:16:30:09 -0800] "GET /pardo.htm HTTP/1.1" 200 4096 "-" "Mozilla/5.0 (Linux; Android 10; K) AppleWebKit/537.36 (KHTML, like Gecko) Chrome/107.0.0.0 Mobile Safari/537.36" "www.nacaomestica.org"
20.124.106.235 - - [07/Nov/2022:16:30:20 -0800] "GET /blog4/?p=30937 HTTP/1.1" 200 78271 "-" "Mozilla/5.0 (Linux; Android 7.0; SM-G930V Build/NRD90M) AppleWebKit/537.36 (KHTML, like Gecko) Chrome/59.0.3071.125 Mobile Safari/537.36" "nacaomestica.org"
20.124.250.146 - - [07/Nov/2022:16:30:22 -0800] "GET /blog4/?tag=dia-do-mestico HTTP/1.1" 200 82430 "-" "Mozilla/5.0 (Linux; Android 7.0; SM-G930V Build/NRD90M) AppleWebKit/537.36 (KHTML, like Gecko) Chrome/59.0.3071.125 Mobile Safari/537.36" "nacaomestica.org"
20.124.250.146 - - [07/Nov/2022:16:30:27 -0800] "GET /blog4/?cat=60 HTTP/1.1" 200 92760 "-" "Mozilla/5.0 (Linux; Android 7.0; SM-G930V Build/NRD90M) AppleWebKit/537.36 (KHTML, like Gecko) Chrome/59.0.3071.125 Mobile Safari/537.36" "nacaomestica.org"
20.124.106.235 - - [07/Nov/2022:16:30:30 -0800] "GET /blog4/?tag=direitos-humanos HTTP/1.1" 200 80877 "-" "Mozilla/5.0 (Linux; Android 7.0; SM-G930V Build/NRD90M) AppleWebKit/537.36 (KHTML, like Gecko) Chrome/59.0.3071.125 Mobile Safari/537.36" "nacaomestica.org"
20.124.106.235 - - [07/Nov/2022:16:30:38 -0800] "GET /blog4/?cat=122 HTTP/1.1" 200 77980 "-" "Mozilla/5.0 (Linux; Android 7.0; SM-G930V Build/NRD90M) AppleWebKit/537.36 (KHTML, like Gecko) Chrome/59.0.3071.125 Mobile Safari/537.36" "nacaomestica.org"
20.124.106.235 - - [07/Nov/2022:16:30:44 -0800] "GET /blog4/?tag=preto HTTP/1.1" 200 93691 "-" "Mozilla/5.0 (Linux; Android 7.0; SM-G930V Build/NRD90M) AppleWebKit/537.36 (KHTML, like Gecko) Chrome/59.0.3071.125 Mobile Safari/537.36" "nacaomestica.org"
20.124.106.235 - - [07/Nov/2022:16:30:45 -0800] "GET /blog4/?cat=30 HTTP/1.1" 200 71101 "-" "Mozilla/5.0 (Linux; Android 7.0; SM-G930V Build/NRD90M) AppleWebKit/537.36 (KHTML, like Gecko) Chrome/59.0.3071.125 Mobile Safari/537.36" "nacaomestica.org"
20.124.250.146 - - [07/Nov/2022:16:30:48 -0800] "GET /blog4/?tag=censura HTTP/1.1" 200 78736 "-" "Mozilla/5.0 (Linux; Android 7.0; SM-G930V Build/NRD90M) AppleWebKit/537.36 (KHTML, like Gecko) Chrome/59.0.3071.125 Mobile Safari/537.36" "nacaomestica.org"
20.106.27.209 - - [07/Nov/2022:16:30:50 -0800] "GET /blog4/wp-content/uploads/2012/07/IMG0019A.jpg HTTP/1.1" 200 66277 "http://nacaomestica.org/blog4/wp-content/uploads/2012/07" "Mozilla/5.0 (iPhone; CPU iPhone OS 13_5_1 like Mac OS X) AppleWebKit/605.1.15 (KHTML, like Gecko) Version/13.1.1 Mobile/15E148 Safari/604.1" "nacaomestica.org"
20.124.250.146 - - [07/Nov/2022:16:30:48 -0800] "GET /blog4/?tag=acoes-afirmativas HTTP/1.1" 200 82792 "-" "Mozilla/5.0 (Linux; Android 7.0; SM-G930V Build/NRD90M) AppleWebKit/537.36 (KHTML, like Gecko) Chrome/59.0.3071.125 Mobile Safari/537.36" "nacaomestica.org"
20.124.106.235 - - [07/Nov/2022:16:30:57 -0800] "GET /blog4/?tag=escravos HTTP/1.1" 200 85478 "-" "Mozilla/5.0 (Linux; Android 7.0; SM-G930V Build/NRD90M) AppleWebKit/537.36 (KHTML, like Gecko) Chrome/59.0.3071.125 Mobile Safari/537.36" "nacaomestica.org"
20.124.250.146 - - [07/Nov/2022:16:31:00 -0800] "GET /blog4/?cat=267 HTTP/1.1" 200 69730 "-" "Mozilla/5.0 (Linux; Android 7.0; SM-G930V Build/NRD90M) AppleWebKit/537.36 (KHTML, like Gecko) Chrome/59.0.3071.125 Mobile Safari/537.36" "nacaomestica.org"
45.172.69.207 - - [07/Nov/2022:16:31:02 -0800] "GET /blog4/wp-content/uploads/2016/11/teo.jpg HTTP/1.1" 200 86462 "https://www.google.com/" "Mozilla/5.0 (Windows NT 6.1; Win64; x64) AppleWebKit/537.36 (KHTML, like Gecko) Chrome/107.0.0.0 Safari/537.36" "nacaomestica.org"
20.124.250.146 - - [07/Nov/2022:16:31:03 -0800] "GET /blog4/?tag=racism HTTP/1.1" 200 87035 "-" "Mozilla/5.0 (Linux; Android 7.0; SM-G930V Build/NRD90M) AppleWebKit/537.36 (KHTML, like Gecko) Chrome/59.0.3071.125 Mobile Safari/537.36" "nacaomestica.org"
20.124.106.235 - - [07/Nov/2022:16:31:04 -0800] "GET /blog4/?cat=253 HTTP/1.1" 200 91165 "-" "Mozilla/5.0 (Linux; Android 7.0; SM-G930V Build/NRD90M) AppleWebKit/537.36 (KHTML, like Gecko) Chrome/59.0.3071.125 Mobile Safari/537.36" "nacaomestica.org"
20.124.250.146 - - [07/Nov/2022:16:31:08 -0800] "GET /blog4/?cat=223 HTTP/1.1" 200 95463 "-" "Mozilla/5.0 (Linux; Android 7.0; SM-G930V Build/NRD90M) AppleWebKit/537.36 (KHTML, like Gecko) Chrome/59.0.3071.125 Mobile Safari/537.36" "nacaomestica.org"
20.124.250.146 - - [07/Nov/2022:16:31:10 -0800] "GET /blog4/?p=20922 HTTP/1.1" 200 87750 "-" "Mozilla/5.0 (Linux; Android 7.0; SM-G930V Build/NRD90M) AppleWebKit/537.36 (KHTML, like Gecko) Chrome/59.0.3071.125 Mobile Safari/537.36" "nacaomestica.org"
40.77.51.85 - - [07/Nov/2022:16:31:13 -0800] "GET /blog4/wp-content/uploads/2020/06/images.jpeg HTTP/1.1" 200 65488 "https://nacaomestica.org/blog4/wp-content/uploads/2020/06" "Mozilla/5.0 (Macintosh; Intel Mac OS X 10_11_6) AppleWebKit/605.1.15 (KHTML, like Gecko) Version/11.1.2 Safari/605.1.15" "nacaomestica.org"
10.213.116.70 - - [07/Nov/2022:16:31:15 -0800] "POST /blog4/wp-cron.php?doing_wp_cron=1667867475.8676719665527343750000 HTTP/1.1" 200 - "https://nacaomestica.org/blog4/wp-cron.php?doing_wp_cron=1667867475.8676719665527343750000" "WordPress/5.6.10; https://nacaomestica.org/blog4" "nacaomestica.org"
20.124.250.146 - - [07/Nov/2022:16:31:14 -0800] "GET /blog4/?tag=branco HTTP/1.1" 200 96399 "-" "Mozilla/5.0 (Linux; Android 7.0; SM-G930V Build/NRD90M) AppleWebKit/537.36 (KHTML, like Gecko) Chrome/59.0.3071.125 Mobile Safari/537.36" "nacaomestica.org"
193.186.4.202 - - [07/Nov/2022:16:31:25 -0800] "GET /demetrio_a_revolucao_interrompida.htm HTTP/1.1" 200 4539 "-" "Mozilla/5.0 (Linux; Android 10; K) AppleWebKit/537.36 (KHTML, like Gecko) Chrome/107.0.0.0 Mobile Safari/537.36" "www.nacaomestica.org"
20.124.106.235 - - [07/Nov/2022:16:31:24 -0800] "GET /blog4/?cat=81 HTTP/1.1" 200 74533 "-" "Mozilla/5.0 (Linux; Android 7.0; SM-G930V Build/NRD90M) AppleWebKit/537.36 (KHTML, like Gecko) Chrome/59.0.3071.125 Mobile Safari/537.36" "nacaomestica.org"
17.121.112.191 - - [07/Nov/2022:16:31:28 -0800] "GET /blog4/?p=11731 HTTP/1.1" 200 84988 "-" "Mozilla/5.0 (Macintosh; Intel Mac OS X 10_15_5) AppleWebKit/605.1.15 (KHTML, like Gecko) Version/13.1.1 Safari/605.1.15 (Applebot/0.1; +http://www.apple.com/go/applebot)" "nacaomestica.org"
20.124.250.146 - - [07/Nov/2022:16:31:27 -0800] "GET /blog4/?tag=indio HTTP/1.1" 200 100446 "-" "Mozilla/5.0 (Linux; Android 7.0; SM-G930V Build/NRD90M) AppleWebKit/537.36 (KHTML, like Gecko) Chrome/59.0.3071.125 Mobile Safari/537.36" "nacaomestica.org"
87.196.73.44 - - [07/Nov/2022:16:31:41 -0800] "GET /blog4/wp-content/uploads/2018/02/dahomey-ahosi.jpg HTTP/1.1" 200 68009 "https://www.google.com/" "Mozilla/5.0 (Macintosh; Intel Mac OS X 10_15_7) AppleWebKit/537.36 (KHTML, like Gecko) Chrome/107.0.0.0 Safari/537.36" "nacaomestica.org"
20.124.250.146 - - [07/Nov/2022:16:31:33 -0800] "GET /blog4/?tag=english-texts HTTP/1.1" 200 93598 "-" "Mozilla/5.0 (Linux; Android 7.0; SM-G930V Build/NRD90M) AppleWebKit/537.36 (KHTML, like Gecko) Chrome/59.0.3071.125 Mobile Safari/537.36" "nacaomestica.org"
20.124.250.146 - - [07/Nov/2022:16:31:34 -0800] "GET /blog4/?cat=203 HTTP/1.1" 200 96250 "-" "Mozilla/5.0 (Linux; Android 7.0; SM-G930V Build/NRD90M) AppleWebKit/537.36 (KHTML, like Gecko) Chrome/59.0.3071.125 Mobile Safari/537.36" "nacaomestica.org"
20.124.106.235 - - [07/Nov/2022:16:31:36 -0800] "GET /blog4/?tag=discriminacao HTTP/1.1" 200 86534 "-" "Mozilla/5.0 (Linux; Android 7.0; SM-G930V Build/NRD90M) AppleWebKit/537.36 (KHTML, like Gecko) Chrome/59.0.3071.125 Mobile Safari/537.36" "nacaomestica.org"
20.124.106.235 - - [07/Nov/2022:16:31:27 -0800] "GET /blog4/?cat=1 HTTP/1.1" 200 90346 "-" "Mozilla/5.0 (Linux; Android 7.0; SM-G930V Build/NRD90M) AppleWebKit/537.36 (KHTML, like Gecko) Chrome/59.0.3071.125 Mobile Safari/537.36" "nacaomestica.org"
20.124.250.146 - - [07/Nov/2022:16:31:41 -0800] "GET /blog4/?cat=134 HTTP/1.1" 200 71153 "-" "Mozilla/5.0 (Linux; Android 7.0; SM-G930V Build/NRD90M) AppleWebKit/537.36 (KHTML, like Gecko) Chrome/59.0.3071.125 Mobile Safari/537.36" "nacaomestica.org"
20.124.250.146 - - [07/Nov/2022:16:31:43 -0800] "GET /blog4/?cat=241 HTTP/1.1" 200 68669 "-" "Mozilla/5.0 (Linux; Android 7.0; SM-G930V Build/NRD90M) AppleWebKit/537.36 (KHTML, like Gecko) Chrome/59.0.3071.125 Mobile Safari/537.36" "nacaomestica.org"
20.124.250.146 - - [07/Nov/2022:16:31:44 -0800] "GET /blog4/?tag=gilberto-freyre HTTP/1.1" 200 80820 "-" "Mozilla/5.0 (Linux; Android 7.0; SM-G930V Build/NRD90M) AppleWebKit/537.36 (KHTML, like Gecko) Chrome/59.0.3071.125 Mobile Safari/537.36" "nacaomestica.org"
20.124.106.235 - - [07/Nov/2022:16:31:47 -0800] "GET /blog4/?cat=1 HTTP/1.1" 200 90346 "-" "Mozilla/5.0 (Linux; Android 7.0; SM-G930V Build/NRD90M) AppleWebKit/537.36 (KHTML, like Gecko) Chrome/59.0.3071.125 Mobile Safari/537.36" "nacaomestica.org"
20.124.250.146 - - [07/Nov/2022:16:31:42 -0800] "GET /blog4/?cat=28 HTTP/1.1" 200 97231 "-" "Mozilla/5.0 (Linux; Android 7.0; SM-G930V Build/NRD90M) AppleWebKit/537.36 (KHTML, like Gecko) Chrome/59.0.3071.125 Mobile Safari/537.36" "nacaomestica.org"
20.124.250.146 - - [07/Nov/2022:16:31:49 -0800] "GET /blog4/?cat=259 HTTP/1.1" 200 68416 "-" "Mozilla/5.0 (Linux; Android 7.0; SM-G930V Build/NRD90M) AppleWebKit/537.36 (KHTML, like Gecko) Chrome/59.0.3071.125 Mobile Safari/537.36" "nacaomestica.org"
20.124.106.235 - - [07/Nov/2022:16:31:49 -0800] "GET /blog4/?cat=220 HTTP/1.1" 200 76305 "-" "Mozilla/5.0 (Linux; Android 7.0; SM-G930V Build/NRD90M) AppleWebKit/537.36 (KHTML, like Gecko) Chrome/59.0.3071.125 Mobile Safari/537.36" "nacaomestica.org"
177.193.64.73 - - [07/Nov/2022:16:32:07 -0800] "GET /blog4/wp-content/uploads/2013/01/videoplayback-2.mp4?_=1 HTTP/1.1" 206 2 "-" "Mozilla/5.0 (Macintosh; Intel Mac OS X 10_15_6) AppleWebKit/605.1.15 (KHTML, like Gecko) Version/15.6.1 Safari/605.1.15" "nacaomestica.org"
177.193.64.73 - - [07/Nov/2022:16:32:08 -0800] "GET /blog4/wp-content/uploads/2013/01/videoplayback-2.mp4?_=1 HTTP/1.1" 206 1536726 "https://nacaomestica.org/blog4/?p=8456" "Mozilla/5.0 (Macintosh; Intel Mac OS X 10_15_6) AppleWebKit/605.1.15 (KHTML, like Gecko) Version/15.6.1 Safari/605.1.15" "nacaomestica.org"
20.124.250.146 - - [07/Nov/2022:16:32:09 -0800] "GET /blog4/?tag=antologia HTTP/1.1" 200 76318 "-" "Mozilla/5.0 (Linux; Android 7.0; SM-G930V Build/NRD90M) AppleWebKit/537.36 (KHTML, like Gecko) Chrome/59.0.3071.125 Mobile Safari/537.36" "nacaomestica.org"
10.213.116.70 - - [07/Nov/2022:16:32:10 -0800] "POST /blog4/wp-cron.php?doing_wp_cron=1667867530.6874749660491943359375 HTTP/1.1" 200 - "https://nacaomestica.org/blog4/wp-cron.php?doing_wp_cron=1667867530.6874749660491943359375" "WordPress/5.6.10; https://nacaomestica.org/blog4" "nacaomestica.org"
20.124.250.146 - - [07/Nov/2022:16:32:13 -0800] "GET /blog4/?tag=racismo HTTP/1.1" 200 100201 "-" "Mozilla/5.0 (Linux; Android 7.0; SM-G930V Build/NRD90M) AppleWebKit/537.36 (KHTML, like Gecko) Chrome/59.0.3071.125 Mobile Safari/537.36" "nacaomestica.org"
20.124.106.235 - - [07/Nov/2022:16:32:14 -0800] "GET /blog4/?cat=199 HTTP/1.1" 200 100937 "-" "Mozilla/5.0 (Linux; Android 7.0; SM-G930V Build/NRD90M) AppleWebKit/537.36 (KHTML, like Gecko) Chrome/59.0.3071.125 Mobile Safari/537.36" "nacaomestica.org"
20.124.106.235 - - [07/Nov/2022:16:32:16 -0800] "GET /blog4/?cat=24 HTTP/1.1" 200 98563 "-" "Mozilla/5.0 (Linux; Android 7.0; SM-G930V Build/NRD90M) AppleWebKit/537.36 (KHTML, like Gecko) Chrome/59.0.3071.125 Mobile Safari/537.36" "nacaomestica.org"
20.124.106.235 - - [07/Nov/2022:16:32:18 -0800] "GET /blog4/?cat=248 HTTP/1.1" 200 82108 "-" "Mozilla/5.0 (Linux; Android 7.0; SM-G930V Build/NRD90M) AppleWebKit/537.36 (KHTML, like Gecko) Chrome/59.0.3071.125 Mobile Safari/537.36" "nacaomestica.org"
72.14.201.203 - - [07/Nov/2022:16:32:21 -0800] "GET /hemero_060815_why_martin_luther_king_was_republican HTTP/1.1" 200 9816 "-" "Mozilla/5.0 (Linux; Android 10; K) AppleWebKit/537.36 (KHTML, like Gecko) Chrome/107.0.0.0 Mobile Safari/537.36" "www.nacaomestica.org"
20.124.250.146 - - [07/Nov/2022:16:32:20 -0800] "GET /blog4/?tag=dignidade-humana HTTP/1.1" 200 75102 "-" "Mozilla/5.0 (Linux; Android 7.0; SM-G930V Build/NRD90M) AppleWebKit/537.36 (KHTML, like Gecko) Chrome/59.0.3071.125 Mobile Safari/537.36" "nacaomestica.org"
177.37.203.249 - - [07/Nov/2022:16:32:26 -0800] "GET /estatuto_racial.jpg HTTP/1.1" 200 26082 "https://www.nacaomestica.org/hemero_060815_why_martin_luther_king_was_republican" "Mozilla/5.0 (Linux; Android 12; moto g22) AppleWebKit/537.36 (KHTML, like Gecko) Chrome/107.0.0.0 Mobile Safari/537.36" "www.nacaomestica.org"
177.37.203.249 - - [07/Nov/2022:16:32:26 -0800] "GET /favicon.ico HTTP/1.1" 200 676 "https://www.nacaomestica.org/hemero_060815_why_martin_luther_king_was_republican" "Mozilla/5.0 (Linux; Android 12; moto g22) AppleWebKit/537.36 (KHTML, like Gecko) Chrome/107.0.0.0 Mobile Safari/537.36" "www.nacaomestica.org"
72.14.201.202 - - [07/Nov/2022:16:32:35 -0800] "GET /demetrio_a_revolucao_interrompida.htm HTTP/1.1" 200 4539 "-" "Mozilla/5.0 (Linux; Android 10; K) AppleWebKit/537.36 (KHTML, like Gecko) Chrome/107.0.0.0 Mobile Safari/537.36" "www.nacaomestica.org"
20.124.250.146 - - [07/Nov/2022:16:32:41 -0800] "GET /blog4/?cat=236 HTTP/1.1" 200 72785 "-" "Mozilla/5.0 (Linux; Android 7.0; SM-G930V Build/NRD90M) AppleWebKit/537.36 (KHTML, like Gecko) Chrome/59.0.3071.125 Mobile Safari/537.36" "nacaomestica.org"
51.222.253.18 - - [07/Nov/2022:16:32:41 -0800] "GET /blog4/?p=4408 HTTP/1.1" 200 78714 "-" "Mozilla/5.0 (compatible; AhrefsBot/7.0; +http://ahrefs.com/robot/)" "nacaomestica.org"
20.124.250.146 - - [07/Nov/2022:16:32:43 -0800] "GET /blog4/?p=30944 HTTP/1.1" 200 78038 "-" "Mozilla/5.0 (Linux; Android 7.0; SM-G930V Build/NRD90M) AppleWebKit/537.36 (KHTML, like Gecko) Chrome/59.0.3071.125 Mobile Safari/537.36" "nacaomestica.org"
20.124.106.235 - - [07/Nov/2022:16:32:44 -0800] "GET /blog4/?cat=246 HTTP/1.1" 200 71228 "-" "Mozilla/5.0 (Linux; Android 7.0; SM-G930V Build/NRD90M) AppleWebKit/537.36 (KHTML, like Gecko) Chrome/59.0.3071.125 Mobile Safari/537.36" "nacaomestica.org"
20.124.250.146 - - [07/Nov/2022:16:32:44 -0800] "GET /blog4/?cat=49 HTTP/1.1" 200 88954 "-" "Mozilla/5.0 (Linux; Android 7.0; SM-G930V Build/NRD90M) AppleWebKit/537.36 (KHTML, like Gecko) Chrome/59.0.3071.125 Mobile Safari/537.36" "nacaomestica.org"
20.124.250.146 - - [07/Nov/2022:16:32:48 -0800] "GET /blog4/?author=1 HTTP/1.1" 200 93124 "-" "Mozilla/5.0 (Linux; Android 7.0; SM-G930V Build/NRD90M) AppleWebKit/537.36 (KHTML, like Gecko) Chrome/59.0.3071.125 Mobile Safari/537.36" "nacaomestica.org"
20.124.106.235 - - [07/Nov/2022:16:32:57 -0800] "GET /blog4/?cat=216 HTTP/1.1" 200 97835 "-" "Mozilla/5.0 (Linux; Android 7.0; SM-G930V Build/NRD90M) AppleWebKit/537.36 (KHTML, like Gecko) Chrome/59.0.3071.125 Mobile Safari/537.36" "nacaomestica.org"
20.124.106.235 - - [07/Nov/2022:16:33:00 -0800] "GET /blog4/?cat=193 HTTP/1.1" 200 83126 "-" "Mozilla/5.0 (Linux; Android 7.0; SM-G930V Build/NRD90M) AppleWebKit/537.36 (KHTML, like Gecko) Chrome/59.0.3071.125 Mobile Safari/537.36" "nacaomestica.org"
177.193.64.73 - - [07/Nov/2022:16:33:03 -0800] "GET /blog4/wp-content/uploads/2013/01/che_almeida.jpg HTTP/1.1" 200 13761 "https://nacaomestica.org/blog4/?p=8456" "Mozilla/5.0 (Macintosh; Intel Mac OS X 10_15_6) AppleWebKit/605.1.15 (KHTML, like Gecko) Version/15.6.1 Safari/605.1.15" "nacaomestica.org"
20.124.250.146 - - [07/Nov/2022:16:33:03 -0800] "GET /blog4/?tag=comunismo HTTP/1.1" 200 75087 "-" "Mozilla/5.0 (Linux; Android 7.0; SM-G930V Build/NRD90M) AppleWebKit/537.36 (KHTML, like Gecko) Chrome/59.0.3071.125 Mobile Safari/537.36" "nacaomestica.org"
20.124.106.235 - - [07/Nov/2022:16:33:05 -0800] "GET /blog4/?tag=anti-conservadorismo HTTP/1.1" 200 76832 "-" "Mozilla/5.0 (Linux; Android 7.0; SM-G930V Build/NRD90M) AppleWebKit/537.36 (KHTML, like Gecko) Chrome/59.0.3071.125 Mobile Safari/537.36" "nacaomestica.org"
20.124.106.235 - - [07/Nov/2022:16:33:09 -0800] "GET /blog4/?cat=240 HTTP/1.1" 200 76978 "-" "Mozilla/5.0 (Linux; Android 7.0; SM-G930V Build/NRD90M) AppleWebKit/537.36 (KHTML, like Gecko) Chrome/59.0.3071.125 Mobile Safari/537.36" "nacaomestica.org"
20.124.106.235 - - [07/Nov/2022:16:33:10 -0800] "GET /blog4/?cat=230 HTTP/1.1" 200 70840 "-" "Mozilla/5.0 (Linux; Android 7.0; SM-G930V Build/NRD90M) AppleWebKit/537.36 (KHTML, like Gecko) Chrome/59.0.3071.125 Mobile Safari/537.36" "nacaomestica.org"
20.124.250.146 - - [07/Nov/2022:16:33:19 -0800] "GET /blog4/?tag=poder-branco HTTP/1.1" 200 94727 "-" "Mozilla/5.0 (Linux; Android 7.0; SM-G930V Build/NRD90M) AppleWebKit/537.36 (KHTML, like Gecko) Chrome/59.0.3071.125 Mobile Safari/537.36" "nacaomestica.org"
20.124.106.235 - - [07/Nov/2022:16:33:19 -0800] "GET /blog4/?cat=237 HTTP/1.1" 200 84256 "-" "Mozilla/5.0 (Linux; Android 7.0; SM-G930V Build/NRD90M) AppleWebKit/537.36 (KHTML, like Gecko) Chrome/59.0.3071.125 Mobile Safari/537.36" "nacaomestica.org"
10.213.116.69 - - [07/Nov/2022:16:33:20 -0800] "POST /blog4/wp-cron.php?doing_wp_cron=1667867600.8065330982208251953125 HTTP/1.1" 200 - "https://nacaomestica.org/blog4/wp-cron.php?doing_wp_cron=1667867600.8065330982208251953125" "WordPress/5.6.10; https://nacaomestica.org/blog4" "nacaomestica.org"
85.139.153.193 - - [07/Nov/2022:16:33:23 -0800] "GET /blog4/wp-content/uploads/2016/02/pardo_preto1.png HTTP/1.1" 200 331753 "https://www.google.com/" "Mozilla/5.0 (Macintosh; Intel Mac OS X 10_12_6) AppleWebKit/537.36 (KHTML, like Gecko) Chrome/103.0.0.0 Safari/537.36" "nacaomestica.org"
20.124.250.146 - - [07/Nov/2022:16:33:21 -0800] "GET /blog4/?cat=231 HTTP/1.1" 200 72907 "-" "Mozilla/5.0 (Linux; Android 7.0; SM-G930V Build/NRD90M) AppleWebKit/537.36 (KHTML, like Gecko) Chrome/59.0.3071.125 Mobile Safari/537.36" "nacaomestica.org"
20.124.250.146 - - [07/Nov/2022:16:33:22 -0800] "GET /blog4/?cat=20 HTTP/1.1" 200 97093 "-" "Mozilla/5.0 (Linux; Android 7.0; SM-G930V Build/NRD90M) AppleWebKit/537.36 (KHTML, like Gecko) Chrome/59.0.3071.125 Mobile Safari/537.36" "nacaomestica.org"
20.124.106.235 - - [07/Nov/2022:16:33:26 -0800] "GET /blog4/?cat=132 HTTP/1.1" 200 91678 "-" "Mozilla/5.0 (Linux; Android 7.0; SM-G930V Build/NRD90M) AppleWebKit/537.36 (KHTML, like Gecko) Chrome/59.0.3071.125 Mobile Safari/537.36" "nacaomestica.org"
72.14.201.203 - - [07/Nov/2022:16:33:28 -0800] "GET /demetrio_a_revolucao_interrompida.htm HTTP/1.1" 200 4539 "-" "Mozilla/5.0 (Linux; Android 10; K) AppleWebKit/537.36 (KHTML, like Gecko) Chrome/107.0.0.0 Mobile Safari/537.36" "www.nacaomestica.org"
20.124.250.146 - - [07/Nov/2022:16:33:32 -0800] "GET /blog4/?cat=221 HTTP/1.1" 200 84602 "-" "Mozilla/5.0 (Linux; Android 7.0; SM-G930V Build/NRD90M) AppleWebKit/537.36 (KHTML, like Gecko) Chrome/59.0.3071.125 Mobile Safari/537.36" "nacaomestica.org"
20.124.250.146 - - [07/Nov/2022:16:33:32 -0800] "GET /blog4/?tag=identidade-nacional HTTP/1.1" 200 90646 "-" "Mozilla/5.0 (Linux; Android 7.0; SM-G930V Build/NRD90M) AppleWebKit/537.36 (KHTML, like Gecko) Chrome/59.0.3071.125 Mobile Safari/537.36" "nacaomestica.org"
20.124.106.235 - - [07/Nov/2022:16:33:35 -0800] "GET /blog4/?cat=126 HTTP/1.1" 200 71916 "-" "Mozilla/5.0 (Linux; Android 7.0; SM-G930V Build/NRD90M) AppleWebKit/537.36 (KHTML, like Gecko) Chrome/59.0.3071.125 Mobile Safari/537.36" "nacaomestica.org"
20.124.106.235 - - [07/Nov/2022:16:33:42 -0800] "GET /blog4/?tag=pardo HTTP/1.1" 200 92503 "-" "Mozilla/5.0 (Linux; Android 7.0; SM-G930V Build/NRD90M) AppleWebKit/537.36 (KHTML, like Gecko) Chrome/59.0.3071.125 Mobile Safari/537.36" "nacaomestica.org"
20.124.106.235 - - [07/Nov/2022:16:33:42 -0800] "GET /blog4/?p=30914 HTTP/1.1" 200 73763 "-" "Mozilla/5.0 (Linux; Android 7.0; SM-G930V Build/NRD90M) AppleWebKit/537.36 (KHTML, like Gecko) Chrome/59.0.3071.125 Mobile Safari/537.36" "nacaomestica.org"
20.124.106.235 - - [07/Nov/2022:16:33:44 -0800] "GET /blog4/?cat=124 HTTP/1.1" 200 71831 "-" "Mozilla/5.0 (Linux; Android 7.0; SM-G930V Build/NRD90M) AppleWebKit/537.36 (KHTML, like Gecko) Chrome/59.0.3071.125 Mobile Safari/537.36" "nacaomestica.org"
20.124.106.235 - - [07/Nov/2022:16:33:56 -0800] "GET /blog4/?tag=noticias HTTP/1.1" 200 90140 "-" "Mozilla/5.0 (Linux; Android 7.0; SM-G930V Build/NRD90M) AppleWebKit/537.36 (KHTML, like Gecko) Chrome/59.0.3071.125 Mobile Safari/537.36" "nacaomestica.org"
20.124.106.235 - - [07/Nov/2022:16:34:04 -0800] "GET /blog4/?tag=negro HTTP/1.1" 200 85438 "-" "Mozilla/5.0 (Linux; Android 7.0; SM-G930V Build/NRD90M) AppleWebKit/537.36 (KHTML, like Gecko) Chrome/59.0.3071.125 Mobile Safari/537.36" "nacaomestica.org"
20.124.106.235 - - [07/Nov/2022:16:34:04 -0800] "GET /blog4/?p=30671 HTTP/1.1" 200 83320 "-" "Mozilla/5.0 (Linux; Android 7.0; SM-G930V Build/NRD90M) AppleWebKit/537.36 (KHTML, like Gecko) Chrome/59.0.3071.125 Mobile Safari/537.36" "nacaomestica.org"
20.124.106.235 - - [07/Nov/2022:16:34:04 -0800] "GET /blog4/?p=20146 HTTP/1.1" 200 143409 "-" "Mozilla/5.0 (Linux; Android 7.0; SM-G930V Build/NRD90M) AppleWebKit/537.36 (KHTML, like Gecko) Chrome/59.0.3071.125 Mobile Safari/537.36" "nacaomestica.org"
193.186.4.203 - - [07/Nov/2022:16:34:08 -0800] "GET /demetrio_a_revolucao_interrompida.htm HTTP/1.1" 200 4539 "-" "Mozilla/5.0 (Linux; Android 10; K) AppleWebKit/537.36 (KHTML, like Gecko) Chrome/107.0.0.0 Mobile Safari/537.36" "www.nacaomestica.org"
20.124.106.235 - - [07/Nov/2022:16:34:07 -0800] "GET /blog4/?tag=imigracao HTTP/1.1" 200 90181 "-" "Mozilla/5.0 (Linux; Android 7.0; SM-G930V Build/NRD90M) AppleWebKit/537.36 (KHTML, like Gecko) Chrome/59.0.3071.125 Mobile Safari/537.36" "nacaomestica.org"
72.14.201.201 - - [07/Nov/2022:16:34:13 -0800] "GET /demetrio_a_revolucao_interrompida.htm HTTP/1.1" 200 4539 "-" "Mozilla/5.0 (Linux; Android 10; K) AppleWebKit/537.36 (KHTML, like Gecko) Chrome/107.0.0.0 Mobile Safari/537.36" "www.nacaomestica.org"
20.124.250.146 - - [07/Nov/2022:16:34:15 -0800] "GET /blog4/?p=20631 HTTP/1.1" 200 94118 "-" "Mozilla/5.0 (Linux; Android 7.0; SM-G930V Build/NRD90M) AppleWebKit/537.36 (KHTML, like Gecko) Chrome/59.0.3071.125 Mobile Safari/537.36" "nacaomestica.org"
20.124.250.146 - - [07/Nov/2022:16:34:18 -0800] "GET /blog4/?cat=244 HTTP/1.1" 200 76719 "-" "Mozilla/5.0 (Linux; Android 7.0; SM-G930V Build/NRD90M) AppleWebKit/537.36 (KHTML, like Gecko) Chrome/59.0.3071.125 Mobile Safari/537.36" "nacaomestica.org"
20.124.250.146 - - [07/Nov/2022:16:34:18 -0800] "GET /blog4/?tag=mestico HTTP/1.1" 200 99839 "-" "Mozilla/5.0 (Linux; Android 7.0; SM-G930V Build/NRD90M) AppleWebKit/537.36 (KHTML, like Gecko) Chrome/59.0.3071.125 Mobile Safari/537.36" "nacaomestica.org"
20.124.250.146 - - [07/Nov/2022:16:34:29 -0800] "GET /blog4/?tag=internacionalizacao HTTP/1.1" 200 75192 "-" "Mozilla/5.0 (Linux; Android 7.0; SM-G930V Build/NRD90M) AppleWebKit/537.36 (KHTML, like Gecko) Chrome/59.0.3071.125 Mobile Safari/537.36" "nacaomestica.org"
20.124.106.235 - - [07/Nov/2022:16:35:04 -0800] "GET /blog4/?cat=127 HTTP/1.1" 200 102031 "-" "Mozilla/5.0 (Linux; Android 7.0; SM-G930V Build/NRD90M) AppleWebKit/537.36 (KHTML, like Gecko) Chrome/59.0.3071.125 Mobile Safari/537.36" "nacaomestica.org"
20.124.106.235 - - [07/Nov/2022:16:34:59 -0800] "GET /blog4/?p=30955 HTTP/1.1" 200 79854 "-" "Mozilla/5.0 (Linux; Android 7.0; SM-G930V Build/NRD90M) AppleWebKit/537.36 (KHTML, like Gecko) Chrome/59.0.3071.125 Mobile Safari/537.36" "nacaomestica.org"
20.124.106.235 - - [07/Nov/2022:16:35:13 -0800] "GET /blog4/?cat=225 HTTP/1.1" 200 70336 "-" "Mozilla/5.0 (Linux; Android 7.0; SM-G930V Build/NRD90M) AppleWebKit/537.36 (KHTML, like Gecko) Chrome/59.0.3071.125 Mobile Safari/537.36" "nacaomestica.org"
10.213.116.70 - - [07/Nov/2022:16:35:30 -0800] "POST /blog4/wp-cron.php?doing_wp_cron=1667867730.4065740108489990234375 HTTP/1.1" 200 - "https://nacaomestica.org/blog4/wp-cron.php?doing_wp_cron=1667867730.4065740108489990234375" "WordPress/5.6.10; https://nacaomestica.org/blog4" "nacaomestica.org"
20.124.250.146 - - [07/Nov/2022:16:35:29 -0800] "GET /blog4/?paged=2 HTTP/1.1" 200 88966 "-" "Mozilla/5.0 (Linux; Android 7.0; SM-G930V Build/NRD90M) AppleWebKit/537.36 (KHTML, like Gecko) Chrome/59.0.3071.125 Mobile Safari/537.36" "nacaomestica.org"
51.222.253.3 - - [07/Nov/2022:16:35:33 -0800] "GET /blog4/?p=2930 HTTP/1.1" 200 79629 "-" "Mozilla/5.0 (compatible; AhrefsBot/7.0; +http://ahrefs.com/robot/)" "nacaomestica.org"
20.124.106.235 - - [07/Nov/2022:16:35:45 -0800] "GET /blog4/?tag=apartheid HTTP/1.1" 200 91269 "-" "Mozilla/5.0 (Linux; Android 7.0; SM-G930V Build/NRD90M) AppleWebKit/537.36 (KHTML, like Gecko) Chrome/59.0.3071.125 Mobile Safari/537.36" "nacaomestica.org"
201.17.127.225 - - [07/Nov/2022:16:35:50 -0800] "GET /blog4/wp-content/uploads/2011/12/ronaldo-fraga.jpg HTTP/1.1" 200 154361 "https://www.google.com.br/" "Mozilla/5.0 (Macintosh; Intel Mac OS X 10_15_6) AppleWebKit/605.1.15 (KHTML, like Gecko) Version/15.6,2 Safari/605.1.15" "nacaomestica.org"
201.17.127.225 - - [07/Nov/2022:16:35:52 -0800] "GET /blog4/wp-content/uploads/2011/12/ronaldo-fraga.jpg HTTP/1.1" 200 154361 "https://www.google.com.br/" "Mozilla/5.0 (Macintosh; Intel Mac OS X 10_15_6) AppleWebKit/605.1.15 (KHTML, like Gecko) Version/15.6,2 Safari/605.1.15" "nacaomestica.org"
201.4.176.233 - - [07/Nov/2022:16:36:05 -0800] "GET /estatuto_racial.jpg HTTP/1.1" 200 26082 "https://www.nacaomestica.org/demetrio_a_revolucao_interrompida.htm" "Mozilla/5.0 (Linux; Android 11; moto g 5G) AppleWebKit/537.36 (KHTML, like Gecko) Chrome/107.0.0.0 Mobile Safari/537.36" "www.nacaomestica.org"
201.4.176.233 - - [07/Nov/2022:16:36:07 -0800] "GET /favicon.ico HTTP/1.1" 200 676 "https://www.nacaomestica.org/demetrio_a_revolucao_interrompida.htm" "Mozilla/5.0 (Linux; Android 11; moto g 5G) AppleWebKit/537.36 (KHTML, like Gecko) Chrome/107.0.0.0 Mobile Safari/537.36" "www.nacaomestica.org"
66.249.73.114 - - [07/Nov/2022:16:36:27 -0800] "GET /blog4/wp-content/uploads/2015/12/SAM_0925.JPG HTTP/1.1" 200 3624161 "-" "Googlebot-Image/1.0" "nacaomestica.org"
72.14.201.202 - - [07/Nov/2022:16:36:27 -0800] "GET /demetrio_a_revolucao_interrompida.htm HTTP/1.1" 200 4539 "-" "Mozilla/5.0 (Linux; Android 10; K) AppleWebKit/537.36 (KHTML, like Gecko) Chrome/107.0.0.0 Mobile Safari/537.36" "www.nacaomestica.org"
186.248.78.210 - - [07/Nov/2022:16:36:57 -0800] "GET /HumeMFP.htm HTTP/1.1" 200 3826 "https://www.google.com/" "Mozilla/5.0 (Linux; Android 12; moto g(60)) AppleWebKit/537.36 (KHTML, like Gecko) Chrome/107.0.0.0 Mobile Safari/537.36" "www.nacaomestica.org"
186.248.78.210 - - [07/Nov/2022:16:36:59 -0800] "GET /favicon.ico HTTP/1.1" 200 676 "https://www.nacaomestica.org/HumeMFP.htm" "Mozilla/5.0 (Linux; Android 12; moto g(60)) AppleWebKit/537.36 (KHTML, like Gecko) Chrome/107.0.0.0 Mobile Safari/537.36" "www.nacaomestica.org"
45.70.49.238 - - [07/Nov/2022:16:37:55 -0800] "GET /blog4/wp-content/uploads/2016/02/pardo_preto1.png HTTP/1.1" 200 331753 "https://elaele.com.br/" "Mozilla/5.0 (Linux; Android 11; moto g(9) play) AppleWebKit/537.36 (KHTML, like Gecko) Chrome/107.0.0.0 Mobile Safari/537.36" "nacaomestica.org"
157.55.39.146 - - [07/Nov/2022:16:37:59 -0800] "GET /blog4/?p=8333 HTTP/1.1" 200 80219 "-" "Mozilla/5.0 (compatible; bingbot/2.0; +http://www.bing.com/bingbot.htm)" "nacaomestica.org"
10.213.116.69 - - [07/Nov/2022:16:38:01 -0800] "POST /blog4/wp-cron.php?doing_wp_cron=1667867881.7785379886627197265625 HTTP/1.1" 200 - "https://nacaomestica.org/blog4/wp-cron.php?doing_wp_cron=1667867881.7785379886627197265625" "WordPress/5.6.10; https://nacaomestica.org/blog4" "nacaomestica.org"
51.222.253.18 - - [07/Nov/2022:16:38:28 -0800] "GET /blog4/?p=24406 HTTP/1.1" 200 81481 "-" "Mozilla/5.0 (compatible; AhrefsBot/7.0; +http://ahrefs.com/robot/)" "nacaomestica.org"
177.19.224.182 - - [07/Nov/2022:16:39:38 -0800] "GET /blog4/wp-content/uploads/2015/08/capa_tribalismo_ind%C3%ADgena_g.jpg HTTP/1.1" 200 139971 "https://www.google.com/" "Mozilla/5.0 (Windows NT 10.0; Win64; x64) AppleWebKit/537.36 (KHTML, like Gecko) Chrome/106.0.0.0 Safari/537.36" "nacaomestica.org"
85.139.153.193 - - [07/Nov/2022:16:39:48 -0800] "GET /blog4/wp-content/uploads/2016/02/mesticos_sombra-2.png HTTP/1.1" 200 191787 "https://www.google.com/" "Mozilla/5.0 (Macintosh; Intel Mac OS X 10_12_6) AppleWebKit/537.36 (KHTML, like Gecko) Chrome/103.0.0.0 Safari/537.36" "nacaomestica.org"
201.17.156.163 - - [07/Nov/2022:16:40:35 -0800] "GET /blog4/?p=8456 HTTP/1.1" 200 172662 "https://www.google.com/" "Mozilla/5.0 (Linux; Android 8.1.0; SM-G610M) AppleWebKit/537.36 (KHTML, like Gecko) Chrome/107.0.0.0 Mobile Safari/537.36" "nacaomestica.org"
10.213.116.68 - - [07/Nov/2022:16:40:38 -0800] "POST /blog4/wp-cron.php?doing_wp_cron=1667868037.8786580562591552734375 HTTP/1.1" 200 - "https://nacaomestica.org/blog4/wp-cron.php?doing_wp_cron=1667868037.8786580562591552734375" "WordPress/5.6.10; https://nacaomestica.org/blog4" "nacaomestica.org"
72.14.201.201 - - [07/Nov/2022:16:40:42 -0800] "GET /ceara_historia_marcos.htm HTTP/1.1" 200 6618 "-" "Mozilla/5.0 (Linux; Android 10; K) AppleWebKit/537.36 (KHTML, like Gecko) Chrome/107.0.0.0 Mobile Safari/537.36" "www.nacaomestica.org"
168.138.150.75 - - [07/Nov/2022:16:40:41 -0800] "GET /blog4/?feed=rss2 HTTP/1.1" 200 11803 "-" "Mozilla/5.0 (X11; Linux x86_64) AppleWebKit/535.11 (KHTML, like Gecko) Ubuntu/11.10 Chromium/17.0.963.65 Chrome/17.0.963.65 Safari/535.11" "nacaomestica.org"
168.138.230.76 - - [07/Nov/2022:16:40:46 -0800] "GET / HTTP/1.1" 200 88633 "-" "facebookexternalhit/1.1 (+http://www.facebook.com/externalhit_uatext.php)" "nacaomestica.org"
39.106.56.123 - - [07/Nov/2022:16:41:00 -0800] "GET /blog4/wp-content/uploads/2012/07/Manaus-27-06-170.JPG HTTP/1.1" 200 674065 "-" "Mozilla/5.0 (Macintosh; Intel Mac OS X 10_15_7) AppleWebKit/537.36 (KHTML, like Gecko) Chrome/105.0.0.0 Safari/537.36" "nacaomestica.org"
201.17.156.163 - - [07/Nov/2022:16:41:13 -0800] "GET /blog4/?p=8456 HTTP/1.1" 200 172662 "https://www.google.com/" "Mozilla/5.0 (Linux; Android 8.1.0; SM-G610M) AppleWebKit/537.36 (KHTML, like Gecko) Chrome/107.0.0.0 Mobile Safari/537.36" "nacaomestica.org"
51.222.253.14 - - [07/Nov/2022:16:41:31 -0800] "GET /blog4/?feed=rss2&p=31368 HTTP/1.1" 200 826 "-" "Mozilla/5.0 (compatible; AhrefsBot/7.0; +http://ahrefs.com/robot/)" "nacaomestica.org"
40.88.21.235 - - [07/Nov/2022:16:41:33 -0800] "GET / HTTP/1.1" 200 88633 "https://nacaomestica.org/" "Mozilla/5.0 (compatible; DuckDuckGo-Favicons-Bot/1.0; +http://duckduckgo.com)" "nacaomestica.org"
40.88.21.235 - - [07/Nov/2022:16:41:36 -0800] "GET /favicon.ico HTTP/1.1" 200 676 "https://nacaomestica.org/favicon.ico" "Mozilla/5.0 (compatible; DuckDuckGo-Favicons-Bot/1.0; +http://duckduckgo.com)" "nacaomestica.org"
31.13.127.16 - - [07/Nov/2022:16:42:23 -0800] "GET /blog4/wp-content/uploads/2019/07/41680743_303.jpg HTTP/1.1" 200 32899 "-" "facebookexternalhit/1.1 (+http://www.facebook.com/externalhit_uatext.php)" "nacaomestica.org"
131.100.213.55 - - [07/Nov/2022:16:42:34 -0800] "GET /blog4/wp-content/uploads/2013/01/videoplayback-2.mp4?_=1 HTTP/1.1" 206 1536726 "https://nacaomestica.org/blog4/?p=8456" "Mozilla/5.0 (Windows NT 10.0; Win64; x64) AppleWebKit/537.36 (KHTML, like Gecko) Chrome/107.0.0.0 Safari/537.36" "nacaomestica.org"
10.213.116.68 - - [07/Nov/2022:16:42:43 -0800] "POST /blog4/wp-cron.php?doing_wp_cron=1667868163.6230759620666503906250 HTTP/1.1" 200 - "https://nacaomestica.org/blog4/wp-cron.php?doing_wp_cron=1667868163.6230759620666503906250" "WordPress/5.6.10; https://nacaomestica.org/blog4" "nacaomestica.org"
10.213.116.68 - - [07/Nov/2022:16:42:43 -0800] "POST /blog4/wp-cron.php?doing_wp_cron=1667868163.6229948997497558593750 HTTP/1.1" 200 - "https://nacaomestica.org/blog4/wp-cron.php?doing_wp_cron=1667868163.6229948997497558593750" "WordPress/5.6.10; https://nacaomestica.org/blog4" "nacaomestica.org"
193.186.4.202 - - [07/Nov/2022:16:42:42 -0800] "GET /blog4/?p=5887 HTTP/1.1" 200 80111 "-" "Mozilla/5.0 (Linux; Android 10; K) AppleWebKit/537.36 (KHTML, like Gecko) Chrome/107.0.0.0 Mobile Safari/537.36" "nacaomestica.org"
72.14.201.202 - - [07/Nov/2022:16:42:42 -0800] "GET /blog4/?p=8456 HTTP/1.1" 200 172662 "-" "Mozilla/5.0 (Linux; Android 10; K) AppleWebKit/537.36 (KHTML, like Gecko) Chrome/107.0.0.0 Mobile Safari/537.36" "nacaomestica.org"
179.6.99.123 - - [07/Nov/2022:16:43:01 -0800] "GET /blog4/wp-content/uploads/2018/04/francisca-pizarro-tr.jpg HTTP/1.1" 200 45680 "https://www.google.com/" "Mozilla/5.0 (Windows NT 10.0; Win64; x64) AppleWebKit/537.36 (KHTML, like Gecko) Chrome/107.0.0.0 Safari/537.36" "nacaomestica.org"
179.34.36.36 - - [07/Nov/2022:16:44:11 -0800] "GET /blog4/?p=197 HTTP/1.1" 200 75182 "https://www.google.com/" "Mozilla/5.0 (Linux; Android 12; SM-A217M) AppleWebKit/537.36 (KHTML, like Gecko) Chrome/96.0.4664.104 Mobile Safari/537.36" "nacaomestica.org"
179.34.36.36 - - [07/Nov/2022:16:44:16 -0800] "GET /blog4/wp-content/themes/carrington-blog/carrington-core/lightbox/thickbox.js?ver=1.0 HTTP/1.1" 200 3903 "https://nacaomestica.org/blog4/?p=197" "Mozilla/5.0 (Linux; Android 12; SM-A217M) AppleWebKit/537.36 (KHTML, like Gecko) Chrome/96.0.4664.104 Mobile Safari/537.36" "nacaomestica.org"
179.34.36.36 - - [07/Nov/2022:16:44:16 -0800] "GET /blog4/wp-content/themes/carrington-blog/css/css.php HTTP/1.1" 200 4963 "https://nacaomestica.org/blog4/?p=197" "Mozilla/5.0 (Linux; Android 12; SM-A217M) AppleWebKit/537.36 (KHTML, like Gecko) Chrome/96.0.4664.104 Mobile Safari/537.36" "nacaomestica.org"
179.34.36.36 - - [07/Nov/2022:16:44:16 -0800] "GET /blog4/wp-content/themes/carrington-blog/carrington-core/lightbox/css/thickbox.css HTTP/1.1" 200 975 "https://nacaomestica.org/blog4/?p=197" "Mozilla/5.0 (Linux; Android 12; SM-A217M) AppleWebKit/537.36 (KHTML, like Gecko) Chrome/96.0.4664.104 Mobile Safari/537.36" "nacaomestica.org"
179.34.36.36 - - [07/Nov/2022:16:44:16 -0800] "GET /blog4/wp-includes/js/jquery/jquery.min.js?ver=3.5.1 HTTP/1.1" 200 30916 "https://nacaomestica.org/blog4/?p=197" "Mozilla/5.0 (Linux; Android 12; SM-A217M) AppleWebKit/537.36 (KHTML, like Gecko) Chrome/96.0.4664.104 Mobile Safari/537.36" "nacaomestica.org"
179.34.36.36 - - [07/Nov/2022:16:44:16 -0800] "GET /blog4/wp-content/themes/carrington-blog/js/carrington.js?ver=1.0 HTTP/1.1" 200 1229 "https://nacaomestica.org/blog4/?p=197" "Mozilla/5.0 (Linux; Android 12; SM-A217M) AppleWebKit/537.36 (KHTML, like Gecko) Chrome/96.0.4664.104 Mobile Safari/537.36" "nacaomestica.org"
179.34.36.36 - - [07/Nov/2022:16:44:16 -0800] "GET /blog4/wp-includes/js/jquery/jquery-migrate.min.js?ver=3.3.2 HTTP/1.1" 200 4169 "https://nacaomestica.org/blog4/?p=197" "Mozilla/5.0 (Linux; Android 12; SM-A217M) AppleWebKit/537.36 (KHTML, like Gecko) Chrome/96.0.4664.104 Mobile Safari/537.36" "nacaomestica.org"
179.34.36.36 - - [07/Nov/2022:16:44:18 -0800] "GET /blog4/wp-includes/js/mediaelement/mediaelementplayer-legacy.min.css?ver=4.2.16 HTTP/1.1" 200 2592 "https://nacaomestica.org/blog4/?p=197" "Mozilla/5.0 (Linux; Android 12; SM-A217M) AppleWebKit/537.36 (KHTML, like Gecko) Chrome/96.0.4664.104 Mobile Safari/537.36" "nacaomestica.org"
179.34.36.36 - - [07/Nov/2022:16:44:18 -0800] "GET /blog4/wp-content/plugins/wp-spamshield/js/jscripts-ftr2-min.js HTTP/1.1" 200 637 "https://nacaomestica.org/blog4/?p=197" "Mozilla/5.0 (Linux; Android 12; SM-A217M) AppleWebKit/537.36 (KHTML, like Gecko) Chrome/96.0.4664.104 Mobile Safari/537.36" "nacaomestica.org"
179.34.36.36 - - [07/Nov/2022:16:44:18 -0800] "GET /blog4/wp-includes/js/wp-embed.min.js?ver=5.6.10 HTTP/1.1" 200 765 "https://nacaomestica.org/blog4/?p=197" "Mozilla/5.0 (Linux; Android 12; SM-A217M) AppleWebKit/537.36 (KHTML, like Gecko) Chrome/96.0.4664.104 Mobile Safari/537.36" "nacaomestica.org"
179.34.36.36 - - [07/Nov/2022:16:44:18 -0800] "GET /blog4/wp-includes/js/mediaelement/mediaelement-migrate.min.js?ver=5.6.10 HTTP/1.1" 200 544 "https://nacaomestica.org/blog4/?p=197" "Mozilla/5.0 (Linux; Android 12; SM-A217M) AppleWebKit/537.36 (KHTML, like Gecko) Chrome/96.0.4664.104 Mobile Safari/537.36" "nacaomestica.org"
179.34.36.36 - - [07/Nov/2022:16:44:18 -0800] "GET /blog4/wp-includes/js/mediaelement/wp-mediaelement.min.js?ver=5.6.10 HTTP/1.1" 200 475 "https://nacaomestica.org/blog4/?p=197" "Mozilla/5.0 (Linux; Android 12; SM-A217M) AppleWebKit/537.36 (KHTML, like Gecko) Chrome/96.0.4664.104 Mobile Safari/537.36" "nacaomestica.org"
179.34.36.36 - - [07/Nov/2022:16:44:18 -0800] "GET /blog4/wp-includes/js/wp-emoji-release.min.js?ver=5.6.10 HTTP/1.1" 200 4662 "https://nacaomestica.org/blog4/?p=197" "Mozilla/5.0 (Linux; Android 12; SM-A217M) AppleWebKit/537.36 (KHTML, like Gecko) Chrome/96.0.4664.104 Mobile Safari/537.36" "nacaomestica.org"
179.34.36.36 - - [07/Nov/2022:16:44:18 -0800] "GET /blog4/wp-content/themes/carrington-blog/img/rss-button.gif HTTP/1.1" 200 2208 "https://nacaomestica.org/blog4/?p=197" "Mozilla/5.0 (Linux; Android 12; SM-A217M) AppleWebKit/537.36 (KHTML, like Gecko) Chrome/96.0.4664.104 Mobile Safari/537.36" "nacaomestica.org"
179.34.36.36 - - [07/Nov/2022:16:44:18 -0800] "GET /blog4/wp-content/themes/carrington-blog/img/comment.gif HTTP/1.1" 200 370 "https://nacaomestica.org/blog4/wp-content/themes/carrington-blog/css/css.php" "Mozilla/5.0 (Linux; Android 12; SM-A217M) AppleWebKit/537.36 (KHTML, like Gecko) Chrome/96.0.4664.104 Mobile Safari/537.36" "nacaomestica.org"
179.34.36.36 - - [07/Nov/2022:16:44:18 -0800] "GET /blog4/wp-content/themes/carrington-blog/img/divider-ornament.gif HTTP/1.1" 200 778 "https://nacaomestica.org/blog4/wp-content/themes/carrington-blog/css/css.php" "Mozilla/5.0 (Linux; Android 12; SM-A217M) AppleWebKit/537.36 (KHTML, like Gecko) Chrome/96.0.4664.104 Mobile Safari/537.36" "nacaomestica.org"
179.34.36.36 - - [07/Nov/2022:16:44:18 -0800] "GET /blog4/wp-content/uploads/2015/04/ONCA_SITE2.png HTTP/1.1" 200 296324 "https://nacaomestica.org/blog4/?p=197" "Mozilla/5.0 (Linux; Android 12; SM-A217M) AppleWebKit/537.36 (KHTML, like Gecko) Chrome/96.0.4664.104 Mobile Safari/537.36" "nacaomestica.org"
179.34.36.36 - - [07/Nov/2022:16:44:18 -0800] "GET /blog4/wp-content/themes/carrington-blog/img/sub-header-border-bottom.gif HTTP/1.1" 200 43 "https://nacaomestica.org/blog4/wp-content/themes/carrington-blog/css/css.php" "Mozilla/5.0 (Linux; Android 12; SM-A217M) AppleWebKit/537.36 (KHTML, like Gecko) Chrome/96.0.4664.104 Mobile Safari/537.36" "nacaomestica.org"
179.34.36.36 - - [07/Nov/2022:16:44:18 -0800] "GET /blog4/wp-content/themes/carrington-blog/img/comments-divider.gif HTTP/1.1" 200 6855 "https://nacaomestica.org/blog4/wp-content/themes/carrington-blog/css/css.php" "Mozilla/5.0 (Linux; Android 12; SM-A217M) AppleWebKit/537.36 (KHTML, like Gecko) Chrome/96.0.4664.104 Mobile Safari/537.36" "nacaomestica.org"
179.34.36.36 - - [07/Nov/2022:16:44:18 -0800] "GET /blog4/wp-content/themes/carrington-blog/img/watermark-light.gif HTTP/1.1" 200 31981 "https://nacaomestica.org/blog4/wp-content/themes/carrington-blog/css/css.php" "Mozilla/5.0 (Linux; Android 12; SM-A217M) AppleWebKit/537.36 (KHTML, like Gecko) Chrome/96.0.4664.104 Mobile Safari/537.36" "nacaomestica.org"
179.34.36.36 - - [07/Nov/2022:16:44:18 -0800] "GET /blog4/wp-content/themes/carrington-blog/img/sidebar-background.gif HTTP/1.1" 200 1515 "https://nacaomestica.org/blog4/wp-content/themes/carrington-blog/css/css.php" "Mozilla/5.0 (Linux; Android 12; SM-A217M) AppleWebKit/537.36 (KHTML, like Gecko) Chrome/96.0.4664.104 Mobile Safari/537.36" "nacaomestica.org"
179.34.36.36 - - [07/Nov/2022:16:44:18 -0800] "GET /blog4/wp-content/themes/carrington-blog/img/footer/divider-ornament-wide-light.png HTTP/1.1" 200 1601 "https://nacaomestica.org/blog4/wp-content/themes/carrington-blog/css/css.php" "Mozilla/5.0 (Linux; Android 12; SM-A217M) AppleWebKit/537.36 (KHTML, like Gecko) Chrome/96.0.4664.104 Mobile Safari/537.36" "nacaomestica.org"
179.34.36.36 - - [07/Nov/2022:16:44:18 -0800] "GET /blog4/wp-content/themes/carrington-blog/img/footer/by-crowd-favorite-light.png HTTP/1.1" 200 2825 "https://nacaomestica.org/blog4/?p=197" "Mozilla/5.0 (Linux; Android 12; SM-A217M) AppleWebKit/537.36 (KHTML, like Gecko) Chrome/96.0.4664.104 Mobile Safari/537.36" "nacaomestica.org"
179.34.36.36 - - [07/Nov/2022:16:44:18 -0800] "GET /blog4/wp-content/uploads/2018/08/livro_mestico_CAPA-2peq.png HTTP/1.1" 200 35385 "https://nacaomestica.org/blog4/?p=197" "Mozilla/5.0 (Linux; Android 12; SM-A217M) AppleWebKit/537.36 (KHTML, like Gecko) Chrome/96.0.4664.104 Mobile Safari/537.36" "nacaomestica.org"
179.34.36.36 - - [07/Nov/2022:16:44:18 -0800] "GET /blog4/wp-includes/js/mediaelement/renderers/vimeo.min.js?ver=4.2.16 HTTP/1.1" 200 2284 "https://nacaomestica.org/blog4/?p=197" "Mozilla/5.0 (Linux; Android 12; SM-A217M) AppleWebKit/537.36 (KHTML, like Gecko) Chrome/96.0.4664.104 Mobile Safari/537.36" "nacaomestica.org"
179.34.36.36 - - [07/Nov/2022:16:44:18 -0800] "GET /blog4/wp-includes/js/mediaelement/wp-mediaelement.min.css?ver=5.6.10 HTTP/1.1" 200 1156 "https://nacaomestica.org/blog4/?p=197" "Mozilla/5.0 (Linux; Android 12; SM-A217M) AppleWebKit/537.36 (KHTML, like Gecko) Chrome/96.0.4664.104 Mobile Safari/537.36" "nacaomestica.org"
179.34.36.36 - - [07/Nov/2022:16:44:18 -0800] "GET /blog4/wp-content/themes/carrington-blog/img/dropdown-divider.gif HTTP/1.1" 200 144 "https://nacaomestica.org/blog4/wp-content/themes/carrington-blog/css/css.php" "Mozilla/5.0 (Linux; Android 12; SM-A217M) AppleWebKit/537.36 (KHTML, like Gecko) Chrome/96.0.4664.104 Mobile Safari/537.36" "nacaomestica.org"
179.34.36.36 - - [07/Nov/2022:16:44:18 -0800] "GET /blog4/wp-content/themes/carrington-blog/img/footer/gradient-light.png HTTP/1.1" 200 172 "https://nacaomestica.org/blog4/?p=197" "Mozilla/5.0 (Linux; Android 12; SM-A217M) AppleWebKit/537.36 (KHTML, like Gecko) Chrome/96.0.4664.104 Mobile Safari/537.36" "nacaomestica.org"
179.34.36.36 - - [07/Nov/2022:16:44:18 -0800] "GET /blog4/wp-content/themes/carrington-blog/img/grey-to-white-gradient.png HTTP/1.1" 200 153 "https://nacaomestica.org/blog4/wp-content/themes/carrington-blog/css/css.php" "Mozilla/5.0 (Linux; Android 12; SM-A217M) AppleWebKit/537.36 (KHTML, like Gecko) Chrome/96.0.4664.104 Mobile Safari/537.36" "nacaomestica.org"
179.34.36.36 - - [07/Nov/2022:16:44:18 -0800] "GET /blog4/wp-content/themes/carrington-blog/img/arrow-bullet.gif HTTP/1.1" 200 50 "https://nacaomestica.org/blog4/wp-content/themes/carrington-blog/css/css.php" "Mozilla/5.0 (Linux; Android 12; SM-A217M) AppleWebKit/537.36 (KHTML, like Gecko) Chrome/96.0.4664.104 Mobile Safari/537.36" "nacaomestica.org"
179.34.36.36 - - [07/Nov/2022:16:44:18 -0800] "GET /blog4/wp-includes/js/mediaelement/mediaelement-and-player.min.js?ver=4.2.16 HTTP/1.1" 200 38657 "https://nacaomestica.org/blog4/?p=197" "Mozilla/5.0 (Linux; Android 12; SM-A217M) AppleWebKit/537.36 (KHTML, like Gecko) Chrome/96.0.4664.104 Mobile Safari/537.36" "nacaomestica.org"
179.34.36.36 - - [07/Nov/2022:16:44:18 -0800] "GET /blog4/wp-content/themes/carrington-blog/img/header/gradient-dark.png HTTP/1.1" 200 2877 "https://nacaomestica.org/blog4/?p=197" "Mozilla/5.0 (Linux; Android 12; SM-A217M) AppleWebKit/537.36 (KHTML, like Gecko) Chrome/96.0.4664.104 Mobile Safari/537.36" "nacaomestica.org"
51.222.253.6 - - [07/Nov/2022:16:44:22 -0800] "GET /blog4/?feed=rss2&p=24730 HTTP/1.1" 200 895 "-" "Mozilla/5.0 (compatible; AhrefsBot/7.0; +http://ahrefs.com/robot/)" "nacaomestica.org"
