197.185.97.188 - - [07/Nov/2022:16:17:19 -0800] "GET /blog4/wp-content/uploads/2022/10/download3.jpg HTTP/1.1" 200 136032 "https://nacaomestica.org/" "Mozilla/5.0 (Linux; Android 10; SM-A013G) AppleWebKit/537.36 (KHTML, like Gecko) Chrome/98.0.4758.87 Mobile Safari/537.36" "nacaomestica.org"
197.185.97.188 - - [07/Nov/2022:16:17:20 -0800] "GET /blog4/wp-content/uploads/2022/10/PETISMO004-768x575.png HTTP/1.1" 200 499933 "https://nacaomestica.org/" "Mozilla/5.0 (Linux; Android 10; SM-A013G) AppleWebKit/537.36 (KHTML, like Gecko) Chrome/98.0.4758.87 Mobile Safari/537.36" "nacaomestica.org"
197.185.97.188 - - [07/Nov/2022:16:17:21 -0800] "GET /blog4/wp-content/themes/carrington-blog/img/dropdown-divider.gif HTTP/1.1" 200 144 "https://nacaomestica.org/blog4/wp-content/themes/carrington-blog/css/css.php" "Mozilla/5.0 (Linux; Android 10; SM-A013G) AppleWebKit/537.36 (KHTML, like Gecko) Chrome/98.0.4758.87 Mobile Safari/537.36" "nacaomestica.org"
197.185.97.188 - - [07/Nov/2022:16:17:21 -0800] "GET /blog4/wp-content/themes/carrington-blog/img/comment.gif HTTP/1.1" 200 370 "https://nacaomestica.org/blog4/wp-content/themes/carrington-blog/css/css.php" "Mozilla/5.0 (Linux; Android 10; SM-A013G) AppleWebKit/537.36 (KHTML, like Gecko) Chrome/98.0.4758.87 Mobile Safari/537.36" "nacaomestica.org"
197.185.97.188 - - [07/Nov/2022:16:17:21 -0800] "GET /blog4/wp-content/uploads/2022/09/acm_jeronimo.jpg HTTP/1.1" 200 45052 "https://nacaomestica.org/" "Mozilla/5.0 (Linux; Android 10; SM-A013G) AppleWebKit/537.36 (KHTML, like Gecko) Chrome/98.0.4758.87 Mobile Safari/537.36" "nacaomestica.org"
197.185.97.188 - - [07/Nov/2022:16:17:21 -0800] "GET /blog4/wp-content/themes/carrington-blog/img/footer/gradient-light.png HTTP/1.1" 200 172 "https://nacaomestica.org/" "Mozilla/5.0 (Linux; Android 10; SM-A013G) AppleWebKit/537.36 (KHTML, like Gecko) Chrome/98.0.4758.87 Mobile Safari/537.36" "nacaomestica.org"
197.185.97.188 - - [07/Nov/2022:16:17:21 -0800] "GET /blog4/wp-content/themes/carrington-blog/img/footer/divider-ornament-wide-light.png HTTP/1.1" 200 1601 "https://nacaomestica.org/blog4/wp-content/themes/carrington-blog/css/css.php" "Mozilla/5.0 (Linux; Android 10; SM-A013G) AppleWebKit/537.36 (KHTML, like Gecko) Chrome/98.0.4758.87 Mobile Safari/537.36" "nacaomestica.org"
197.185.97.188 - - [07/Nov/2022:16:17:21 -0800] "GET /blog4/wp-content/themes/carrington-blog/img/grey-to-white-gradient.png HTTP/1.1" 200 153 "https://nacaomestica.org/blog4/wp-content/themes/carrington-blog/css/css.php" "Mozilla/5.0 (Linux; Android 10; SM-A013G) AppleWebKit/537.36 (KHTML, like Gecko) Chrome/98.0.4758.87 Mobile Safari/537.36" "nacaomestica.org"
197.185.97.188 - - [07/Nov/2022:16:17:20 -0800] "GET /blog4/wp-content/uploads/2022/10/PETISMO001-768x432.png HTTP/1.1" 200 229436 "https://nacaomestica.org/" "Mozilla/5.0 (Linux; Android 10; SM-A013G) AppleWebKit/537.36 (KHTML, like Gecko) Chrome/98.0.4758.87 Mobile Safari/537.36" "nacaomestica.org"
197.185.97.188 - - [07/Nov/2022:16:17:21 -0800] "GET /blog4/wp-includes/js/mediaelement/mediaelement-migrate.min.js?ver=5.6.10 HTTP/1.1" 200 544 "https://nacaomestica.org/" "Mozilla/5.0 (Linux; Android 10; SM-A013G) AppleWebKit/537.36 (KHTML, like Gecko) Chrome/98.0.4758.87 Mobile Safari/537.36" "nacaomestica.org"
197.185.97.188 - - [07/Nov/2022:16:17:22 -0800] "GET /blog4/wp-content/uploads/2022/10/PETISMO001-1024x576.png HTTP/1.1" 200 325674 "https://nacaomestica.org/" "Mozilla/5.0 (Linux; Android 10; SM-A013G) AppleWebKit/537.36 (KHTML, like Gecko) Chrome/98.0.4758.87 Mobile Safari/537.36" "nacaomestica.org"
20.85.215.177 - - [07/Nov/2022:16:17:22 -0800] "GET /blog4/?cat=116 HTTP/1.1" 200 67114 "-" "Mozilla/5.0 (Linux; Android 7.0; SM-G930V Build/NRD90M) AppleWebKit/537.36 (KHTML, like Gecko) Chrome/59.0.3071.125 Mobile Safari/537.36" "nacaomestica.org"
197.185.97.188 - - [07/Nov/2022:16:17:23 -0800] "GET /blog4/wp-content/uploads/2022/10/PETISMO004.png HTTP/1.1" 200 779879 "https://nacaomestica.org/" "Mozilla/5.0 (Linux; Android 10; SM-A013G) AppleWebKit/537.36 (KHTML, like Gecko) Chrome/98.0.4758.87 Mobile Safari/537.36" "nacaomestica.org"
197.185.97.188 - - [07/Nov/2022:16:17:27 -0800] "GET /blog4/wp-content/uploads/2022/10/PETISMO001-1024x576.png HTTP/1.1" 200 325674 "https://nacaomestica.org/" "Mozilla/5.0 (Linux; Android 10; SM-A013G) AppleWebKit/537.36 (KHTML, like Gecko) Chrome/98.0.4758.87 Mobile Safari/537.36" "nacaomestica.org"
197.185.97.188 - - [07/Nov/2022:16:17:28 -0800] "GET /blog4/wp-content/themes/carrington-blog/img/footer/by-crowd-favorite-light.png HTTP/1.1" 200 2825 "https://nacaomestica.org/" "Mozilla/5.0 (Linux; Android 10; SM-A013G) AppleWebKit/537.36 (KHTML, like Gecko) Chrome/98.0.4758.87 Mobile Safari/537.36" "nacaomestica.org"
20.85.215.177 - - [07/Nov/2022:16:17:28 -0800] "GET /blog4/?tag=limpeza-etnica HTTP/1.1" 200 91682 "-" "Mozilla/5.0 (Linux; Android 7.0; SM-G930V Build/NRD90M) AppleWebKit/537.36 (KHTML, like Gecko) Chrome/59.0.3071.125 Mobile Safari/537.36" "nacaomestica.org"
20.85.215.177 - - [07/Nov/2022:16:17:31 -0800] "GET /blog4/?cat=266 HTTP/1.1" 200 69887 "-" "Mozilla/5.0 (Linux; Android 7.0; SM-G930V Build/NRD90M) AppleWebKit/537.36 (KHTML, like Gecko) Chrome/59.0.3071.125 Mobile Safari/537.36" "nacaomestica.org"
197.185.97.188 - - [07/Nov/2022:16:17:36 -0800] "GET /blog4/wp-content/themes/carrington-blog/carrington-core/lightbox/img/loadingAnimation.gif HTTP/1.1" 200 5886 "https://nacaomestica.org/" "Mozilla/5.0 (Linux; Android 10; SM-A013G) AppleWebKit/537.36 (KHTML, like Gecko) Chrome/98.0.4758.87 Mobile Safari/537.36" "nacaomestica.org"
197.185.97.188 - - [07/Nov/2022:16:17:36 -0800] "GET /blog4/wp-includes/js/mediaelement/mejs-controls.svg HTTP/1.1" 200 1413 "https://nacaomestica.org/blog4/wp-includes/js/mediaelement/mediaelementplayer-legacy.min.css?ver=4.2.16" "Mozilla/5.0 (Linux; Android 10; SM-A013G) AppleWebKit/537.36 (KHTML, like Gecko) Chrome/98.0.4758.87 Mobile Safari/537.36" "nacaomestica.org"
20.85.215.177 - - [07/Nov/2022:16:17:40 -0800] "GET /blog4/?cat=268 HTTP/1.1" 200 95973 "-" "Mozilla/5.0 (Linux; Android 7.0; SM-G930V Build/NRD90M) AppleWebKit/537.36 (KHTML, like Gecko) Chrome/59.0.3071.125 Mobile Safari/537.36" "nacaomestica.org"
10.213.116.68 - - [07/Nov/2022:16:17:45 -0800] "POST /blog4/wp-cron.php?doing_wp_cron=1667866664.8891000747680664062500 HTTP/1.1" 200 - "https://nacaomestica.org/blog4/wp-cron.php?doing_wp_cron=1667866664.8891000747680664062500" "WordPress/5.6.10; https://nacaomestica.org/blog4" "nacaomestica.org"
197.185.97.188 - - [07/Nov/2022:16:17:50 -0800] "GET /favicon.ico HTTP/1.1" 200 676 "https://nacaomestica.org/" "Mozilla/5.0 (Linux; Android 10; SM-A013G) AppleWebKit/537.36 (KHTML, like Gecko) Chrome/98.0.4758.87 Mobile Safari/537.36" "nacaomestica.org"
191.9.111.181 - - [07/Nov/2022:16:17:51 -0800] "GET /blog4/wp-content/uploads/2016/02/pardo_preto1.png HTTP/1.1" 200 331753 "https://www.google.com/" "Mozilla/5.0 (Windows NT 10.0; Win64; x64) AppleWebKit/537.36 (KHTML, like Gecko) Chrome/107.0.0.0 Safari/537.36" "nacaomestica.org"
197.185.97.188 - - [07/Nov/2022:16:17:57 -0800] "GET /blog4/wp-content/uploads/2022/10/PETISMO004.png HTTP/1.1" 200 779879 "https://nacaomestica.org/" "Mozilla/5.0 (Linux; Android 10; SM-A013G) AppleWebKit/537.36 (KHTML, like Gecko) Chrome/98.0.4758.87 Mobile Safari/537.36" "nacaomestica.org"
187.10.229.1 - - [07/Nov/2022:16:18:00 -0800] "GET /blog4/wp-content/uploads/2016/02/mesticos_sombra-2.png HTTP/1.1" 200 191787 "https://www.google.com.br/" "Mozilla/5.0 (iPhone; CPU iPhone OS 16_0 like Mac OS X) AppleWebKit/605.1.15 (KHTML, like Gecko) Version/16.0 Mobile/15E148 Safari/604.1" "nacaomestica.org"
201.3.37.91 - - [07/Nov/2022:16:18:04 -0800] "GET /blog4/wp-content/uploads/2016/02/pardo_preto1.png HTTP/1.1" 200 331753 "https://www.google.com.br/" "Mozilla/5.0 (iPhone; CPU iPhone OS 16_0 like Mac OS X) AppleWebKit/605.1.15 (KHTML, like Gecko) Version/16.0 Mobile/15E148 Safari/604.1" "nacaomestica.org"
197.185.97.188 - - [07/Nov/2022:16:18:12 -0800] "GET /blog4/wp-content/uploads/2022/09/acm_jeronimo.jpg HTTP/1.1" 200 45052 "https://nacaomestica.org/" "Mozilla/5.0 (Linux; Android 10; SM-A013G) AppleWebKit/537.36 (KHTML, like Gecko) Chrome/98.0.4758.87 Mobile Safari/537.36" "nacaomestica.org"
51.222.253.19 - - [07/Nov/2022:16:18:25 -0800] "GET /blog4/?feed=rss2&p=30892 HTTP/1.1" 200 846 "-" "Mozilla/5.0 (compatible; AhrefsBot/7.0; +http://ahrefs.com/robot/)" "nacaomestica.org"
177.247.32.215 - - [07/Nov/2022:16:18:43 -0800] "GET /blog4/wp-content/uploads/2020/07/NEGRISMO20-1024x576.png HTTP/1.1" 200 152884 "https://www.bing.com/" "Mozilla/5.0 (Windows NT 10.0; Win64; x64) AppleWebKit/537.36 (KHTML, like Gecko) Chrome/104.0.5112.81 Safari/537.36 Edg/104.0.1293.54" "nacaomestica.org"
177.247.32.215 - - [07/Nov/2022:16:18:43 -0800] "GET /blog4/wp-content/uploads/2020/05/NEGRISMO18.png HTTP/1.1" 200 178070 "https://www.bing.com/" "Mozilla/5.0 (Windows NT 10.0; Win64; x64) AppleWebKit/537.36 (KHTML, like Gecko) Chrome/104.0.5112.81 Safari/537.36 Edg/104.0.1293.54" "nacaomestica.org"
177.247.32.215 - - [07/Nov/2022:16:18:43 -0800] "GET /blog4/wp-content/uploads/2019/12/NEGRISMO16.png HTTP/1.1" 200 160153 "https://www.bing.com/" "Mozilla/5.0 (Windows NT 10.0; Win64; x64) AppleWebKit/537.36 (KHTML, like Gecko) Chrome/104.0.5112.81 Safari/537.36 Edg/104.0.1293.54" "nacaomestica.org"
187.95.19.207 - - [07/Nov/2022:16:18:50 -0800] "GET /DeodoroMFP.htm HTTP/1.1" 200 4210 "https://www.google.com/" "Mozilla/5.0 (Windows NT 10.0; Win64; x64) AppleWebKit/537.36 (KHTML, like Gecko) Chrome/107.0.0.0 Safari/537.36" "www.nacaomestica.org"
187.95.19.207 - - [07/Nov/2022:16:18:52 -0800] "GET /fundo_deodoro.gif HTTP/1.1" 404 88 "https://www.nacaomestica.org/DeodoroMFP.htm" "Mozilla/5.0 (Windows NT 10.0; Win64; x64) AppleWebKit/537.36 (KHTML, like Gecko) Chrome/107.0.0.0 Safari/537.36" "www.nacaomestica.org"
40.77.167.14 - - [07/Nov/2022:16:19:06 -0800] "GET /blog4/?p=22760 HTTP/1.1" 200 76843 "-" "Mozilla/5.0 (compatible; bingbot/2.0; +http://www.bing.com/bingbot.htm)" "nacaomestica.org"
40.77.167.14 - - [07/Nov/2022:16:19:09 -0800] "GET /blog4/?p=22760 HTTP/1.1" 200 76843 "-" "Mozilla/5.0 AppleWebKit/537.36 (KHTML, like Gecko; compatible; bingbot/2.0; +http://www.bing.com/bingbot.htm) Chrome/103.0.5060.134 Safari/537.36" "nacaomestica.org"
93.22.148.196 - - [07/Nov/2022:16:19:40 -0800] "GET /blog4/wp-content/uploads/2018/04/MISCIGENACAO_GERA_MESTICOS.png HTTP/1.1" 200 182065 "https://www.google.com/" "Mozilla/5.0 (Macintosh; Intel Mac OS X 10_15_7) AppleWebKit/605.1.15 (KHTML, like Gecko) Version/15.0 Safari/605.1.15" "nacaomestica.org"
93.22.148.196 - - [07/Nov/2022:16:19:42 -0800] "GET /blog4/wp-content/uploads/2018/04/MISCIGENACAO_GERA_MESTICOS.png HTTP/1.1" 200 182065 "https://www.google.com/" "Mozilla/5.0 (Macintosh; Intel Mac OS X 10_15_7) AppleWebKit/605.1.15 (KHTML, like Gecko) Version/15.0 Safari/605.1.15" "nacaomestica.org"
20.85.215.177 - - [07/Nov/2022:16:19:39 -0800] "GET /blog4/?cat=263 HTTP/1.1" 200 69077 "-" "Mozilla/5.0 (Linux; Android 7.0; SM-G930V Build/NRD90M) AppleWebKit/537.36 (KHTML, like Gecko) Chrome/59.0.3071.125 Mobile Safari/537.36" "nacaomestica.org"
10.213.116.69 - - [07/Nov/2022:16:20:05 -0800] "POST /blog4/wp-cron.php?doing_wp_cron=1667866805.4803121089935302734375 HTTP/1.1" 200 - "https://nacaomestica.org/blog4/wp-cron.php?doing_wp_cron=1667866805.4803121089935302734375" "WordPress/5.6.10; https://nacaomestica.org/blog4" "nacaomestica.org"
20.85.215.177 - - [07/Nov/2022:16:20:04 -0800] "GET /blog4/ HTTP/1.1" 200 88633 "-" "Mozilla/5.0 (Linux; Android 7.0; SM-G930V Build/NRD90M) AppleWebKit/537.36 (KHTML, like Gecko) Chrome/59.0.3071.125 Mobile Safari/537.36" "nacaomestica.org"
20.85.215.177 - - [07/Nov/2022:16:20:09 -0800] "GET /blog4/?tag=amarelo HTTP/1.1" 200 79664 "-" "Mozilla/5.0 (Linux; Android 7.0; SM-G930V Build/NRD90M) AppleWebKit/537.36 (KHTML, like Gecko) Chrome/59.0.3071.125 Mobile Safari/537.36" "nacaomestica.org"
207.46.13.155 - - [07/Nov/2022:16:20:09 -0800] "GET /blog4/?p=3871 HTTP/1.1" 200 85209 "-" "Mozilla/5.0 (compatible; bingbot/2.0; +http://www.bing.com/bingbot.htm)" "nacaomestica.org"
20.85.215.177 - - [07/Nov/2022:16:20:11 -0800] "GET /blog4/?cat=182 HTTP/1.1" 200 73701 "-" "Mozilla/5.0 (Linux; Android 7.0; SM-G930V Build/NRD90M) AppleWebKit/537.36 (KHTML, like Gecko) Chrome/59.0.3071.125 Mobile Safari/537.36" "nacaomestica.org"
49.50.9.244 - - [07/Nov/2022:16:20:48 -0800] "GET /blog4/?p=12355 HTTP/1.1" 200 101435 "http://nacaomestica.org/blog4/?p=12355" "Mozilla/5.0 (Windows NT 10.0; Win64; x64) AppleWebKit/537.36 (KHTML, like Gecko) Chrome/103.0.0.0 Safari/537.36 OPR/89.0.4447.51" "nacaomestica.org"
20.85.215.177 - - [07/Nov/2022:16:20:55 -0800] "GET /blog4/?p=30980 HTTP/1.1" 200 74400 "-" "Mozilla/5.0 (Linux; Android 7.0; SM-G930V Build/NRD90M) AppleWebKit/537.36 (KHTML, like Gecko) Chrome/59.0.3071.125 Mobile Safari/537.36" "nacaomestica.org"
51.222.253.5 - - [07/Nov/2022:16:21:12 -0800] "GET /blog4/?feed=rss2&p=12027 HTTP/1.1" 200 804 "-" "Mozilla/5.0 (compatible; AhrefsBot/7.0; +http://ahrefs.com/robot/)" "nacaomestica.org"
20.85.215.177 - - [07/Nov/2022:16:21:26 -0800] "GET /blog4/?tag=anti-cristianismo HTTP/1.1" 200 75634 "-" "Mozilla/5.0 (Linux; Android 7.0; SM-G930V Build/NRD90M) AppleWebKit/537.36 (KHTML, like Gecko) Chrome/59.0.3071.125 Mobile Safari/537.36" "nacaomestica.org"
20.85.215.177 - - [07/Nov/2022:16:21:39 -0800] "GET /blog4/?cat=131 HTTP/1.1" 200 93805 "-" "Mozilla/5.0 (Linux; Android 7.0; SM-G930V Build/NRD90M) AppleWebKit/537.36 (KHTML, like Gecko) Chrome/59.0.3071.125 Mobile Safari/537.36" "nacaomestica.org"
20.85.215.177 - - [07/Nov/2022:16:21:43 -0800] "GET /blog4/?cat=125 HTTP/1.1" 200 69491 "-" "Mozilla/5.0 (Linux; Android 7.0; SM-G930V Build/NRD90M) AppleWebKit/537.36 (KHTML, like Gecko) Chrome/59.0.3071.125 Mobile Safari/537.36" "nacaomestica.org"
20.85.215.177 - - [07/Nov/2022:16:21:55 -0800] "GET /blog4/?tag=charge HTTP/1.1" 200 86402 "-" "Mozilla/5.0 (Linux; Android 7.0; SM-G930V Build/NRD90M) AppleWebKit/537.36 (KHTML, like Gecko) Chrome/59.0.3071.125 Mobile Safari/537.36" "nacaomestica.org"
20.85.215.177 - - [07/Nov/2022:16:22:07 -0800] "GET /blog4/?cat=128 HTTP/1.1" 200 96290 "-" "Mozilla/5.0 (Linux; Android 7.0; SM-G930V Build/NRD90M) AppleWebKit/537.36 (KHTML, like Gecko) Chrome/59.0.3071.125 Mobile Safari/537.36" "nacaomestica.org"
10.213.116.69 - - [07/Nov/2022:16:22:08 -0800] "POST /blog4/wp-cron.php?doing_wp_cron=1667866928.2139489650726318359375 HTTP/1.1" 200 - "https://nacaomestica.org/blog4/wp-cron.php?doing_wp_cron=1667866928.2139489650726318359375" "WordPress/5.6.10; https://nacaomestica.org/blog4" "nacaomestica.org"
20.85.215.177 - - [07/Nov/2022:16:22:08 -0800] "GET /blog4/?tag=bantustao HTTP/1.1" 200 96380 "-" "Mozilla/5.0 (Linux; Android 7.0; SM-G930V Build/NRD90M) AppleWebKit/537.36 (KHTML, like Gecko) Chrome/59.0.3071.125 Mobile Safari/537.36" "nacaomestica.org"
20.85.215.177 - - [07/Nov/2022:16:22:34 -0800] "GET /blog4/?tag=mesticagem-miscigenacao HTTP/1.1" 200 78687 "-" "Mozilla/5.0 (Linux; Android 7.0; SM-G930V Build/NRD90M) AppleWebKit/537.36 (KHTML, like Gecko) Chrome/59.0.3071.125 Mobile Safari/537.36" "nacaomestica.org"
20.85.215.177 - - [07/Nov/2022:16:22:40 -0800] "GET /blog4/?tag=direitos-originarios HTTP/1.1" 200 82399 "-" "Mozilla/5.0 (Linux; Android 7.0; SM-G930V Build/NRD90M) AppleWebKit/537.36 (KHTML, like Gecko) Chrome/59.0.3071.125 Mobile Safari/537.36" "nacaomestica.org"
167.249.111.145 - - [07/Nov/2022:16:22:55 -0800] "GET /blog4/wp-content/uploads/2017/04/ruanda-cuerpos-zaire_m.jpg HTTP/1.1" 200 104389 "https://www.google.com/" "Mozilla/5.0 (Windows NT 10.0; Win64; x64) AppleWebKit/537.36 (KHTML, like Gecko) Chrome/107.0.0.0 Safari/537.36" "nacaomestica.org"
167.249.111.145 - - [07/Nov/2022:16:22:56 -0800] "GET /blog4/wp-content/uploads/2017/04/24153476.jpg HTTP/1.1" 200 38092 "https://www.google.com/" "Mozilla/5.0 (Windows NT 10.0; Win64; x64) AppleWebKit/537.36 (KHTML, like Gecko) Chrome/107.0.0.0 Safari/537.36" "nacaomestica.org"
193.186.4.200 - - [07/Nov/2022:16:22:58 -0800] "GET /hemero_060815_why_martin_luther_king_was_republican HTTP/1.1" 200 9816 "-" "Mozilla/5.0 (Linux; Android 10; K) AppleWebKit/537.36 (KHTML, like Gecko) Chrome/107.0.0.0 Mobile Safari/537.36" "www.nacaomestica.org"
125.209.235.171 - - [07/Nov/2022:16:23:44 -0800] "GET /robots.txt HTTP/1.1" 200 59 "-" "Mozilla/5.0 (compatible; Yeti/1.1; +https://naver.me/spd)" "nacaomestica.org"
20.85.215.177 - - [07/Nov/2022:16:23:40 -0800] "GET /blog4/?cat=262 HTTP/1.1" 200 67543 "-" "Mozilla/5.0 (Linux; Android 7.0; SM-G930V Build/NRD90M) AppleWebKit/537.36 (KHTML, like Gecko) Chrome/59.0.3071.125 Mobile Safari/537.36" "nacaomestica.org"
20.85.215.177 - - [07/Nov/2022:16:23:40 -0800] "GET /blog4/?cat=245 HTTP/1.1" 200 81959 "-" "Mozilla/5.0 (Linux; Android 7.0; SM-G930V Build/NRD90M) AppleWebKit/537.36 (KHTML, like Gecko) Chrome/59.0.3071.125 Mobile Safari/537.36" "nacaomestica.org"
20.85.215.177 - - [07/Nov/2022:16:23:44 -0800] "GET /blog4/?cat=181 HTTP/1.1" 200 78204 "-" "Mozilla/5.0 (Linux; Android 7.0; SM-G930V Build/NRD90M) AppleWebKit/537.36 (KHTML, like Gecko) Chrome/59.0.3071.125 Mobile Safari/537.36" "nacaomestica.org"
20.85.215.177 - - [07/Nov/2022:16:23:46 -0800] "GET /blog4/?cat=219 HTTP/1.1" 200 94544 "-" "Mozilla/5.0 (Linux; Android 7.0; SM-G930V Build/NRD90M) AppleWebKit/537.36 (KHTML, like Gecko) Chrome/59.0.3071.125 Mobile Safari/537.36" "nacaomestica.org"
114.111.32.87 - - [07/Nov/2022:16:23:48 -0800] "GET /blog4/?p=31517 HTTP/1.1" 200 78668 "-" "Mozilla/5.0 (compatible; Yeti/1.1; +https://naver.me/spd)" "nacaomestica.org"
20.85.215.177 - - [07/Nov/2022:16:24:06 -0800] "GET /blog4/?tag=mesticofobia HTTP/1.1" 200 98309 "-" "Mozilla/5.0 (Linux; Android 7.0; SM-G930V Build/NRD90M) AppleWebKit/537.36 (KHTML, like Gecko) Chrome/59.0.3071.125 Mobile Safari/537.36" "nacaomestica.org"
202.225.26.86 - - [07/Nov/2022:16:24:09 -0800] "GET /blog4/?p=21869 HTTP/1.1" 200 78301 "https://www.google.co.jp/" "Mozilla/5.0 (Macintosh; Intel Mac OS X 10_15_7) AppleWebKit/537.36 (KHTML, like Gecko) Chrome/107.0.0.0 Safari/537.36" "nacaomestica.org"
202.225.26.86 - - [07/Nov/2022:16:24:11 -0800] "GET /blog4/wp-content/themes/carrington-blog/carrington-core/lightbox/css/thickbox.css HTTP/1.1" 200 975 "https://nacaomestica.org/blog4/?p=21869" "Mozilla/5.0 (Macintosh; Intel Mac OS X 10_15_7) AppleWebKit/537.36 (KHTML, like Gecko) Chrome/107.0.0.0 Safari/537.36" "nacaomestica.org"
10.213.116.68 - - [07/Nov/2022:16:24:10 -0800] "POST /blog4/wp-cron.php?doing_wp_cron=1667867050.2862629890441894531250 HTTP/1.1" 200 - "https://nacaomestica.org/blog4/wp-cron.php?doing_wp_cron=1667867050.2862629890441894531250" "WordPress/5.6.10; https://nacaomestica.org/blog4" "nacaomestica.org"
202.225.26.86 - - [07/Nov/2022:16:24:11 -0800] "GET /blog4/wp-content/themes/carrington-blog/css/css.php HTTP/1.1" 200 4963 "https://nacaomestica.org/blog4/?p=21869" "Mozilla/5.0 (Macintosh; Intel Mac OS X 10_15_7) AppleWebKit/537.36 (KHTML, like Gecko) Chrome/107.0.0.0 Safari/537.36" "nacaomestica.org"
202.225.26.86 - - [07/Nov/2022:16:24:11 -0800] "GET /blog4/wp-content/themes/carrington-blog/js/carrington.js?ver=1.0 HTTP/1.1" 200 1229 "https://nacaomestica.org/blog4/?p=21869" "Mozilla/5.0 (Macintosh; Intel Mac OS X 10_15_7) AppleWebKit/537.36 (KHTML, like Gecko) Chrome/107.0.0.0 Safari/537.36" "nacaomestica.org"
202.225.26.86 - - [07/Nov/2022:16:24:11 -0800] "GET /blog4/wp-content/themes/carrington-blog/carrington-core/lightbox/thickbox.js?ver=1.0 HTTP/1.1" 200 3903 "https://nacaomestica.org/blog4/?p=21869" "Mozilla/5.0 (Macintosh; Intel Mac OS X 10_15_7) AppleWebKit/537.36 (KHTML, like Gecko) Chrome/107.0.0.0 Safari/537.36" "nacaomestica.org"
202.225.26.86 - - [07/Nov/2022:16:24:11 -0800] "GET /blog4/wp-includes/js/jquery/jquery.min.js?ver=3.5.1 HTTP/1.1" 200 30916 "https://nacaomestica.org/blog4/?p=21869" "Mozilla/5.0 (Macintosh; Intel Mac OS X 10_15_7) AppleWebKit/537.36 (KHTML, like Gecko) Chrome/107.0.0.0 Safari/537.36" "nacaomestica.org"
202.225.26.86 - - [07/Nov/2022:16:24:11 -0800] "GET /blog4/wp-includes/js/jquery/jquery-migrate.min.js?ver=3.3.2 HTTP/1.1" 200 4169 "https://nacaomestica.org/blog4/?p=21869" "Mozilla/5.0 (Macintosh; Intel Mac OS X 10_15_7) AppleWebKit/537.36 (KHTML, like Gecko) Chrome/107.0.0.0 Safari/537.36" "nacaomestica.org"
202.225.26.86 - - [07/Nov/2022:16:24:12 -0800] "GET /blog4/wp-includes/js/mediaelement/wp-mediaelement.min.css?ver=5.6.10 HTTP/1.1" 200 1156 "https://nacaomestica.org/blog4/?p=21869" "Mozilla/5.0 (Macintosh; Intel Mac OS X 10_15_7) AppleWebKit/537.36 (KHTML, like Gecko) Chrome/107.0.0.0 Safari/537.36" "nacaomestica.org"
202.225.26.86 - - [07/Nov/2022:16:24:12 -0800] "GET /blog4/wp-includes/js/mediaelement/mediaelementplayer-legacy.min.css?ver=4.2.16 HTTP/1.1" 200 2592 "https://nacaomestica.org/blog4/?p=21869" "Mozilla/5.0 (Macintosh; Intel Mac OS X 10_15_7) AppleWebKit/537.36 (KHTML, like Gecko) Chrome/107.0.0.0 Safari/537.36" "nacaomestica.org"
202.225.26.86 - - [07/Nov/2022:16:24:12 -0800] "GET /blog4/wp-includes/js/wp-embed.min.js?ver=5.6.10 HTTP/1.1" 200 765 "https://nacaomestica.org/blog4/?p=21869" "Mozilla/5.0 (Macintosh; Intel Mac OS X 10_15_7) AppleWebKit/537.36 (KHTML, like Gecko) Chrome/107.0.0.0 Safari/537.36" "nacaomestica.org"
202.225.26.86 - - [07/Nov/2022:16:24:12 -0800] "GET /blog4/wp-content/plugins/wp-spamshield/js/jscripts-ftr2-min.js HTTP/1.1" 200 637 "https://nacaomestica.org/blog4/?p=21869" "Mozilla/5.0 (Macintosh; Intel Mac OS X 10_15_7) AppleWebKit/537.36 (KHTML, like Gecko) Chrome/107.0.0.0 Safari/537.36" "nacaomestica.org"
202.225.26.86 - - [07/Nov/2022:16:24:12 -0800] "GET /blog4/wp-includes/js/mediaelement/wp-mediaelement.min.js?ver=5.6.10 HTTP/1.1" 200 475 "https://nacaomestica.org/blog4/?p=21869" "Mozilla/5.0 (Macintosh; Intel Mac OS X 10_15_7) AppleWebKit/537.36 (KHTML, like Gecko) Chrome/107.0.0.0 Safari/537.36" "nacaomestica.org"
202.225.26.86 - - [07/Nov/2022:16:24:12 -0800] "GET /blog4/wp-includes/js/mediaelement/renderers/vimeo.min.js?ver=4.2.16 HTTP/1.1" 200 2284 "https://nacaomestica.org/blog4/?p=21869" "Mozilla/5.0 (Macintosh; Intel Mac OS X 10_15_7) AppleWebKit/537.36 (KHTML, like Gecko) Chrome/107.0.0.0 Safari/537.36" "nacaomestica.org"
202.225.26.86 - - [07/Nov/2022:16:24:12 -0800] "GET /blog4/wp-includes/js/wp-emoji-release.min.js?ver=5.6.10 HTTP/1.1" 200 4662 "https://nacaomestica.org/blog4/?p=21869" "Mozilla/5.0 (Macintosh; Intel Mac OS X 10_15_7) AppleWebKit/537.36 (KHTML, like Gecko) Chrome/107.0.0.0 Safari/537.36" "nacaomestica.org"
202.225.26.86 - - [07/Nov/2022:16:24:12 -0800] "GET /blog4/wp-content/themes/carrington-blog/img/header/gradient-dark.png HTTP/1.1" 200 2877 "https://nacaomestica.org/blog4/?p=21869" "Mozilla/5.0 (Macintosh; Intel Mac OS X 10_15_7) AppleWebKit/537.36 (KHTML, like Gecko) Chrome/107.0.0.0 Safari/537.36" "nacaomestica.org"
202.225.26.86 - - [07/Nov/2022:16:24:12 -0800] "GET /blog4/wp-content/themes/carrington-blog/img/rss-button.gif HTTP/1.1" 200 2208 "https://nacaomestica.org/blog4/?p=21869" "Mozilla/5.0 (Macintosh; Intel Mac OS X 10_15_7) AppleWebKit/537.36 (KHTML, like Gecko) Chrome/107.0.0.0 Safari/537.36" "nacaomestica.org"
202.225.26.86 - - [07/Nov/2022:16:24:12 -0800] "GET /blog4/wp-content/themes/carrington-blog/img/dropdown-divider.gif HTTP/1.1" 200 144 "https://nacaomestica.org/blog4/wp-content/themes/carrington-blog/css/css.php" "Mozilla/5.0 (Macintosh; Intel Mac OS X 10_15_7) AppleWebKit/537.36 (KHTML, like Gecko) Chrome/107.0.0.0 Safari/537.36" "nacaomestica.org"
202.225.26.86 - - [07/Nov/2022:16:24:12 -0800] "GET /blog4/wp-content/themes/carrington-blog/img/arrow-bullet.gif HTTP/1.1" 200 50 "https://nacaomestica.org/blog4/wp-content/themes/carrington-blog/css/css.php" "Mozilla/5.0 (Macintosh; Intel Mac OS X 10_15_7) AppleWebKit/537.36 (KHTML, like Gecko) Chrome/107.0.0.0 Safari/537.36" "nacaomestica.org"
202.225.26.86 - - [07/Nov/2022:16:24:12 -0800] "GET /blog4/wp-content/themes/carrington-blog/img/sub-header-border-bottom.gif HTTP/1.1" 200 43 "https://nacaomestica.org/blog4/wp-content/themes/carrington-blog/css/css.php" "Mozilla/5.0 (Macintosh; Intel Mac OS X 10_15_7) AppleWebKit/537.36 (KHTML, like Gecko) Chrome/107.0.0.0 Safari/537.36" "nacaomestica.org"
202.225.26.86 - - [07/Nov/2022:16:24:12 -0800] "GET /blog4/wp-content/themes/carrington-blog/img/watermark-light.gif HTTP/1.1" 200 31981 "https://nacaomestica.org/blog4/wp-content/themes/carrington-blog/css/css.php" "Mozilla/5.0 (Macintosh; Intel Mac OS X 10_15_7) AppleWebKit/537.36 (KHTML, like Gecko) Chrome/107.0.0.0 Safari/537.36" "nacaomestica.org"
202.225.26.86 - - [07/Nov/2022:16:24:12 -0800] "GET /blog4/wp-content/themes/carrington-blog/img/divider-ornament.gif HTTP/1.1" 200 778 "https://nacaomestica.org/blog4/wp-content/themes/carrington-blog/css/css.php" "Mozilla/5.0 (Macintosh; Intel Mac OS X 10_15_7) AppleWebKit/537.36 (KHTML, like Gecko) Chrome/107.0.0.0 Safari/537.36" "nacaomestica.org"
202.225.26.86 - - [07/Nov/2022:16:24:12 -0800] "GET /blog4/wp-content/themes/carrington-blog/img/sidebar-background.gif HTTP/1.1" 200 1515 "https://nacaomestica.org/blog4/wp-content/themes/carrington-blog/css/css.php" "Mozilla/5.0 (Macintosh; Intel Mac OS X 10_15_7) AppleWebKit/537.36 (KHTML, like Gecko) Chrome/107.0.0.0 Safari/537.36" "nacaomestica.org"
202.225.26.86 - - [07/Nov/2022:16:24:12 -0800] "GET /blog4/wp-includes/js/mediaelement/mediaelement-and-player.min.js?ver=4.2.16 HTTP/1.1" 200 38657 "https://nacaomestica.org/blog4/?p=21869" "Mozilla/5.0 (Macintosh; Intel Mac OS X 10_15_7) AppleWebKit/537.36 (KHTML, like Gecko) Chrome/107.0.0.0 Safari/537.36" "nacaomestica.org"
202.225.26.86 - - [07/Nov/2022:16:24:12 -0800] "GET /blog4/wp-content/themes/carrington-blog/img/footer/divider-ornament-wide-light.png HTTP/1.1" 200 1601 "https://nacaomestica.org/blog4/wp-content/themes/carrington-blog/css/css.php" "Mozilla/5.0 (Macintosh; Intel Mac OS X 10_15_7) AppleWebKit/537.36 (KHTML, like Gecko) Chrome/107.0.0.0 Safari/537.36" "nacaomestica.org"
202.225.26.86 - - [07/Nov/2022:16:24:12 -0800] "GET /blog4/wp-content/themes/carrington-blog/img/footer/by-crowd-favorite-light.png HTTP/1.1" 200 2825 "https://nacaomestica.org/blog4/?p=21869" "Mozilla/5.0 (Macintosh; Intel Mac OS X 10_15_7) AppleWebKit/537.36 (KHTML, like Gecko) Chrome/107.0.0.0 Safari/537.36" "nacaomestica.org"
177.193.64.73 - - [07/Nov/2022:16:24:08 -0800] "GET /blog4/?p=8456 HTTP/1.1" 200 172662 "https://www.google.com.br/" "Mozilla/5.0 (Macintosh; Intel Mac OS X 10_15_6) AppleWebKit/605.1.15 (KHTML, like Gecko) Version/15.6.1 Safari/605.1.15" "nacaomestica.org"
202.225.26.86 - - [07/Nov/2022:16:24:12 -0800] "GET /blog4/wp-content/themes/carrington-blog/img/footer/gradient-light.png HTTP/1.1" 200 172 "https://nacaomestica.org/blog4/?p=21869" "Mozilla/5.0 (Macintosh; Intel Mac OS X 10_15_7) AppleWebKit/537.36 (KHTML, like Gecko) Chrome/107.0.0.0 Safari/537.36" "nacaomestica.org"
202.225.26.86 - - [07/Nov/2022:16:24:12 -0800] "GET /blog4/wp-content/uploads/2018/08/livro_mestico_CAPA-2peq.png HTTP/1.1" 200 35385 "https://nacaomestica.org/blog4/?p=21869" "Mozilla/5.0 (Macintosh; Intel Mac OS X 10_15_7) AppleWebKit/537.36 (KHTML, like Gecko) Chrome/107.0.0.0 Safari/537.36" "nacaomestica.org"
177.193.64.73 - - [07/Nov/2022:16:24:13 -0800] "GET /blog4/wp-includes/js/jquery/jquery-migrate.min.js?ver=3.3.2 HTTP/1.1" 200 4169 "https://nacaomestica.org/blog4/?p=8456" "Mozilla/5.0 (Macintosh; Intel Mac OS X 10_15_6) AppleWebKit/605.1.15 (KHTML, like Gecko) Version/15.6.1 Safari/605.1.15" "nacaomestica.org"
177.193.64.73 - - [07/Nov/2022:16:24:13 -0800] "GET /blog4/wp-content/themes/carrington-blog/js/carrington.js?ver=1.0 HTTP/1.1" 200 1229 "https://nacaomestica.org/blog4/?p=8456" "Mozilla/5.0 (Macintosh; Intel Mac OS X 10_15_6) AppleWebKit/605.1.15 (KHTML, like Gecko) Version/15.6.1 Safari/605.1.15" "nacaomestica.org"
177.193.64.73 - - [07/Nov/2022:16:24:13 -0800] "GET /blog4/wp-content/themes/carrington-blog/css/css.php HTTP/1.1" 200 4963 "https://nacaomestica.org/blog4/?p=8456" "Mozilla/5.0 (Macintosh; Intel Mac OS X 10_15_6) AppleWebKit/605.1.15 (KHTML, like Gecko) Version/15.6.1 Safari/605.1.15" "nacaomestica.org"
177.193.64.73 - - [07/Nov/2022:16:24:13 -0800] "GET /blog4/wp-includes/js/jquery/jquery.min.js?ver=3.5.1 HTTP/1.1" 200 30916 "https://nacaomestica.org/blog4/?p=8456" "Mozilla/5.0 (Macintosh; Intel Mac OS X 10_15_6) AppleWebKit/605.1.15 (KHTML, like Gecko) Version/15.6.1 Safari/605.1.15" "nacaomestica.org"
177.193.64.73 - - [07/Nov/2022:16:24:13 -0800] "GET /blog4/wp-content/themes/carrington-blog/carrington-core/lightbox/thickbox.js?ver=1.0 HTTP/1.1" 200 3903 "https://nacaomestica.org/blog4/?p=8456" "Mozilla/5.0 (Macintosh; Intel Mac OS X 10_15_6) AppleWebKit/605.1.15 (KHTML, like Gecko) Version/15.6.1 Safari/605.1.15" "nacaomestica.org"
177.193.64.73 - - [07/Nov/2022:16:24:13 -0800] "GET /blog4/wp-content/themes/carrington-blog/carrington-core/lightbox/css/thickbox.css HTTP/1.1" 200 975 "https://nacaomestica.org/blog4/?p=8456" "Mozilla/5.0 (Macintosh; Intel Mac OS X 10_15_6) AppleWebKit/605.1.15 (KHTML, like Gecko) Version/15.6.1 Safari/605.1.15" "nacaomestica.org"
202.225.26.86 - - [07/Nov/2022:16:24:13 -0800] "GET /blog4/wp-content/themes/carrington-blog/carrington-core/lightbox/img/loadingAnimation.gif HTTP/1.1" 200 5886 "https://nacaomestica.org/blog4/?p=21869" "Mozilla/5.0 (Macintosh; Intel Mac OS X 10_15_7) AppleWebKit/537.36 (KHTML, like Gecko) Chrome/107.0.0.0 Safari/537.36" "nacaomestica.org"
202.225.26.86 - - [07/Nov/2022:16:24:13 -0800] "GET /blog4/wp-includes/js/mediaelement/mejs-controls.svg HTTP/1.1" 200 1413 "https://nacaomestica.org/blog4/wp-includes/js/mediaelement/mediaelementplayer-legacy.min.css?ver=4.2.16" "Mozilla/5.0 (Macintosh; Intel Mac OS X 10_15_7) AppleWebKit/537.36 (KHTML, like Gecko) Chrome/107.0.0.0 Safari/537.36" "nacaomestica.org"
202.225.26.86 - - [07/Nov/2022:16:24:15 -0800] "GET /favicon.ico HTTP/1.1" 200 676 "https://nacaomestica.org/blog4/?p=21869" "Mozilla/5.0 (Macintosh; Intel Mac OS X 10_15_7) AppleWebKit/537.36 (KHTML, like Gecko) Chrome/107.0.0.0 Safari/537.36" "nacaomestica.org"
177.193.64.73 - - [07/Nov/2022:16:24:15 -0800] "GET /blog4/wp-includes/js/mediaelement/wp-mediaelement.min.js?ver=5.6.10 HTTP/1.1" 200 475 "https://nacaomestica.org/blog4/?p=8456" "Mozilla/5.0 (Macintosh; Intel Mac OS X 10_15_6) AppleWebKit/605.1.15 (KHTML, like Gecko) Version/15.6.1 Safari/605.1.15" "nacaomestica.org"
177.193.64.73 - - [07/Nov/2022:16:24:15 -0800] "GET /blog4/wp-includes/js/mediaelement/mediaelementplayer-legacy.min.css?ver=4.2.16 HTTP/1.1" 200 2592 "https://nacaomestica.org/blog4/?p=8456" "Mozilla/5.0 (Macintosh; Intel Mac OS X 10_15_6) AppleWebKit/605.1.15 (KHTML, like Gecko) Version/15.6.1 Safari/605.1.15" "nacaomestica.org"
177.193.64.73 - - [07/Nov/2022:16:24:15 -0800] "GET /blog4/wp-includes/js/mediaelement/mediaelement-migrate.min.js?ver=5.6.10 HTTP/1.1" 200 544 "https://nacaomestica.org/blog4/?p=8456" "Mozilla/5.0 (Macintosh; Intel Mac OS X 10_15_6) AppleWebKit/605.1.15 (KHTML, like Gecko) Version/15.6.1 Safari/605.1.15" "nacaomestica.org"
177.193.64.73 - - [07/Nov/2022:16:24:15 -0800] "GET /blog4/wp-includes/js/mediaelement/renderers/vimeo.min.js?ver=4.2.16 HTTP/1.1" 200 2284 "https://nacaomestica.org/blog4/?p=8456" "Mozilla/5.0 (Macintosh; Intel Mac OS X 10_15_6) AppleWebKit/605.1.15 (KHTML, like Gecko) Version/15.6.1 Safari/605.1.15" "nacaomestica.org"
177.193.64.73 - - [07/Nov/2022:16:24:15 -0800] "GET /blog4/wp-includes/js/wp-embed.min.js?ver=5.6.10 HTTP/1.1" 200 765 "https://nacaomestica.org/blog4/?p=8456" "Mozilla/5.0 (Macintosh; Intel Mac OS X 10_15_6) AppleWebKit/605.1.15 (KHTML, like Gecko) Version/15.6.1 Safari/605.1.15" "nacaomestica.org"
177.193.64.73 - - [07/Nov/2022:16:24:15 -0800] "GET /blog4/wp-content/plugins/wp-spamshield/js/jscripts-ftr2-min.js HTTP/1.1" 200 637 "https://nacaomestica.org/blog4/?p=8456" "Mozilla/5.0 (Macintosh; Intel Mac OS X 10_15_6) AppleWebKit/605.1.15 (KHTML, like Gecko) Version/15.6.1 Safari/605.1.15" "nacaomestica.org"
177.193.64.73 - - [07/Nov/2022:16:24:15 -0800] "GET /blog4/wp-includes/js/mediaelement/mediaelement-and-player.min.js?ver=4.2.16 HTTP/1.1" 200 38657 "https://nacaomestica.org/blog4/?p=8456" "Mozilla/5.0 (Macintosh; Intel Mac OS X 10_15_6) AppleWebKit/605.1.15 (KHTML, like Gecko) Version/15.6.1 Safari/605.1.15" "nacaomestica.org"
177.193.64.73 - - [07/Nov/2022:16:24:15 -0800] "GET /blog4/wp-includes/js/mediaelement/wp-mediaelement.min.css?ver=5.6.10 HTTP/1.1" 200 1156 "https://nacaomestica.org/blog4/?p=8456" "Mozilla/5.0 (Macintosh; Intel Mac OS X 10_15_6) AppleWebKit/605.1.15 (KHTML, like Gecko) Version/15.6.1 Safari/605.1.15" "nacaomestica.org"
177.193.64.73 - - [07/Nov/2022:16:24:15 -0800] "GET /blog4/wp-includes/js/wp-emoji-release.min.js?ver=5.6.10 HTTP/1.1" 200 4662 "https://nacaomestica.org/blog4/?p=8456" "Mozilla/5.0 (Macintosh; Intel Mac OS X 10_15_6) AppleWebKit/605.1.15 (KHTML, like Gecko) Version/15.6.1 Safari/605.1.15" "nacaomestica.org"
95.163.255.178 - - [07/Nov/2022:16:24:15 -0800] "GET /robots.txt HTTP/1.1" 200 43 "-" "Mozilla/5.0 (compatible; Linux x86_64; Mail.RU_Bot/2.0; +https://help.mail.ru/webmaster/indexing/robots)" "nacaomestica.org"
177.193.64.73 - - [07/Nov/2022:16:24:16 -0800] "GET /blog4/wp-content/themes/carrington-blog/img/rss-button.gif HTTP/1.1" 200 2208 "https://nacaomestica.org/blog4/?p=8456" "Mozilla/5.0 (Macintosh; Intel Mac OS X 10_15_6) AppleWebKit/605.1.15 (KHTML, like Gecko) Version/15.6.1 Safari/605.1.15" "nacaomestica.org"
177.193.64.73 - - [07/Nov/2022:16:24:16 -0800] "GET /blog4/wp-content/themes/carrington-blog/img/header/gradient-dark.png HTTP/1.1" 200 2877 "https://nacaomestica.org/blog4/?p=8456" "Mozilla/5.0 (Macintosh; Intel Mac OS X 10_15_6) AppleWebKit/605.1.15 (KHTML, like Gecko) Version/15.6.1 Safari/605.1.15" "nacaomestica.org"
177.193.64.73 - - [07/Nov/2022:16:24:16 -0800] "GET /blog4/wp-content/themes/carrington-blog/img/sub-header-border-bottom.gif HTTP/1.1" 200 43 "https://nacaomestica.org/blog4/?p=8456" "Mozilla/5.0 (Macintosh; Intel Mac OS X 10_15_6) AppleWebKit/605.1.15 (KHTML, like Gecko) Version/15.6.1 Safari/605.1.15" "nacaomestica.org"
177.193.64.73 - - [07/Nov/2022:16:24:16 -0800] "GET /blog4/wp-content/uploads/2013/01/rebel-execution.jpg HTTP/1.1" 200 35597 "https://nacaomestica.org/blog4/?p=8456" "Mozilla/5.0 (Macintosh; Intel Mac OS X 10_15_6) AppleWebKit/605.1.15 (KHTML, like Gecko) Version/15.6.1 Safari/605.1.15" "nacaomestica.org"
177.193.64.73 - - [07/Nov/2022:16:24:16 -0800] "GET /blog4/wp-includes/js/mediaelement/mejs-controls.svg HTTP/1.1" 200 1413 "https://nacaomestica.org/blog4/?p=8456" "Mozilla/5.0 (Macintosh; Intel Mac OS X 10_15_6) AppleWebKit/605.1.15 (KHTML, like Gecko) Version/15.6.1 Safari/605.1.15" "nacaomestica.org"
51.222.253.6 - - [07/Nov/2022:16:24:16 -0800] "GET /blog4/?attachment_id=20124 HTTP/1.1" 301 - "-" "Mozilla/5.0 (compatible; AhrefsBot/7.0; +http://ahrefs.com/robot/)" "nacaomestica.org"
20.85.215.177 - - [07/Nov/2022:16:24:16 -0800] "GET /blog4/?cat=217 HTTP/1.1" 200 74699 "-" "Mozilla/5.0 (Linux; Android 7.0; SM-G930V Build/NRD90M) AppleWebKit/537.36 (KHTML, like Gecko) Chrome/59.0.3071.125 Mobile Safari/537.36" "nacaomestica.org"
95.163.255.158 - - [07/Nov/2022:16:24:17 -0800] "GET /blog4/?p=10580 HTTP/1.1" 200 92500 "-" "Mozilla/5.0 (compatible; Linux x86_64; Mail.RU_Bot/2.0; +https://help.mail.ru/webmaster/indexing/robots)" "nacaomestica.org"
177.193.64.73 - - [07/Nov/2022:16:24:19 -0800] "GET /favicon.ico HTTP/1.1" 200 676 "https://nacaomestica.org/blog4/?p=8456" "Mozilla/5.0 (Macintosh; Intel Mac OS X 10_15_6) AppleWebKit/605.1.15 (KHTML, like Gecko) Version/15.6.1 Safari/605.1.15" "nacaomestica.org"
20.85.215.177 - - [07/Nov/2022:16:24:28 -0800] "GET /blog4/?cat=69 HTTP/1.1" 200 94253 "-" "Mozilla/5.0 (Linux; Android 7.0; SM-G930V Build/NRD90M) AppleWebKit/537.36 (KHTML, like Gecko) Chrome/59.0.3071.125 Mobile Safari/537.36" "nacaomestica.org"
185.173.36.129 - - [07/Nov/2022:16:24:35 -0800] "GET /blog4/?p=12355 HTTP/1.1" 200 101435 "http://nacaomestica.org/blog4/?p=12355" "Mozilla/5.0 (X11; Linux x86_64) AppleWebKit/537.36 (KHTML, like Gecko) Chrome/103.0.0.0 Safari/537.36 OPR/89.0.4447.51" "nacaomestica.org"
185.173.36.129 - - [07/Nov/2022:16:24:42 -0800] "GET /blog4/wp-login.php HTTP/1.1" 200 9235 "https://nacaomestica.org/" "Mozilla/5.0 (Windows NT 6.3; Win64; x64) AppleWebKit/537.36 (KHTML, like Gecko) Chrome/103.0.0.0 Safari/537.36" "nacaomestica.org"
185.173.36.129 - - [07/Nov/2022:16:24:45 -0800] "GET /blog4/wp-login.php HTTP/1.1" 200 9235 "https://nacaomestica.org/blog4/wp-login.php" "Mozilla/5.0 (Windows NT 6.3; Win64; x64) AppleWebKit/537.36 (KHTML, like Gecko) Chrome/103.0.0.0 Safari/537.36" "nacaomestica.org"
131.100.213.55 - - [07/Nov/2022:16:24:45 -0800] "GET /blog4/?p=8456 HTTP/1.1" 200 172662 "https://www.google.com/" "Mozilla/5.0 (Windows NT 10.0; Win64; x64) AppleWebKit/537.36 (KHTML, like Gecko) Chrome/107.0.0.0 Safari/537.36" "nacaomestica.org"
131.100.213.55 - - [07/Nov/2022:16:24:50 -0800] "GET /blog4/wp-includes/js/jquery/jquery-migrate.min.js?ver=3.3.2 HTTP/1.1" 200 4169 "https://nacaomestica.org/blog4/?p=8456" "Mozilla/5.0 (Windows NT 10.0; Win64; x64) AppleWebKit/537.36 (KHTML, like Gecko) Chrome/107.0.0.0 Safari/537.36" "nacaomestica.org"
131.100.213.55 - - [07/Nov/2022:16:24:50 -0800] "GET /blog4/wp-content/themes/carrington-blog/css/css.php HTTP/1.1" 200 4963 "https://nacaomestica.org/blog4/?p=8456" "Mozilla/5.0 (Windows NT 10.0; Win64; x64) AppleWebKit/537.36 (KHTML, like Gecko) Chrome/107.0.0.0 Safari/537.36" "nacaomestica.org"
131.100.213.55 - - [07/Nov/2022:16:24:52 -0800] "GET /blog4/wp-content/themes/carrington-blog/carrington-core/lightbox/css/thickbox.css HTTP/1.1" 200 975 "https://nacaomestica.org/blog4/?p=8456" "Mozilla/5.0 (Windows NT 10.0; Win64; x64) AppleWebKit/537.36 (KHTML, like Gecko) Chrome/107.0.0.0 Safari/537.36" "nacaomestica.org"
131.100.213.55 - - [07/Nov/2022:16:24:53 -0800] "GET /blog4/wp-content/themes/carrington-blog/js/carrington.js?ver=1.0 HTTP/1.1" 200 1229 "https://nacaomestica.org/blog4/?p=8456" "Mozilla/5.0 (Windows NT 10.0; Win64; x64) AppleWebKit/537.36 (KHTML, like Gecko) Chrome/107.0.0.0 Safari/537.36" "nacaomestica.org"
131.100.213.55 - - [07/Nov/2022:16:24:53 -0800] "GET /blog4/wp-content/themes/carrington-blog/carrington-core/lightbox/thickbox.js?ver=1.0 HTTP/1.1" 200 3903 "https://nacaomestica.org/blog4/?p=8456" "Mozilla/5.0 (Windows NT 10.0; Win64; x64) AppleWebKit/537.36 (KHTML, like Gecko) Chrome/107.0.0.0 Safari/537.36" "nacaomestica.org"
185.173.36.129 - - [07/Nov/2022:16:24:51 -0800] "GET /blog4/?p=12355 HTTP/1.1" 200 101435 "http://nacaomestica.org/blog4/?p=12355" "Mozilla/5.0 (Windows NT 6.3; Win64; x64) AppleWebKit/537.36 (KHTML, like Gecko) Chrome/103.0.0.0 Safari/537.36" "nacaomestica.org"
131.100.213.55 - - [07/Nov/2022:16:24:53 -0800] "GET /blog4/wp-includes/js/mediaelement/mediaelementplayer-legacy.min.css?ver=4.2.16 HTTP/1.1" 200 2592 "https://nacaomestica.org/blog4/?p=8456" "Mozilla/5.0 (Windows NT 10.0; Win64; x64) AppleWebKit/537.36 (KHTML, like Gecko) Chrome/107.0.0.0 Safari/537.36" "nacaomestica.org"
131.100.213.55 - - [07/Nov/2022:16:24:53 -0800] "GET /blog4/wp-includes/js/mediaelement/wp-mediaelement.min.css?ver=5.6.10 HTTP/1.1" 200 1156 "https://nacaomestica.org/blog4/?p=8456" "Mozilla/5.0 (Windows NT 10.0; Win64; x64) AppleWebKit/537.36 (KHTML, like Gecko) Chrome/107.0.0.0 Safari/537.36" "nacaomestica.org"
131.100.213.55 - - [07/Nov/2022:16:24:53 -0800] "GET /blog4/wp-content/plugins/wp-spamshield/js/jscripts-ftr2-min.js HTTP/1.1" 200 637 "https://nacaomestica.org/blog4/?p=8456" "Mozilla/5.0 (Windows NT 10.0; Win64; x64) AppleWebKit/537.36 (KHTML, like Gecko) Chrome/107.0.0.0 Safari/537.36" "nacaomestica.org"
131.100.213.55 - - [07/Nov/2022:16:24:53 -0800] "GET /blog4/wp-includes/js/wp-embed.min.js?ver=5.6.10 HTTP/1.1" 200 765 "https://nacaomestica.org/blog4/?p=8456" "Mozilla/5.0 (Windows NT 10.0; Win64; x64) AppleWebKit/537.36 (KHTML, like Gecko) Chrome/107.0.0.0 Safari/537.36" "nacaomestica.org"
131.100.213.55 - - [07/Nov/2022:16:24:53 -0800] "GET /blog4/wp-includes/js/mediaelement/mediaelement-and-player.min.js?ver=4.2.16 HTTP/1.1" 200 38657 "https://nacaomestica.org/blog4/?p=8456" "Mozilla/5.0 (Windows NT 10.0; Win64; x64) AppleWebKit/537.36 (KHTML, like Gecko) Chrome/107.0.0.0 Safari/537.36" "nacaomestica.org"
131.100.213.55 - - [07/Nov/2022:16:24:53 -0800] "GET /blog4/wp-includes/js/mediaelement/mediaelement-migrate.min.js?ver=5.6.10 HTTP/1.1" 200 544 "https://nacaomestica.org/blog4/?p=8456" "Mozilla/5.0 (Windows NT 10.0; Win64; x64) AppleWebKit/537.36 (KHTML, like Gecko) Chrome/107.0.0.0 Safari/537.36" "nacaomestica.org"
131.100.213.55 - - [07/Nov/2022:16:24:53 -0800] "GET /blog4/wp-includes/js/mediaelement/wp-mediaelement.min.js?ver=5.6.10 HTTP/1.1" 200 475 "https://nacaomestica.org/blog4/?p=8456" "Mozilla/5.0 (Windows NT 10.0; Win64; x64) AppleWebKit/537.36 (KHTML, like Gecko) Chrome/107.0.0.0 Safari/537.36" "nacaomestica.org"
131.100.213.55 - - [07/Nov/2022:16:24:54 -0800] "GET /blog4/wp-includes/js/mediaelement/renderers/vimeo.min.js?ver=4.2.16 HTTP/1.1" 200 2284 "https://nacaomestica.org/blog4/?p=8456" "Mozilla/5.0 (Windows NT 10.0; Win64; x64) AppleWebKit/537.36 (KHTML, like Gecko) Chrome/107.0.0.0 Safari/537.36" "nacaomestica.org"
131.100.213.55 - - [07/Nov/2022:16:24:54 -0800] "GET /blog4/wp-content/uploads/2013/01/che_almeida.jpg HTTP/1.1" 200 13761 "https://nacaomestica.org/blog4/?p=8456" "Mozilla/5.0 (Windows NT 10.0; Win64; x64) AppleWebKit/537.36 (KHTML, like Gecko) Chrome/107.0.0.0 Safari/537.36" "nacaomestica.org"
131.100.213.55 - - [07/Nov/2022:16:24:54 -0800] "GET /blog4/wp-content/uploads/2013/01/rebel-execution.jpg HTTP/1.1" 200 35597 "https://nacaomestica.org/blog4/?p=8456" "Mozilla/5.0 (Windows NT 10.0; Win64; x64) AppleWebKit/537.36 (KHTML, like Gecko) Chrome/107.0.0.0 Safari/537.36" "nacaomestica.org"
131.100.213.55 - - [07/Nov/2022:16:24:55 -0800] "GET /blog4/wp-content/themes/carrington-blog/img/sidebar-background.gif HTTP/1.1" 200 1515 "https://nacaomestica.org/blog4/wp-content/themes/carrington-blog/css/css.php" "Mozilla/5.0 (Windows NT 10.0; Win64; x64) AppleWebKit/537.36 (KHTML, like Gecko) Chrome/107.0.0.0 Safari/537.36" "nacaomestica.org"
131.100.213.55 - - [07/Nov/2022:16:24:55 -0800] "GET /blog4/wp-content/themes/carrington-blog/img/header/gradient-dark.png HTTP/1.1" 200 2877 "https://nacaomestica.org/blog4/?p=8456" "Mozilla/5.0 (Windows NT 10.0; Win64; x64) AppleWebKit/537.36 (KHTML, like Gecko) Chrome/107.0.0.0 Safari/537.36" "nacaomestica.org"
131.100.213.55 - - [07/Nov/2022:16:24:55 -0800] "GET /blog4/wp-content/uploads/2015/04/ONCA_SITE2.png HTTP/1.1" 200 296324 "https://nacaomestica.org/blog4/?p=8456" "Mozilla/5.0 (Windows NT 10.0; Win64; x64) AppleWebKit/537.36 (KHTML, like Gecko) Chrome/107.0.0.0 Safari/537.36" "nacaomestica.org"
185.173.36.129 - - [07/Nov/2022:16:24:54 -0800] "POST /blog4/wp-comments-post.php HTTP/1.1" 403 3072 "https://nacaomestica.org/blog4/?p=12355" "Mozilla/5.0 (Windows NT 6.3; Win64; x64) AppleWebKit/537.36 (KHTML, like Gecko) Chrome/103.0.0.0 Safari/537.36" "nacaomestica.org"
131.100.213.55 - - [07/Nov/2022:16:24:56 -0800] "GET /blog4/wp-content/themes/carrington-blog/img/watermark-light.gif HTTP/1.1" 200 31981 "https://nacaomestica.org/blog4/wp-content/themes/carrington-blog/css/css.php" "Mozilla/5.0 (Windows NT 10.0; Win64; x64) AppleWebKit/537.36 (KHTML, like Gecko) Chrome/107.0.0.0 Safari/537.36" "nacaomestica.org"
131.100.213.55 - - [07/Nov/2022:16:24:56 -0800] "GET /blog4/wp-content/themes/carrington-blog/img/divider-ornament.gif HTTP/1.1" 200 778 "https://nacaomestica.org/blog4/wp-content/themes/carrington-blog/css/css.php" "Mozilla/5.0 (Windows NT 10.0; Win64; x64) AppleWebKit/537.36 (KHTML, like Gecko) Chrome/107.0.0.0 Safari/537.36" "nacaomestica.org"
131.100.213.55 - - [07/Nov/2022:16:24:58 -0800] "GET /blog4/wp-content/themes/carrington-blog/img/sub-header-border-bottom.gif HTTP/1.1" 200 43 "https://nacaomestica.org/blog4/wp-content/themes/carrington-blog/css/css.php" "Mozilla/5.0 (Windows NT 10.0; Win64; x64) AppleWebKit/537.36 (KHTML, like Gecko) Chrome/107.0.0.0 Safari/537.36" "nacaomestica.org"
131.100.213.55 - - [07/Nov/2022:16:24:58 -0800] "GET /blog4/wp-includes/js/mediaelement/mejs-controls.svg HTTP/1.1" 200 1413 "https://nacaomestica.org/blog4/wp-includes/js/mediaelement/mediaelementplayer-legacy.min.css?ver=4.2.16" "Mozilla/5.0 (Windows NT 10.0; Win64; x64) AppleWebKit/537.36 (KHTML, like Gecko) Chrome/107.0.0.0 Safari/537.36" "nacaomestica.org"
131.100.213.55 - - [07/Nov/2022:16:24:58 -0800] "GET /blog4/wp-content/uploads/2018/08/livro_mestico_CAPA-2peq.png HTTP/1.1" 200 35385 "https://nacaomestica.org/blog4/?p=8456" "Mozilla/5.0 (Windows NT 10.0; Win64; x64) AppleWebKit/537.36 (KHTML, like Gecko) Chrome/107.0.0.0 Safari/537.36" "nacaomestica.org"
131.100.213.55 - - [07/Nov/2022:16:24:58 -0800] "GET /blog4/wp-content/themes/carrington-blog/img/arrow-bullet.gif HTTP/1.1" 200 50 "https://nacaomestica.org/blog4/wp-content/themes/carrington-blog/css/css.php" "Mozilla/5.0 (Windows NT 10.0; Win64; x64) AppleWebKit/537.36 (KHTML, like Gecko) Chrome/107.0.0.0 Safari/537.36" "nacaomestica.org"
185.173.36.129 - - [07/Nov/2022:16:24:56 -0800] "POST /blog4/wp-comments-post.php HTTP/1.1" 403 3072 "https://nacaomestica.org/blog4/?p=12355" "Mozilla/5.0 (Windows NT 6.3; Win64; x64) AppleWebKit/537.36 (KHTML, like Gecko) Chrome/103.0.0.0 Safari/537.36" "nacaomestica.org"
131.100.213.55 - - [07/Nov/2022:16:25:00 -0800] "GET /blog4/wp-includes/js/wp-emoji-release.min.js?ver=5.6.10 HTTP/1.1" 200 4662 "https://nacaomestica.org/blog4/?p=8456" "Mozilla/5.0 (Windows NT 10.0; Win64; x64) AppleWebKit/537.36 (KHTML, like Gecko) Chrome/107.0.0.0 Safari/537.36" "nacaomestica.org"
20.85.215.177 - - [07/Nov/2022:16:24:57 -0800] "GET /blog4/?p=23346 HTTP/1.1" 200 90602 "-" "Mozilla/5.0 (Linux; Android 7.0; SM-G930V Build/NRD90M) AppleWebKit/537.36 (KHTML, like Gecko) Chrome/59.0.3071.125 Mobile Safari/537.36" "nacaomestica.org"
131.100.213.55 - - [07/Nov/2022:16:25:00 -0800] "GET /blog4/wp-content/themes/carrington-blog/img/comment.gif HTTP/1.1" 200 370 "https://nacaomestica.org/blog4/wp-content/themes/carrington-blog/css/css.php" "Mozilla/5.0 (Windows NT 10.0; Win64; x64) AppleWebKit/537.36 (KHTML, like Gecko) Chrome/107.0.0.0 Safari/537.36" "nacaomestica.org"
131.100.213.55 - - [07/Nov/2022:16:25:00 -0800] "GET /blog4/wp-content/themes/carrington-blog/img/dropdown-divider.gif HTTP/1.1" 200 144 "https://nacaomestica.org/blog4/wp-content/themes/carrington-blog/css/css.php" "Mozilla/5.0 (Windows NT 10.0; Win64; x64) AppleWebKit/537.36 (KHTML, like Gecko) Chrome/107.0.0.0 Safari/537.36" "nacaomestica.org"
131.100.213.55 - - [07/Nov/2022:16:25:01 -0800] "GET /blog4/wp-content/themes/carrington-blog/img/comments-divider.gif HTTP/1.1" 200 6855 "https://nacaomestica.org/blog4/wp-content/themes/carrington-blog/css/css.php" "Mozilla/5.0 (Windows NT 10.0; Win64; x64) AppleWebKit/537.36 (KHTML, like Gecko) Chrome/107.0.0.0 Safari/537.36" "nacaomestica.org"
131.100.213.55 - - [07/Nov/2022:16:24:59 -0800] "GET /blog4/wp-content/themes/carrington-blog/img/rss-button.gif HTTP/1.1" 200 2208 "https://nacaomestica.org/blog4/?p=8456" "Mozilla/5.0 (Windows NT 10.0; Win64; x64) AppleWebKit/537.36 (KHTML, like Gecko) Chrome/107.0.0.0 Safari/537.36" "nacaomestica.org"
131.100.213.55 - - [07/Nov/2022:16:25:01 -0800] "GET /blog4/wp-content/themes/carrington-blog/img/comment-thread.gif HTTP/1.1" 200 236 "https://nacaomestica.org/blog4/wp-content/themes/carrington-blog/css/css.php" "Mozilla/5.0 (Windows NT 10.0; Win64; x64) AppleWebKit/537.36 (KHTML, like Gecko) Chrome/107.0.0.0 Safari/537.36" "nacaomestica.org"
131.100.213.55 - - [07/Nov/2022:16:25:01 -0800] "GET /blog4/wp-content/themes/carrington-blog/img/grey-to-white-gradient.png HTTP/1.1" 200 153 "https://nacaomestica.org/blog4/wp-content/themes/carrington-blog/css/css.php" "Mozilla/5.0 (Windows NT 10.0; Win64; x64) AppleWebKit/537.36 (KHTML, like Gecko) Chrome/107.0.0.0 Safari/537.36" "nacaomestica.org"
131.100.213.55 - - [07/Nov/2022:16:25:01 -0800] "GET /blog4/wp-content/themes/carrington-blog/img/footer/divider-ornament-wide-light.png HTTP/1.1" 200 1601 "https://nacaomestica.org/blog4/wp-content/themes/carrington-blog/css/css.php" "Mozilla/5.0 (Windows NT 10.0; Win64; x64) AppleWebKit/537.36 (KHTML, like Gecko) Chrome/107.0.0.0 Safari/537.36" "nacaomestica.org"
131.100.213.55 - - [07/Nov/2022:16:25:01 -0800] "GET /blog4/wp-content/themes/carrington-blog/img/footer/by-crowd-favorite-light.png HTTP/1.1" 200 2825 "https://nacaomestica.org/blog4/?p=8456" "Mozilla/5.0 (Windows NT 10.0; Win64; x64) AppleWebKit/537.36 (KHTML, like Gecko) Chrome/107.0.0.0 Safari/537.36" "nacaomestica.org"
131.100.213.55 - - [07/Nov/2022:16:25:01 -0800] "GET /blog4/wp-content/themes/carrington-blog/img/footer/gradient-light.png HTTP/1.1" 200 172 "https://nacaomestica.org/blog4/?p=8456" "Mozilla/5.0 (Windows NT 10.0; Win64; x64) AppleWebKit/537.36 (KHTML, like Gecko) Chrome/107.0.0.0 Safari/537.36" "nacaomestica.org"
131.100.213.55 - - [07/Nov/2022:16:25:01 -0800] "GET /blog4/wp-content/themes/carrington-blog/carrington-core/lightbox/img/loadingAnimation.gif HTTP/1.1" 200 5886 "https://nacaomestica.org/blog4/?p=8456" "Mozilla/5.0 (Windows NT 10.0; Win64; x64) AppleWebKit/537.36 (KHTML, like Gecko) Chrome/107.0.0.0 Safari/537.36" "nacaomestica.org"
131.100.213.55 - - [07/Nov/2022:16:25:03 -0800] "GET /favicon.ico HTTP/1.1" 200 676 "https://nacaomestica.org/blog4/?p=8456" "Mozilla/5.0 (Windows NT 10.0; Win64; x64) AppleWebKit/537.36 (KHTML, like Gecko) Chrome/107.0.0.0 Safari/537.36" "nacaomestica.org"
