40.87.9.95 - - [07/Nov/2022:17:05:01 -0800] "GET /blog4/?cat=102 HTTP/1.1" 200 92233 "-" "Mozilla/5.0 (Linux; Android 7.0; SM-G930V Build/NRD90M) AppleWebKit/537.36 (KHTML, like Gecko) Chrome/59.0.3071.125 Mobile Safari/537.36" "nacaomestica.org"
40.87.9.95 - - [07/Nov/2022:17:05:07 -0800] "GET /blog4/?tag=soberania HTTP/1.1" 200 78915 "-" "Mozilla/5.0 (Linux; Android 7.0; SM-G930V Build/NRD90M) AppleWebKit/537.36 (KHTML, like Gecko) Chrome/59.0.3071.125 Mobile Safari/537.36" "nacaomestica.org"
191.193.237.133 - - [07/Nov/2022:17:05:25 -0800] "GET /blog4/wp-content/uploads/2011/08/rainha-silvia-da-suecia-se-reuniu-com-a-presidente-dilma-no-palacio-do-planalto-1305803647815_615x300.jpg HTTP/1.1" 200 67270 "https://www.google.com.br/" "Mozilla/5.0 (iPhone; CPU iPhone OS 16_0_1 like Mac OS X) AppleWebKit/605.1.15 (KHTML, like Gecko) Version/16.0 Mobile/15E148 Safari/604.1" "nacaomestica.org"
40.87.9.95 - - [07/Nov/2022:17:05:27 -0800] "GET /blog4/?p=8326 HTTP/1.1" 200 94230 "-" "Mozilla/5.0 (Linux; Android 7.0; SM-G930V Build/NRD90M) AppleWebKit/537.36 (KHTML, like Gecko) Chrome/59.0.3071.125 Mobile Safari/537.36" "nacaomestica.org"
51.222.253.12 - - [07/Nov/2022:17:05:39 -0800] "GET /blog4/?p=16435 HTTP/1.1" 200 70699 "-" "Mozilla/5.0 (compatible; AhrefsBot/7.0; +http://ahrefs.com/robot/)" "nacaomestica.org"
114.119.139.86 - - [07/Nov/2022:17:06:00 -0800] "GET /blog4/wp-content/uploads/2021/05/?C=D%3BO%3DA HTTP/1.1" 200 1940 "https://nacaomestica.org/blog4/wp-content/uploads/2021/05/" "Mozilla/5.0 (Linux; Android 7.0;) AppleWebKit/537.36 (KHTML, like Gecko) Mobile Safari/537.36 (compatible; PetalBot;+https://webmaster.petalsearch.com/site/petalbot)" "nacaomestica.org"
40.87.9.95 - - [07/Nov/2022:17:06:01 -0800] "GET /blog4/?tag=eventos HTTP/1.1" 200 86105 "-" "Mozilla/5.0 (Linux; Android 7.0; SM-G930V Build/NRD90M) AppleWebKit/537.36 (KHTML, like Gecko) Chrome/59.0.3071.125 Mobile Safari/537.36" "nacaomestica.org"
40.87.9.95 - - [07/Nov/2022:17:06:17 -0800] "GET /blog4/?cat=118 HTTP/1.1" 200 67276 "-" "Mozilla/5.0 (Linux; Android 7.0; SM-G930V Build/NRD90M) AppleWebKit/537.36 (KHTML, like Gecko) Chrome/59.0.3071.125 Mobile Safari/537.36" "nacaomestica.org"
10.213.116.68 - - [07/Nov/2022:17:06:25 -0800] "POST /blog4/wp-cron.php?doing_wp_cron=1667869585.2374200820922851562500 HTTP/1.1" 200 - "https://nacaomestica.org/blog4/wp-cron.php?doing_wp_cron=1667869585.2374200820922851562500" "WordPress/5.6.10; https://nacaomestica.org/blog4" "nacaomestica.org"
40.87.9.95 - - [07/Nov/2022:17:06:23 -0800] "GET /blog4/?cat=157 HTTP/1.1" 200 97141 "-" "Mozilla/5.0 (Linux; Android 7.0; SM-G930V Build/NRD90M) AppleWebKit/537.36 (KHTML, like Gecko) Chrome/59.0.3071.125 Mobile Safari/537.36" "nacaomestica.org"
40.87.9.95 - - [07/Nov/2022:17:06:28 -0800] "GET /blog4/?cat=252 HTTP/1.1" 200 80240 "-" "Mozilla/5.0 (Linux; Android 7.0; SM-G930V Build/NRD90M) AppleWebKit/537.36 (KHTML, like Gecko) Chrome/59.0.3071.125 Mobile Safari/537.36" "nacaomestica.org"
40.87.9.95 - - [07/Nov/2022:17:06:29 -0800] "GET /blog4/?cat=143 HTTP/1.1" 200 86418 "-" "Mozilla/5.0 (Linux; Android 7.0; SM-G930V Build/NRD90M) AppleWebKit/537.36 (KHTML, like Gecko) Chrome/59.0.3071.125 Mobile Safari/537.36" "nacaomestica.org"
40.87.9.95 - - [07/Nov/2022:17:06:39 -0800] "GET /blog4/?cat=86 HTTP/1.1" 200 75512 "-" "Mozilla/5.0 (Linux; Android 7.0; SM-G930V Build/NRD90M) AppleWebKit/537.36 (KHTML, like Gecko) Chrome/59.0.3071.125 Mobile Safari/537.36" "nacaomestica.org"
40.87.9.95 - - [07/Nov/2022:17:06:40 -0800] "GET /blog4/?tag=indigenismo HTTP/1.1" 200 96717 "-" "Mozilla/5.0 (Linux; Android 7.0; SM-G930V Build/NRD90M) AppleWebKit/537.36 (KHTML, like Gecko) Chrome/59.0.3071.125 Mobile Safari/537.36" "nacaomestica.org"
177.129.249.10 - - [07/Nov/2022:17:06:58 -0800] "GET /blog4/wp-content/themes/carrington-blog/css/css.php HTTP/1.1" 200 4963 "-" "Mozilla/5.0 (Linux; Android 11; M1908C3JGG) AppleWebKit/537.36 (KHTML, like Gecko) Chrome/107.0.0.0 Mobile Safari/537.36" "nacaomestica.org"
177.129.249.10 - - [07/Nov/2022:17:06:58 -0800] "GET /blog4/wp-content/themes/carrington-blog/carrington-core/lightbox/css/thickbox.css HTTP/1.1" 200 975 "-" "Mozilla/5.0 (Linux; Android 11; M1908C3JGG) AppleWebKit/537.36 (KHTML, like Gecko) Chrome/107.0.0.0 Mobile Safari/537.36" "nacaomestica.org"
40.87.9.95 - - [07/Nov/2022:17:06:57 -0800] "GET /blog4/?p=30960 HTTP/1.1" 200 75324 "-" "Mozilla/5.0 (Linux; Android 7.0; SM-G930V Build/NRD90M) AppleWebKit/537.36 (KHTML, like Gecko) Chrome/59.0.3071.125 Mobile Safari/537.36" "nacaomestica.org"
177.129.249.10 - - [07/Nov/2022:17:06:58 -0800] "GET /blog4/?p=25578 HTTP/1.1" 200 75797 "https://www.google.com/" "Mozilla/5.0 (Linux; Android 11; M1908C3JGG) AppleWebKit/537.36 (KHTML, like Gecko) Chrome/107.0.0.0 Mobile Safari/537.36" "nacaomestica.org"
40.87.9.95 - - [07/Nov/2022:17:07:04 -0800] "GET /blog4/?cat=115 HTTP/1.1" 200 67263 "-" "Mozilla/5.0 (Linux; Android 7.0; SM-G930V Build/NRD90M) AppleWebKit/537.36 (KHTML, like Gecko) Chrome/59.0.3071.125 Mobile Safari/537.36" "nacaomestica.org"
177.209.125.93 - - [07/Nov/2022:17:07:07 -0800] "GET /blog4/wp-content/uploads/2016/02/mesticos_sombra-2.png HTTP/1.1" 200 191787 "https://www.google.com.br/" "Mozilla/5.0 (Windows NT 10.0; Win64; x64) AppleWebKit/537.36 (KHTML, like Gecko) Chrome/107.0.0.0 Safari/537.36" "nacaomestica.org"
40.87.9.95 - - [07/Nov/2022:17:07:06 -0800] "GET /blog4/?cat=129 HTTP/1.1" 200 67128 "-" "Mozilla/5.0 (Linux; Android 7.0; SM-G930V Build/NRD90M) AppleWebKit/537.36 (KHTML, like Gecko) Chrome/59.0.3071.125 Mobile Safari/537.36" "nacaomestica.org"
40.87.9.95 - - [07/Nov/2022:17:07:09 -0800] "GET /blog4/?p=23009 HTTP/1.1" 200 91979 "-" "Mozilla/5.0 (Linux; Android 7.0; SM-G930V Build/NRD90M) AppleWebKit/537.36 (KHTML, like Gecko) Chrome/59.0.3071.125 Mobile Safari/537.36" "nacaomestica.org"
177.129.249.10 - - [07/Nov/2022:17:07:20 -0800] "GET /blog4/wp-includes/js/jquery/jquery.min.js?ver=3.5.1 HTTP/1.1" 200 30916 "https://nacaomestica.org/blog4/?p=25578" "Mozilla/5.0 (Linux; Android 11; M1908C3JGG) AppleWebKit/537.36 (KHTML, like Gecko) Chrome/107.0.0.0 Mobile Safari/537.36" "nacaomestica.org"
177.129.249.10 - - [07/Nov/2022:17:07:20 -0800] "GET /blog4/wp-content/themes/carrington-blog/js/carrington.js?ver=1.0 HTTP/1.1" 200 1229 "https://nacaomestica.org/blog4/?p=25578" "Mozilla/5.0 (Linux; Android 11; M1908C3JGG) AppleWebKit/537.36 (KHTML, like Gecko) Chrome/107.0.0.0 Mobile Safari/537.36" "nacaomestica.org"
177.129.249.10 - - [07/Nov/2022:17:07:20 -0800] "GET /blog4/wp-includes/js/jquery/jquery-migrate.min.js?ver=3.3.2 HTTP/1.1" 200 4169 "https://nacaomestica.org/blog4/?p=25578" "Mozilla/5.0 (Linux; Android 11; M1908C3JGG) AppleWebKit/537.36 (KHTML, like Gecko) Chrome/107.0.0.0 Mobile Safari/537.36" "nacaomestica.org"
177.129.249.10 - - [07/Nov/2022:17:07:20 -0800] "GET /blog4/wp-content/themes/carrington-blog/carrington-core/lightbox/thickbox.js?ver=1.0 HTTP/1.1" 200 3903 "https://nacaomestica.org/blog4/?p=25578" "Mozilla/5.0 (Linux; Android 11; M1908C3JGG) AppleWebKit/537.36 (KHTML, like Gecko) Chrome/107.0.0.0 Mobile Safari/537.36" "nacaomestica.org"
114.119.139.88 - - [07/Nov/2022:17:07:24 -0800] "GET /blog4/?p1603&paged=170 HTTP/1.1" 200 119389 "https://nacaomestica.org/blog4?p1603&paged=171" "Mozilla/5.0 (Linux; Android 7.0;) AppleWebKit/537.36 (KHTML, like Gecko) Mobile Safari/537.36 (compatible; PetalBot;+https://webmaster.petalsearch.com/site/petalbot)" "nacaomestica.org"
40.87.9.95 - - [07/Nov/2022:17:07:26 -0800] "GET /blog4/?tag=supremacismo HTTP/1.1" 200 92211 "-" "Mozilla/5.0 (Linux; Android 7.0; SM-G930V Build/NRD90M) AppleWebKit/537.36 (KHTML, like Gecko) Chrome/59.0.3071.125 Mobile Safari/537.36" "nacaomestica.org"
177.129.249.10 - - [07/Nov/2022:17:07:31 -0800] "GET /blog4/?p=25578 HTTP/1.1" 200 75797 "https://www.google.com/" "Mozilla/5.0 (Linux; Android 11; M1908C3JGG) AppleWebKit/537.36 (KHTML, like Gecko) Chrome/107.0.0.0 Mobile Safari/537.36" "nacaomestica.org"
40.87.9.95 - - [07/Nov/2022:17:07:33 -0800] "GET /blog4/?tag=mensagem-mestica HTTP/1.1" 200 88890 "-" "Mozilla/5.0 (Linux; Android 7.0; SM-G930V Build/NRD90M) AppleWebKit/537.36 (KHTML, like Gecko) Chrome/59.0.3071.125 Mobile Safari/537.36" "nacaomestica.org"
177.38.195.50 - - [07/Nov/2022:17:07:53 -0800] "GET /blog4/wp-content/uploads/2016/02/pardo_preto1.png HTTP/1.1" 200 331753 "https://www.google.com/" "Mozilla/5.0 (Macintosh; Intel Mac OS X 10_10_5) AppleWebKit/537.36 (KHTML, like Gecko) Chrome/87.0.4280.88 Safari/537.36" "nacaomestica.org"
40.87.9.95 - - [07/Nov/2022:17:08:42 -0800] "GET /blog4/?p=30966 HTTP/1.1" 200 73483 "-" "Mozilla/5.0 (Linux; Android 7.0; SM-G930V Build/NRD90M) AppleWebKit/537.36 (KHTML, like Gecko) Chrome/59.0.3071.125 Mobile Safari/537.36" "nacaomestica.org"
10.213.116.69 - - [07/Nov/2022:17:08:42 -0800] "POST /blog4/wp-cron.php?doing_wp_cron=1667869722.5252220630645751953125 HTTP/1.1" 200 - "https://nacaomestica.org/blog4/wp-cron.php?doing_wp_cron=1667869722.5252220630645751953125" "WordPress/5.6.10; https://nacaomestica.org/blog4" "nacaomestica.org"
51.222.253.10 - - [07/Nov/2022:17:08:40 -0800] "GET /blog4/?p=8200 HTTP/1.1" 200 80591 "-" "Mozilla/5.0 (compatible; AhrefsBot/7.0; +http://ahrefs.com/robot/)" "nacaomestica.org"
114.119.139.59 - - [07/Nov/2022:17:08:45 -0800] "GET /blog4/wp-content/uploads/2013/05?C=M%3BO%3DA HTTP/1.1" 301 1445 "https://nacaomestica.org/blog4/wp-content/uploads/2013/05?S=D" "Mozilla/5.0 (Linux; Android 7.0;) AppleWebKit/537.36 (KHTML, like Gecko) Mobile Safari/537.36 (compatible; PetalBot;+https://webmaster.petalsearch.com/site/petalbot)" "nacaomestica.org"
114.119.139.59 - - [07/Nov/2022:17:08:46 -0800] "GET /blog4/wp-content/uploads/2013/05/?C=M%3BO%3DA HTTP/1.1" 200 867 "https://nacaomestica.org/blog4/wp-content/uploads/2013/05?S=D" "Mozilla/5.0 (Linux; Android 7.0;) AppleWebKit/537.36 (KHTML, like Gecko) Mobile Safari/537.36 (compatible; PetalBot;+https://webmaster.petalsearch.com/site/petalbot)" "nacaomestica.org"
177.38.195.50 - - [07/Nov/2022:17:08:48 -0800] "GET /blog4/?p=17752 HTTP/1.1" 200 150584 "https://www.google.com/" "Mozilla/5.0 (Macintosh; Intel Mac OS X 10_10_5) AppleWebKit/537.36 (KHTML, like Gecko) Chrome/87.0.4280.88 Safari/537.36" "nacaomestica.org"
201.14.244.111 - - [07/Nov/2022:17:09:22 -0800] "GET /blog4/wp-content/uploads/2016/02/mesticos_sombra-2.png HTTP/1.1" 200 191787 "https://www.google.com/" "Mozilla/5.0 (Windows NT 10.0; Win64; x64) AppleWebKit/537.36 (KHTML, like Gecko) Chrome/107.0.0.0 Safari/537.36" "nacaomestica.org"
201.17.91.164 - - [07/Nov/2022:17:09:45 -0800] "GET /blog4/wp-content/uploads/2016/07/%C3%93TIMO-O-INDIGENISMO-TEM-SIDO-UM-GRANDE.png HTTP/1.1" 200 258108 "https://www.google.com/" "Mozilla/5.0 (Windows NT 10.0; Win64; x64) AppleWebKit/537.36 (KHTML, like Gecko) Chrome/99.0.4844.83 Safari/537.36" "nacaomestica.org"
131.0.217.2 - - [07/Nov/2022:17:09:52 -0800] "GET /blog4/wp-content/uploads/2017/03/COTAS-PARA-MESTI%C3%87OS-1.png HTTP/1.1" 200 307625 "https://www.google.com.br/" "Mozilla/5.0 (Windows NT 10.0; Win64; x64) AppleWebKit/537.36 (KHTML, like Gecko) Chrome/107.0.0.0 Safari/537.36" "nacaomestica.org"
40.87.9.95 - - [07/Nov/2022:17:10:06 -0800] "GET /blog4/?cat=119 HTTP/1.1" 200 78654 "-" "Mozilla/5.0 (Linux; Android 7.0; SM-G930V Build/NRD90M) AppleWebKit/537.36 (KHTML, like Gecko) Chrome/59.0.3071.125 Mobile Safari/537.36" "nacaomestica.org"
114.119.139.86 - - [07/Nov/2022:17:10:13 -0800] "GET /blog4?feed=rss2&p=21349 HTTP/1.1" 301 1430 "https://nacaomestica.org/blog4/wp-trackback.php?p=21349" "Mozilla/5.0 (Linux; Android 7.0;) AppleWebKit/537.36 (KHTML, like Gecko) Mobile Safari/537.36 (compatible; PetalBot;+https://webmaster.petalsearch.com/site/petalbot)" "nacaomestica.org"
114.119.139.86 - - [07/Nov/2022:17:10:13 -0800] "GET /blog4/?feed=rss2&p=21349 HTTP/1.1" 200 762 "https://nacaomestica.org/blog4/wp-trackback.php?p=21349" "Mozilla/5.0 (Linux; Android 7.0;) AppleWebKit/537.36 (KHTML, like Gecko) Mobile Safari/537.36 (compatible; PetalBot;+https://webmaster.petalsearch.com/site/petalbot)" "nacaomestica.org"
40.87.9.95 - - [07/Nov/2022:17:11:21 -0800] "GET /blog4/?cat=195 HTTP/1.1" 200 79967 "-" "Mozilla/5.0 (Linux; Android 7.0; SM-G930V Build/NRD90M) AppleWebKit/537.36 (KHTML, like Gecko) Chrome/59.0.3071.125 Mobile Safari/537.36" "nacaomestica.org"
10.213.116.68 - - [07/Nov/2022:17:11:23 -0800] "POST /blog4/wp-cron.php?doing_wp_cron=1667869883.4881529808044433593750 HTTP/1.1" 200 - "https://nacaomestica.org/blog4/wp-cron.php?doing_wp_cron=1667869883.4881529808044433593750" "WordPress/5.6.10; https://nacaomestica.org/blog4" "nacaomestica.org"
114.119.139.66 - - [07/Nov/2022:17:11:40 -0800] "GET /blog4?feed=rss2&p=24603 HTTP/1.1" 301 1430 "https://nacaomestica.org/blog4/wp-trackback.php?p=24603" "Mozilla/5.0 (Linux; Android 7.0;) AppleWebKit/537.36 (KHTML, like Gecko) Mobile Safari/537.36 (compatible; PetalBot;+https://webmaster.petalsearch.com/site/petalbot)" "nacaomestica.org"
51.222.253.6 - - [07/Nov/2022:17:11:37 -0800] "GET /blog4/?feed=rss2&p=7207 HTTP/1.1" 200 1530 "-" "Mozilla/5.0 (compatible; AhrefsBot/7.0; +http://ahrefs.com/robot/)" "nacaomestica.org"
114.119.139.66 - - [07/Nov/2022:17:11:45 -0800] "GET /blog4/?feed=rss2&p=24603 HTTP/1.1" 200 778 "https://nacaomestica.org/blog4/wp-trackback.php?p=24603" "Mozilla/5.0 (Linux; Android 7.0;) AppleWebKit/537.36 (KHTML, like Gecko) Mobile Safari/537.36 (compatible; PetalBot;+https://webmaster.petalsearch.com/site/petalbot)" "nacaomestica.org"
40.87.9.95 - - [07/Nov/2022:17:11:58 -0800] "GET /blog4/?cat=229 HTTP/1.1" 200 77639 "-" "Mozilla/5.0 (Linux; Android 7.0; SM-G930V Build/NRD90M) AppleWebKit/537.36 (KHTML, like Gecko) Chrome/59.0.3071.125 Mobile Safari/537.36" "nacaomestica.org"
201.32.149.11 - - [07/Nov/2022:17:11:59 -0800] "GET /blog4/?tag=identidade-nacional HTTP/1.1" 200 90646 "-" "Mozilla/5.0 (iPhone; CPU iPhone OS 16_0 like Mac OS X) AppleWebKit/605.1.15 (KHTML, like Gecko) Version/16.0 Mobile/15E148 Safari/604.1" "nacaomestica.org"
40.87.9.95 - - [07/Nov/2022:17:12:02 -0800] "GET /blog4/?cat=141 HTTP/1.1" 200 98929 "-" "Mozilla/5.0 (Linux; Android 7.0; SM-G930V Build/NRD90M) AppleWebKit/537.36 (KHTML, like Gecko) Chrome/59.0.3071.125 Mobile Safari/537.36" "nacaomestica.org"
177.12.8.180 - - [07/Nov/2022:17:12:09 -0800] "GET /blog4/wp-content/uploads/2018/07/mw-860.jpg HTTP/1.1" 200 142974 "https://www.google.com/" "Mozilla/5.0 (Linux; Android 11; moto g(20) Build/RTAS31.68-34-3; wv) AppleWebKit/537.36 (KHTML, like Gecko) Version/4.0 Chrome/106.0.5249.126 Mobile Safari/537.36 GoogleApp/13.41.14.26.arm64" "nacaomestica.org"
201.32.149.11 - - [07/Nov/2022:17:12:19 -0800] "GET /apple-touch-icon-120x120-precomposed.png HTTP/1.1" 404 88 "-" "MobileSafari/8614.1.25.0.30 CFNetwork/1390 Darwin/22.0.0" "nacaomestica.org"
201.32.149.11 - - [07/Nov/2022:17:12:19 -0800] "GET /apple-touch-icon-120x120.png HTTP/1.1" 404 88 "-" "MobileSafari/8614.1.25.0.30 CFNetwork/1390 Darwin/22.0.0" "nacaomestica.org"
201.32.149.11 - - [07/Nov/2022:17:12:20 -0800] "GET /apple-touch-icon-precomposed.png HTTP/1.1" 404 88 "-" "MobileSafari/8614.1.25.0.30 CFNetwork/1390 Darwin/22.0.0" "nacaomestica.org"
201.32.149.11 - - [07/Nov/2022:17:12:20 -0800] "GET /apple-touch-icon.png HTTP/1.1" 404 88 "-" "MobileSafari/8614.1.25.0.30 CFNetwork/1390 Darwin/22.0.0" "nacaomestica.org"
201.32.149.11 - - [07/Nov/2022:17:12:20 -0800] "GET /favicon.ico HTTP/1.1" 200 676 "-" "MobileSafari/8614.1.25.0.30 CFNetwork/1390 Darwin/22.0.0" "nacaomestica.org"
40.87.9.95 - - [07/Nov/2022:17:12:19 -0800] "GET /blog4/?tag=funai HTTP/1.1" 200 94521 "-" "Mozilla/5.0 (Linux; Android 7.0; SM-G930V Build/NRD90M) AppleWebKit/537.36 (KHTML, like Gecko) Chrome/59.0.3071.125 Mobile Safari/537.36" "nacaomestica.org"
40.87.9.95 - - [07/Nov/2022:17:12:24 -0800] "GET /blog4/?tag=espanol HTTP/1.1" 200 89934 "-" "Mozilla/5.0 (Linux; Android 7.0; SM-G930V Build/NRD90M) AppleWebKit/537.36 (KHTML, like Gecko) Chrome/59.0.3071.125 Mobile Safari/537.36" "nacaomestica.org"
189.28.166.86 - - [07/Nov/2022:17:12:29 -0800] "GET /blog4/?p=17752 HTTP/1.1" 200 150584 "https://www.google.com/" "Mozilla/5.0 (Linux; Android 11; SM-A015M) AppleWebKit/537.36 (KHTML, like Gecko) Chrome/106.0.0.0 Mobile Safari/537.36" "nacaomestica.org"
189.28.166.86 - - [07/Nov/2022:17:12:32 -0800] "GET /blog4/wp-content/themes/carrington-blog/carrington-core/lightbox/thickbox.js?ver=1.0 HTTP/1.1" 200 3903 "https://nacaomestica.org/blog4/?p=17752" "Mozilla/5.0 (Linux; Android 11; SM-A015M) AppleWebKit/537.36 (KHTML, like Gecko) Chrome/106.0.0.0 Mobile Safari/537.36" "nacaomestica.org"
189.28.166.86 - - [07/Nov/2022:17:12:33 -0800] "GET /blog4/wp-content/themes/carrington-blog/js/carrington.js?ver=1.0 HTTP/1.1" 200 1229 "https://nacaomestica.org/blog4/?p=17752" "Mozilla/5.0 (Linux; Android 11; SM-A015M) AppleWebKit/537.36 (KHTML, like Gecko) Chrome/106.0.0.0 Mobile Safari/537.36" "nacaomestica.org"
189.28.166.86 - - [07/Nov/2022:17:12:33 -0800] "GET /blog4/wp-includes/js/jquery/jquery.min.js?ver=3.5.1 HTTP/1.1" 200 30916 "https://nacaomestica.org/blog4/?p=17752" "Mozilla/5.0 (Linux; Android 11; SM-A015M) AppleWebKit/537.36 (KHTML, like Gecko) Chrome/106.0.0.0 Mobile Safari/537.36" "nacaomestica.org"
189.28.166.86 - - [07/Nov/2022:17:12:32 -0800] "GET /blog4/wp-content/themes/carrington-blog/css/css.php HTTP/1.1" 200 4963 "https://nacaomestica.org/blog4/?p=17752" "Mozilla/5.0 (Linux; Android 11; SM-A015M) AppleWebKit/537.36 (KHTML, like Gecko) Chrome/106.0.0.0 Mobile Safari/537.36" "nacaomestica.org"
189.28.166.86 - - [07/Nov/2022:17:12:32 -0800] "GET /blog4/wp-includes/js/jquery/jquery-migrate.min.js?ver=3.3.2 HTTP/1.1" 200 4169 "https://nacaomestica.org/blog4/?p=17752" "Mozilla/5.0 (Linux; Android 11; SM-A015M) AppleWebKit/537.36 (KHTML, like Gecko) Chrome/106.0.0.0 Mobile Safari/537.36" "nacaomestica.org"
189.28.166.86 - - [07/Nov/2022:17:12:33 -0800] "GET /blog4/wp-content/themes/carrington-blog/carrington-core/lightbox/css/thickbox.css HTTP/1.1" 200 975 "https://nacaomestica.org/blog4/?p=17752" "Mozilla/5.0 (Linux; Android 11; SM-A015M) AppleWebKit/537.36 (KHTML, like Gecko) Chrome/106.0.0.0 Mobile Safari/537.36" "nacaomestica.org"
40.87.9.95 - - [07/Nov/2022:17:12:34 -0800] "GET /blog4/?cat=123 HTTP/1.1" 200 67814 "-" "Mozilla/5.0 (Linux; Android 7.0; SM-G930V Build/NRD90M) AppleWebKit/537.36 (KHTML, like Gecko) Chrome/59.0.3071.125 Mobile Safari/537.36" "nacaomestica.org"
189.28.166.86 - - [07/Nov/2022:17:12:39 -0800] "GET /blog4/wp-includes/js/mediaelement/mediaelementplayer-legacy.min.css?ver=4.2.16 HTTP/1.1" 200 2592 "https://nacaomestica.org/blog4/?p=17752" "Mozilla/5.0 (Linux; Android 11; SM-A015M) AppleWebKit/537.36 (KHTML, like Gecko) Chrome/106.0.0.0 Mobile Safari/537.36" "nacaomestica.org"
189.28.166.86 - - [07/Nov/2022:17:12:39 -0800] "GET /blog4/wp-includes/js/mediaelement/wp-mediaelement.min.css?ver=5.6.10 HTTP/1.1" 200 1156 "https://nacaomestica.org/blog4/?p=17752" "Mozilla/5.0 (Linux; Android 11; SM-A015M) AppleWebKit/537.36 (KHTML, like Gecko) Chrome/106.0.0.0 Mobile Safari/537.36" "nacaomestica.org"
189.28.166.86 - - [07/Nov/2022:17:12:39 -0800] "GET /blog4/wp-content/plugins/wp-spamshield/js/jscripts-ftr2-min.js HTTP/1.1" 200 637 "https://nacaomestica.org/blog4/?p=17752" "Mozilla/5.0 (Linux; Android 11; SM-A015M) AppleWebKit/537.36 (KHTML, like Gecko) Chrome/106.0.0.0 Mobile Safari/537.36" "nacaomestica.org"
189.28.166.86 - - [07/Nov/2022:17:12:40 -0800] "GET /blog4/wp-includes/js/wp-embed.min.js?ver=5.6.10 HTTP/1.1" 200 765 "https://nacaomestica.org/blog4/?p=17752" "Mozilla/5.0 (Linux; Android 11; SM-A015M) AppleWebKit/537.36 (KHTML, like Gecko) Chrome/106.0.0.0 Mobile Safari/537.36" "nacaomestica.org"
189.28.166.86 - - [07/Nov/2022:17:12:40 -0800] "GET /blog4/wp-includes/js/mediaelement/mediaelement-and-player.min.js?ver=4.2.16 HTTP/1.1" 200 38657 "https://nacaomestica.org/blog4/?p=17752" "Mozilla/5.0 (Linux; Android 11; SM-A015M) AppleWebKit/537.36 (KHTML, like Gecko) Chrome/106.0.0.0 Mobile Safari/537.36" "nacaomestica.org"
189.28.166.86 - - [07/Nov/2022:17:12:40 -0800] "GET /blog4/wp-includes/js/mediaelement/mediaelement-migrate.min.js?ver=5.6.10 HTTP/1.1" 200 544 "https://nacaomestica.org/blog4/?p=17752" "Mozilla/5.0 (Linux; Android 11; SM-A015M) AppleWebKit/537.36 (KHTML, like Gecko) Chrome/106.0.0.0 Mobile Safari/537.36" "nacaomestica.org"
114.119.139.86 - - [07/Nov/2022:17:13:03 -0800] "GET /blog4?feed=rss2&p=25088 HTTP/1.1" 301 1430 "https://nacaomestica.org/blog4/wp-trackback.php?p=25088" "Mozilla/5.0 (Linux; Android 7.0;) AppleWebKit/537.36 (KHTML, like Gecko) Mobile Safari/537.36 (compatible; PetalBot;+https://webmaster.petalsearch.com/site/petalbot)" "nacaomestica.org"
114.119.139.86 - - [07/Nov/2022:17:13:04 -0800] "GET /blog4/?feed=rss2&p=25088 HTTP/1.1" 200 771 "https://nacaomestica.org/blog4/wp-trackback.php?p=25088" "Mozilla/5.0 (Linux; Android 7.0;) AppleWebKit/537.36 (KHTML, like Gecko) Mobile Safari/537.36 (compatible; PetalBot;+https://webmaster.petalsearch.com/site/petalbot)" "nacaomestica.org"
187.19.149.211 - - [07/Nov/2022:17:13:23 -0800] "GET /diretorio_dos_indios.htm HTTP/1.1" 200 33795 "https://www.google.com/" "Mozilla/5.0 (Linux; Android 8.0.0; SM-G570M) AppleWebKit/537.36 (KHTML, like Gecko) Chrome/85.0.4183.101 Mobile Safari/537.36" "www.nacaomestica.org"
187.19.149.211 - - [07/Nov/2022:17:13:23 -0800] "GET /estatuto_racial.jpg HTTP/1.1" 200 26082 "https://www.nacaomestica.org/diretorio_dos_indios.htm" "Mozilla/5.0 (Linux; Android 8.0.0; SM-G570M) AppleWebKit/537.36 (KHTML, like Gecko) Chrome/85.0.4183.101 Mobile Safari/537.36" "www.nacaomestica.org"
187.19.149.211 - - [07/Nov/2022:17:13:24 -0800] "GET /favicon.ico HTTP/1.1" 200 676 "https://www.nacaomestica.org/diretorio_dos_indios.htm" "Mozilla/5.0 (Linux; Android 8.0.0; SM-G570M) AppleWebKit/537.36 (KHTML, like Gecko) Chrome/85.0.4183.101 Mobile Safari/537.36" "www.nacaomestica.org"
40.87.9.95 - - [07/Nov/2022:17:13:23 -0800] "GET /blog4/?p=8456 HTTP/1.1" 200 172662 "-" "Mozilla/5.0 (Linux; Android 7.0; SM-G930V Build/NRD90M) AppleWebKit/537.36 (KHTML, like Gecko) Chrome/59.0.3071.125 Mobile Safari/537.36" "nacaomestica.org"
179.6.81.34 - - [07/Nov/2022:17:13:31 -0800] "GET /blog4/wp-content/uploads/2018/04/francisca-pizarro-tr.jpg HTTP/1.1" 200 45680 "https://www.google.com/blank.html" "Mozilla/5.0 (Linux; Android 10; M2006C3MG Build/QP1A.190711.020; wv) AppleWebKit/537.36 (KHTML, like Gecko) Version/4.0 Chrome/86.0.4240.99 Mobile Safari/537.36 GSA/12.27.9.23.arm" "nacaomestica.org"
10.213.116.70 - - [07/Nov/2022:17:13:30 -0800] "POST /blog4/wp-cron.php?doing_wp_cron=1667870010.8511509895324707031250 HTTP/1.1" 200 - "https://nacaomestica.org/blog4/wp-cron.php?doing_wp_cron=1667870010.8511509895324707031250" "WordPress/5.6.10; https://nacaomestica.org/blog4" "nacaomestica.org"
40.87.9.95 - - [07/Nov/2022:17:13:29 -0800] "GET /blog4/?tag=escravidao HTTP/1.1" 200 86414 "-" "Mozilla/5.0 (Linux; Android 7.0; SM-G930V Build/NRD90M) AppleWebKit/537.36 (KHTML, like Gecko) Chrome/59.0.3071.125 Mobile Safari/537.36" "nacaomestica.org"
40.87.9.95 - - [07/Nov/2022:17:13:41 -0800] "GET /blog4/?p=30905 HTTP/1.1" 200 77724 "-" "Mozilla/5.0 (Linux; Android 7.0; SM-G930V Build/NRD90M) AppleWebKit/537.36 (KHTML, like Gecko) Chrome/59.0.3071.125 Mobile Safari/537.36" "nacaomestica.org"
177.38.195.50 - - [07/Nov/2022:17:14:15 -0800] "GET /blog4/wp-includes/js/jquery/jquery-migrate.min.js?ver=3.3.2 HTTP/1.1" 200 4169 "https://nacaomestica.org/blog4/?p=17752" "Mozilla/5.0 (Macintosh; Intel Mac OS X 10_10_5) AppleWebKit/537.36 (KHTML, like Gecko) Chrome/87.0.4280.88 Safari/537.36" "nacaomestica.org"
177.38.195.50 - - [07/Nov/2022:17:14:15 -0800] "GET /blog4/wp-content/themes/carrington-blog/css/css.php HTTP/1.1" 200 4963 "https://nacaomestica.org/blog4/?p=17752" "Mozilla/5.0 (Macintosh; Intel Mac OS X 10_10_5) AppleWebKit/537.36 (KHTML, like Gecko) Chrome/87.0.4280.88 Safari/537.36" "nacaomestica.org"
177.38.195.50 - - [07/Nov/2022:17:14:16 -0800] "GET /blog4/wp-content/themes/carrington-blog/js/carrington.js?ver=1.0 HTTP/1.1" 200 1229 "https://nacaomestica.org/blog4/?p=17752" "Mozilla/5.0 (Macintosh; Intel Mac OS X 10_10_5) AppleWebKit/537.36 (KHTML, like Gecko) Chrome/87.0.4280.88 Safari/537.36" "nacaomestica.org"
177.38.195.50 - - [07/Nov/2022:17:14:15 -0800] "GET /blog4/wp-includes/js/jquery/jquery.min.js?ver=3.5.1 HTTP/1.1" 200 30916 "https://nacaomestica.org/blog4/?p=17752" "Mozilla/5.0 (Macintosh; Intel Mac OS X 10_10_5) AppleWebKit/537.36 (KHTML, like Gecko) Chrome/87.0.4280.88 Safari/537.36" "nacaomestica.org"
177.38.195.50 - - [07/Nov/2022:17:14:16 -0800] "GET /blog4/wp-content/themes/carrington-blog/carrington-core/lightbox/css/thickbox.css HTTP/1.1" 200 975 "https://nacaomestica.org/blog4/?p=17752" "Mozilla/5.0 (Macintosh; Intel Mac OS X 10_10_5) AppleWebKit/537.36 (KHTML, like Gecko) Chrome/87.0.4280.88 Safari/537.36" "nacaomestica.org"
177.38.195.50 - - [07/Nov/2022:17:14:16 -0800] "GET /blog4/wp-content/themes/carrington-blog/carrington-core/lightbox/thickbox.js?ver=1.0 HTTP/1.1" 200 3903 "https://nacaomestica.org/blog4/?p=17752" "Mozilla/5.0 (Macintosh; Intel Mac OS X 10_10_5) AppleWebKit/537.36 (KHTML, like Gecko) Chrome/87.0.4280.88 Safari/537.36" "nacaomestica.org"
177.38.195.50 - - [07/Nov/2022:17:14:16 -0800] "GET /blog4/wp-content/uploads/2016/02/leopardo.png HTTP/1.1" 200 520833 "https://nacaomestica.org/blog4/?p=17752" "Mozilla/5.0 (Macintosh; Intel Mac OS X 10_10_5) AppleWebKit/537.36 (KHTML, like Gecko) Chrome/87.0.4280.88 Safari/537.36" "nacaomestica.org"
114.119.156.56 - - [07/Nov/2022:17:14:26 -0800] "GET /blog4/?attachment_id=17877 HTTP/1.1" 301 - "https://nacaomestica.org/blog4/?fb_comment_id=1229241883828686_1229243050495236&paged=88" "Mozilla/5.0 (Linux; Android 7.0;) AppleWebKit/537.36 (KHTML, like Gecko) Mobile Safari/537.36 (compatible; PetalBot;+https://webmaster.petalsearch.com/site/petalbot)" "nacaomestica.org"
114.119.156.56 - - [07/Nov/2022:17:14:30 -0800] "GET /blog4/wp-content/uploads/2016/02/L375.jpg HTTP/1.1" 200 286801 "https://nacaomestica.org/blog4/?fb_comment_id=1229241883828686_1229243050495236&paged=88" "Mozilla/5.0 (Linux; Android 7.0;) AppleWebKit/537.36 (KHTML, like Gecko) Mobile Safari/537.36 (compatible; PetalBot;+https://webmaster.petalsearch.com/site/petalbot)" "nacaomestica.org"
138.255.218.197 - - [07/Nov/2022:17:14:34 -0800] "GET /blog4/?p=21384 HTTP/1.1" 200 100823 "https://www.google.com/" "Mozilla/5.0 (Linux; Android 12; SM-G990E) AppleWebKit/537.36 (KHTML, like Gecko) Chrome/107.0.0.0 Mobile Safari/537.36" "nacaomestica.org"
138.255.218.197 - - [07/Nov/2022:17:14:37 -0800] "GET /blog4/wp-content/themes/carrington-blog/carrington-core/lightbox/css/thickbox.css HTTP/1.1" 200 975 "https://nacaomestica.org/blog4/?p=21384" "Mozilla/5.0 (Linux; Android 12; SM-G990E) AppleWebKit/537.36 (KHTML, like Gecko) Chrome/107.0.0.0 Mobile Safari/537.36" "nacaomestica.org"
138.255.218.197 - - [07/Nov/2022:17:14:37 -0800] "GET /blog4/wp-content/themes/carrington-blog/carrington-core/lightbox/thickbox.js?ver=1.0 HTTP/1.1" 200 3903 "https://nacaomestica.org/blog4/?p=21384" "Mozilla/5.0 (Linux; Android 12; SM-G990E) AppleWebKit/537.36 (KHTML, like Gecko) Chrome/107.0.0.0 Mobile Safari/537.36" "nacaomestica.org"
138.255.218.197 - - [07/Nov/2022:17:14:37 -0800] "GET /blog4/wp-includes/js/jquery/jquery.min.js?ver=3.5.1 HTTP/1.1" 200 30916 "https://nacaomestica.org/blog4/?p=21384" "Mozilla/5.0 (Linux; Android 12; SM-G990E) AppleWebKit/537.36 (KHTML, like Gecko) Chrome/107.0.0.0 Mobile Safari/537.36" "nacaomestica.org"
138.255.218.197 - - [07/Nov/2022:17:14:37 -0800] "GET /blog4/wp-content/themes/carrington-blog/js/carrington.js?ver=1.0 HTTP/1.1" 200 1229 "https://nacaomestica.org/blog4/?p=21384" "Mozilla/5.0 (Linux; Android 12; SM-G990E) AppleWebKit/537.36 (KHTML, like Gecko) Chrome/107.0.0.0 Mobile Safari/537.36" "nacaomestica.org"
138.255.218.197 - - [07/Nov/2022:17:14:37 -0800] "GET /blog4/wp-content/themes/carrington-blog/css/css.php HTTP/1.1" 200 4963 "https://nacaomestica.org/blog4/?p=21384" "Mozilla/5.0 (Linux; Android 12; SM-G990E) AppleWebKit/537.36 (KHTML, like Gecko) Chrome/107.0.0.0 Mobile Safari/537.36" "nacaomestica.org"
138.255.218.197 - - [07/Nov/2022:17:14:37 -0800] "GET /blog4/wp-includes/js/jquery/jquery-migrate.min.js?ver=3.3.2 HTTP/1.1" 200 4169 "https://nacaomestica.org/blog4/?p=21384" "Mozilla/5.0 (Linux; Android 12; SM-G990E) AppleWebKit/537.36 (KHTML, like Gecko) Chrome/107.0.0.0 Mobile Safari/537.36" "nacaomestica.org"
177.129.249.10 - - [07/Nov/2022:17:14:40 -0800] "GET /blog4/wp-content/uploads/2019/04/2019_04_16_pres_nm_secretaria_seppir-Copia.jpg HTTP/1.1" 200 172543 "https://www.google.com/" "Mozilla/5.0 (Linux; Android 11; M1908C3JGG Build/RP1A.200720.011; wv) AppleWebKit/537.36 (KHTML, like Gecko) Version/4.0 Chrome/106.0.5249.126 Mobile Safari/537.36 GoogleApp/13.41.11.26.arm64" "nacaomestica.org"
51.222.253.5 - - [07/Nov/2022:17:14:43 -0800] "GET /blog4/?p=1701 HTTP/1.1" 200 75237 "-" "Mozilla/5.0 (compatible; AhrefsBot/7.0; +http://ahrefs.com/robot/)" "nacaomestica.org"
189.29.147.4 - - [07/Nov/2022:17:15:28 -0800] "GET /blog4/wp-content/themes/carrington-blog/css/css.php HTTP/1.1" 200 4963 "-" "Mozilla/5.0 (Linux; Android 12; SM-A325M) AppleWebKit/537.36 (KHTML, like Gecko) Chrome/106.0.0.0 Mobile Safari/537.36" "nacaomestica.org"
189.29.147.4 - - [07/Nov/2022:17:15:28 -0800] "GET /blog4/wp-content/themes/carrington-blog/carrington-core/lightbox/css/thickbox.css HTTP/1.1" 200 975 "-" "Mozilla/5.0 (Linux; Android 12; SM-A325M) AppleWebKit/537.36 (KHTML, like Gecko) Chrome/106.0.0.0 Mobile Safari/537.36" "nacaomestica.org"
189.29.147.4 - - [07/Nov/2022:17:15:28 -0800] "GET /blog4/?p=23849 HTTP/1.1" 200 77008 "-" "Mozilla/5.0 (Linux; Android 12; SM-A325M) AppleWebKit/537.36 (KHTML, like Gecko) Chrome/106.0.0.0 Mobile Safari/537.36" "nacaomestica.org"
189.29.147.4 - - [07/Nov/2022:17:15:31 -0800] "GET /blog4/wp-includes/js/jquery/jquery-migrate.min.js?ver=3.3.2 HTTP/1.1" 200 4169 "https://nacaomestica.org/blog4/?p=23849" "Mozilla/5.0 (Linux; Android 12; SM-A325M) AppleWebKit/537.36 (KHTML, like Gecko) Chrome/106.0.0.0 Mobile Safari/537.36" "nacaomestica.org"
189.29.147.4 - - [07/Nov/2022:17:15:31 -0800] "GET /blog4/wp-content/themes/carrington-blog/js/carrington.js?ver=1.0 HTTP/1.1" 200 1229 "https://nacaomestica.org/blog4/?p=23849" "Mozilla/5.0 (Linux; Android 12; SM-A325M) AppleWebKit/537.36 (KHTML, like Gecko) Chrome/106.0.0.0 Mobile Safari/537.36" "nacaomestica.org"
189.29.147.4 - - [07/Nov/2022:17:15:31 -0800] "GET /blog4/wp-includes/js/jquery/jquery.min.js?ver=3.5.1 HTTP/1.1" 200 30916 "https://nacaomestica.org/blog4/?p=23849" "Mozilla/5.0 (Linux; Android 12; SM-A325M) AppleWebKit/537.36 (KHTML, like Gecko) Chrome/106.0.0.0 Mobile Safari/537.36" "nacaomestica.org"
189.29.147.4 - - [07/Nov/2022:17:15:32 -0800] "GET /blog4/wp-includes/js/mediaelement/mediaelementplayer-legacy.min.css?ver=4.2.16 HTTP/1.1" 200 2592 "https://nacaomestica.org/blog4/?p=23849" "Mozilla/5.0 (Linux; Android 12; SM-A325M) AppleWebKit/537.36 (KHTML, like Gecko) Chrome/106.0.0.0 Mobile Safari/537.36" "nacaomestica.org"
189.29.147.4 - - [07/Nov/2022:17:15:31 -0800] "GET /blog4/wp-content/themes/carrington-blog/carrington-core/lightbox/thickbox.js?ver=1.0 HTTP/1.1" 200 3903 "https://nacaomestica.org/blog4/?p=23849" "Mozilla/5.0 (Linux; Android 12; SM-A325M) AppleWebKit/537.36 (KHTML, like Gecko) Chrome/106.0.0.0 Mobile Safari/537.36" "nacaomestica.org"
189.29.147.4 - - [07/Nov/2022:17:15:32 -0800] "GET /blog4/wp-includes/js/mediaelement/wp-mediaelement.min.css?ver=5.6.10 HTTP/1.1" 200 1156 "https://nacaomestica.org/blog4/?p=23849" "Mozilla/5.0 (Linux; Android 12; SM-A325M) AppleWebKit/537.36 (KHTML, like Gecko) Chrome/106.0.0.0 Mobile Safari/537.36" "nacaomestica.org"
189.29.147.4 - - [07/Nov/2022:17:15:33 -0800] "GET /blog4/wp-content/plugins/wp-spamshield/js/jscripts-ftr2-min.js HTTP/1.1" 200 637 "https://nacaomestica.org/blog4/?p=23849" "Mozilla/5.0 (Linux; Android 12; SM-A325M) AppleWebKit/537.36 (KHTML, like Gecko) Chrome/106.0.0.0 Mobile Safari/537.36" "nacaomestica.org"
189.29.147.4 - - [07/Nov/2022:17:15:33 -0800] "GET /blog4/wp-includes/js/mediaelement/renderers/vimeo.min.js?ver=4.2.16 HTTP/1.1" 200 2284 "https://nacaomestica.org/blog4/?p=23849" "Mozilla/5.0 (Linux; Android 12; SM-A325M) AppleWebKit/537.36 (KHTML, like Gecko) Chrome/106.0.0.0 Mobile Safari/537.36" "nacaomestica.org"
189.29.147.4 - - [07/Nov/2022:17:15:33 -0800] "GET /blog4/wp-includes/js/mediaelement/mediaelement-and-player.min.js?ver=4.2.16 HTTP/1.1" 200 38657 "https://nacaomestica.org/blog4/?p=23849" "Mozilla/5.0 (Linux; Android 12; SM-A325M) AppleWebKit/537.36 (KHTML, like Gecko) Chrome/106.0.0.0 Mobile Safari/537.36" "nacaomestica.org"
189.29.147.4 - - [07/Nov/2022:17:15:33 -0800] "GET /blog4/wp-content/themes/carrington-blog/img/comment.gif HTTP/1.1" 200 370 "https://nacaomestica.org/blog4/wp-content/themes/carrington-blog/css/css.php" "Mozilla/5.0 (Linux; Android 12; SM-A325M) AppleWebKit/537.36 (KHTML, like Gecko) Chrome/106.0.0.0 Mobile Safari/537.36" "nacaomestica.org"
189.29.147.4 - - [07/Nov/2022:17:15:33 -0800] "GET /blog4/wp-includes/js/wp-embed.min.js?ver=5.6.10 HTTP/1.1" 200 765 "https://nacaomestica.org/blog4/?p=23849" "Mozilla/5.0 (Linux; Android 12; SM-A325M) AppleWebKit/537.36 (KHTML, like Gecko) Chrome/106.0.0.0 Mobile Safari/537.36" "nacaomestica.org"
189.29.147.4 - - [07/Nov/2022:17:15:33 -0800] "GET /blog4/wp-includes/js/mediaelement/wp-mediaelement.min.js?ver=5.6.10 HTTP/1.1" 200 475 "https://nacaomestica.org/blog4/?p=23849" "Mozilla/5.0 (Linux; Android 12; SM-A325M) AppleWebKit/537.36 (KHTML, like Gecko) Chrome/106.0.0.0 Mobile Safari/537.36" "nacaomestica.org"
189.29.147.4 - - [07/Nov/2022:17:15:33 -0800] "GET /blog4/wp-includes/js/wp-emoji-release.min.js?ver=5.6.10 HTTP/1.1" 200 4662 "https://nacaomestica.org/blog4/?p=23849" "Mozilla/5.0 (Linux; Android 12; SM-A325M) AppleWebKit/537.36 (KHTML, like Gecko) Chrome/106.0.0.0 Mobile Safari/537.36" "nacaomestica.org"
189.29.147.4 - - [07/Nov/2022:17:15:33 -0800] "GET /blog4/wp-content/themes/carrington-blog/img/rss-button.gif HTTP/1.1" 200 2208 "https://nacaomestica.org/blog4/?p=23849" "Mozilla/5.0 (Linux; Android 12; SM-A325M) AppleWebKit/537.36 (KHTML, like Gecko) Chrome/106.0.0.0 Mobile Safari/537.36" "nacaomestica.org"
189.29.147.4 - - [07/Nov/2022:17:15:33 -0800] "GET /blog4/wp-content/themes/carrington-blog/img/comments-divider.gif HTTP/1.1" 200 6855 "https://nacaomestica.org/blog4/wp-content/themes/carrington-blog/css/css.php" "Mozilla/5.0 (Linux; Android 12; SM-A325M) AppleWebKit/537.36 (KHTML, like Gecko) Chrome/106.0.0.0 Mobile Safari/537.36" "nacaomestica.org"
189.29.147.4 - - [07/Nov/2022:17:15:33 -0800] "GET /blog4/wp-content/themes/carrington-blog/img/dropdown-divider.gif HTTP/1.1" 200 144 "https://nacaomestica.org/blog4/wp-content/themes/carrington-blog/css/css.php" "Mozilla/5.0 (Linux; Android 12; SM-A325M) AppleWebKit/537.36 (KHTML, like Gecko) Chrome/106.0.0.0 Mobile Safari/537.36" "nacaomestica.org"
189.29.147.4 - - [07/Nov/2022:17:15:33 -0800] "GET /blog4/wp-content/uploads/2015/04/ONCA_SITE2.png HTTP/1.1" 200 296324 "https://nacaomestica.org/blog4/?p=23849" "Mozilla/5.0 (Linux; Android 12; SM-A325M) AppleWebKit/537.36 (KHTML, like Gecko) Chrome/106.0.0.0 Mobile Safari/537.36" "nacaomestica.org"
189.29.147.4 - - [07/Nov/2022:17:15:33 -0800] "GET /blog4/wp-includes/js/mediaelement/mediaelement-migrate.min.js?ver=5.6.10 HTTP/1.1" 200 544 "https://nacaomestica.org/blog4/?p=23849" "Mozilla/5.0 (Linux; Android 12; SM-A325M) AppleWebKit/537.36 (KHTML, like Gecko) Chrome/106.0.0.0 Mobile Safari/537.36" "nacaomestica.org"
189.29.147.4 - - [07/Nov/2022:17:15:33 -0800] "GET /blog4/wp-content/themes/carrington-blog/img/sub-header-border-bottom.gif HTTP/1.1" 200 43 "https://nacaomestica.org/blog4/wp-content/themes/carrington-blog/css/css.php" "Mozilla/5.0 (Linux; Android 12; SM-A325M) AppleWebKit/537.36 (KHTML, like Gecko) Chrome/106.0.0.0 Mobile Safari/537.36" "nacaomestica.org"
189.29.147.4 - - [07/Nov/2022:17:15:33 -0800] "GET /blog4/wp-content/themes/carrington-blog/img/watermark-light.gif HTTP/1.1" 200 31981 "https://nacaomestica.org/blog4/wp-content/themes/carrington-blog/css/css.php" "Mozilla/5.0 (Linux; Android 12; SM-A325M) AppleWebKit/537.36 (KHTML, like Gecko) Chrome/106.0.0.0 Mobile Safari/537.36" "nacaomestica.org"
189.29.147.4 - - [07/Nov/2022:17:15:33 -0800] "GET /blog4/wp-content/themes/carrington-blog/img/header/gradient-dark.png HTTP/1.1" 200 2877 "https://nacaomestica.org/blog4/?p=23849" "Mozilla/5.0 (Linux; Android 12; SM-A325M) AppleWebKit/537.36 (KHTML, like Gecko) Chrome/106.0.0.0 Mobile Safari/537.36" "nacaomestica.org"
189.29.147.4 - - [07/Nov/2022:17:15:33 -0800] "GET /blog4/wp-content/uploads/2018/07/mw-860.jpg HTTP/1.1" 200 142974 "https://nacaomestica.org/blog4/?p=23849" "Mozilla/5.0 (Linux; Android 12; SM-A325M) AppleWebKit/537.36 (KHTML, like Gecko) Chrome/106.0.0.0 Mobile Safari/537.36" "nacaomestica.org"
189.29.147.4 - - [07/Nov/2022:17:15:33 -0800] "GET /blog4/wp-content/themes/carrington-blog/img/footer/gradient-light.png HTTP/1.1" 200 172 "https://nacaomestica.org/blog4/?p=23849" "Mozilla/5.0 (Linux; Android 12; SM-A325M) AppleWebKit/537.36 (KHTML, like Gecko) Chrome/106.0.0.0 Mobile Safari/537.36" "nacaomestica.org"
189.29.147.4 - - [07/Nov/2022:17:15:33 -0800] "GET /blog4/wp-content/uploads/2018/08/livro_mestico_CAPA-2peq.png HTTP/1.1" 200 35385 "https://nacaomestica.org/blog4/?p=23849" "Mozilla/5.0 (Linux; Android 12; SM-A325M) AppleWebKit/537.36 (KHTML, like Gecko) Chrome/106.0.0.0 Mobile Safari/537.36" "nacaomestica.org"
189.29.147.4 - - [07/Nov/2022:17:15:33 -0800] "GET /blog4/wp-content/themes/carrington-blog/img/sidebar-background.gif HTTP/1.1" 200 1515 "https://nacaomestica.org/blog4/wp-content/themes/carrington-blog/css/css.php" "Mozilla/5.0 (Linux; Android 12; SM-A325M) AppleWebKit/537.36 (KHTML, like Gecko) Chrome/106.0.0.0 Mobile Safari/537.36" "nacaomestica.org"
189.29.147.4 - - [07/Nov/2022:17:15:33 -0800] "GET /blog4/wp-content/themes/carrington-blog/img/footer/by-crowd-favorite-light.png HTTP/1.1" 200 2825 "https://nacaomestica.org/blog4/?p=23849" "Mozilla/5.0 (Linux; Android 12; SM-A325M) AppleWebKit/537.36 (KHTML, like Gecko) Chrome/106.0.0.0 Mobile Safari/537.36" "nacaomestica.org"
189.29.147.4 - - [07/Nov/2022:17:15:33 -0800] "GET /blog4/wp-content/themes/carrington-blog/img/grey-to-white-gradient.png HTTP/1.1" 200 153 "https://nacaomestica.org/blog4/wp-content/themes/carrington-blog/css/css.php" "Mozilla/5.0 (Linux; Android 12; SM-A325M) AppleWebKit/537.36 (KHTML, like Gecko) Chrome/106.0.0.0 Mobile Safari/537.36" "nacaomestica.org"
189.29.147.4 - - [07/Nov/2022:17:15:33 -0800] "GET /blog4/wp-content/themes/carrington-blog/img/arrow-bullet.gif HTTP/1.1" 200 50 "https://nacaomestica.org/blog4/wp-content/themes/carrington-blog/css/css.php" "Mozilla/5.0 (Linux; Android 12; SM-A325M) AppleWebKit/537.36 (KHTML, like Gecko) Chrome/106.0.0.0 Mobile Safari/537.36" "nacaomestica.org"
189.29.147.4 - - [07/Nov/2022:17:15:33 -0800] "GET /blog4/wp-content/themes/carrington-blog/img/footer/divider-ornament-wide-light.png HTTP/1.1" 200 1601 "https://nacaomestica.org/blog4/wp-content/themes/carrington-blog/css/css.php" "Mozilla/5.0 (Linux; Android 12; SM-A325M) AppleWebKit/537.36 (KHTML, like Gecko) Chrome/106.0.0.0 Mobile Safari/537.36" "nacaomestica.org"
189.29.147.4 - - [07/Nov/2022:17:15:33 -0800] "GET /blog4/wp-content/themes/carrington-blog/img/divider-ornament.gif HTTP/1.1" 200 778 "https://nacaomestica.org/blog4/wp-content/themes/carrington-blog/css/css.php" "Mozilla/5.0 (Linux; Android 12; SM-A325M) AppleWebKit/537.36 (KHTML, like Gecko) Chrome/106.0.0.0 Mobile Safari/537.36" "nacaomestica.org"
189.29.147.4 - - [07/Nov/2022:17:15:34 -0800] "GET /blog4/wp-content/themes/carrington-blog/carrington-core/lightbox/img/loadingAnimation.gif HTTP/1.1" 200 5886 "https://nacaomestica.org/blog4/?p=23849" "Mozilla/5.0 (Linux; Android 12; SM-A325M) AppleWebKit/537.36 (KHTML, like Gecko) Chrome/106.0.0.0 Mobile Safari/537.36" "nacaomestica.org"
189.29.147.4 - - [07/Nov/2022:17:15:34 -0800] "GET /blog4/wp-includes/js/mediaelement/mejs-controls.svg HTTP/1.1" 200 1413 "https://nacaomestica.org/blog4/wp-includes/js/mediaelement/mediaelementplayer-legacy.min.css?ver=4.2.16" "Mozilla/5.0 (Linux; Android 12; SM-A325M) AppleWebKit/537.36 (KHTML, like Gecko) Chrome/106.0.0.0 Mobile Safari/537.36" "nacaomestica.org"
189.29.147.4 - - [07/Nov/2022:17:15:37 -0800] "GET /favicon.ico HTTP/1.1" 200 676 "https://nacaomestica.org/blog4/?p=23849" "Mozilla/5.0 (Linux; Android 12; SM-A325M) AppleWebKit/537.36 (KHTML, like Gecko) Chrome/106.0.0.0 Mobile Safari/537.36" "nacaomestica.org"
10.213.116.68 - - [07/Nov/2022:17:15:58 -0800] "POST /blog4/wp-cron.php?doing_wp_cron=1667870158.6811180114746093750000 HTTP/1.1" 200 - "https://nacaomestica.org/blog4/wp-cron.php?doing_wp_cron=1667870158.6811180114746093750000" "WordPress/5.6.10; https://nacaomestica.org/blog4" "nacaomestica.org"
114.119.139.66 - - [07/Nov/2022:17:15:57 -0800] "GET /blog4/?cat=136 HTTP/1.1" 200 68001 "https://nacaomestica.org/blog4/wp-trackback.php?p=23009" "Mozilla/5.0 (Linux; Android 7.0;) AppleWebKit/537.36 (KHTML, like Gecko) Mobile Safari/537.36 (compatible; PetalBot;+https://webmaster.petalsearch.com/site/petalbot)" "nacaomestica.org"
20.29.110.169 - - [07/Nov/2022:17:16:39 -0800] "GET /blog4/wp-content/uploads/2010/11/pocahontas_viking.jpeg HTTP/1.1" 200 15373 "http://nacaomestica.org/blog4/wp-content/uploads/2010/11" "Mozilla/5.0 (iPhone; CPU iPhone OS 13_5_1 like Mac OS X) AppleWebKit/605.1.15 (KHTML, like Gecko) Version/13.1.1 Mobile/15E148 Safari/604.1" "nacaomestica.org"
40.77.167.14 - - [07/Nov/2022:17:17:14 -0800] "GET /blog4/?p=193 HTTP/1.1" 200 75794 "-" "Mozilla/5.0 AppleWebKit/537.36 (KHTML, like Gecko; compatible; bingbot/2.0; +http://www.bing.com/bingbot.htm) Chrome/103.0.5060.134 Safari/537.36" "nacaomestica.org"
114.119.139.59 - - [07/Nov/2022:17:17:21 -0800] "GET /blog4/wp-content/uploads/2012/10/?C=D%3BO%3DA HTTP/1.1" 200 2649 "https://nacaomestica.org/blog4/wp-content/uploads/2012/10?D=A" "Mozilla/5.0 (Linux; Android 7.0;) AppleWebKit/537.36 (KHTML, like Gecko) Mobile Safari/537.36 (compatible; PetalBot;+https://webmaster.petalsearch.com/site/petalbot)" "nacaomestica.org"
51.222.253.20 - - [07/Nov/2022:17:17:55 -0800] "GET /blog4/?p=11647 HTTP/1.1" 200 77826 "-" "Mozilla/5.0 (compatible; AhrefsBot/7.0; +http://ahrefs.com/robot/)" "nacaomestica.org"
177.11.206.209 - - [07/Nov/2022:17:18:02 -0800] "GET /costa_rica_cb24.jpg HTTP/1.1" 200 80539 "https://www.google.com/" "Mozilla/5.0 (Windows NT 10.0; Win64; x64) AppleWebKit/537.36 (KHTML, like Gecko) Chrome/107.0.0.0 Safari/537.36" "nacaomestica.org"
10.213.116.69 - - [07/Nov/2022:17:18:04 -0800] "POST /blog4/wp-cron.php?doing_wp_cron=1667870283.9603149890899658203125 HTTP/1.1" 200 - "https://nacaomestica.org/blog4/wp-cron.php?doing_wp_cron=1667870283.9603149890899658203125" "WordPress/5.6.10; https://nacaomestica.org/blog4" "nacaomestica.org"
20.124.250.146 - - [07/Nov/2022:17:18:01 -0800] "GET /blog4/?cat=90 HTTP/1.1" 200 92246 "-" "Mozilla/5.0 (Linux; Android 7.0; SM-G930V Build/NRD90M) AppleWebKit/537.36 (KHTML, like Gecko) Chrome/59.0.3071.125 Mobile Safari/537.36" "nacaomestica.org"
17.121.112.17 - - [07/Nov/2022:17:18:14 -0800] "GET /blog4/?cat=203 HTTP/1.1" 200 96250 "-" "Mozilla/5.0 (Macintosh; Intel Mac OS X 10_15_5) AppleWebKit/605.1.15 (KHTML, like Gecko) Version/13.1.1 Safari/605.1.15 (Applebot/0.1; +http://www.apple.com/go/applebot)" "nacaomestica.org"
114.119.156.56 - - [07/Nov/2022:17:18:44 -0800] "GET /blog4/?tag=ongs HTTP/1.1" 200 67153 "https://nacaomestica.org/blog4/?p_=%2B874&paged=194" "Mozilla/5.0 (Linux; Android 7.0;) AppleWebKit/537.36 (KHTML, like Gecko) Mobile Safari/537.36 (compatible; PetalBot;+https://webmaster.petalsearch.com/site/petalbot)" "nacaomestica.org"
201.71.217.149 - - [07/Nov/2022:17:19:27 -0800] "HEAD / HTTP/1.1" 200 - "-" "Mozilla/5.0 (Windows NT 6.1; Win64; x64; rv:106.0) Gecko/20100101 Firefox/106.0" "nacaomestica.org"
20.124.250.146 - - [07/Nov/2022:17:19:30 -0800] "GET /blog4/?cat=116 HTTP/1.1" 200 67114 "-" "Mozilla/5.0 (Linux; Android 7.0; SM-G930V Build/NRD90M) AppleWebKit/537.36 (KHTML, like Gecko) Chrome/59.0.3071.125 Mobile Safari/537.36" "nacaomestica.org"
20.124.250.146 - - [07/Nov/2022:17:19:39 -0800] "GET /blog4/?tag=limpeza-etnica HTTP/1.1" 200 91682 "-" "Mozilla/5.0 (Linux; Android 7.0; SM-G930V Build/NRD90M) AppleWebKit/537.36 (KHTML, like Gecko) Chrome/59.0.3071.125 Mobile Safari/537.36" "nacaomestica.org"
20.124.250.146 - - [07/Nov/2022:17:19:41 -0800] "GET /blog4/?cat=266 HTTP/1.1" 200 69887 "-" "Mozilla/5.0 (Linux; Android 7.0; SM-G930V Build/NRD90M) AppleWebKit/537.36 (KHTML, like Gecko) Chrome/59.0.3071.125 Mobile Safari/537.36" "nacaomestica.org"
20.124.250.146 - - [07/Nov/2022:17:20:03 -0800] "GET /blog4/?cat=268 HTTP/1.1" 200 95973 "-" "Mozilla/5.0 (Linux; Android 7.0; SM-G930V Build/NRD90M) AppleWebKit/537.36 (KHTML, like Gecko) Chrome/59.0.3071.125 Mobile Safari/537.36" "nacaomestica.org"
114.119.139.88 - - [07/Nov/2022:17:20:11 -0800] "GET /blog4/?p1603&paged=101 HTTP/1.1" 200 105678 "https://nacaomestica.org/blog4/?p1603&paged=100" "Mozilla/5.0 (Linux; Android 7.0;) AppleWebKit/537.36 (KHTML, like Gecko) Mobile Safari/537.36 (compatible; PetalBot;+https://webmaster.petalsearch.com/site/petalbot)" "nacaomestica.org"
10.213.116.69 - - [07/Nov/2022:17:20:12 -0800] "POST /blog4/wp-cron.php?doing_wp_cron=1667870412.5918629169464111328125 HTTP/1.1" 200 - "https://nacaomestica.org/blog4/wp-cron.php?doing_wp_cron=1667870412.5918629169464111328125" "WordPress/5.6.10; https://nacaomestica.org/blog4" "nacaomestica.org"
72.14.201.203 - - [07/Nov/2022:17:20:24 -0800] "GET /ClarisseMFP.htm HTTP/1.1" 200 1832 "-" "Mozilla/5.0 (Linux; Android 10; K) AppleWebKit/537.36 (KHTML, like Gecko) Chrome/107.0.0.0 Mobile Safari/537.36" "www.nacaomestica.org"
51.222.253.9 - - [07/Nov/2022:17:20:40 -0800] "GET /blog4/?attachment_id=20055 HTTP/1.1" 301 - "-" "Mozilla/5.0 (compatible; AhrefsBot/7.0; +http://ahrefs.com/robot/)" "nacaomestica.org"
72.14.201.203 - - [07/Nov/2022:17:20:54 -0800] "GET /ClarisseMFP.htm HTTP/1.1" 200 1832 "-" "Mozilla/5.0 (Linux; Android 10; K) AppleWebKit/537.36 (KHTML, like Gecko) Chrome/107.0.0.0 Mobile Safari/537.36" "www.nacaomestica.org"
45.225.200.158 - - [07/Nov/2022:17:20:58 -0800] "GET /favicon.ico HTTP/1.1" 200 676 "https://www.nacaomestica.org/ClarisseMFP.htm" "Mozilla/5.0 (Linux; Android 10; motorola one macro) AppleWebKit/537.36 (KHTML, like Gecko) Chrome/107.0.0.0 Mobile Safari/537.36" "www.nacaomestica.org"
20.109.241.98 - - [07/Nov/2022:17:21:00 -0800] "GET /blog4/wp-content/uploads/2016/02/SAM_1117-150x150.jpg HTTP/1.1" 200 9535 "https://nacaomestica.org/blog4/wp-content/uploads/2016/02" "Mozilla/5.0 (X11; Linux x86_64) AppleWebKit/537.36 (KHTML, like Gecko) Chrome/74.0.3729.169 Safari/537.36" "nacaomestica.org"
51.222.253.1 - - [07/Nov/2022:17:21:19 -0800] "GET /blog4/?feed=rss2&p=2252 HTTP/1.1" 200 6701 "-" "Mozilla/5.0 (compatible; AhrefsBot/7.0; +http://ahrefs.com/robot/)" "nacaomestica.org"
189.90.235.198 - - [07/Nov/2022:17:21:37 -0800] "GET /blog4/wp-content/uploads/2016/10/SOU-MULATO_history.png HTTP/1.1" 200 298507 "https://www.google.com/" "Mozilla/5.0 (Linux; Android 12; SM-M127F) AppleWebKit/537.36 (KHTML, like Gecko) Chrome/107.0.0.0 Mobile Safari/537.36" "nacaomestica.org"
114.119.139.66 - - [07/Nov/2022:17:21:43 -0800] "GET /blog4/wp-content/uploads/2017/05?S=D HTTP/1.1" 301 1436 "https://nacaomestica.org/blog4/wp-content/uploads/2017/05?S=A" "Mozilla/5.0 (Linux; Android 7.0;) AppleWebKit/537.36 (KHTML, like Gecko) Mobile Safari/537.36 (compatible; PetalBot;+https://webmaster.petalsearch.com/site/petalbot)" "nacaomestica.org"
114.119.139.66 - - [07/Nov/2022:17:21:44 -0800] "GET /blog4/wp-content/uploads/2017/05/?S=D HTTP/1.1" 200 721 "https://nacaomestica.org/blog4/wp-content/uploads/2017/05?S=A" "Mozilla/5.0 (Linux; Android 7.0;) AppleWebKit/537.36 (KHTML, like Gecko) Mobile Safari/537.36 (compatible; PetalBot;+https://webmaster.petalsearch.com/site/petalbot)" "nacaomestica.org"
20.124.250.146 - - [07/Nov/2022:17:21:59 -0800] "GET /blog4/?cat=263 HTTP/1.1" 200 69077 "-" "Mozilla/5.0 (Linux; Android 7.0; SM-G930V Build/NRD90M) AppleWebKit/537.36 (KHTML, like Gecko) Chrome/59.0.3071.125 Mobile Safari/537.36" "nacaomestica.org"
20.85.215.177 - - [07/Nov/2022:17:22:02 -0800] "GET /blog4/?feed=rss2 HTTP/1.1" 200 11803 "-" "Mozilla/5.0 (Linux; Android 7.0; SM-G930V Build/NRD90M) AppleWebKit/537.36 (KHTML, like Gecko) Chrome/59.0.3071.125 Mobile Safari/537.36" "nacaomestica.org"
179.214.46.221 - - [07/Nov/2022:17:22:30 -0800] "GET /blog4/wp-content/uploads/2017/03/swast_haken-1.png HTTP/1.1" 200 21361 "https://br.images.search.yahoo.com/search/images;_ylt=AwrFFJIpr2ljuRIJrCH16Qt.;_ylu=c2VjA3NlYXJjaARzbGsDYnV0dG9u;_ylc=X1MDMjExNDcxMDAwNQRfcgMyBGZyA21jYWZlZQRmcjIDcDpzLHY6aSxtOnNiLXRvcARncHJpZANHZl81TEJUblFXQ0NkYjR5aElkUFdBBG5fcnNsdAMwBG5fc3VnZwMwBG9yaWdpbgNici5pbWFnZXMuc2VhcmNoLnlhaG9vLmNvbQRwb3MDMARwcXN0cgMEcHFzdHJsAzAEcXN0cmwDMzQEcXVlcnkDc2luYWwlMjBuYXppc3RhJTIwY29tcGFyYWRvJTIwYXUlMjBidWRpc3RhBHRfc3RtcAMxNjY3ODcwNTc3?p=sinal+nazista+comparado+au+budista&fr=mcafee&fr2=p%3As%2Cv%3Ai%2Cm%3Asb-top&ei=UTF-8&x=wrt&type=E210BR91199G0" "Mozilla/5.0 (Windows NT 10.0; Win64; x64) AppleWebKit/537.36 (KHTML, like Gecko) Chrome/107.0.0.0 Safari/537.36" "nacaomestica.org"
10.213.116.69 - - [07/Nov/2022:17:22:37 -0800] "POST /blog4/wp-cron.php?doing_wp_cron=1667870556.9915070533752441406250 HTTP/1.1" 200 - "https://nacaomestica.org/blog4/wp-cron.php?doing_wp_cron=1667870556.9915070533752441406250" "WordPress/5.6.10; https://nacaomestica.org/blog4" "nacaomestica.org"
