40.77.167.67 - - [07/Nov/2022:23:26:03 -0800] "GET /blog4/?p=30871 HTTP/1.1" 200 74480 "-" "Mozilla/5.0 AppleWebKit/537.36 (KHTML, like Gecko; compatible; bingbot/2.0; +http://www.bing.com/bingbot.htm) Chrome/103.0.5060.134 Safari/537.36" "nacaomestica.org"
40.77.167.14 - - [07/Nov/2022:23:26:03 -0800] "GET /blog4/?p=20903 HTTP/1.1" 200 77127 "-" "Mozilla/5.0 (compatible; bingbot/2.0; +http://www.bing.com/bingbot.htm)" "nacaomestica.org"
40.77.167.67 - - [07/Nov/2022:23:26:05 -0800] "GET /blog4/?p=24314 HTTP/1.1" 200 74059 "-" "Mozilla/5.0 (compatible; bingbot/2.0; +http://www.bing.com/bingbot.htm)" "nacaomestica.org"
40.77.167.14 - - [07/Nov/2022:23:26:07 -0800] "GET /blog4/?p=11294 HTTP/1.1" 200 128137 "-" "Mozilla/5.0 (compatible; bingbot/2.0; +http://www.bing.com/bingbot.htm)" "nacaomestica.org"
40.77.167.14 - - [07/Nov/2022:23:26:09 -0800] "GET /MarxMFP.htm HTTP/1.1" 200 5603 "-" "Mozilla/5.0 AppleWebKit/537.36 (KHTML, like Gecko; compatible; bingbot/2.0; +http://www.bing.com/bingbot.htm) Chrome/103.0.5060.134 Safari/537.36" "nacaomestica.org"
40.77.167.67 - - [07/Nov/2022:23:26:07 -0800] "GET /blog4/?p=22390 HTTP/1.1" 200 76043 "-" "Mozilla/5.0 AppleWebKit/537.36 (KHTML, like Gecko; compatible; bingbot/2.0; +http://www.bing.com/bingbot.htm) Chrome/103.0.5060.134 Safari/537.36" "nacaomestica.org"
40.77.167.14 - - [07/Nov/2022:23:26:09 -0800] "GET /blog4/?p=11294 HTTP/1.1" 200 128137 "-" "Mozilla/5.0 (compatible; bingbot/2.0; +http://www.bing.com/bingbot.htm)" "nacaomestica.org"
40.77.167.67 - - [07/Nov/2022:23:26:09 -0800] "GET /blog4/?p=3245 HTTP/1.1" 200 76848 "-" "Mozilla/5.0 AppleWebKit/537.36 (KHTML, like Gecko; compatible; bingbot/2.0; +http://www.bing.com/bingbot.htm) Chrome/103.0.5060.134 Safari/537.36" "nacaomestica.org"
40.77.167.67 - - [07/Nov/2022:23:26:12 -0800] "GET /blog4/?p=19770 HTTP/1.1" 200 75425 "-" "Mozilla/5.0 (compatible; bingbot/2.0; +http://www.bing.com/bingbot.htm)" "nacaomestica.org"
40.77.167.67 - - [07/Nov/2022:23:26:14 -0800] "GET /holocausto.htm HTTP/1.1" 200 13322 "-" "Mozilla/5.0 AppleWebKit/537.36 (KHTML, like Gecko; compatible; bingbot/2.0; +http://www.bing.com/bingbot.htm) Chrome/103.0.5060.134 Safari/537.36" "nacaomestica.org"
40.77.167.67 - - [07/Nov/2022:23:26:15 -0800] "GET /blog4/?p=30980 HTTP/1.1" 200 74400 "-" "Mozilla/5.0 AppleWebKit/537.36 (KHTML, like Gecko; compatible; bingbot/2.0; +http://www.bing.com/bingbot.htm) Chrome/103.0.5060.134 Safari/537.36" "nacaomestica.org"
40.77.167.67 - - [07/Nov/2022:23:26:17 -0800] "GET /blog4/?tag=indio HTTP/1.1" 200 100446 "-" "Mozilla/5.0 AppleWebKit/537.36 (KHTML, like Gecko; compatible; bingbot/2.0; +http://www.bing.com/bingbot.htm) Chrome/103.0.5060.134 Safari/537.36" "nacaomestica.org"
66.249.73.110 - - [07/Nov/2022:23:26:31 -0800] "GET /blog4/wp-content/uploads/2013/11/anaces-300x169.jpg HTTP/1.1" 200 21985 "-" "Googlebot-Image/1.0" "nacaomestica.org"
51.222.253.18 - - [07/Nov/2022:23:27:22 -0800] "GET /blog4/?attachment_id=24941 HTTP/1.1" 301 - "-" "Mozilla/5.0 (compatible; AhrefsBot/7.0; +http://ahrefs.com/robot/)" "nacaomestica.org"
66.249.90.51 - - [07/Nov/2022:23:27:24 -0800] "GET /blog4/?feed=rss2 HTTP/1.1" 200 11803 "-" "FeedFetcher-Google; (+http://www.google.com/feedfetcher.html)" "nacaomestica.org"
10.213.116.68 - - [07/Nov/2022:23:27:24 -0800] "POST /blog4/wp-cron.php?doing_wp_cron=1667892444.1096620559692382812500 HTTP/1.1" 200 - "https://nacaomestica.org/blog4/wp-cron.php?doing_wp_cron=1667892444.1096620559692382812500" "WordPress/5.6.10; https://nacaomestica.org/blog4" "nacaomestica.org"
104.211.53.213 - - [07/Nov/2022:23:28:43 -0800] "GET /blog4/?feed=rss2 HTTP/1.1" 200 11803 "-" "Mozilla/5.0 (Linux; Android 7.0; SM-G930V Build/NRD90M) AppleWebKit/537.36 (KHTML, like Gecko) Chrome/59.0.3071.125 Mobile Safari/537.36" "nacaomestica.org"
40.86.101.252 - - [07/Nov/2022:23:30:07 -0800] "GET /blog4/wp-content/uploads/2018/09/dcc271e0-e07e-400b-9d5b-aaa34cbfa483.jpg HTTP/1.1" 200 152126 "https://nacaomestica.org/blog4/wp-content/uploads/2018/09" "Mozilla/5.0 (Macintosh; Intel Mac OS X 10_11_6) AppleWebKit/605.1.15 (KHTML, like Gecko) Version/11.1.2 Safari/605.1.15" "nacaomestica.org"
51.222.253.5 - - [07/Nov/2022:23:30:21 -0800] "GET /blog4/?attachment_id=24937 HTTP/1.1" 301 - "-" "Mozilla/5.0 (compatible; AhrefsBot/7.0; +http://ahrefs.com/robot/)" "nacaomestica.org"
10.213.116.68 - - [07/Nov/2022:23:30:23 -0800] "POST /blog4/wp-cron.php?doing_wp_cron=1667892623.8911440372467041015625 HTTP/1.1" 200 - "https://nacaomestica.org/blog4/wp-cron.php?doing_wp_cron=1667892623.8911440372467041015625" "WordPress/5.6.10; https://nacaomestica.org/blog4" "nacaomestica.org"
207.46.13.5 - - [07/Nov/2022:23:31:43 -0800] "GET /blog4/wp-content/uploads/2022/05/?C=S;O=D HTTP/1.1" 200 1294 "-" "Mozilla/5.0 (compatible; bingbot/2.0; +http://www.bing.com/bingbot.htm)" "www.nacaomestica.org"
51.222.253.5 - - [07/Nov/2022:23:32:11 -0800] "GET /blog4/?attachment_id=24933 HTTP/1.1" 301 - "-" "Mozilla/5.0 (compatible; AhrefsBot/7.0; +http://ahrefs.com/robot/)" "nacaomestica.org"
10.213.116.69 - - [07/Nov/2022:23:32:12 -0800] "POST /blog4/wp-cron.php?doing_wp_cron=1667892732.8121280670166015625000 HTTP/1.1" 200 - "https://nacaomestica.org/blog4/wp-cron.php?doing_wp_cron=1667892732.8121280670166015625000" "WordPress/5.6.10; https://nacaomestica.org/blog4" "nacaomestica.org"
66.249.73.110 - - [07/Nov/2022:23:34:13 -0800] "GET /blog4/wp-content/uploads/2011/08/rainha-silvia-da-suecia-se-reuniu-com-a-presidente-dilma-no-palacio-do-planalto-1305803647815_615x300-300x146.jpg HTTP/1.1" 200 15029 "-" "Googlebot-Image/1.0" "nacaomestica.org"
51.222.253.20 - - [07/Nov/2022:23:34:49 -0800] "GET /blog4/?feed=rss2&p=6448 HTTP/1.1" 200 830 "-" "Mozilla/5.0 (compatible; AhrefsBot/7.0; +http://ahrefs.com/robot/)" "nacaomestica.org"
10.213.116.69 - - [07/Nov/2022:23:34:51 -0800] "POST /blog4/wp-cron.php?doing_wp_cron=1667892891.6388270854949951171875 HTTP/1.1" 200 - "https://nacaomestica.org/blog4/wp-cron.php?doing_wp_cron=1667892891.6388270854949951171875" "WordPress/5.6.10; https://nacaomestica.org/blog4" "nacaomestica.org"
51.222.253.7 - - [07/Nov/2022:23:35:20 -0800] "GET /blog4/?attachment_id=17906&feed=rss2 HTTP/1.1" 301 - "-" "Mozilla/5.0 (compatible; AhrefsBot/7.0; +http://ahrefs.com/robot/)" "nacaomestica.org"
66.249.73.110 - - [07/Nov/2022:23:37:20 -0800] "GET /blog4/wp-content/uploads/2013/10/4926241087_7574425f4e_z-150x150.jpg HTTP/1.1" 200 7017 "-" "Googlebot-Image/1.0" "nacaomestica.org"
51.222.253.8 - - [07/Nov/2022:23:37:17 -0800] "GET /blog4/?p=14555 HTTP/1.1" 200 70556 "-" "Mozilla/5.0 (compatible; AhrefsBot/7.0; +http://ahrefs.com/robot/)" "nacaomestica.org"
10.213.116.69 - - [07/Nov/2022:23:37:19 -0800] "POST /blog4/wp-cron.php?doing_wp_cron=1667893039.7145140171051025390625 HTTP/1.1" 200 - "https://nacaomestica.org/blog4/wp-cron.php?doing_wp_cron=1667893039.7145140171051025390625" "WordPress/5.6.10; https://nacaomestica.org/blog4" "nacaomestica.org"
20.124.250.146 - - [07/Nov/2022:23:38:45 -0800] "GET /blog4/?cat=136 HTTP/1.1" 200 68001 "-" "Mozilla/5.0 (Linux; Android 7.0; SM-G930V Build/NRD90M) AppleWebKit/537.36 (KHTML, like Gecko) Chrome/59.0.3071.125 Mobile Safari/537.36" "nacaomestica.org"
20.124.250.146 - - [07/Nov/2022:23:39:13 -0800] "GET /blog4/?tag=globalismo HTTP/1.1" 200 80081 "-" "Mozilla/5.0 (Linux; Android 7.0; SM-G930V Build/NRD90M) AppleWebKit/537.36 (KHTML, like Gecko) Chrome/59.0.3071.125 Mobile Safari/537.36" "nacaomestica.org"
20.124.250.146 - - [07/Nov/2022:23:39:12 -0800] "GET /blog4/?tag=separatismo HTTP/1.1" 200 82429 "-" "Mozilla/5.0 (Linux; Android 7.0; SM-G930V Build/NRD90M) AppleWebKit/537.36 (KHTML, like Gecko) Chrome/59.0.3071.125 Mobile Safari/537.36" "nacaomestica.org"
142.44.167.43 - - [07/Nov/2022:23:39:45 -0800] "GET / HTTP/1.1" 200 88633 "-" "Mozilla/5.0 (compatible; YaK/1.0; http://linkfluence.com/; bot@linkfluence.com)" "nacaomestica.org"
10.213.116.70 - - [07/Nov/2022:23:39:47 -0800] "POST /blog4/wp-cron.php?doing_wp_cron=1667893187.3915920257568359375000 HTTP/1.1" 200 - "https://nacaomestica.org/blog4/wp-cron.php?doing_wp_cron=1667893187.3915920257568359375000" "WordPress/5.6.10; https://nacaomestica.org/blog4" "nacaomestica.org"
142.44.167.43 - - [07/Nov/2022:23:39:51 -0800] "GET /blog4 HTTP/1.1" 301 1412 "-" "Mozilla/5.0 (compatible; YaK/1.0; http://linkfluence.com/; bot@linkfluence.com)" "nacaomestica.org"
142.44.167.43 - - [07/Nov/2022:23:39:52 -0800] "GET /blog4/?p=31625 HTTP/1.1" 200 75016 "-" "Mozilla/5.0 (compatible; YaK/1.0; http://linkfluence.com/; bot@linkfluence.com)" "nacaomestica.org"
142.44.167.43 - - [07/Nov/2022:23:39:53 -0800] "GET /blog4/?p=31621 HTTP/1.1" 200 74840 "-" "Mozilla/5.0 (compatible; YaK/1.0; http://linkfluence.com/; bot@linkfluence.com)" "nacaomestica.org"
142.44.167.43 - - [07/Nov/2022:23:39:55 -0800] "GET /blog4/?p=31617 HTTP/1.1" 200 74693 "-" "Mozilla/5.0 (compatible; YaK/1.0; http://linkfluence.com/; bot@linkfluence.com)" "nacaomestica.org"
142.44.167.43 - - [07/Nov/2022:23:39:54 -0800] "GET /blog4/?p=31623 HTTP/1.1" 200 75172 "-" "Mozilla/5.0 (compatible; YaK/1.0; http://linkfluence.com/; bot@linkfluence.com)" "nacaomestica.org"
142.44.167.43 - - [07/Nov/2022:23:39:53 -0800] "GET /blog4/?p=31595 HTTP/1.1" 200 77039 "-" "Mozilla/5.0 (compatible; YaK/1.0; http://linkfluence.com/; bot@linkfluence.com)" "nacaomestica.org"
142.44.167.43 - - [07/Nov/2022:23:39:56 -0800] "GET /blog4/?feed=rss2 HTTP/1.1" 200 11803 "-" "Mozilla/5.0 (compatible; YaK/1.0; http://linkfluence.com/; bot@linkfluence.com)" "nacaomestica.org"
51.222.253.16 - - [07/Nov/2022:23:40:10 -0800] "GET /blog4/?feed=rss2&p=23290 HTTP/1.1" 200 767 "-" "Mozilla/5.0 (compatible; AhrefsBot/7.0; +http://ahrefs.com/robot/)" "nacaomestica.org"
20.124.250.146 - - [07/Nov/2022:23:40:20 -0800] "GET /blog4/?cat=106 HTTP/1.1" 200 80793 "-" "Mozilla/5.0 (Linux; Android 7.0; SM-G930V Build/NRD90M) AppleWebKit/537.36 (KHTML, like Gecko) Chrome/59.0.3071.125 Mobile Safari/537.36" "nacaomestica.org"
20.124.250.146 - - [07/Nov/2022:23:40:43 -0800] "GET /blog4/?tag=dia-do-mestico HTTP/1.1" 200 82430 "-" "Mozilla/5.0 (Linux; Android 7.0; SM-G930V Build/NRD90M) AppleWebKit/537.36 (KHTML, like Gecko) Chrome/59.0.3071.125 Mobile Safari/537.36" "nacaomestica.org"
20.124.250.146 - - [07/Nov/2022:23:40:49 -0800] "GET /blog4/?cat=60 HTTP/1.1" 200 92760 "-" "Mozilla/5.0 (Linux; Android 7.0; SM-G930V Build/NRD90M) AppleWebKit/537.36 (KHTML, like Gecko) Chrome/59.0.3071.125 Mobile Safari/537.36" "nacaomestica.org"
40.77.190.101 - - [07/Nov/2022:23:40:52 -0800] "GET /blog4/wp-includes/js/wp-embed.min.js?ver=5.6.10 HTTP/1.1" 200 765 "https://nacaomestica.org/blog4/?tag=mensagem-mestica" "Mozilla/5.0 (Windows NT 6.1; WOW64) AppleWebKit/534+ (KHTML, like Gecko) BingPreview/1.0b" "nacaomestica.org"
20.124.250.146 - - [07/Nov/2022:23:41:13 -0800] "GET /blog4/?tag=censura HTTP/1.1" 200 78736 "-" "Mozilla/5.0 (Linux; Android 7.0; SM-G930V Build/NRD90M) AppleWebKit/537.36 (KHTML, like Gecko) Chrome/59.0.3071.125 Mobile Safari/537.36" "nacaomestica.org"
20.124.250.146 - - [07/Nov/2022:23:41:16 -0800] "GET /blog4/?tag=acoes-afirmativas HTTP/1.1" 200 82792 "-" "Mozilla/5.0 (Linux; Android 7.0; SM-G930V Build/NRD90M) AppleWebKit/537.36 (KHTML, like Gecko) Chrome/59.0.3071.125 Mobile Safari/537.36" "nacaomestica.org"
20.124.250.146 - - [07/Nov/2022:23:41:42 -0800] "GET /blog4/?cat=267 HTTP/1.1" 200 69730 "-" "Mozilla/5.0 (Linux; Android 7.0; SM-G930V Build/NRD90M) AppleWebKit/537.36 (KHTML, like Gecko) Chrome/59.0.3071.125 Mobile Safari/537.36" "nacaomestica.org"
10.213.116.70 - - [07/Nov/2022:23:41:53 -0800] "POST /blog4/wp-cron.php?doing_wp_cron=1667893313.4008901119232177734375 HTTP/1.1" 200 - "https://nacaomestica.org/blog4/wp-cron.php?doing_wp_cron=1667893313.4008901119232177734375" "WordPress/5.6.10; https://nacaomestica.org/blog4" "nacaomestica.org"
20.124.250.146 - - [07/Nov/2022:23:41:52 -0800] "GET /blog4/?tag=racism HTTP/1.1" 200 87035 "-" "Mozilla/5.0 (Linux; Android 7.0; SM-G930V Build/NRD90M) AppleWebKit/537.36 (KHTML, like Gecko) Chrome/59.0.3071.125 Mobile Safari/537.36" "nacaomestica.org"
72.14.201.201 - - [07/Nov/2022:23:41:59 -0800] "GET /blog4/?p=16366 HTTP/1.1" 200 71999 "-" "Mozilla/5.0 (Linux; Android 10; K) AppleWebKit/537.36 (KHTML, like Gecko) Chrome/107.0.0.0 Mobile Safari/537.36" "nacaomestica.org"
20.124.250.146 - - [07/Nov/2022:23:41:59 -0800] "GET /blog4/?cat=223 HTTP/1.1" 200 95463 "-" "Mozilla/5.0 (Linux; Android 7.0; SM-G930V Build/NRD90M) AppleWebKit/537.36 (KHTML, like Gecko) Chrome/59.0.3071.125 Mobile Safari/537.36" "nacaomestica.org"
20.124.250.146 - - [07/Nov/2022:23:42:04 -0800] "GET /blog4/?p=20922 HTTP/1.1" 200 87750 "-" "Mozilla/5.0 (Linux; Android 7.0; SM-G930V Build/NRD90M) AppleWebKit/537.36 (KHTML, like Gecko) Chrome/59.0.3071.125 Mobile Safari/537.36" "nacaomestica.org"
20.124.250.146 - - [07/Nov/2022:23:42:11 -0800] "GET /blog4/?tag=branco HTTP/1.1" 200 96399 "-" "Mozilla/5.0 (Linux; Android 7.0; SM-G930V Build/NRD90M) AppleWebKit/537.36 (KHTML, like Gecko) Chrome/59.0.3071.125 Mobile Safari/537.36" "nacaomestica.org"
193.186.4.202 - - [07/Nov/2022:23:42:12 -0800] "GET /blog4/?p=24402 HTTP/1.1" 200 27576 "-" "Mozilla/5.0 (Linux; Android 10; K) AppleWebKit/537.36 (KHTML, like Gecko) Chrome/107.0.0.0 Mobile Safari/537.36" "nacaomestica.org"
51.222.253.4 - - [07/Nov/2022:23:42:54 -0800] "GET /blog4/?feed=rss2&p=20246 HTTP/1.1" 200 857 "-" "Mozilla/5.0 (compatible; AhrefsBot/7.0; +http://ahrefs.com/robot/)" "nacaomestica.org"
20.124.250.146 - - [07/Nov/2022:23:42:58 -0800] "GET /blog4/?tag=indio HTTP/1.1" 200 100446 "-" "Mozilla/5.0 (Linux; Android 7.0; SM-G930V Build/NRD90M) AppleWebKit/537.36 (KHTML, like Gecko) Chrome/59.0.3071.125 Mobile Safari/537.36" "nacaomestica.org"
20.124.250.146 - - [07/Nov/2022:23:43:02 -0800] "GET /blog4/?tag=english-texts HTTP/1.1" 200 93598 "-" "Mozilla/5.0 (Linux; Android 7.0; SM-G930V Build/NRD90M) AppleWebKit/537.36 (KHTML, like Gecko) Chrome/59.0.3071.125 Mobile Safari/537.36" "nacaomestica.org"
20.124.250.146 - - [07/Nov/2022:23:43:03 -0800] "GET /blog4/?cat=203 HTTP/1.1" 200 96250 "-" "Mozilla/5.0 (Linux; Android 7.0; SM-G930V Build/NRD90M) AppleWebKit/537.36 (KHTML, like Gecko) Chrome/59.0.3071.125 Mobile Safari/537.36" "nacaomestica.org"
20.124.250.146 - - [07/Nov/2022:23:43:17 -0800] "GET /blog4/?cat=134 HTTP/1.1" 200 71153 "-" "Mozilla/5.0 (Linux; Android 7.0; SM-G930V Build/NRD90M) AppleWebKit/537.36 (KHTML, like Gecko) Chrome/59.0.3071.125 Mobile Safari/537.36" "nacaomestica.org"
20.124.250.146 - - [07/Nov/2022:23:43:19 -0800] "GET /blog4/?cat=28 HTTP/1.1" 200 97231 "-" "Mozilla/5.0 (Linux; Android 7.0; SM-G930V Build/NRD90M) AppleWebKit/537.36 (KHTML, like Gecko) Chrome/59.0.3071.125 Mobile Safari/537.36" "nacaomestica.org"
20.124.250.146 - - [07/Nov/2022:23:43:23 -0800] "GET /blog4/?cat=241 HTTP/1.1" 200 68669 "-" "Mozilla/5.0 (Linux; Android 7.0; SM-G930V Build/NRD90M) AppleWebKit/537.36 (KHTML, like Gecko) Chrome/59.0.3071.125 Mobile Safari/537.36" "nacaomestica.org"
20.124.250.146 - - [07/Nov/2022:23:43:29 -0800] "GET /blog4/?tag=gilberto-freyre HTTP/1.1" 200 80820 "-" "Mozilla/5.0 (Linux; Android 7.0; SM-G930V Build/NRD90M) AppleWebKit/537.36 (KHTML, like Gecko) Chrome/59.0.3071.125 Mobile Safari/537.36" "nacaomestica.org"
20.109.241.82 - - [07/Nov/2022:23:43:32 -0800] "GET /blog4/wp-content/uploads/2013/08/forcanacionaldeseguranca_091007_minjustica1.jpg HTTP/1.1" 200 42579 "http://nacaomestica.org/blog4/wp-content/uploads/2013/08" "Mozilla/5.0 (iPhone; CPU iPhone OS 13_5_1 like Mac OS X) AppleWebKit/605.1.15 (KHTML, like Gecko) Version/13.1.1 Mobile/15E148 Safari/604.1" "nacaomestica.org"
20.124.250.146 - - [07/Nov/2022:23:43:35 -0800] "GET /blog4/?cat=259 HTTP/1.1" 200 68416 "-" "Mozilla/5.0 (Linux; Android 7.0; SM-G930V Build/NRD90M) AppleWebKit/537.36 (KHTML, like Gecko) Chrome/59.0.3071.125 Mobile Safari/537.36" "nacaomestica.org"
207.46.13.155 - - [07/Nov/2022:23:43:51 -0800] "GET /blog4/wp-content/uploads/2012/10/careiro_da_varzea_121019.jpg HTTP/1.1" 200 174169 "-" "Mozilla/5.0 (compatible; bingbot/2.0; +http://www.bing.com/bingbot.htm)" "nacaomestica.org"
10.213.116.70 - - [07/Nov/2022:23:44:10 -0800] "POST /blog4/wp-cron.php?doing_wp_cron=1667893450.7991039752960205078125 HTTP/1.1" 200 - "https://nacaomestica.org/blog4/wp-cron.php?doing_wp_cron=1667893450.7991039752960205078125" "WordPress/5.6.10; https://nacaomestica.org/blog4" "nacaomestica.org"
20.124.250.146 - - [07/Nov/2022:23:44:08 -0800] "GET /blog4/?tag=antologia HTTP/1.1" 200 76318 "-" "Mozilla/5.0 (Linux; Android 7.0; SM-G930V Build/NRD90M) AppleWebKit/537.36 (KHTML, like Gecko) Chrome/59.0.3071.125 Mobile Safari/537.36" "nacaomestica.org"
20.124.250.146 - - [07/Nov/2022:23:44:13 -0800] "GET /blog4/?tag=racismo HTTP/1.1" 200 100201 "-" "Mozilla/5.0 (Linux; Android 7.0; SM-G930V Build/NRD90M) AppleWebKit/537.36 (KHTML, like Gecko) Chrome/59.0.3071.125 Mobile Safari/537.36" "nacaomestica.org"
20.124.250.146 - - [07/Nov/2022:23:44:41 -0800] "GET /blog4/?tag=dignidade-humana HTTP/1.1" 200 75102 "-" "Mozilla/5.0 (Linux; Android 7.0; SM-G930V Build/NRD90M) AppleWebKit/537.36 (KHTML, like Gecko) Chrome/59.0.3071.125 Mobile Safari/537.36" "nacaomestica.org"
20.124.250.146 - - [07/Nov/2022:23:45:14 -0800] "GET /blog4/?cat=236 HTTP/1.1" 200 72785 "-" "Mozilla/5.0 (Linux; Android 7.0; SM-G930V Build/NRD90M) AppleWebKit/537.36 (KHTML, like Gecko) Chrome/59.0.3071.125 Mobile Safari/537.36" "nacaomestica.org"
20.124.250.146 - - [07/Nov/2022:23:45:18 -0800] "GET /blog4/?p=30944 HTTP/1.1" 200 78038 "-" "Mozilla/5.0 (Linux; Android 7.0; SM-G930V Build/NRD90M) AppleWebKit/537.36 (KHTML, like Gecko) Chrome/59.0.3071.125 Mobile Safari/537.36" "nacaomestica.org"
20.124.250.146 - - [07/Nov/2022:23:45:23 -0800] "GET /blog4/?cat=49 HTTP/1.1" 200 88954 "-" "Mozilla/5.0 (Linux; Android 7.0; SM-G930V Build/NRD90M) AppleWebKit/537.36 (KHTML, like Gecko) Chrome/59.0.3071.125 Mobile Safari/537.36" "nacaomestica.org"
20.124.250.146 - - [07/Nov/2022:23:45:30 -0800] "GET /blog4/?author=1 HTTP/1.1" 200 93124 "-" "Mozilla/5.0 (Linux; Android 7.0; SM-G930V Build/NRD90M) AppleWebKit/537.36 (KHTML, like Gecko) Chrome/59.0.3071.125 Mobile Safari/537.36" "nacaomestica.org"
51.222.253.10 - - [07/Nov/2022:23:45:40 -0800] "GET /blog4/?feed=rss2&p=5091 HTTP/1.1" 200 816 "-" "Mozilla/5.0 (compatible; AhrefsBot/7.0; +http://ahrefs.com/robot/)" "nacaomestica.org"
40.122.227.201 - - [07/Nov/2022:23:46:02 -0800] "GET /blog4/wp-content/uploads/2012/08/evo1.jpg HTTP/1.1" 200 12143 "http://nacaomestica.org/blog4/wp-content/uploads/2012/08" "Mozilla/5.0 (iPhone; CPU iPhone OS 13_5_1 like Mac OS X) AppleWebKit/605.1.15 (KHTML, like Gecko) Version/13.1.1 Mobile/15E148 Safari/604.1" "nacaomestica.org"
44.228.64.221 - - [07/Nov/2022:23:46:02 -0800] "GET /blog4/?p=15813 HTTP/1.1" 200 36768 "-" "Python/3.8 aiohttp/3.8.3" "nacaomestica.org"
20.124.250.146 - - [07/Nov/2022:23:46:08 -0800] "GET /blog4/?tag=comunismo HTTP/1.1" 200 75087 "-" "Mozilla/5.0 (Linux; Android 7.0; SM-G930V Build/NRD90M) AppleWebKit/537.36 (KHTML, like Gecko) Chrome/59.0.3071.125 Mobile Safari/537.36" "nacaomestica.org"
10.213.116.68 - - [07/Nov/2022:23:46:37 -0800] "POST /blog4/wp-cron.php?doing_wp_cron=1667893597.0374040603637695312500 HTTP/1.1" 200 - "https://nacaomestica.org/blog4/wp-cron.php?doing_wp_cron=1667893597.0374040603637695312500" "WordPress/5.6.10; https://nacaomestica.org/blog4" "nacaomestica.org"
212.102.39.200 - - [07/Nov/2022:23:46:35 -0800] "GET /blog4/?p=31580 HTTP/1.1" 200 74448 "-" "Mozilla/5.0 (Windows NT 10.0; Win64; x64) AppleWebKit/537.36 (KHTML, like Gecko) Chrome/103.0.0.0 Safari/537.36 OPR/89.0.4447.51" "nacaomestica.org"
20.124.250.146 - - [07/Nov/2022:23:46:47 -0800] "GET /blog4/?tag=poder-branco HTTP/1.1" 200 94727 "-" "Mozilla/5.0 (Linux; Android 7.0; SM-G930V Build/NRD90M) AppleWebKit/537.36 (KHTML, like Gecko) Chrome/59.0.3071.125 Mobile Safari/537.36" "nacaomestica.org"
20.124.250.146 - - [07/Nov/2022:23:46:48 -0800] "GET /blog4/?cat=231 HTTP/1.1" 200 72907 "-" "Mozilla/5.0 (Linux; Android 7.0; SM-G930V Build/NRD90M) AppleWebKit/537.36 (KHTML, like Gecko) Chrome/59.0.3071.125 Mobile Safari/537.36" "nacaomestica.org"
20.124.250.146 - - [07/Nov/2022:23:46:49 -0800] "GET /blog4/?cat=20 HTTP/1.1" 200 97093 "-" "Mozilla/5.0 (Linux; Android 7.0; SM-G930V Build/NRD90M) AppleWebKit/537.36 (KHTML, like Gecko) Chrome/59.0.3071.125 Mobile Safari/537.36" "nacaomestica.org"
20.124.250.146 - - [07/Nov/2022:23:47:18 -0800] "GET /blog4/?tag=identidade-nacional HTTP/1.1" 200 90646 "-" "Mozilla/5.0 (Linux; Android 7.0; SM-G930V Build/NRD90M) AppleWebKit/537.36 (KHTML, like Gecko) Chrome/59.0.3071.125 Mobile Safari/537.36" "nacaomestica.org"
20.124.250.146 - - [07/Nov/2022:23:47:20 -0800] "GET /blog4/?cat=221 HTTP/1.1" 200 84602 "-" "Mozilla/5.0 (Linux; Android 7.0; SM-G930V Build/NRD90M) AppleWebKit/537.36 (KHTML, like Gecko) Chrome/59.0.3071.125 Mobile Safari/537.36" "nacaomestica.org"
51.222.253.9 - - [07/Nov/2022:23:48:22 -0800] "GET /blog4/?p=18477 HTTP/1.1" 200 85418 "-" "Mozilla/5.0 (compatible; AhrefsBot/7.0; +http://ahrefs.com/robot/)" "nacaomestica.org"
103.131.71.40 - - [07/Nov/2022:23:48:35 -0800] "GET /robots.txt HTTP/1.1" 200 59 "-" "Mozilla/5.0 (compatible; coccocbot-image/1.0; +http://help.coccoc.com/searchengine)" "nacaomestica.org"
103.131.71.43 - - [07/Nov/2022:23:48:43 -0800] "GET /blog4/wp-content/uploads/2013/09/casalmisto.jpg HTTP/1.1" 304 - "-" "Mozilla/5.0 (compatible; coccocbot-image/1.0; +http://help.coccoc.com/searchengine)" "nacaomestica.org"
20.124.250.146 - - [07/Nov/2022:23:48:58 -0800] "GET /blog4/?p=20631 HTTP/1.1" 200 94118 "-" "Mozilla/5.0 (Linux; Android 7.0; SM-G930V Build/NRD90M) AppleWebKit/537.36 (KHTML, like Gecko) Chrome/59.0.3071.125 Mobile Safari/537.36" "nacaomestica.org"
10.213.116.70 - - [07/Nov/2022:23:49:00 -0800] "POST /blog4/wp-cron.php?doing_wp_cron=1667893740.1169130802154541015625 HTTP/1.1" 200 - "https://nacaomestica.org/blog4/wp-cron.php?doing_wp_cron=1667893740.1169130802154541015625" "WordPress/5.6.10; https://nacaomestica.org/blog4" "nacaomestica.org"
20.124.250.146 - - [07/Nov/2022:23:49:03 -0800] "GET /blog4/?tag=mestico HTTP/1.1" 200 99839 "-" "Mozilla/5.0 (Linux; Android 7.0; SM-G930V Build/NRD90M) AppleWebKit/537.36 (KHTML, like Gecko) Chrome/59.0.3071.125 Mobile Safari/537.36" "nacaomestica.org"
20.124.250.146 - - [07/Nov/2022:23:49:03 -0800] "GET /blog4/?cat=244 HTTP/1.1" 200 76719 "-" "Mozilla/5.0 (Linux; Android 7.0; SM-G930V Build/NRD90M) AppleWebKit/537.36 (KHTML, like Gecko) Chrome/59.0.3071.125 Mobile Safari/537.36" "nacaomestica.org"
20.124.250.146 - - [07/Nov/2022:23:49:40 -0800] "GET /blog4/?tag=internacionalizacao HTTP/1.1" 200 75192 "-" "Mozilla/5.0 (Linux; Android 7.0; SM-G930V Build/NRD90M) AppleWebKit/537.36 (KHTML, like Gecko) Chrome/59.0.3071.125 Mobile Safari/537.36" "nacaomestica.org"
172.225.100.148 - - [07/Nov/2022:23:50:29 -0800] "GET /blog4/?p=20196 HTTP/1.1" 200 80342 "https://www.google.com/" "Mozilla/5.0 (iPhone; CPU iPhone OS 15_6_1 like Mac OS X) AppleWebKit/605.1.15 (KHTML, like Gecko) Version/15.6.1 Mobile/15E148 Safari/604.1" "nacaomestica.org"
172.225.100.148 - - [07/Nov/2022:23:50:32 -0800] "GET /blog4/wp-content/themes/carrington-blog/css/css.php HTTP/1.1" 200 4963 "https://nacaomestica.org/" "Mozilla/5.0 (iPhone; CPU iPhone OS 15_6_1 like Mac OS X) AppleWebKit/605.1.15 (KHTML, like Gecko) Version/15.6.1 Mobile/15E148 Safari/604.1" "nacaomestica.org"
172.225.100.148 - - [07/Nov/2022:23:50:32 -0800] "GET /blog4/wp-includes/js/jquery/jquery.min.js?ver=3.5.1 HTTP/1.1" 200 30916 "https://nacaomestica.org/" "Mozilla/5.0 (iPhone; CPU iPhone OS 15_6_1 like Mac OS X) AppleWebKit/605.1.15 (KHTML, like Gecko) Version/15.6.1 Mobile/15E148 Safari/604.1" "nacaomestica.org"
172.225.100.148 - - [07/Nov/2022:23:50:32 -0800] "GET /blog4/wp-content/themes/carrington-blog/js/carrington.js?ver=1.0 HTTP/1.1" 200 1229 "https://nacaomestica.org/" "Mozilla/5.0 (iPhone; CPU iPhone OS 15_6_1 like Mac OS X) AppleWebKit/605.1.15 (KHTML, like Gecko) Version/15.6.1 Mobile/15E148 Safari/604.1" "nacaomestica.org"
172.225.100.148 - - [07/Nov/2022:23:50:32 -0800] "GET /blog4/wp-content/themes/carrington-blog/carrington-core/lightbox/thickbox.js?ver=1.0 HTTP/1.1" 200 3903 "https://nacaomestica.org/" "Mozilla/5.0 (iPhone; CPU iPhone OS 15_6_1 like Mac OS X) AppleWebKit/605.1.15 (KHTML, like Gecko) Version/15.6.1 Mobile/15E148 Safari/604.1" "nacaomestica.org"
172.225.100.148 - - [07/Nov/2022:23:50:32 -0800] "GET /blog4/wp-includes/js/jquery/jquery-migrate.min.js?ver=3.3.2 HTTP/1.1" 200 4169 "https://nacaomestica.org/" "Mozilla/5.0 (iPhone; CPU iPhone OS 15_6_1 like Mac OS X) AppleWebKit/605.1.15 (KHTML, like Gecko) Version/15.6.1 Mobile/15E148 Safari/604.1" "nacaomestica.org"
172.225.100.148 - - [07/Nov/2022:23:50:32 -0800] "GET /blog4/wp-content/themes/carrington-blog/carrington-core/lightbox/css/thickbox.css HTTP/1.1" 200 975 "https://nacaomestica.org/" "Mozilla/5.0 (iPhone; CPU iPhone OS 15_6_1 like Mac OS X) AppleWebKit/605.1.15 (KHTML, like Gecko) Version/15.6.1 Mobile/15E148 Safari/604.1" "nacaomestica.org"
172.225.100.148 - - [07/Nov/2022:23:50:32 -0800] "GET /blog4/wp-includes/js/mediaelement/wp-mediaelement.min.css?ver=5.6.10 HTTP/1.1" 200 1156 "https://nacaomestica.org/" "Mozilla/5.0 (iPhone; CPU iPhone OS 15_6_1 like Mac OS X) AppleWebKit/605.1.15 (KHTML, like Gecko) Version/15.6.1 Mobile/15E148 Safari/604.1" "nacaomestica.org"
172.225.100.148 - - [07/Nov/2022:23:50:32 -0800] "GET /blog4/wp-includes/js/mediaelement/mediaelementplayer-legacy.min.css?ver=4.2.16 HTTP/1.1" 200 2592 "https://nacaomestica.org/" "Mozilla/5.0 (iPhone; CPU iPhone OS 15_6_1 like Mac OS X) AppleWebKit/605.1.15 (KHTML, like Gecko) Version/15.6.1 Mobile/15E148 Safari/604.1" "nacaomestica.org"
172.225.100.148 - - [07/Nov/2022:23:50:33 -0800] "GET /blog4/wp-includes/js/wp-embed.min.js?ver=5.6.10 HTTP/1.1" 200 765 "https://nacaomestica.org/" "Mozilla/5.0 (iPhone; CPU iPhone OS 15_6_1 like Mac OS X) AppleWebKit/605.1.15 (KHTML, like Gecko) Version/15.6.1 Mobile/15E148 Safari/604.1" "nacaomestica.org"
172.225.100.148 - - [07/Nov/2022:23:50:33 -0800] "GET /blog4/wp-includes/js/wp-emoji-release.min.js?ver=5.6.10 HTTP/1.1" 200 4662 "https://nacaomestica.org/" "Mozilla/5.0 (iPhone; CPU iPhone OS 15_6_1 like Mac OS X) AppleWebKit/605.1.15 (KHTML, like Gecko) Version/15.6.1 Mobile/15E148 Safari/604.1" "nacaomestica.org"
172.225.100.148 - - [07/Nov/2022:23:50:33 -0800] "GET /blog4/wp-includes/js/mediaelement/renderers/vimeo.min.js?ver=4.2.16 HTTP/1.1" 200 2284 "https://nacaomestica.org/" "Mozilla/5.0 (iPhone; CPU iPhone OS 15_6_1 like Mac OS X) AppleWebKit/605.1.15 (KHTML, like Gecko) Version/15.6.1 Mobile/15E148 Safari/604.1" "nacaomestica.org"
172.225.100.148 - - [07/Nov/2022:23:50:33 -0800] "GET /blog4/wp-includes/js/mediaelement/wp-mediaelement.min.js?ver=5.6.10 HTTP/1.1" 200 475 "https://nacaomestica.org/" "Mozilla/5.0 (iPhone; CPU iPhone OS 15_6_1 like Mac OS X) AppleWebKit/605.1.15 (KHTML, like Gecko) Version/15.6.1 Mobile/15E148 Safari/604.1" "nacaomestica.org"
172.225.100.148 - - [07/Nov/2022:23:50:33 -0800] "GET /blog4/wp-includes/js/mediaelement/mediaelement-and-player.min.js?ver=4.2.16 HTTP/1.1" 200 38657 "https://nacaomestica.org/" "Mozilla/5.0 (iPhone; CPU iPhone OS 15_6_1 like Mac OS X) AppleWebKit/605.1.15 (KHTML, like Gecko) Version/15.6.1 Mobile/15E148 Safari/604.1" "nacaomestica.org"
172.225.100.148 - - [07/Nov/2022:23:50:33 -0800] "GET /blog4/wp-includes/js/mediaelement/mediaelement-migrate.min.js?ver=5.6.10 HTTP/1.1" 200 544 "https://nacaomestica.org/" "Mozilla/5.0 (iPhone; CPU iPhone OS 15_6_1 like Mac OS X) AppleWebKit/605.1.15 (KHTML, like Gecko) Version/15.6.1 Mobile/15E148 Safari/604.1" "nacaomestica.org"
172.225.100.148 - - [07/Nov/2022:23:50:33 -0800] "GET /blog4/wp-content/plugins/wp-spamshield/js/jscripts-ftr2-min.js HTTP/1.1" 200 637 "https://nacaomestica.org/" "Mozilla/5.0 (iPhone; CPU iPhone OS 15_6_1 like Mac OS X) AppleWebKit/605.1.15 (KHTML, like Gecko) Version/15.6.1 Mobile/15E148 Safari/604.1" "nacaomestica.org"
172.225.100.148 - - [07/Nov/2022:23:50:33 -0800] "GET /blog4/wp-content/themes/carrington-blog/img/rss-button.gif HTTP/1.1" 200 2208 "https://nacaomestica.org/" "Mozilla/5.0 (iPhone; CPU iPhone OS 15_6_1 like Mac OS X) AppleWebKit/605.1.15 (KHTML, like Gecko) Version/15.6.1 Mobile/15E148 Safari/604.1" "nacaomestica.org"
172.225.100.148 - - [07/Nov/2022:23:50:33 -0800] "GET /blog4/wp-content/themes/carrington-blog/img/arrow-bullet.gif HTTP/1.1" 200 50 "https://nacaomestica.org/" "Mozilla/5.0 (iPhone; CPU iPhone OS 15_6_1 like Mac OS X) AppleWebKit/605.1.15 (KHTML, like Gecko) Version/15.6.1 Mobile/15E148 Safari/604.1" "nacaomestica.org"
172.225.100.148 - - [07/Nov/2022:23:50:33 -0800] "GET /blog4/wp-content/themes/carrington-blog/img/watermark-light.gif HTTP/1.1" 200 31981 "https://nacaomestica.org/" "Mozilla/5.0 (iPhone; CPU iPhone OS 15_6_1 like Mac OS X) AppleWebKit/605.1.15 (KHTML, like Gecko) Version/15.6.1 Mobile/15E148 Safari/604.1" "nacaomestica.org"
172.225.100.148 - - [07/Nov/2022:23:50:33 -0800] "GET /blog4/wp-content/themes/carrington-blog/img/divider-ornament.gif HTTP/1.1" 200 778 "https://nacaomestica.org/" "Mozilla/5.0 (iPhone; CPU iPhone OS 15_6_1 like Mac OS X) AppleWebKit/605.1.15 (KHTML, like Gecko) Version/15.6.1 Mobile/15E148 Safari/604.1" "nacaomestica.org"
172.225.100.148 - - [07/Nov/2022:23:50:33 -0800] "GET /blog4/wp-content/themes/carrington-blog/img/sub-header-border-bottom.gif HTTP/1.1" 200 43 "https://nacaomestica.org/" "Mozilla/5.0 (iPhone; CPU iPhone OS 15_6_1 like Mac OS X) AppleWebKit/605.1.15 (KHTML, like Gecko) Version/15.6.1 Mobile/15E148 Safari/604.1" "nacaomestica.org"
172.225.100.148 - - [07/Nov/2022:23:50:33 -0800] "GET /blog4/wp-content/themes/carrington-blog/img/header/gradient-dark.png HTTP/1.1" 200 2877 "https://nacaomestica.org/" "Mozilla/5.0 (iPhone; CPU iPhone OS 15_6_1 like Mac OS X) AppleWebKit/605.1.15 (KHTML, like Gecko) Version/15.6.1 Mobile/15E148 Safari/604.1" "nacaomestica.org"
172.225.100.148 - - [07/Nov/2022:23:50:33 -0800] "GET /blog4/wp-content/uploads/2018/08/livro_mestico_CAPA-2peq.png HTTP/1.1" 200 35385 "https://nacaomestica.org/" "Mozilla/5.0 (iPhone; CPU iPhone OS 15_6_1 like Mac OS X) AppleWebKit/605.1.15 (KHTML, like Gecko) Version/15.6.1 Mobile/15E148 Safari/604.1" "nacaomestica.org"
172.225.100.148 - - [07/Nov/2022:23:50:33 -0800] "GET /blog4/wp-content/uploads/2015/04/ONCA_SITE2.png HTTP/1.1" 200 296324 "https://nacaomestica.org/" "Mozilla/5.0 (iPhone; CPU iPhone OS 15_6_1 like Mac OS X) AppleWebKit/605.1.15 (KHTML, like Gecko) Version/15.6.1 Mobile/15E148 Safari/604.1" "nacaomestica.org"
172.225.100.148 - - [07/Nov/2022:23:50:33 -0800] "GET /blog4/wp-content/themes/carrington-blog/img/sidebar-background.gif HTTP/1.1" 200 1515 "https://nacaomestica.org/" "Mozilla/5.0 (iPhone; CPU iPhone OS 15_6_1 like Mac OS X) AppleWebKit/605.1.15 (KHTML, like Gecko) Version/15.6.1 Mobile/15E148 Safari/604.1" "nacaomestica.org"
172.225.100.148 - - [07/Nov/2022:23:50:33 -0800] "GET /blog4/wp-includes/js/mediaelement/mejs-controls.svg HTTP/1.1" 200 1413 "https://nacaomestica.org/" "Mozilla/5.0 (iPhone; CPU iPhone OS 15_6_1 like Mac OS X) AppleWebKit/605.1.15 (KHTML, like Gecko) Version/15.6.1 Mobile/15E148 Safari/604.1" "nacaomestica.org"
172.225.100.148 - - [07/Nov/2022:23:50:33 -0800] "GET /blog4/wp-content/uploads/2016/12/males.png HTTP/1.1" 200 340111 "https://nacaomestica.org/" "Mozilla/5.0 (iPhone; CPU iPhone OS 15_6_1 like Mac OS X) AppleWebKit/605.1.15 (KHTML, like Gecko) Version/15.6.1 Mobile/15E148 Safari/604.1" "nacaomestica.org"
172.225.100.148 - - [07/Nov/2022:23:50:34 -0800] "GET /blog4/wp-content/themes/carrington-blog/img/dropdown-divider.gif HTTP/1.1" 200 144 "https://nacaomestica.org/" "Mozilla/5.0 (iPhone; CPU iPhone OS 15_6_1 like Mac OS X) AppleWebKit/605.1.15 (KHTML, like Gecko) Version/15.6.1 Mobile/15E148 Safari/604.1" "nacaomestica.org"
51.222.253.4 - - [07/Nov/2022:23:50:32 -0800] "GET /blog4/?feed=rss2&p=9273 HTTP/1.1" 200 830 "-" "Mozilla/5.0 (compatible; AhrefsBot/7.0; +http://ahrefs.com/robot/)" "nacaomestica.org"
172.225.100.148 - - [07/Nov/2022:23:50:35 -0800] "GET /blog4/wp-content/themes/carrington-blog/img/comment.gif HTTP/1.1" 200 370 "https://nacaomestica.org/" "Mozilla/5.0 (iPhone; CPU iPhone OS 15_6_1 like Mac OS X) AppleWebKit/605.1.15 (KHTML, like Gecko) Version/15.6.1 Mobile/15E148 Safari/604.1" "nacaomestica.org"
172.225.100.148 - - [07/Nov/2022:23:50:35 -0800] "GET /blog4/wp-content/themes/carrington-blog/img/footer/gradient-light.png HTTP/1.1" 200 172 "https://nacaomestica.org/" "Mozilla/5.0 (iPhone; CPU iPhone OS 15_6_1 like Mac OS X) AppleWebKit/605.1.15 (KHTML, like Gecko) Version/15.6.1 Mobile/15E148 Safari/604.1" "nacaomestica.org"
172.225.100.148 - - [07/Nov/2022:23:50:35 -0800] "GET /blog4/wp-content/themes/carrington-blog/carrington-core/lightbox/img/loadingAnimation.gif HTTP/1.1" 200 5886 "https://nacaomestica.org/" "Mozilla/5.0 (iPhone; CPU iPhone OS 15_6_1 like Mac OS X) AppleWebKit/605.1.15 (KHTML, like Gecko) Version/15.6.1 Mobile/15E148 Safari/604.1" "nacaomestica.org"
172.225.100.148 - - [07/Nov/2022:23:50:35 -0800] "GET /blog4/wp-content/themes/carrington-blog/img/grey-to-white-gradient.png HTTP/1.1" 200 153 "https://nacaomestica.org/" "Mozilla/5.0 (iPhone; CPU iPhone OS 15_6_1 like Mac OS X) AppleWebKit/605.1.15 (KHTML, like Gecko) Version/15.6.1 Mobile/15E148 Safari/604.1" "nacaomestica.org"
172.225.100.148 - - [07/Nov/2022:23:50:35 -0800] "GET /blog4/wp-content/themes/carrington-blog/img/comments-divider.gif HTTP/1.1" 200 6855 "https://nacaomestica.org/" "Mozilla/5.0 (iPhone; CPU iPhone OS 15_6_1 like Mac OS X) AppleWebKit/605.1.15 (KHTML, like Gecko) Version/15.6.1 Mobile/15E148 Safari/604.1" "nacaomestica.org"
172.225.100.148 - - [07/Nov/2022:23:50:35 -0800] "GET /blog4/wp-content/themes/carrington-blog/img/footer/divider-ornament-wide-light.png HTTP/1.1" 200 1601 "https://nacaomestica.org/" "Mozilla/5.0 (iPhone; CPU iPhone OS 15_6_1 like Mac OS X) AppleWebKit/605.1.15 (KHTML, like Gecko) Version/15.6.1 Mobile/15E148 Safari/604.1" "nacaomestica.org"
172.225.100.148 - - [07/Nov/2022:23:50:35 -0800] "GET /blog4/wp-content/themes/carrington-blog/img/footer/by-crowd-favorite-light.png HTTP/1.1" 200 2825 "https://nacaomestica.org/" "Mozilla/5.0 (iPhone; CPU iPhone OS 15_6_1 like Mac OS X) AppleWebKit/605.1.15 (KHTML, like Gecko) Version/15.6.1 Mobile/15E148 Safari/604.1" "nacaomestica.org"
172.225.100.148 - - [07/Nov/2022:23:50:36 -0800] "GET /favicon.ico HTTP/1.1" 200 676 "https://nacaomestica.org/" "Mozilla/5.0 (iPhone; CPU iPhone OS 15_6_1 like Mac OS X) AppleWebKit/605.1.15 (KHTML, like Gecko) Version/15.6.1 Mobile/15E148 Safari/604.1" "nacaomestica.org"
172.225.100.148 - - [07/Nov/2022:23:51:17 -0800] "GET /blog4/wp-content/uploads/2016/12/males.png HTTP/1.1" 200 340111 "https://www.google.com/" "Mozilla/5.0 (iPhone; CPU iPhone OS 15_6_1 like Mac OS X) AppleWebKit/605.1.15 (KHTML, like Gecko) Version/15.6.1 Mobile/15E148 Safari/604.1" "nacaomestica.org"
172.225.100.148 - - [07/Nov/2022:23:51:19 -0800] "GET /blog4/wp-content/uploads/2016/12/males.png HTTP/1.1" 200 340111 "https://www.google.com/" "Mozilla/5.0 (iPhone; CPU iPhone OS 15_6_1 like Mac OS X) AppleWebKit/605.1.15 (KHTML, like Gecko) Version/15.6.1 Mobile/15E148 Safari/604.1" "nacaomestica.org"
10.213.116.68 - - [07/Nov/2022:23:51:18 -0800] "POST /blog4/wp-cron.php?doing_wp_cron=1667893878.2544341087341308593750 HTTP/1.1" 200 - "https://nacaomestica.org/blog4/wp-cron.php?doing_wp_cron=1667893878.2544341087341308593750" "WordPress/5.6.10; https://nacaomestica.org/blog4" "nacaomestica.org"
20.124.250.146 - - [07/Nov/2022:23:51:15 -0800] "GET /blog4/?paged=2 HTTP/1.1" 200 88966 "-" "Mozilla/5.0 (Linux; Android 7.0; SM-G930V Build/NRD90M) AppleWebKit/537.36 (KHTML, like Gecko) Chrome/59.0.3071.125 Mobile Safari/537.36" "nacaomestica.org"
51.222.253.19 - - [07/Nov/2022:23:52:58 -0800] "GET /blog4/?feed=rss2&p=76 HTTP/1.1" 200 806 "-" "Mozilla/5.0 (compatible; AhrefsBot/7.0; +http://ahrefs.com/robot/)" "nacaomestica.org"
135.181.180.59 - - [07/Nov/2022:23:53:26 -0800] "GET /robots.txt HTTP/1.1" 200 43 "-" "Mozilla/5.0 (compatible; MJ12bot/v1.4.8; http://mj12bot.com/)" "nacaomestica.org"
10.213.116.69 - - [07/Nov/2022:23:53:30 -0800] "POST /blog4/wp-cron.php?doing_wp_cron=1667894010.0508720874786376953125 HTTP/1.1" 200 - "https://nacaomestica.org/blog4/wp-cron.php?doing_wp_cron=1667894010.0508720874786376953125" "WordPress/5.6.10; https://nacaomestica.org/blog4" "nacaomestica.org"
135.181.180.59 - - [07/Nov/2022:23:53:28 -0800] "GET /blog4/?p=911 HTTP/1.1" 200 76956 "-" "Mozilla/5.0 (compatible; MJ12bot/v1.4.8; http://mj12bot.com/)" "nacaomestica.org"
135.181.180.59 - - [07/Nov/2022:23:53:35 -0800] "GET /blog4/?p=915 HTTP/1.1" 200 96269 "-" "Mozilla/5.0 (compatible; MJ12bot/v1.4.8; http://mj12bot.com/)" "nacaomestica.org"
17.121.115.43 - - [07/Nov/2022:23:54:00 -0800] "GET /blog4/?tag=english-texts HTTP/1.1" 200 93598 "-" "Mozilla/5.0 (Macintosh; Intel Mac OS X 10_15_5) AppleWebKit/605.1.15 (KHTML, like Gecko) Version/13.1.1 Safari/605.1.15 (Applebot/0.1; +http://www.apple.com/go/applebot)" "nacaomestica.org"
20.29.110.169 - - [07/Nov/2022:23:54:28 -0800] "GET /blog4/wp-content/uploads/2019/07/D9gigxvX4AAGxvK.jpg HTTP/1.1" 200 35374 "https://nacaomestica.org/blog4/wp-content/uploads/2019/07" "Mozilla/5.0 (Windows NT 10.0; Win64; x64) AppleWebKit/537.36 (KHTML, like Gecko) Chrome/74.0.3729.157 Safari/537.36" "nacaomestica.org"
185.119.81.101 - - [07/Nov/2022:23:55:37 -0800] "GET /blog4/wp-login.php HTTP/1.1" 200 9235 "-" "Mozilla/5.0 (Windows NT 6.1; Win64; x64) AppleWebKit/537.36 (KHTML, like Gecko) Chrome/63.0.3239.84 Safari/537.36" "nacaomestica.org"
10.213.116.68 - - [07/Nov/2022:23:55:40 -0800] "POST /blog4/wp-cron.php?doing_wp_cron=1667894139.9724829196929931640625 HTTP/1.1" 200 - "https://nacaomestica.org/blog4/wp-cron.php?doing_wp_cron=1667894139.9724829196929931640625" "WordPress/5.6.10; https://nacaomestica.org/blog4" "nacaomestica.org"
185.119.81.101 - - [07/Nov/2022:23:55:43 -0800] "POST /blog4/wp-login.php HTTP/1.1" 200 9550 "https://nacaomestica.org/blog4/wp-login.php" "Mozilla/5.0 (Windows NT 6.1; Win64; x64) AppleWebKit/537.36 (KHTML, like Gecko) Chrome/63.0.3239.84 Safari/537.36" "nacaomestica.org"
51.222.253.17 - - [07/Nov/2022:23:55:45 -0800] "GET /blog4/?feed=rss2&p=4513 HTTP/1.1" 200 1326 "-" "Mozilla/5.0 (compatible; AhrefsBot/7.0; +http://ahrefs.com/robot/)" "nacaomestica.org"
51.222.253.5 - - [07/Nov/2022:23:56:20 -0800] "GET /blog4/wp-trackback.php?p=25398 HTTP/1.1" 302 - "-" "Mozilla/5.0 (compatible; AhrefsBot/7.0; +http://ahrefs.com/robot/)" "nacaomestica.org"
52.188.211.122 - - [07/Nov/2022:23:57:10 -0800] "GET /blog4/?p=30917 HTTP/1.1" 200 75922 "-" "Mozilla/5.0 (Linux; Android 7.0; SM-G930V Build/NRD90M) AppleWebKit/537.36 (KHTML, like Gecko) Chrome/59.0.3071.125 Mobile Safari/537.36" "nacaomestica.org"
52.188.211.122 - - [07/Nov/2022:23:57:09 -0800] "GET /blog4/?cat=269 HTTP/1.1" 200 95119 "-" "Mozilla/5.0 (Linux; Android 7.0; SM-G930V Build/NRD90M) AppleWebKit/537.36 (KHTML, like Gecko) Chrome/59.0.3071.125 Mobile Safari/537.36" "nacaomestica.org"
52.188.211.122 - - [07/Nov/2022:23:57:20 -0800] "GET /blog4/?cat=102 HTTP/1.1" 200 92233 "-" "Mozilla/5.0 (Linux; Android 7.0; SM-G930V Build/NRD90M) AppleWebKit/537.36 (KHTML, like Gecko) Chrome/59.0.3071.125 Mobile Safari/537.36" "nacaomestica.org"
52.188.211.122 - - [07/Nov/2022:23:57:22 -0800] "GET /blog4/?tag=soberania HTTP/1.1" 200 78915 "-" "Mozilla/5.0 (Linux; Android 7.0; SM-G930V Build/NRD90M) AppleWebKit/537.36 (KHTML, like Gecko) Chrome/59.0.3071.125 Mobile Safari/537.36" "nacaomestica.org"
51.222.253.20 - - [07/Nov/2022:23:57:30 -0800] "GET /blog4/?attachment_id=18220&feed=rss2 HTTP/1.1" 301 - "-" "Mozilla/5.0 (compatible; AhrefsBot/7.0; +http://ahrefs.com/robot/)" "nacaomestica.org"
52.188.211.122 - - [07/Nov/2022:23:57:30 -0800] "GET /blog4/?p=8326 HTTP/1.1" 200 94230 "-" "Mozilla/5.0 (Linux; Android 7.0; SM-G930V Build/NRD90M) AppleWebKit/537.36 (KHTML, like Gecko) Chrome/59.0.3071.125 Mobile Safari/537.36" "nacaomestica.org"
10.213.116.70 - - [07/Nov/2022:23:57:43 -0800] "POST /blog4/wp-cron.php?doing_wp_cron=1667894263.6113460063934326171875 HTTP/1.1" 200 - "https://nacaomestica.org/blog4/wp-cron.php?doing_wp_cron=1667894263.6113460063934326171875" "WordPress/5.6.10; https://nacaomestica.org/blog4" "nacaomestica.org"
166.0.218.13 - - [07/Nov/2022:23:57:42 -0800] "GET / HTTP/1.1" 200 88633 "-" "Mozilla/5.0 (Windows; U; Windows NT 6.1; en-US; rv:1.9.1.5) Gecko/20091102 Firefox/3.5.5 (.NET CLR 3.5.30729)" "nacaomestica.org"
52.188.211.122 - - [07/Nov/2022:23:57:45 -0800] "GET /blog4/?tag=eventos HTTP/1.1" 200 86105 "-" "Mozilla/5.0 (Linux; Android 7.0; SM-G930V Build/NRD90M) AppleWebKit/537.36 (KHTML, like Gecko) Chrome/59.0.3071.125 Mobile Safari/537.36" "nacaomestica.org"
52.188.211.122 - - [07/Nov/2022:23:57:52 -0800] "GET /blog4/?cat=118 HTTP/1.1" 200 67276 "-" "Mozilla/5.0 (Linux; Android 7.0; SM-G930V Build/NRD90M) AppleWebKit/537.36 (KHTML, like Gecko) Chrome/59.0.3071.125 Mobile Safari/537.36" "nacaomestica.org"
52.188.211.122 - - [07/Nov/2022:23:57:54 -0800] "GET /blog4/?cat=252 HTTP/1.1" 200 80240 "-" "Mozilla/5.0 (Linux; Android 7.0; SM-G930V Build/NRD90M) AppleWebKit/537.36 (KHTML, like Gecko) Chrome/59.0.3071.125 Mobile Safari/537.36" "nacaomestica.org"
52.188.211.122 - - [07/Nov/2022:23:57:54 -0800] "GET /blog4/?cat=157 HTTP/1.1" 200 97141 "-" "Mozilla/5.0 (Linux; Android 7.0; SM-G930V Build/NRD90M) AppleWebKit/537.36 (KHTML, like Gecko) Chrome/59.0.3071.125 Mobile Safari/537.36" "nacaomestica.org"
52.188.211.122 - - [07/Nov/2022:23:57:57 -0800] "GET /blog4/?cat=143 HTTP/1.1" 200 86418 "-" "Mozilla/5.0 (Linux; Android 7.0; SM-G930V Build/NRD90M) AppleWebKit/537.36 (KHTML, like Gecko) Chrome/59.0.3071.125 Mobile Safari/537.36" "nacaomestica.org"
52.188.211.122 - - [07/Nov/2022:23:58:01 -0800] "GET /blog4/?cat=86 HTTP/1.1" 200 75512 "-" "Mozilla/5.0 (Linux; Android 7.0; SM-G930V Build/NRD90M) AppleWebKit/537.36 (KHTML, like Gecko) Chrome/59.0.3071.125 Mobile Safari/537.36" "nacaomestica.org"
52.188.211.122 - - [07/Nov/2022:23:58:01 -0800] "GET /blog4/?tag=indigenismo HTTP/1.1" 200 96717 "-" "Mozilla/5.0 (Linux; Android 7.0; SM-G930V Build/NRD90M) AppleWebKit/537.36 (KHTML, like Gecko) Chrome/59.0.3071.125 Mobile Safari/537.36" "nacaomestica.org"
52.188.211.122 - - [07/Nov/2022:23:58:10 -0800] "GET /blog4/?p=30960 HTTP/1.1" 200 75324 "-" "Mozilla/5.0 (Linux; Android 7.0; SM-G930V Build/NRD90M) AppleWebKit/537.36 (KHTML, like Gecko) Chrome/59.0.3071.125 Mobile Safari/537.36" "nacaomestica.org"
52.188.211.122 - - [07/Nov/2022:23:58:14 -0800] "GET /blog4/?cat=115 HTTP/1.1" 200 67263 "-" "Mozilla/5.0 (Linux; Android 7.0; SM-G930V Build/NRD90M) AppleWebKit/537.36 (KHTML, like Gecko) Chrome/59.0.3071.125 Mobile Safari/537.36" "nacaomestica.org"
52.188.211.122 - - [07/Nov/2022:23:58:14 -0800] "GET /blog4/?cat=129 HTTP/1.1" 200 67128 "-" "Mozilla/5.0 (Linux; Android 7.0; SM-G930V Build/NRD90M) AppleWebKit/537.36 (KHTML, like Gecko) Chrome/59.0.3071.125 Mobile Safari/537.36" "nacaomestica.org"
52.188.211.122 - - [07/Nov/2022:23:58:15 -0800] "GET /blog4/?p=23009 HTTP/1.1" 200 91979 "-" "Mozilla/5.0 (Linux; Android 7.0; SM-G930V Build/NRD90M) AppleWebKit/537.36 (KHTML, like Gecko) Chrome/59.0.3071.125 Mobile Safari/537.36" "nacaomestica.org"
51.222.253.12 - - [07/Nov/2022:23:58:22 -0800] "GET /blog4/?feed=rss2&p=10113 HTTP/1.1" 200 795 "-" "Mozilla/5.0 (compatible; AhrefsBot/7.0; +http://ahrefs.com/robot/)" "nacaomestica.org"
52.188.211.122 - - [07/Nov/2022:23:58:30 -0800] "GET /blog4/?tag=supremacismo HTTP/1.1" 200 92211 "-" "Mozilla/5.0 (Linux; Android 7.0; SM-G930V Build/NRD90M) AppleWebKit/537.36 (KHTML, like Gecko) Chrome/59.0.3071.125 Mobile Safari/537.36" "nacaomestica.org"
52.188.211.122 - - [07/Nov/2022:23:58:33 -0800] "GET /blog4/?tag=mensagem-mestica HTTP/1.1" 200 88890 "-" "Mozilla/5.0 (Linux; Android 7.0; SM-G930V Build/NRD90M) AppleWebKit/537.36 (KHTML, like Gecko) Chrome/59.0.3071.125 Mobile Safari/537.36" "nacaomestica.org"
20.109.241.96 - - [07/Nov/2022:23:58:44 -0800] "GET /blog4/wp-content/uploads/2019/03/s3-bears_ooh_final-default-1280.jpg HTTP/1.1" 200 226454 "https://nacaomestica.org/blog4/wp-content/uploads/2019/03" "Mozilla/5.0 (Linux; Android 10; SM-G960U) AppleWebKit/537.36 (KHTML, like Gecko) Chrome/88.0.4324.181 Mobile Safari/537.36" "nacaomestica.org"
52.188.211.122 - - [07/Nov/2022:23:59:14 -0800] "GET /blog4/?p=30966 HTTP/1.1" 200 73483 "-" "Mozilla/5.0 (Linux; Android 7.0; SM-G930V Build/NRD90M) AppleWebKit/537.36 (KHTML, like Gecko) Chrome/59.0.3071.125 Mobile Safari/537.36" "nacaomestica.org"
104.211.53.213 - - [07/Nov/2022:23:59:14 -0800] "GET /blog4/?p=30937 HTTP/1.1" 200 78271 "-" "Mozilla/5.0 (Linux; Android 7.0; SM-G930V Build/NRD90M) AppleWebKit/537.36 (KHTML, like Gecko) Chrome/59.0.3071.125 Mobile Safari/537.36" "nacaomestica.org"
10.213.116.68 - - [07/Nov/2022:23:59:54 -0800] "POST /blog4/wp-cron.php?doing_wp_cron=1667894394.2315030097961425781250 HTTP/1.1" 200 - "https://nacaomestica.org/blog4/wp-cron.php?doing_wp_cron=1667894394.2315030097961425781250" "WordPress/5.6.10; https://nacaomestica.org/blog4" "nacaomestica.org"
104.211.53.213 - - [07/Nov/2022:23:59:52 -0800] "GET /blog4/?tag=direitos-humanos HTTP/1.1" 200 80877 "-" "Mozilla/5.0 (Linux; Android 7.0; SM-G930V Build/NRD90M) AppleWebKit/537.36 (KHTML, like Gecko) Chrome/59.0.3071.125 Mobile Safari/537.36" "nacaomestica.org"
52.188.211.122 - - [07/Nov/2022:23:59:57 -0800] "GET /blog4/?cat=119 HTTP/1.1" 200 78654 "-" "Mozilla/5.0 (Linux; Android 7.0; SM-G930V Build/NRD90M) AppleWebKit/537.36 (KHTML, like Gecko) Chrome/59.0.3071.125 Mobile Safari/537.36" "nacaomestica.org"
104.211.53.213 - - [08/Nov/2022:00:00:23 -0800] "GET /blog4/?cat=122 HTTP/1.1" 200 77980 "-" "Mozilla/5.0 (Linux; Android 7.0; SM-G930V Build/NRD90M) AppleWebKit/537.36 (KHTML, like Gecko) Chrome/59.0.3071.125 Mobile Safari/537.36" "nacaomestica.org"
52.188.211.122 - - [08/Nov/2022:00:00:33 -0800] "GET /blog4/?cat=195 HTTP/1.1" 200 79967 "-" "Mozilla/5.0 (Linux; Android 7.0; SM-G930V Build/NRD90M) AppleWebKit/537.36 (KHTML, like Gecko) Chrome/59.0.3071.125 Mobile Safari/537.36" "nacaomestica.org"
104.211.53.213 - - [08/Nov/2022:00:00:35 -0800] "GET /blog4/?tag=preto HTTP/1.1" 200 93691 "-" "Mozilla/5.0 (Linux; Android 7.0; SM-G930V Build/NRD90M) AppleWebKit/537.36 (KHTML, like Gecko) Chrome/59.0.3071.125 Mobile Safari/537.36" "nacaomestica.org"
104.211.53.213 - - [08/Nov/2022:00:00:38 -0800] "GET /blog4/?cat=30 HTTP/1.1" 200 71101 "-" "Mozilla/5.0 (Linux; Android 7.0; SM-G930V Build/NRD90M) AppleWebKit/537.36 (KHTML, like Gecko) Chrome/59.0.3071.125 Mobile Safari/537.36" "nacaomestica.org"
40.77.51.84 - - [08/Nov/2022:00:00:42 -0800] "GET /blog4/wp-content/uploads/2018/10/bolsonaro_twitter02.png HTTP/1.1" 200 330494 "https://nacaomestica.org/blog4/wp-content/uploads/2018/10" "Mozilla/5.0 (Linux; Android 10; SM-G960U) AppleWebKit/537.36 (KHTML, like Gecko) Chrome/88.0.4324.181 Mobile Safari/537.36" "nacaomestica.org"
52.188.211.122 - - [08/Nov/2022:00:00:50 -0800] "GET /blog4/?cat=229 HTTP/1.1" 200 77639 "-" "Mozilla/5.0 (Linux; Android 7.0; SM-G930V Build/NRD90M) AppleWebKit/537.36 (KHTML, like Gecko) Chrome/59.0.3071.125 Mobile Safari/537.36" "nacaomestica.org"
52.188.211.122 - - [08/Nov/2022:00:00:54 -0800] "GET /blog4/?cat=141 HTTP/1.1" 200 98929 "-" "Mozilla/5.0 (Linux; Android 7.0; SM-G930V Build/NRD90M) AppleWebKit/537.36 (KHTML, like Gecko) Chrome/59.0.3071.125 Mobile Safari/537.36" "nacaomestica.org"
52.188.211.122 - - [08/Nov/2022:00:01:01 -0800] "GET /blog4/?tag=funai HTTP/1.1" 200 94521 "-" "Mozilla/5.0 (Linux; Android 7.0; SM-G930V Build/NRD90M) AppleWebKit/537.36 (KHTML, like Gecko) Chrome/59.0.3071.125 Mobile Safari/537.36" "nacaomestica.org"
52.188.211.122 - - [08/Nov/2022:00:01:02 -0800] "GET /blog4/?tag=espanol HTTP/1.1" 200 89934 "-" "Mozilla/5.0 (Linux; Android 7.0; SM-G930V Build/NRD90M) AppleWebKit/537.36 (KHTML, like Gecko) Chrome/59.0.3071.125 Mobile Safari/537.36" "nacaomestica.org"
52.188.211.122 - - [08/Nov/2022:00:01:07 -0800] "GET /blog4/?cat=123 HTTP/1.1" 200 67814 "-" "Mozilla/5.0 (Linux; Android 7.0; SM-G930V Build/NRD90M) AppleWebKit/537.36 (KHTML, like Gecko) Chrome/59.0.3071.125 Mobile Safari/537.36" "nacaomestica.org"
51.222.253.12 - - [08/Nov/2022:00:01:15 -0800] "GET /blog4/?feed=rss2&p=18435 HTTP/1.1" 200 807 "-" "Mozilla/5.0 (compatible; AhrefsBot/7.0; +http://ahrefs.com/robot/)" "nacaomestica.org"
104.211.53.213 - - [08/Nov/2022:00:01:26 -0800] "GET /blog4/?tag=escravos HTTP/1.1" 200 85478 "-" "Mozilla/5.0 (Linux; Android 7.0; SM-G930V Build/NRD90M) AppleWebKit/537.36 (KHTML, like Gecko) Chrome/59.0.3071.125 Mobile Safari/537.36" "nacaomestica.org"
52.188.211.122 - - [08/Nov/2022:00:01:27 -0800] "GET /blog4/?p=8456 HTTP/1.1" 200 172662 "-" "Mozilla/5.0 (Linux; Android 7.0; SM-G930V Build/NRD90M) AppleWebKit/537.36 (KHTML, like Gecko) Chrome/59.0.3071.125 Mobile Safari/537.36" "nacaomestica.org"
52.188.211.122 - - [08/Nov/2022:00:01:30 -0800] "GET /blog4/?tag=escravidao HTTP/1.1" 200 86414 "-" "Mozilla/5.0 (Linux; Android 7.0; SM-G930V Build/NRD90M) AppleWebKit/537.36 (KHTML, like Gecko) Chrome/59.0.3071.125 Mobile Safari/537.36" "nacaomestica.org"
52.188.211.122 - - [08/Nov/2022:00:01:36 -0800] "GET /blog4/?p=30905 HTTP/1.1" 200 77724 "-" "Mozilla/5.0 (Linux; Android 7.0; SM-G930V Build/NRD90M) AppleWebKit/537.36 (KHTML, like Gecko) Chrome/59.0.3071.125 Mobile Safari/537.36" "nacaomestica.org"
104.211.53.213 - - [08/Nov/2022:00:01:51 -0800] "GET /blog4/?cat=253 HTTP/1.1" 200 91165 "-" "Mozilla/5.0 (Linux; Android 7.0; SM-G930V Build/NRD90M) AppleWebKit/537.36 (KHTML, like Gecko) Chrome/59.0.3071.125 Mobile Safari/537.36" "nacaomestica.org"
