52.142.8.243 - - [08/Nov/2022:03:28:27 -0800] "GET /blog4/?tag=funai HTTP/1.1" 200 94521 "-" "Mozilla/5.0 (Linux; Android 7.0; SM-G930V Build/NRD90M) AppleWebKit/537.36 (KHTML, like Gecko) Chrome/59.0.3071.125 Mobile Safari/537.36" "nacaomestica.org"
52.142.8.243 - - [08/Nov/2022:03:28:27 -0800] "GET /blog4/?tag=espanol HTTP/1.1" 200 89934 "-" "Mozilla/5.0 (Linux; Android 7.0; SM-G930V Build/NRD90M) AppleWebKit/537.36 (KHTML, like Gecko) Chrome/59.0.3071.125 Mobile Safari/537.36" "nacaomestica.org"
52.142.8.243 - - [08/Nov/2022:03:28:41 -0800] "GET /blog4/?cat=123 HTTP/1.1" 200 67814 "-" "Mozilla/5.0 (Linux; Android 7.0; SM-G930V Build/NRD90M) AppleWebKit/537.36 (KHTML, like Gecko) Chrome/59.0.3071.125 Mobile Safari/537.36" "nacaomestica.org"
10.213.116.69 - - [08/Nov/2022:03:29:13 -0800] "POST /blog4/wp-cron.php?doing_wp_cron=1667906953.3657810688018798828125 HTTP/1.1" 200 - "https://nacaomestica.org/blog4/wp-cron.php?doing_wp_cron=1667906953.3657810688018798828125" "WordPress/5.6.10; https://nacaomestica.org/blog4" "nacaomestica.org"
114.119.139.59 - - [08/Nov/2022:03:29:11 -0800] "GET /blog4/?p=2097 HTTP/1.1" 200 85506 "https://nacaomestica.org/blog4/wp-trackback.php?p=2510" "Mozilla/5.0 (Linux; Android 7.0;) AppleWebKit/537.36 (KHTML, like Gecko) Mobile Safari/537.36 (compatible; PetalBot;+https://webmaster.petalsearch.com/site/petalbot)" "nacaomestica.org"
20.124.250.146 - - [08/Nov/2022:03:29:13 -0800] "GET /blog4/?p=30937 HTTP/1.1" 200 78271 "-" "Mozilla/5.0 (Linux; Android 7.0; SM-G930V Build/NRD90M) AppleWebKit/537.36 (KHTML, like Gecko) Chrome/59.0.3071.125 Mobile Safari/537.36" "nacaomestica.org"
20.124.250.146 - - [08/Nov/2022:03:29:15 -0800] "GET /blog4/?tag=direitos-humanos HTTP/1.1" 200 80877 "-" "Mozilla/5.0 (Linux; Android 7.0; SM-G930V Build/NRD90M) AppleWebKit/537.36 (KHTML, like Gecko) Chrome/59.0.3071.125 Mobile Safari/537.36" "nacaomestica.org"
20.124.250.146 - - [08/Nov/2022:03:29:18 -0800] "GET /blog4/?cat=122 HTTP/1.1" 200 77980 "-" "Mozilla/5.0 (Linux; Android 7.0; SM-G930V Build/NRD90M) AppleWebKit/537.36 (KHTML, like Gecko) Chrome/59.0.3071.125 Mobile Safari/537.36" "nacaomestica.org"
20.124.250.146 - - [08/Nov/2022:03:29:19 -0800] "GET /blog4/?tag=preto HTTP/1.1" 200 93691 "-" "Mozilla/5.0 (Linux; Android 7.0; SM-G930V Build/NRD90M) AppleWebKit/537.36 (KHTML, like Gecko) Chrome/59.0.3071.125 Mobile Safari/537.36" "nacaomestica.org"
20.124.250.146 - - [08/Nov/2022:03:29:20 -0800] "GET /blog4/?cat=30 HTTP/1.1" 200 71101 "-" "Mozilla/5.0 (Linux; Android 7.0; SM-G930V Build/NRD90M) AppleWebKit/537.36 (KHTML, like Gecko) Chrome/59.0.3071.125 Mobile Safari/537.36" "nacaomestica.org"
20.124.250.146 - - [08/Nov/2022:03:29:24 -0800] "GET /blog4/?tag=escravos HTTP/1.1" 200 85478 "-" "Mozilla/5.0 (Linux; Android 7.0; SM-G930V Build/NRD90M) AppleWebKit/537.36 (KHTML, like Gecko) Chrome/59.0.3071.125 Mobile Safari/537.36" "nacaomestica.org"
20.124.250.146 - - [08/Nov/2022:03:29:26 -0800] "GET /blog4/?cat=253 HTTP/1.1" 200 91165 "-" "Mozilla/5.0 (Linux; Android 7.0; SM-G930V Build/NRD90M) AppleWebKit/537.36 (KHTML, like Gecko) Chrome/59.0.3071.125 Mobile Safari/537.36" "nacaomestica.org"
52.142.8.243 - - [08/Nov/2022:03:29:32 -0800] "GET /blog4/?p=8456 HTTP/1.1" 200 172662 "-" "Mozilla/5.0 (Linux; Android 7.0; SM-G930V Build/NRD90M) AppleWebKit/537.36 (KHTML, like Gecko) Chrome/59.0.3071.125 Mobile Safari/537.36" "nacaomestica.org"
20.124.250.146 - - [08/Nov/2022:03:29:33 -0800] "GET /blog4/?cat=81 HTTP/1.1" 200 74533 "-" "Mozilla/5.0 (Linux; Android 7.0; SM-G930V Build/NRD90M) AppleWebKit/537.36 (KHTML, like Gecko) Chrome/59.0.3071.125 Mobile Safari/537.36" "nacaomestica.org"
20.124.250.146 - - [08/Nov/2022:03:29:34 -0800] "GET /blog4/?cat=1 HTTP/1.1" 200 90346 "-" "Mozilla/5.0 (Linux; Android 7.0; SM-G930V Build/NRD90M) AppleWebKit/537.36 (KHTML, like Gecko) Chrome/59.0.3071.125 Mobile Safari/537.36" "nacaomestica.org"
20.124.250.146 - - [08/Nov/2022:03:29:37 -0800] "GET /blog4/?tag=discriminacao HTTP/1.1" 200 86534 "-" "Mozilla/5.0 (Linux; Android 7.0; SM-G930V Build/NRD90M) AppleWebKit/537.36 (KHTML, like Gecko) Chrome/59.0.3071.125 Mobile Safari/537.36" "nacaomestica.org"
52.142.8.243 - - [08/Nov/2022:03:29:39 -0800] "GET /blog4/?tag=escravidao HTTP/1.1" 200 86414 "-" "Mozilla/5.0 (Linux; Android 7.0; SM-G930V Build/NRD90M) AppleWebKit/537.36 (KHTML, like Gecko) Chrome/59.0.3071.125 Mobile Safari/537.36" "nacaomestica.org"
20.124.250.146 - - [08/Nov/2022:03:29:39 -0800] "GET /blog4/?cat=220 HTTP/1.1" 200 76305 "-" "Mozilla/5.0 (Linux; Android 7.0; SM-G930V Build/NRD90M) AppleWebKit/537.36 (KHTML, like Gecko) Chrome/59.0.3071.125 Mobile Safari/537.36" "nacaomestica.org"
20.124.250.146 - - [08/Nov/2022:03:29:44 -0800] "GET /blog4/?cat=199 HTTP/1.1" 200 100937 "-" "Mozilla/5.0 (Linux; Android 7.0; SM-G930V Build/NRD90M) AppleWebKit/537.36 (KHTML, like Gecko) Chrome/59.0.3071.125 Mobile Safari/537.36" "nacaomestica.org"
20.124.250.146 - - [08/Nov/2022:03:29:45 -0800] "GET /blog4/?cat=24 HTTP/1.1" 200 98563 "-" "Mozilla/5.0 (Linux; Android 7.0; SM-G930V Build/NRD90M) AppleWebKit/537.36 (KHTML, like Gecko) Chrome/59.0.3071.125 Mobile Safari/537.36" "nacaomestica.org"
20.124.250.146 - - [08/Nov/2022:03:29:46 -0800] "GET /blog4/?cat=248 HTTP/1.1" 200 82108 "-" "Mozilla/5.0 (Linux; Android 7.0; SM-G930V Build/NRD90M) AppleWebKit/537.36 (KHTML, like Gecko) Chrome/59.0.3071.125 Mobile Safari/537.36" "nacaomestica.org"
20.124.250.146 - - [08/Nov/2022:03:29:53 -0800] "GET /blog4/?cat=246 HTTP/1.1" 200 71228 "-" "Mozilla/5.0 (Linux; Android 7.0; SM-G930V Build/NRD90M) AppleWebKit/537.36 (KHTML, like Gecko) Chrome/59.0.3071.125 Mobile Safari/537.36" "nacaomestica.org"
168.194.162.114 - - [08/Nov/2022:03:29:59 -0800] "GET /blog4/wp-content/uploads/2010/08/a4.jpg HTTP/1.1" 200 73983 "https://www.google.com/" "Mozilla/5.0 (Windows NT 10.0; Win64; x64) AppleWebKit/537.36 (KHTML, like Gecko) Chrome/107.0.0.0 Safari/537.36" "nacaomestica.org"
20.124.250.146 - - [08/Nov/2022:03:29:58 -0800] "GET /blog4/?cat=216 HTTP/1.1" 200 97835 "-" "Mozilla/5.0 (Linux; Android 7.0; SM-G930V Build/NRD90M) AppleWebKit/537.36 (KHTML, like Gecko) Chrome/59.0.3071.125 Mobile Safari/537.36" "nacaomestica.org"
20.124.250.146 - - [08/Nov/2022:03:29:59 -0800] "GET /blog4/?cat=193 HTTP/1.1" 200 83126 "-" "Mozilla/5.0 (Linux; Android 7.0; SM-G930V Build/NRD90M) AppleWebKit/537.36 (KHTML, like Gecko) Chrome/59.0.3071.125 Mobile Safari/537.36" "nacaomestica.org"
20.124.250.146 - - [08/Nov/2022:03:30:01 -0800] "GET /blog4/?cat=240 HTTP/1.1" 200 76978 "-" "Mozilla/5.0 (Linux; Android 7.0; SM-G930V Build/NRD90M) AppleWebKit/537.36 (KHTML, like Gecko) Chrome/59.0.3071.125 Mobile Safari/537.36" "nacaomestica.org"
20.124.250.146 - - [08/Nov/2022:03:30:01 -0800] "GET /blog4/?tag=anti-conservadorismo HTTP/1.1" 200 76832 "-" "Mozilla/5.0 (Linux; Android 7.0; SM-G930V Build/NRD90M) AppleWebKit/537.36 (KHTML, like Gecko) Chrome/59.0.3071.125 Mobile Safari/537.36" "nacaomestica.org"
20.124.250.146 - - [08/Nov/2022:03:30:02 -0800] "GET /blog4/?cat=230 HTTP/1.1" 200 70840 "-" "Mozilla/5.0 (Linux; Android 7.0; SM-G930V Build/NRD90M) AppleWebKit/537.36 (KHTML, like Gecko) Chrome/59.0.3071.125 Mobile Safari/537.36" "nacaomestica.org"
20.124.250.146 - - [08/Nov/2022:03:30:03 -0800] "GET /blog4/?cat=237 HTTP/1.1" 200 84256 "-" "Mozilla/5.0 (Linux; Android 7.0; SM-G930V Build/NRD90M) AppleWebKit/537.36 (KHTML, like Gecko) Chrome/59.0.3071.125 Mobile Safari/537.36" "nacaomestica.org"
20.124.250.146 - - [08/Nov/2022:03:30:04 -0800] "GET /blog4/?cat=132 HTTP/1.1" 200 91678 "-" "Mozilla/5.0 (Linux; Android 7.0; SM-G930V Build/NRD90M) AppleWebKit/537.36 (KHTML, like Gecko) Chrome/59.0.3071.125 Mobile Safari/537.36" "nacaomestica.org"
52.142.8.243 - - [08/Nov/2022:03:30:05 -0800] "GET /blog4/?p=30905 HTTP/1.1" 200 77724 "-" "Mozilla/5.0 (Linux; Android 7.0; SM-G930V Build/NRD90M) AppleWebKit/537.36 (KHTML, like Gecko) Chrome/59.0.3071.125 Mobile Safari/537.36" "nacaomestica.org"
20.124.250.146 - - [08/Nov/2022:03:30:05 -0800] "GET /blog4/?cat=126 HTTP/1.1" 200 71916 "-" "Mozilla/5.0 (Linux; Android 7.0; SM-G930V Build/NRD90M) AppleWebKit/537.36 (KHTML, like Gecko) Chrome/59.0.3071.125 Mobile Safari/537.36" "nacaomestica.org"
20.124.250.146 - - [08/Nov/2022:03:30:08 -0800] "GET /blog4/?tag=pardo HTTP/1.1" 200 92503 "-" "Mozilla/5.0 (Linux; Android 7.0; SM-G930V Build/NRD90M) AppleWebKit/537.36 (KHTML, like Gecko) Chrome/59.0.3071.125 Mobile Safari/537.36" "nacaomestica.org"
20.124.250.146 - - [08/Nov/2022:03:30:08 -0800] "GET /blog4/?p=30914 HTTP/1.1" 200 73763 "-" "Mozilla/5.0 (Linux; Android 7.0; SM-G930V Build/NRD90M) AppleWebKit/537.36 (KHTML, like Gecko) Chrome/59.0.3071.125 Mobile Safari/537.36" "nacaomestica.org"
20.124.250.146 - - [08/Nov/2022:03:30:09 -0800] "GET /blog4/?cat=124 HTTP/1.1" 200 71831 "-" "Mozilla/5.0 (Linux; Android 7.0; SM-G930V Build/NRD90M) AppleWebKit/537.36 (KHTML, like Gecko) Chrome/59.0.3071.125 Mobile Safari/537.36" "nacaomestica.org"
186.232.232.245 - - [08/Nov/2022:03:30:18 -0800] "GET /blog4/?p=24514 HTTP/1.1" 200 75378 "https://www.google.com/" "Mozilla/5.0 (Linux; Android 10; SM-A013M) AppleWebKit/537.36 (KHTML, like Gecko) Chrome/107.0.0.0 Mobile Safari/537.36" "nacaomestica.org"
186.232.232.245 - - [08/Nov/2022:03:30:21 -0800] "GET /blog4/wp-content/themes/carrington-blog/css/css.php HTTP/1.1" 200 4963 "https://nacaomestica.org/blog4/?p=24514" "Mozilla/5.0 (Linux; Android 10; SM-A013M) AppleWebKit/537.36 (KHTML, like Gecko) Chrome/107.0.0.0 Mobile Safari/537.36" "nacaomestica.org"
186.232.232.245 - - [08/Nov/2022:03:30:21 -0800] "GET /blog4/wp-content/themes/carrington-blog/carrington-core/lightbox/thickbox.js?ver=1.0 HTTP/1.1" 200 3903 "https://nacaomestica.org/blog4/?p=24514" "Mozilla/5.0 (Linux; Android 10; SM-A013M) AppleWebKit/537.36 (KHTML, like Gecko) Chrome/107.0.0.0 Mobile Safari/537.36" "nacaomestica.org"
186.232.232.245 - - [08/Nov/2022:03:30:21 -0800] "GET /blog4/wp-includes/js/jquery/jquery-migrate.min.js?ver=3.3.2 HTTP/1.1" 200 4169 "https://nacaomestica.org/blog4/?p=24514" "Mozilla/5.0 (Linux; Android 10; SM-A013M) AppleWebKit/537.36 (KHTML, like Gecko) Chrome/107.0.0.0 Mobile Safari/537.36" "nacaomestica.org"
186.232.232.245 - - [08/Nov/2022:03:30:21 -0800] "GET /blog4/wp-content/themes/carrington-blog/carrington-core/lightbox/css/thickbox.css HTTP/1.1" 200 975 "https://nacaomestica.org/blog4/?p=24514" "Mozilla/5.0 (Linux; Android 10; SM-A013M) AppleWebKit/537.36 (KHTML, like Gecko) Chrome/107.0.0.0 Mobile Safari/537.36" "nacaomestica.org"
186.232.232.245 - - [08/Nov/2022:03:30:21 -0800] "GET /blog4/wp-includes/js/jquery/jquery.min.js?ver=3.5.1 HTTP/1.1" 200 30916 "https://nacaomestica.org/blog4/?p=24514" "Mozilla/5.0 (Linux; Android 10; SM-A013M) AppleWebKit/537.36 (KHTML, like Gecko) Chrome/107.0.0.0 Mobile Safari/537.36" "nacaomestica.org"
186.232.232.245 - - [08/Nov/2022:03:30:21 -0800] "GET /blog4/wp-content/themes/carrington-blog/js/carrington.js?ver=1.0 HTTP/1.1" 200 1229 "https://nacaomestica.org/blog4/?p=24514" "Mozilla/5.0 (Linux; Android 10; SM-A013M) AppleWebKit/537.36 (KHTML, like Gecko) Chrome/107.0.0.0 Mobile Safari/537.36" "nacaomestica.org"
20.124.250.146 - - [08/Nov/2022:03:30:23 -0800] "GET /blog4/?tag=noticias HTTP/1.1" 200 90140 "-" "Mozilla/5.0 (Linux; Android 7.0; SM-G930V Build/NRD90M) AppleWebKit/537.36 (KHTML, like Gecko) Chrome/59.0.3071.125 Mobile Safari/537.36" "nacaomestica.org"
186.232.232.245 - - [08/Nov/2022:03:30:28 -0800] "GET /blog4/wp-includes/js/mediaelement/mediaelementplayer-legacy.min.css?ver=4.2.16 HTTP/1.1" 200 2592 "https://nacaomestica.org/blog4/?p=24514" "Mozilla/5.0 (Linux; Android 10; SM-A013M) AppleWebKit/537.36 (KHTML, like Gecko) Chrome/107.0.0.0 Mobile Safari/537.36" "nacaomestica.org"
186.232.232.245 - - [08/Nov/2022:03:30:28 -0800] "GET /blog4/wp-includes/js/mediaelement/wp-mediaelement.min.css?ver=5.6.10 HTTP/1.1" 200 1156 "https://nacaomestica.org/blog4/?p=24514" "Mozilla/5.0 (Linux; Android 10; SM-A013M) AppleWebKit/537.36 (KHTML, like Gecko) Chrome/107.0.0.0 Mobile Safari/537.36" "nacaomestica.org"
186.232.232.245 - - [08/Nov/2022:03:30:28 -0800] "GET /blog4/wp-content/themes/carrington-blog/img/rss-button.gif HTTP/1.1" 200 2208 "https://nacaomestica.org/blog4/?p=24514" "Mozilla/5.0 (Linux; Android 10; SM-A013M) AppleWebKit/537.36 (KHTML, like Gecko) Chrome/107.0.0.0 Mobile Safari/537.36" "nacaomestica.org"
114.119.139.88 - - [08/Nov/2022:03:30:34 -0800] "GET /blog4/?p=5590 HTTP/1.1" 200 73236 "https://nacaomestica.org/blog4?tag=cotas" "Mozilla/5.0 (Linux; Android 7.0;) AppleWebKit/537.36 (KHTML, like Gecko) Mobile Safari/537.36 (compatible; PetalBot;+https://webmaster.petalsearch.com/site/petalbot)" "nacaomestica.org"
52.188.213.161 - - [08/Nov/2022:03:30:36 -0800] "GET /blog4/?feed=rss2 HTTP/1.1" 200 11803 "-" "Mozilla/5.0 (Linux; Android 7.0; SM-G930V Build/NRD90M) AppleWebKit/537.36 (KHTML, like Gecko) Chrome/59.0.3071.125 Mobile Safari/537.36" "nacaomestica.org"
20.124.250.146 - - [08/Nov/2022:03:30:37 -0800] "GET /blog4/?tag=negro HTTP/1.1" 200 85438 "-" "Mozilla/5.0 (Linux; Android 7.0; SM-G930V Build/NRD90M) AppleWebKit/537.36 (KHTML, like Gecko) Chrome/59.0.3071.125 Mobile Safari/537.36" "nacaomestica.org"
20.124.250.146 - - [08/Nov/2022:03:30:39 -0800] "GET /blog4/?p=30671 HTTP/1.1" 200 83320 "-" "Mozilla/5.0 (Linux; Android 7.0; SM-G930V Build/NRD90M) AppleWebKit/537.36 (KHTML, like Gecko) Chrome/59.0.3071.125 Mobile Safari/537.36" "nacaomestica.org"
20.124.250.146 - - [08/Nov/2022:03:30:41 -0800] "GET /blog4/?p=20146 HTTP/1.1" 200 143409 "-" "Mozilla/5.0 (Linux; Android 7.0; SM-G930V Build/NRD90M) AppleWebKit/537.36 (KHTML, like Gecko) Chrome/59.0.3071.125 Mobile Safari/537.36" "nacaomestica.org"
20.124.250.146 - - [08/Nov/2022:03:30:54 -0800] "GET /blog4/?tag=imigracao HTTP/1.1" 200 90181 "-" "Mozilla/5.0 (Linux; Android 7.0; SM-G930V Build/NRD90M) AppleWebKit/537.36 (KHTML, like Gecko) Chrome/59.0.3071.125 Mobile Safari/537.36" "nacaomestica.org"
10.213.116.70 - - [08/Nov/2022:03:31:33 -0800] "POST /blog4/wp-cron.php?doing_wp_cron=1667907093.6391580104827880859375 HTTP/1.1" 200 - "https://nacaomestica.org/blog4/wp-cron.php?doing_wp_cron=1667907093.6391580104827880859375" "WordPress/5.6.10; https://nacaomestica.org/blog4" "nacaomestica.org"
20.124.250.146 - - [08/Nov/2022:03:31:32 -0800] "GET /blog4/?p=30955 HTTP/1.1" 200 79854 "-" "Mozilla/5.0 (Linux; Android 7.0; SM-G930V Build/NRD90M) AppleWebKit/537.36 (KHTML, like Gecko) Chrome/59.0.3071.125 Mobile Safari/537.36" "nacaomestica.org"
193.142.146.138 - - [08/Nov/2022:03:31:37 -0800] "GET /wp-content/themes/seotheme/db.php?u HTTP/1.1" 404 88 "www.google.com" "Mozlila/5.0 (Linux; Android 7.0; SM-G892A Bulid/NRD90M; wv) AppleWebKit/537.36 (KHTML, like Gecko) Version/4.0 Chrome/60.0.3112.107 Moblie Safari/537.36" "nacaomestica.org"
20.124.250.146 - - [08/Nov/2022:03:31:37 -0800] "GET /blog4/?cat=127 HTTP/1.1" 200 102031 "-" "Mozilla/5.0 (Linux; Android 7.0; SM-G930V Build/NRD90M) AppleWebKit/537.36 (KHTML, like Gecko) Chrome/59.0.3071.125 Mobile Safari/537.36" "nacaomestica.org"
207.46.13.155 - - [08/Nov/2022:03:31:42 -0800] "GET /blog4/?p=7391 HTTP/1.1" 200 78567 "-" "Mozilla/5.0 AppleWebKit/537.36 (KHTML, like Gecko; compatible; bingbot/2.0; +http://www.bing.com/bingbot.htm) Chrome/103.0.5060.134 Safari/537.36" "nacaomestica.org"
193.142.146.138 - - [08/Nov/2022:03:31:46 -0800] "GET /wp-content/themes/seotheme/db.php?u HTTP/1.1" 404 88 "www.google.com" "Mozlila/5.0 (Linux; Android 7.0; SM-G892A Bulid/NRD90M; wv) AppleWebKit/537.36 (KHTML, like Gecko) Version/4.0 Chrome/60.0.3112.107 Moblie Safari/537.36" "nacaomestica.org"
20.124.250.146 - - [08/Nov/2022:03:31:47 -0800] "GET /blog4/?cat=225 HTTP/1.1" 200 70336 "-" "Mozilla/5.0 (Linux; Android 7.0; SM-G930V Build/NRD90M) AppleWebKit/537.36 (KHTML, like Gecko) Chrome/59.0.3071.125 Mobile Safari/537.36" "nacaomestica.org"
51.222.253.13 - - [08/Nov/2022:03:31:55 -0800] "GET /blog4/?feed=rss2&p=7551 HTTP/1.1" 200 813 "-" "Mozilla/5.0 (compatible; AhrefsBot/7.0; +http://ahrefs.com/robot/)" "nacaomestica.org"
10.213.116.68 - - [08/Nov/2022:03:31:56 -0800] "POST /blog4/wp-cron.php?doing_wp_cron=1667907116.7184050083160400390625 HTTP/1.1" 200 - "https://nacaomestica.org/blog4/wp-cron.php?doing_wp_cron=1667907116.7184050083160400390625" "WordPress/5.6.10; https://nacaomestica.org/blog4" "nacaomestica.org"
114.119.139.86 - - [08/Nov/2022:03:31:56 -0800] "GET /blog4/?p=10681 HTTP/1.1" 200 77157 "https://nacaomestica.org/blog4/?cat=1&paged=47" "Mozilla/5.0 (Linux; Android 7.0;) AppleWebKit/537.36 (KHTML, like Gecko) Mobile Safari/537.36 (compatible; PetalBot;+https://webmaster.petalsearch.com/site/petalbot)" "nacaomestica.org"
20.29.111.244 - - [08/Nov/2022:03:31:59 -0800] "GET /blog4/wp-content/uploads/2017/11/livro_trecho2.png HTTP/1.1" 200 130989 "http://nacaomestica.org/blog4/wp-content/uploads/2017/11" "Mozilla/5.0 (X11; Linux x86_64) AppleWebKit/537.36 (KHTML, like Gecko) Chrome/74.0.3729.169 Safari/537.36" "nacaomestica.org"
20.29.110.170 - - [08/Nov/2022:03:32:07 -0800] "GET /estatuto_racial.jpg HTTP/1.1" 200 26082 "https://www.nacaomestica.org" "Mozilla/5.0 (X11; Linux x86_64) AppleWebKit/537.36 (KHTML, like Gecko) Chrome/74.0.3729.169 Safari/537.36" "www.nacaomestica.org"
189.96.26.166 - - [08/Nov/2022:03:32:11 -0800] "GET /blog4/wp-content/uploads/2011/05/wasth-mistura.bmp HTTP/1.1" 200 526554 "https://www.google.com/" "Mozilla/5.0 (Linux; Android 12; SM-G781B) AppleWebKit/537.36 (KHTML, like Gecko) Chrome/107.0.0.0 Mobile Safari/537.36" "nacaomestica.org"
187.90.220.170 - - [08/Nov/2022:03:32:12 -0800] "GET /MarxMFP.htm HTTP/1.1" 200 5603 "https://duckduckgo.com/" "Mozilla/5.0 (Linux; Android 10; Redmi Note 8) AppleWebKit/537.36 (KHTML, like Gecko) Chrome/107.0.0.0 Mobile Safari/537.36" "nacaomestica.org"
187.90.220.170 - - [08/Nov/2022:03:32:12 -0800] "GET /FundoMarxMFP.jpg HTTP/1.1" 404 88 "https://nacaomestica.org/MarxMFP.htm" "Mozilla/5.0 (Linux; Android 10; Redmi Note 8) AppleWebKit/537.36 (KHTML, like Gecko) Chrome/107.0.0.0 Mobile Safari/537.36" "nacaomestica.org"
187.90.220.170 - - [08/Nov/2022:03:32:13 -0800] "GET /favicon.ico HTTP/1.1" 200 676 "https://nacaomestica.org/MarxMFP.htm" "Mozilla/5.0 (Linux; Android 10; Redmi Note 8) AppleWebKit/537.36 (KHTML, like Gecko) Chrome/107.0.0.0 Mobile Safari/537.36" "nacaomestica.org"
194.65.104.222 - - [08/Nov/2022:03:32:22 -0800] "GET /blog4/wp-content/uploads/2013/09/8C81F.jpg HTTP/1.1" 200 130499 "https://www.google.com/" "Mozilla/5.0 (Windows NT 10.0; Win64; x64) AppleWebKit/537.36 (KHTML, like Gecko) Chrome/107.0.0.0 Safari/537.36" "nacaomestica.org"
37.139.53.10 - - [08/Nov/2022:03:32:22 -0800] "GET /LincolnMFP.htm HTTP/1.1" 200 38992 "https://nacaomestica.org/LincolnMFP.htm" "Mozilla/5.0 (Windows NT 6.1) AppleWebKit/537.36 (KHTML, like Gecko) Chrome/90.0.4430.93 Safari/537.36" "nacaomestica.org"
37.139.53.10 - - [08/Nov/2022:03:32:23 -0800] "GET /nm_forum.htm HTTP/1.1" 404 73 "https://nacaomestica.org/nm_forum.htm" "Mozilla/5.0 (Windows NT 6.1) AppleWebKit/537.36 (KHTML, like Gecko) Chrome/90.0.4430.93 Safari/537.36" "nacaomestica.org"
37.139.53.10 - - [08/Nov/2022:03:32:23 -0800] "GET /nm_forum.htm HTTP/1.1" 404 73 "https://nacaomestica.org/nm_forum.htm" "Mozilla/5.0 (Windows NT 6.1) AppleWebKit/537.36 (KHTML, like Gecko) Chrome/90.0.4430.93 Safari/537.36" "nacaomestica.org"
37.139.53.10 - - [08/Nov/2022:03:32:24 -0800] "GET /nm_forum.htm HTTP/1.1" 404 73 "https://nacaomestica.org/nm_forum.htm" "Mozilla/5.0 (Windows NT 6.1) AppleWebKit/537.36 (KHTML, like Gecko) Chrome/90.0.4430.93 Safari/537.36" "nacaomestica.org"
20.124.250.146 - - [08/Nov/2022:03:32:23 -0800] "GET /blog4/?tag=apartheid HTTP/1.1" 200 91269 "-" "Mozilla/5.0 (Linux; Android 7.0; SM-G930V Build/NRD90M) AppleWebKit/537.36 (KHTML, like Gecko) Chrome/59.0.3071.125 Mobile Safari/537.36" "nacaomestica.org"
66.249.70.16 - - [08/Nov/2022:03:33:08 -0800] "GET /blog4/?p=13515 HTTP/1.1" 200 77833 "-" "Googlebot-Image/1.0" "nacaomestica.org"
207.46.13.155 - - [08/Nov/2022:03:33:12 -0800] "GET /blog4/?p=20793 HTTP/1.1" 200 93370 "-" "Mozilla/5.0 AppleWebKit/537.36 (KHTML, like Gecko; compatible; bingbot/2.0; +http://www.bing.com/bingbot.htm) Chrome/103.0.5060.134 Safari/537.36" "nacaomestica.org"
207.46.13.155 - - [08/Nov/2022:03:33:14 -0800] "GET /blog4/?cat=221 HTTP/1.1" 200 84602 "-" "Mozilla/5.0 AppleWebKit/537.36 (KHTML, like Gecko; compatible; bingbot/2.0; +http://www.bing.com/bingbot.htm) Chrome/103.0.5060.134 Safari/537.36" "nacaomestica.org"
207.46.13.155 - - [08/Nov/2022:03:33:16 -0800] "GET /blog4/?p=7551 HTTP/1.1" 200 78343 "-" "Mozilla/5.0 (compatible; bingbot/2.0; +http://www.bing.com/bingbot.htm)" "nacaomestica.org"
207.46.13.155 - - [08/Nov/2022:03:33:16 -0800] "GET /blog4/?p=20631 HTTP/1.1" 200 94118 "-" "Mozilla/5.0 AppleWebKit/537.36 (KHTML, like Gecko; compatible; bingbot/2.0; +http://www.bing.com/bingbot.htm) Chrome/103.0.5060.134 Safari/537.36" "nacaomestica.org"
207.46.13.155 - - [08/Nov/2022:03:33:18 -0800] "GET /blog4/?p=24574 HTTP/1.1" 200 77567 "-" "Mozilla/5.0 (compatible; bingbot/2.0; +http://www.bing.com/bingbot.htm)" "nacaomestica.org"
207.46.13.155 - - [08/Nov/2022:03:33:20 -0800] "GET /blog4/?cat=20&page=12 HTTP/1.1" 200 97106 "-" "Mozilla/5.0 (compatible; bingbot/2.0; +http://www.bing.com/bingbot.htm)" "nacaomestica.org"
114.119.156.56 - - [08/Nov/2022:03:33:21 -0800] "GET /blog4/wp-trackback.php?p=23368 HTTP/1.1" 302 - "https://nacaomestica.org/blog4/?p=23368" "Mozilla/5.0 (Linux; Android 7.0;) AppleWebKit/537.36 (KHTML, like Gecko) Mobile Safari/537.36 (compatible; PetalBot;+https://webmaster.petalsearch.com/site/petalbot)" "nacaomestica.org"
207.46.13.184 - - [08/Nov/2022:03:33:21 -0800] "GET /blog4/?tag=funai HTTP/1.1" 200 94521 "-" "Mozilla/5.0 (compatible; bingbot/2.0; +http://www.bing.com/bingbot.htm)" "nacaomestica.org"
157.55.39.146 - - [08/Nov/2022:03:33:21 -0800] "GET /blog4/?p=7669 HTTP/1.1" 200 88125 "-" "Mozilla/5.0 AppleWebKit/537.36 (KHTML, like Gecko; compatible; bingbot/2.0; +http://www.bing.com/bingbot.htm) Chrome/103.0.5060.134 Safari/537.36" "nacaomestica.org"
72.14.201.203 - - [08/Nov/2022:03:33:22 -0800] "GET /blog4/?p=24053 HTTP/1.1" 200 79119 "-" "Mozilla/5.0 (Linux; Android 10; K) AppleWebKit/537.36 (KHTML, like Gecko) Chrome/107.0.0.0 Mobile Safari/537.36" "nacaomestica.org"
114.119.156.56 - - [08/Nov/2022:03:33:23 -0800] "GET /blog4/?p=23368 HTTP/1.1" 200 74142 "https://nacaomestica.org/blog4/?p=23368" "Mozilla/5.0 (Linux; Android 7.0;) AppleWebKit/537.36 (KHTML, like Gecko) Mobile Safari/537.36 (compatible; PetalBot;+https://webmaster.petalsearch.com/site/petalbot)" "nacaomestica.org"
207.46.13.184 - - [08/Nov/2022:03:33:23 -0800] "GET /blog4/?p=9562 HTTP/1.1" 200 96364 "-" "Mozilla/5.0 (compatible; bingbot/2.0; +http://www.bing.com/bingbot.htm)" "nacaomestica.org"
207.46.13.184 - - [08/Nov/2022:03:33:25 -0800] "GET /blog4/?p=2380 HTTP/1.1" 200 79905 "-" "Mozilla/5.0 AppleWebKit/537.36 (KHTML, like Gecko; compatible; bingbot/2.0; +http://www.bing.com/bingbot.htm) Chrome/103.0.5060.134 Safari/537.36" "nacaomestica.org"
40.77.167.67 - - [08/Nov/2022:03:33:26 -0800] "GET /blog4/?p=11522 HTTP/1.1" 200 96846 "-" "Mozilla/5.0 (compatible; bingbot/2.0; +http://www.bing.com/bingbot.htm)" "nacaomestica.org"
207.46.13.5 - - [08/Nov/2022:03:33:26 -0800] "GET /blog4/?p=1714 HTTP/1.1" 200 79435 "-" "Mozilla/5.0 (compatible; bingbot/2.0; +http://www.bing.com/bingbot.htm)" "nacaomestica.org"
40.77.167.67 - - [08/Nov/2022:03:33:28 -0800] "GET /blog4/?p=9778 HTTP/1.1" 200 86864 "-" "Mozilla/5.0 AppleWebKit/537.36 (KHTML, like Gecko; compatible; bingbot/2.0; +http://www.bing.com/bingbot.htm) Chrome/103.0.5060.134 Safari/537.36" "nacaomestica.org"
40.77.167.67 - - [08/Nov/2022:03:33:30 -0800] "GET /hemeroteca_081117_panapress_frelimo_insta.htm HTTP/1.1" 200 2194 "-" "Mozilla/5.0 AppleWebKit/537.36 (KHTML, like Gecko; compatible; bingbot/2.0; +http://www.bing.com/bingbot.htm) Chrome/103.0.5060.134 Safari/537.36" "nacaomestica.org"
157.55.39.146 - - [08/Nov/2022:03:33:31 -0800] "GET /blog4/?cat=60&page=2 HTTP/1.1" 200 92772 "-" "Mozilla/5.0 (compatible; bingbot/2.0; +http://www.bing.com/bingbot.htm)" "nacaomestica.org"
10.213.116.69 - - [08/Nov/2022:03:33:37 -0800] "POST /blog4/wp-cron.php?doing_wp_cron=1667907217.5447549819946289062500 HTTP/1.1" 200 - "https://nacaomestica.org/blog4/wp-cron.php?doing_wp_cron=1667907217.5447549819946289062500" "WordPress/5.6.10; https://nacaomestica.org/blog4" "nacaomestica.org"
40.77.167.14 - - [08/Nov/2022:03:33:36 -0800] "GET /blog4/?tag=racismo&page=9 HTTP/1.1" 200 100213 "-" "Mozilla/5.0 AppleWebKit/537.36 (KHTML, like Gecko; compatible; bingbot/2.0; +http://www.bing.com/bingbot.htm) Chrome/103.0.5060.134 Safari/537.36" "nacaomestica.org"
45.61.175.245 - - [08/Nov/2022:03:33:38 -0800] "GET /blog4/?p=2252 HTTP/1.1" 200 112924 "http://nacaomestica.org/blog4/?p=2252" "Mozilla/5.0 (Windows NT 10.0; Win64; x64) AppleWebKit/537.36 (KHTML, like Gecko) Chrome/103.0.0.0 Safari/537.36 OPR/89.0.4447.51" "nacaomestica.org"
40.77.167.14 - - [08/Nov/2022:03:33:39 -0800] "GET /blog4/?p=4266 HTTP/1.1" 200 87853 "-" "Mozilla/5.0 (compatible; bingbot/2.0; +http://www.bing.com/bingbot.htm)" "nacaomestica.org"
207.46.13.5 - - [08/Nov/2022:03:33:47 -0800] "GET /blog4/?p=19890 HTTP/1.1" 200 82114 "-" "Mozilla/5.0 (compatible; bingbot/2.0; +http://www.bing.com/bingbot.htm)" "nacaomestica.org"
207.46.13.5 - - [08/Nov/2022:03:33:49 -0800] "GET /blog4/?p=23607 HTTP/1.1" 200 76047 "-" "Mozilla/5.0 AppleWebKit/537.36 (KHTML, like Gecko; compatible; bingbot/2.0; +http://www.bing.com/bingbot.htm) Chrome/103.0.5060.134 Safari/537.36" "nacaomestica.org"
20.29.110.169 - - [08/Nov/2022:03:34:06 -0800] "GET /blog4/wp-content/uploads/2019/04/106303488_mediaitem106303487.jpg HTTP/1.1" 200 75557 "https://nacaomestica.org/blog4/wp-content/uploads/2019/04" "Mozilla/5.0 (Linux; Android 10; SM-G960U) AppleWebKit/537.36 (KHTML, like Gecko) Chrome/88.0.4324.181 Mobile Safari/537.36" "nacaomestica.org"
114.119.156.56 - - [08/Nov/2022:03:34:43 -0800] "GET /blog4/?p1603&paged=39 HTTP/1.1" 200 87659 "https://nacaomestica.org/blog4/?p1603&paged=38" "Mozilla/5.0 (Linux; Android 7.0;) AppleWebKit/537.36 (KHTML, like Gecko) Mobile Safari/537.36 (compatible; PetalBot;+https://webmaster.petalsearch.com/site/petalbot)" "nacaomestica.org"
207.46.13.184 - - [08/Nov/2022:03:35:09 -0800] "GET /blog4/wp-content/uploads/2013/12/ HTTP/1.1" 200 1189 "-" "Mozilla/5.0 AppleWebKit/537.36 (KHTML, like Gecko; compatible; bingbot/2.0; +http://www.bing.com/bingbot.htm) Chrome/103.0.5060.134 Safari/537.36" "nacaomestica.org"
114.119.156.56 - - [08/Nov/2022:03:36:07 -0800] "GET /blog4?fb_comment_id=1198602463593553_1198607630259703&paged=34 HTTP/1.1" 301 1460 "https://nacaomestica.org/blog4?fb_comment_id=1198602463593553_1198607630259703&paged=35" "Mozilla/5.0 (Linux; Android 7.0;) AppleWebKit/537.36 (KHTML, like Gecko) Mobile Safari/537.36 (compatible; PetalBot;+https://webmaster.petalsearch.com/site/petalbot)" "nacaomestica.org"
10.213.116.68 - - [08/Nov/2022:03:36:14 -0800] "POST /blog4/wp-cron.php?doing_wp_cron=1667907374.0642900466918945312500 HTTP/1.1" 200 - "https://nacaomestica.org/blog4/wp-cron.php?doing_wp_cron=1667907374.0642900466918945312500" "WordPress/5.6.10; https://nacaomestica.org/blog4" "nacaomestica.org"
114.119.156.56 - - [08/Nov/2022:03:36:09 -0800] "GET /blog4/?fb_comment_id=1198602463593553_1198607630259703&paged=34 HTTP/1.1" 200 86685 "https://nacaomestica.org/blog4?fb_comment_id=1198602463593553_1198607630259703&paged=35" "Mozilla/5.0 (Linux; Android 7.0;) AppleWebKit/537.36 (KHTML, like Gecko) Mobile Safari/537.36 (compatible; PetalBot;+https://webmaster.petalsearch.com/site/petalbot)" "nacaomestica.org"
157.55.39.146 - - [08/Nov/2022:03:36:34 -0800] "GET /blog4?page=2 HTTP/1.1" 301 1416 "-" "Mozilla/5.0 AppleWebKit/537.36 (KHTML, like Gecko; compatible; bingbot/2.0; +http://www.bing.com/bingbot.htm) Chrome/103.0.5060.134 Safari/537.36" "nacaomestica.org"
207.46.13.155 - - [08/Nov/2022:03:36:32 -0800] "GET /blog4/?p=20196 HTTP/1.1" 200 80342 "-" "Mozilla/5.0 AppleWebKit/537.36 (KHTML, like Gecko; compatible; bingbot/2.0; +http://www.bing.com/bingbot.htm) Chrome/103.0.5060.134 Safari/537.36" "nacaomestica.org"
207.46.13.184 - - [08/Nov/2022:03:36:30 -0800] "GET /blog4/?p=2266 HTTP/1.1" 200 80832 "-" "Mozilla/5.0 AppleWebKit/537.36 (KHTML, like Gecko; compatible; bingbot/2.0; +http://www.bing.com/bingbot.htm) Chrome/103.0.5060.134 Safari/537.36" "nacaomestica.org"
40.77.51.86 - - [08/Nov/2022:03:36:36 -0800] "GET /blog4/wp-content/uploads/2018/07/2dda8ccbbd2b861fd6a6e28795c41726.jpg HTTP/1.1" 200 62641 "http://nacaomestica.org/blog4/wp-content/uploads/2018/07" "Mozilla/5.0 (Linux; Android 10; SM-G960U) AppleWebKit/537.36 (KHTML, like Gecko) Chrome/88.0.4324.181 Mobile Safari/537.36" "nacaomestica.org"
207.46.13.184 - - [08/Nov/2022:03:36:34 -0800] "GET /blog4/?p=24479 HTTP/1.1" 200 74074 "-" "Mozilla/5.0 AppleWebKit/537.36 (KHTML, like Gecko; compatible; bingbot/2.0; +http://www.bing.com/bingbot.htm) Chrome/103.0.5060.134 Safari/537.36" "nacaomestica.org"
207.46.13.155 - - [08/Nov/2022:03:36:41 -0800] "GET /blog4/?p=2307 HTTP/1.1" 200 73882 "-" "Mozilla/5.0 (compatible; bingbot/2.0; +http://www.bing.com/bingbot.htm)" "nacaomestica.org"
51.222.253.4 - - [08/Nov/2022:03:36:43 -0800] "GET /blog4/?feed=rss2&p=45 HTTP/1.1" 200 777 "-" "Mozilla/5.0 (compatible; AhrefsBot/7.0; +http://ahrefs.com/robot/)" "nacaomestica.org"
207.46.13.155 - - [08/Nov/2022:03:36:44 -0800] "GET /blog4/?p=19656 HTTP/1.1" 200 80655 "-" "Mozilla/5.0 AppleWebKit/537.36 (KHTML, like Gecko; compatible; bingbot/2.0; +http://www.bing.com/bingbot.htm) Chrome/103.0.5060.134 Safari/537.36" "nacaomestica.org"
40.77.167.14 - - [08/Nov/2022:03:36:47 -0800] "GET /blog4/?p=31408 HTTP/1.1" 200 92879 "-" "Mozilla/5.0 (compatible; bingbot/2.0; +http://www.bing.com/bingbot.htm)" "nacaomestica.org"
193.236.25.143 - - [08/Nov/2022:03:37:01 -0800] "GET /blog4/wp-content/uploads/2015/04/guilhotina.png HTTP/1.1" 200 359206 "https://www.google.com/" "Mozilla/5.0 (Windows NT 10.0; Win64; x64) AppleWebKit/537.36 (KHTML, like Gecko) Chrome/107.0.0.0 Safari/537.36" "nacaomestica.org"
179.48.70.89 - - [08/Nov/2022:03:36:58 -0800] "GET /blog4/?p=8456 HTTP/1.1" 200 172662 "https://www.google.com/" "Mozilla/5.0 (Windows NT 10.0; Win64; x64) AppleWebKit/537.36 (KHTML, like Gecko) Chrome/107.0.0.0 Safari/537.36" "nacaomestica.org"
179.48.70.89 - - [08/Nov/2022:03:37:02 -0800] "GET /blog4/wp-includes/js/jquery/jquery-migrate.min.js?ver=3.3.2 HTTP/1.1" 200 4169 "https://nacaomestica.org/blog4/?p=8456" "Mozilla/5.0 (Windows NT 10.0; Win64; x64) AppleWebKit/537.36 (KHTML, like Gecko) Chrome/107.0.0.0 Safari/537.36" "nacaomestica.org"
179.48.70.89 - - [08/Nov/2022:03:37:02 -0800] "GET /blog4/wp-content/themes/carrington-blog/css/css.php HTTP/1.1" 200 4963 "https://nacaomestica.org/blog4/?p=8456" "Mozilla/5.0 (Windows NT 10.0; Win64; x64) AppleWebKit/537.36 (KHTML, like Gecko) Chrome/107.0.0.0 Safari/537.36" "nacaomestica.org"
179.48.70.89 - - [08/Nov/2022:03:37:04 -0800] "GET /blog4/wp-content/themes/carrington-blog/js/carrington.js?ver=1.0 HTTP/1.1" 200 1229 "https://nacaomestica.org/blog4/?p=8456" "Mozilla/5.0 (Windows NT 10.0; Win64; x64) AppleWebKit/537.36 (KHTML, like Gecko) Chrome/107.0.0.0 Safari/537.36" "nacaomestica.org"
179.48.70.89 - - [08/Nov/2022:03:37:04 -0800] "GET /blog4/wp-content/themes/carrington-blog/carrington-core/lightbox/thickbox.js?ver=1.0 HTTP/1.1" 200 3903 "https://nacaomestica.org/blog4/?p=8456" "Mozilla/5.0 (Windows NT 10.0; Win64; x64) AppleWebKit/537.36 (KHTML, like Gecko) Chrome/107.0.0.0 Safari/537.36" "nacaomestica.org"
179.48.70.89 - - [08/Nov/2022:03:37:04 -0800] "GET /blog4/wp-content/themes/carrington-blog/carrington-core/lightbox/css/thickbox.css HTTP/1.1" 200 975 "https://nacaomestica.org/blog4/?p=8456" "Mozilla/5.0 (Windows NT 10.0; Win64; x64) AppleWebKit/537.36 (KHTML, like Gecko) Chrome/107.0.0.0 Safari/537.36" "nacaomestica.org"
179.48.70.89 - - [08/Nov/2022:03:37:02 -0800] "GET /blog4/wp-includes/js/jquery/jquery.min.js?ver=3.5.1 HTTP/1.1" 200 30916 "https://nacaomestica.org/blog4/?p=8456" "Mozilla/5.0 (Windows NT 10.0; Win64; x64) AppleWebKit/537.36 (KHTML, like Gecko) Chrome/107.0.0.0 Safari/537.36" "nacaomestica.org"
179.48.70.89 - - [08/Nov/2022:03:37:06 -0800] "GET /blog4/wp-includes/js/mediaelement/wp-mediaelement.min.css?ver=5.6.10 HTTP/1.1" 200 1156 "https://nacaomestica.org/blog4/?p=8456" "Mozilla/5.0 (Windows NT 10.0; Win64; x64) AppleWebKit/537.36 (KHTML, like Gecko) Chrome/107.0.0.0 Safari/537.36" "nacaomestica.org"
179.48.70.89 - - [08/Nov/2022:03:37:06 -0800] "GET /blog4/wp-content/plugins/wp-spamshield/js/jscripts-ftr2-min.js HTTP/1.1" 200 637 "https://nacaomestica.org/blog4/?p=8456" "Mozilla/5.0 (Windows NT 10.0; Win64; x64) AppleWebKit/537.36 (KHTML, like Gecko) Chrome/107.0.0.0 Safari/537.36" "nacaomestica.org"
179.48.70.89 - - [08/Nov/2022:03:37:07 -0800] "GET /blog4/wp-includes/js/mediaelement/mediaelement-and-player.min.js?ver=4.2.16 HTTP/1.1" 200 38657 "https://nacaomestica.org/blog4/?p=8456" "Mozilla/5.0 (Windows NT 10.0; Win64; x64) AppleWebKit/537.36 (KHTML, like Gecko) Chrome/107.0.0.0 Safari/537.36" "nacaomestica.org"
179.48.70.89 - - [08/Nov/2022:03:37:07 -0800] "GET /blog4/wp-includes/js/wp-embed.min.js?ver=5.6.10 HTTP/1.1" 200 765 "https://nacaomestica.org/blog4/?p=8456" "Mozilla/5.0 (Windows NT 10.0; Win64; x64) AppleWebKit/537.36 (KHTML, like Gecko) Chrome/107.0.0.0 Safari/537.36" "nacaomestica.org"
179.48.70.89 - - [08/Nov/2022:03:37:08 -0800] "GET /blog4/wp-includes/js/mediaelement/mediaelementplayer-legacy.min.css?ver=4.2.16 HTTP/1.1" 200 2592 "https://nacaomestica.org/blog4/?p=8456" "Mozilla/5.0 (Windows NT 10.0; Win64; x64) AppleWebKit/537.36 (KHTML, like Gecko) Chrome/107.0.0.0 Safari/537.36" "nacaomestica.org"
179.48.70.89 - - [08/Nov/2022:03:37:11 -0800] "GET /blog4/wp-includes/js/mediaelement/renderers/vimeo.min.js?ver=4.2.16 HTTP/1.1" 200 2284 "https://nacaomestica.org/blog4/?p=8456" "Mozilla/5.0 (Windows NT 10.0; Win64; x64) AppleWebKit/537.36 (KHTML, like Gecko) Chrome/107.0.0.0 Safari/537.36" "nacaomestica.org"
179.48.70.89 - - [08/Nov/2022:03:37:11 -0800] "GET /blog4/wp-includes/js/mediaelement/mediaelement-migrate.min.js?ver=5.6.10 HTTP/1.1" 200 544 "https://nacaomestica.org/blog4/?p=8456" "Mozilla/5.0 (Windows NT 10.0; Win64; x64) AppleWebKit/537.36 (KHTML, like Gecko) Chrome/107.0.0.0 Safari/537.36" "nacaomestica.org"
179.48.70.89 - - [08/Nov/2022:03:37:12 -0800] "GET /blog4/wp-content/uploads/2013/01/rebel-execution.jpg HTTP/1.1" 200 35597 "https://nacaomestica.org/blog4/?p=8456" "Mozilla/5.0 (Windows NT 10.0; Win64; x64) AppleWebKit/537.36 (KHTML, like Gecko) Chrome/107.0.0.0 Safari/537.36" "nacaomestica.org"
179.48.70.89 - - [08/Nov/2022:03:37:12 -0800] "GET /blog4/wp-content/uploads/2013/01/che_almeida.jpg HTTP/1.1" 200 13761 "https://nacaomestica.org/blog4/?p=8456" "Mozilla/5.0 (Windows NT 10.0; Win64; x64) AppleWebKit/537.36 (KHTML, like Gecko) Chrome/107.0.0.0 Safari/537.36" "nacaomestica.org"
179.48.70.89 - - [08/Nov/2022:03:37:11 -0800] "GET /blog4/wp-includes/js/mediaelement/wp-mediaelement.min.js?ver=5.6.10 HTTP/1.1" 200 475 "https://nacaomestica.org/blog4/?p=8456" "Mozilla/5.0 (Windows NT 10.0; Win64; x64) AppleWebKit/537.36 (KHTML, like Gecko) Chrome/107.0.0.0 Safari/537.36" "nacaomestica.org"
179.48.70.89 - - [08/Nov/2022:03:37:12 -0800] "GET /blog4/wp-content/themes/carrington-blog/img/sidebar-background.gif HTTP/1.1" 200 1515 "https://nacaomestica.org/blog4/wp-content/themes/carrington-blog/css/css.php" "Mozilla/5.0 (Windows NT 10.0; Win64; x64) AppleWebKit/537.36 (KHTML, like Gecko) Chrome/107.0.0.0 Safari/537.36" "nacaomestica.org"
179.48.70.89 - - [08/Nov/2022:03:37:12 -0800] "GET /blog4/wp-content/themes/carrington-blog/img/header/gradient-dark.png HTTP/1.1" 200 2877 "https://nacaomestica.org/blog4/?p=8456" "Mozilla/5.0 (Windows NT 10.0; Win64; x64) AppleWebKit/537.36 (KHTML, like Gecko) Chrome/107.0.0.0 Safari/537.36" "nacaomestica.org"
179.48.70.89 - - [08/Nov/2022:03:37:13 -0800] "GET /blog4/wp-content/uploads/2015/04/ONCA_SITE2.png HTTP/1.1" 200 296324 "https://nacaomestica.org/blog4/?p=8456" "Mozilla/5.0 (Windows NT 10.0; Win64; x64) AppleWebKit/537.36 (KHTML, like Gecko) Chrome/107.0.0.0 Safari/537.36" "nacaomestica.org"
179.48.70.89 - - [08/Nov/2022:03:37:13 -0800] "GET /blog4/wp-content/themes/carrington-blog/img/divider-ornament.gif HTTP/1.1" 200 778 "https://nacaomestica.org/blog4/wp-content/themes/carrington-blog/css/css.php" "Mozilla/5.0 (Windows NT 10.0; Win64; x64) AppleWebKit/537.36 (KHTML, like Gecko) Chrome/107.0.0.0 Safari/537.36" "nacaomestica.org"
179.48.70.89 - - [08/Nov/2022:03:37:13 -0800] "GET /blog4/wp-content/themes/carrington-blog/img/watermark-light.gif HTTP/1.1" 200 31981 "https://nacaomestica.org/blog4/wp-content/themes/carrington-blog/css/css.php" "Mozilla/5.0 (Windows NT 10.0; Win64; x64) AppleWebKit/537.36 (KHTML, like Gecko) Chrome/107.0.0.0 Safari/537.36" "nacaomestica.org"
179.48.70.89 - - [08/Nov/2022:03:37:16 -0800] "GET /blog4/wp-content/themes/carrington-blog/img/arrow-bullet.gif HTTP/1.1" 200 50 "https://nacaomestica.org/blog4/wp-content/themes/carrington-blog/css/css.php" "Mozilla/5.0 (Windows NT 10.0; Win64; x64) AppleWebKit/537.36 (KHTML, like Gecko) Chrome/107.0.0.0 Safari/537.36" "nacaomestica.org"
179.48.70.89 - - [08/Nov/2022:03:37:16 -0800] "GET /blog4/wp-content/themes/carrington-blog/img/sub-header-border-bottom.gif HTTP/1.1" 200 43 "https://nacaomestica.org/blog4/wp-content/themes/carrington-blog/css/css.php" "Mozilla/5.0 (Windows NT 10.0; Win64; x64) AppleWebKit/537.36 (KHTML, like Gecko) Chrome/107.0.0.0 Safari/537.36" "nacaomestica.org"
179.48.70.89 - - [08/Nov/2022:03:37:17 -0800] "GET /blog4/wp-includes/js/wp-emoji-release.min.js?ver=5.6.10 HTTP/1.1" 200 4662 "https://nacaomestica.org/blog4/?p=8456" "Mozilla/5.0 (Windows NT 10.0; Win64; x64) AppleWebKit/537.36 (KHTML, like Gecko) Chrome/107.0.0.0 Safari/537.36" "nacaomestica.org"
179.48.70.89 - - [08/Nov/2022:03:37:17 -0800] "GET /blog4/wp-content/uploads/2018/08/livro_mestico_CAPA-2peq.png HTTP/1.1" 200 35385 "https://nacaomestica.org/blog4/?p=8456" "Mozilla/5.0 (Windows NT 10.0; Win64; x64) AppleWebKit/537.36 (KHTML, like Gecko) Chrome/107.0.0.0 Safari/537.36" "nacaomestica.org"
179.48.70.89 - - [08/Nov/2022:03:37:16 -0800] "GET /blog4/wp-content/themes/carrington-blog/img/rss-button.gif HTTP/1.1" 200 2208 "https://nacaomestica.org/blog4/?p=8456" "Mozilla/5.0 (Windows NT 10.0; Win64; x64) AppleWebKit/537.36 (KHTML, like Gecko) Chrome/107.0.0.0 Safari/537.36" "nacaomestica.org"
179.48.70.89 - - [08/Nov/2022:03:37:18 -0800] "GET /blog4/wp-content/themes/carrington-blog/img/comment.gif HTTP/1.1" 200 370 "https://nacaomestica.org/blog4/wp-content/themes/carrington-blog/css/css.php" "Mozilla/5.0 (Windows NT 10.0; Win64; x64) AppleWebKit/537.36 (KHTML, like Gecko) Chrome/107.0.0.0 Safari/537.36" "nacaomestica.org"
179.48.70.89 - - [08/Nov/2022:03:37:18 -0800] "GET /blog4/wp-content/themes/carrington-blog/img/comments-divider.gif HTTP/1.1" 200 6855 "https://nacaomestica.org/blog4/wp-content/themes/carrington-blog/css/css.php" "Mozilla/5.0 (Windows NT 10.0; Win64; x64) AppleWebKit/537.36 (KHTML, like Gecko) Chrome/107.0.0.0 Safari/537.36" "nacaomestica.org"
179.48.70.89 - - [08/Nov/2022:03:37:18 -0800] "GET /blog4/wp-content/themes/carrington-blog/img/grey-to-white-gradient.png HTTP/1.1" 200 153 "https://nacaomestica.org/blog4/wp-content/themes/carrington-blog/css/css.php" "Mozilla/5.0 (Windows NT 10.0; Win64; x64) AppleWebKit/537.36 (KHTML, like Gecko) Chrome/107.0.0.0 Safari/537.36" "nacaomestica.org"
179.48.70.89 - - [08/Nov/2022:03:37:18 -0800] "GET /blog4/wp-content/themes/carrington-blog/img/footer/gradient-light.png HTTP/1.1" 200 172 "https://nacaomestica.org/blog4/?p=8456" "Mozilla/5.0 (Windows NT 10.0; Win64; x64) AppleWebKit/537.36 (KHTML, like Gecko) Chrome/107.0.0.0 Safari/537.36" "nacaomestica.org"
179.48.70.89 - - [08/Nov/2022:03:37:18 -0800] "GET /blog4/wp-content/themes/carrington-blog/img/dropdown-divider.gif HTTP/1.1" 200 144 "https://nacaomestica.org/blog4/wp-content/themes/carrington-blog/css/css.php" "Mozilla/5.0 (Windows NT 10.0; Win64; x64) AppleWebKit/537.36 (KHTML, like Gecko) Chrome/107.0.0.0 Safari/537.36" "nacaomestica.org"
179.48.70.89 - - [08/Nov/2022:03:37:18 -0800] "GET /blog4/wp-content/themes/carrington-blog/img/comment-thread.gif HTTP/1.1" 200 236 "https://nacaomestica.org/blog4/wp-content/themes/carrington-blog/css/css.php" "Mozilla/5.0 (Windows NT 10.0; Win64; x64) AppleWebKit/537.36 (KHTML, like Gecko) Chrome/107.0.0.0 Safari/537.36" "nacaomestica.org"
179.48.70.89 - - [08/Nov/2022:03:37:19 -0800] "GET /blog4/wp-content/themes/carrington-blog/img/footer/divider-ornament-wide-light.png HTTP/1.1" 200 1601 "https://nacaomestica.org/blog4/wp-content/themes/carrington-blog/css/css.php" "Mozilla/5.0 (Windows NT 10.0; Win64; x64) AppleWebKit/537.36 (KHTML, like Gecko) Chrome/107.0.0.0 Safari/537.36" "nacaomestica.org"
179.48.70.89 - - [08/Nov/2022:03:37:19 -0800] "GET /blog4/wp-content/themes/carrington-blog/img/footer/by-crowd-favorite-light.png HTTP/1.1" 200 2825 "https://nacaomestica.org/blog4/?p=8456" "Mozilla/5.0 (Windows NT 10.0; Win64; x64) AppleWebKit/537.36 (KHTML, like Gecko) Chrome/107.0.0.0 Safari/537.36" "nacaomestica.org"
179.48.70.89 - - [08/Nov/2022:03:37:19 -0800] "GET /blog4/wp-content/themes/carrington-blog/carrington-core/lightbox/img/loadingAnimation.gif HTTP/1.1" 200 5886 "https://nacaomestica.org/blog4/?p=8456" "Mozilla/5.0 (Windows NT 10.0; Win64; x64) AppleWebKit/537.36 (KHTML, like Gecko) Chrome/107.0.0.0 Safari/537.36" "nacaomestica.org"
179.48.70.89 - - [08/Nov/2022:03:37:19 -0800] "GET /blog4/wp-includes/js/mediaelement/mejs-controls.svg HTTP/1.1" 200 1413 "https://nacaomestica.org/blog4/wp-includes/js/mediaelement/mediaelementplayer-legacy.min.css?ver=4.2.16" "Mozilla/5.0 (Windows NT 10.0; Win64; x64) AppleWebKit/537.36 (KHTML, like Gecko) Chrome/107.0.0.0 Safari/537.36" "nacaomestica.org"
179.48.70.89 - - [08/Nov/2022:03:37:20 -0800] "GET /favicon.ico HTTP/1.1" 200 676 "https://nacaomestica.org/blog4/?p=8456" "Mozilla/5.0 (Windows NT 10.0; Win64; x64) AppleWebKit/537.36 (KHTML, like Gecko) Chrome/107.0.0.0 Safari/537.36" "nacaomestica.org"
179.48.70.89 - - [08/Nov/2022:03:37:20 -0800] "GET /blog4/wp-content/uploads/2013/01/videoplayback-2.mp4?_=1 HTTP/1.1" 206 1536726 "https://nacaomestica.org/blog4/?p=8456" "Mozilla/5.0 (Windows NT 10.0; Win64; x64) AppleWebKit/537.36 (KHTML, like Gecko) Chrome/107.0.0.0 Safari/537.36" "nacaomestica.org"
114.119.139.66 - - [08/Nov/2022:03:37:33 -0800] "GET /herzl_theodor.htm HTTP/1.1" 200 9249 "-" "Mozilla/5.0 (Linux; Android 7.0;) AppleWebKit/537.36 (KHTML, like Gecko) Mobile Safari/537.36 (compatible; PetalBot;+https://webmaster.petalsearch.com/site/petalbot)" "nacaomestica.org"
114.119.156.56 - - [08/Nov/2022:03:38:55 -0800] "GET /blog4/?attachment_id=2286 HTTP/1.1" 301 - "-" "Mozilla/5.0 (Linux; Android 7.0;) AppleWebKit/537.36 (KHTML, like Gecko) Mobile Safari/537.36 (compatible; PetalBot;+https://webmaster.petalsearch.com/site/petalbot)" "nacaomestica.org"
114.119.156.56 - - [08/Nov/2022:03:39:01 -0800] "GET /blog4/wp-content/uploads/2010/09/ht_nettleton_middle_school_100826_mn.jpg HTTP/1.1" 200 33880 "-" "Mozilla/5.0 (Linux; Android 7.0;) AppleWebKit/537.36 (KHTML, like Gecko) Mobile Safari/537.36 (compatible; PetalBot;+https://webmaster.petalsearch.com/site/petalbot)" "nacaomestica.org"
10.213.116.68 - - [08/Nov/2022:03:38:59 -0800] "POST /blog4/wp-cron.php?doing_wp_cron=1667907538.9898400306701660156250 HTTP/1.1" 200 - "https://nacaomestica.org/blog4/wp-cron.php?doing_wp_cron=1667907538.9898400306701660156250" "WordPress/5.6.10; https://nacaomestica.org/blog4" "nacaomestica.org"
114.119.139.88 - - [08/Nov/2022:03:40:17 -0800] "GET /blog4/?fb_comment_id=984940818183286_1340913332586031 HTTP/1.1" 200 88685 "https://nacaomestica.org/blog4/?fb_comment_id=984940818183286_1340913332586031&paged=2" "Mozilla/5.0 (Linux; Android 7.0;) AppleWebKit/537.36 (KHTML, like Gecko) Mobile Safari/537.36 (compatible; PetalBot;+https://webmaster.petalsearch.com/site/petalbot)" "nacaomestica.org"
177.92.0.202 - - [08/Nov/2022:03:41:07 -0800] "GET /blog4/wp-content/uploads/2016/07/%C3%93TIMO-O-INDIGENISMO-TEM-SIDO-UM-GRANDE.png HTTP/1.1" 200 258108 "https://www.google.com.br/" "Mozilla/5.0 (Windows NT 10.0; Win64; x64) AppleWebKit/537.36 (KHTML, like Gecko) Chrome/107.0.0.0 Safari/537.36" "nacaomestica.org"
177.92.0.202 - - [08/Nov/2022:03:41:07 -0800] "GET /blog4/wp-content/uploads/2018/01/DUTG4f9WsAEJSzb.jpg HTTP/1.1" 200 32012 "https://www.google.com.br/" "Mozilla/5.0 (Windows NT 10.0; Win64; x64) AppleWebKit/537.36 (KHTML, like Gecko) Chrome/107.0.0.0 Safari/537.36" "nacaomestica.org"
10.213.116.69 - - [08/Nov/2022:03:41:17 -0800] "POST /blog4/wp-cron.php?doing_wp_cron=1667907677.1972150802612304687500 HTTP/1.1" 200 - "https://nacaomestica.org/blog4/wp-cron.php?doing_wp_cron=1667907677.1972150802612304687500" "WordPress/5.6.10; https://nacaomestica.org/blog4" "nacaomestica.org"
40.77.167.67 - - [08/Nov/2022:03:41:14 -0800] "GET /blog4/?p=31617 HTTP/1.1" 200 74693 "-" "Mozilla/5.0 AppleWebKit/537.36 (KHTML, like Gecko; compatible; bingbot/2.0; +http://www.bing.com/bingbot.htm) Chrome/103.0.5060.134 Safari/537.36" "nacaomestica.org"
187.60.221.121 - - [08/Nov/2022:03:41:21 -0800] "GET /blog4/wp-content/uploads/2017/04/24153476.jpg HTTP/1.1" 200 38092 "https://www.google.com/" "Mozilla/5.0 (X11; CrOS x86_64 15117.86.0) AppleWebKit/537.36 (KHTML, like Gecko) Chrome/107.0.0.0 Safari/537.36" "nacaomestica.org"
114.119.139.88 - - [08/Nov/2022:03:41:43 -0800] "GET /blog4/?p=20500 HTTP/1.1" 200 80633 "https://nacaomestica.org/blog4/?fb_comment_id=1229241883828686_1229243050495236&paged=68" "Mozilla/5.0 (Linux; Android 7.0;) AppleWebKit/537.36 (KHTML, like Gecko) Mobile Safari/537.36 (compatible; PetalBot;+https://webmaster.petalsearch.com/site/petalbot)" "nacaomestica.org"
109.49.30.50 - - [08/Nov/2022:03:42:04 -0800] "GET /blog4/wp-content/uploads/2016/02/mesticos_sombra-2.png HTTP/1.1" 200 191787 "https://www.google.com/" "Mozilla/5.0 (Windows NT 10.0; Win64; x64) AppleWebKit/537.36 (KHTML, like Gecko) Chrome/107.0.0.0 Safari/537.36" "nacaomestica.org"
109.49.30.50 - - [08/Nov/2022:03:42:13 -0800] "GET /blog4/wp-includes/js/jquery/jquery.min.js?ver=3.5.1 HTTP/1.1" 200 30916 "https://nacaomestica.org/blog4/?p=2252" "Mozilla/5.0 (Windows NT 10.0; Win64; x64) AppleWebKit/537.36 (KHTML, like Gecko) Chrome/107.0.0.0 Safari/537.36" "nacaomestica.org"
109.49.30.50 - - [08/Nov/2022:03:42:13 -0800] "GET /blog4/wp-content/themes/carrington-blog/css/css.php HTTP/1.1" 200 4963 "https://nacaomestica.org/blog4/?p=2252" "Mozilla/5.0 (Windows NT 10.0; Win64; x64) AppleWebKit/537.36 (KHTML, like Gecko) Chrome/107.0.0.0 Safari/537.36" "nacaomestica.org"
109.49.30.50 - - [08/Nov/2022:03:42:05 -0800] "GET /blog4/?p=2252 HTTP/1.1" 200 112924 "https://www.google.com/" "Mozilla/5.0 (Windows NT 10.0; Win64; x64) AppleWebKit/537.36 (KHTML, like Gecko) Chrome/107.0.0.0 Safari/537.36" "nacaomestica.org"
109.49.30.50 - - [08/Nov/2022:03:42:14 -0800] "GET /blog4/wp-content/themes/carrington-blog/js/carrington.js?ver=1.0 HTTP/1.1" 200 1229 "https://nacaomestica.org/blog4/?p=2252" "Mozilla/5.0 (Windows NT 10.0; Win64; x64) AppleWebKit/537.36 (KHTML, like Gecko) Chrome/107.0.0.0 Safari/537.36" "nacaomestica.org"
109.49.30.50 - - [08/Nov/2022:03:42:14 -0800] "GET /blog4/wp-content/themes/carrington-blog/carrington-core/lightbox/thickbox.js?ver=1.0 HTTP/1.1" 200 3903 "https://nacaomestica.org/blog4/?p=2252" "Mozilla/5.0 (Windows NT 10.0; Win64; x64) AppleWebKit/537.36 (KHTML, like Gecko) Chrome/107.0.0.0 Safari/537.36" "nacaomestica.org"
109.49.30.50 - - [08/Nov/2022:03:42:14 -0800] "GET /blog4/wp-includes/js/jquery/jquery-migrate.min.js?ver=3.3.2 HTTP/1.1" 200 4169 "https://nacaomestica.org/blog4/?p=2252" "Mozilla/5.0 (Windows NT 10.0; Win64; x64) AppleWebKit/537.36 (KHTML, like Gecko) Chrome/107.0.0.0 Safari/537.36" "nacaomestica.org"
109.49.30.50 - - [08/Nov/2022:03:42:18 -0800] "GET /blog4/wp-includes/js/wp-embed.min.js?ver=5.6.10 HTTP/1.1" 200 765 "https://nacaomestica.org/blog4/?p=2252" "Mozilla/5.0 (Windows NT 10.0; Win64; x64) AppleWebKit/537.36 (KHTML, like Gecko) Chrome/107.0.0.0 Safari/537.36" "nacaomestica.org"
109.49.30.50 - - [08/Nov/2022:03:42:14 -0800] "GET /blog4/wp-content/themes/carrington-blog/carrington-core/lightbox/css/thickbox.css HTTP/1.1" 200 975 "https://nacaomestica.org/blog4/?p=2252" "Mozilla/5.0 (Windows NT 10.0; Win64; x64) AppleWebKit/537.36 (KHTML, like Gecko) Chrome/107.0.0.0 Safari/537.36" "nacaomestica.org"
109.49.30.50 - - [08/Nov/2022:03:42:19 -0800] "GET /blog4/wp-includes/js/mediaelement/mediaelement-and-player.min.js?ver=4.2.16 HTTP/1.1" 200 38657 "https://nacaomestica.org/blog4/?p=2252" "Mozilla/5.0 (Windows NT 10.0; Win64; x64) AppleWebKit/537.36 (KHTML, like Gecko) Chrome/107.0.0.0 Safari/537.36" "nacaomestica.org"
109.49.30.50 - - [08/Nov/2022:03:42:19 -0800] "GET /blog4/wp-includes/js/mediaelement/wp-mediaelement.min.js?ver=5.6.10 HTTP/1.1" 200 475 "https://nacaomestica.org/blog4/?p=2252" "Mozilla/5.0 (Windows NT 10.0; Win64; x64) AppleWebKit/537.36 (KHTML, like Gecko) Chrome/107.0.0.0 Safari/537.36" "nacaomestica.org"
109.49.30.50 - - [08/Nov/2022:03:42:19 -0800] "GET /blog4/wp-includes/js/mediaelement/wp-mediaelement.min.css?ver=5.6.10 HTTP/1.1" 200 1156 "https://nacaomestica.org/blog4/?p=2252" "Mozilla/5.0 (Windows NT 10.0; Win64; x64) AppleWebKit/537.36 (KHTML, like Gecko) Chrome/107.0.0.0 Safari/537.36" "nacaomestica.org"
