40.87.9.95 - - [07/Nov/2022:20:14:41 -0800] "GET /blog4/?cat=29 HTTP/1.1" 200 70237 "-" "Mozilla/5.0 (Linux; Android 7.0; SM-G930V Build/NRD90M) AppleWebKit/537.36 (KHTML, like Gecko) Chrome/59.0.3071.125 Mobile Safari/537.36" "nacaomestica.org"
208.67.106.125 - - [07/Nov/2022:20:14:43 -0800] "GET /blog/wp-commentin.php HTTP/1.1" 404 88 "-" "Mozlila/5.0 (Linux; Android 7.0; SM-G892A Bulid/NRD90M; wv) AppleWebKit/537.36 (KHTML, like Gecko) Version/4.0 Chrome/60.0.3112.107 Moblie Safari/537.36" "nacaomestica.org"
114.119.139.86 - - [07/Nov/2022:20:14:42 -0800] "GET /blog4/?p=8335 HTTP/1.1" 200 82430 "https://nacaomestica.org/blog4/wp-trackback.php?p=8335" "Mozilla/5.0 (Linux; Android 7.0;) AppleWebKit/537.36 (KHTML, like Gecko) Mobile Safari/537.36 (compatible; PetalBot;+https://webmaster.petalsearch.com/site/petalbot)" "nacaomestica.org"
20.85.215.177 - - [07/Nov/2022:20:14:53 -0800] "GET /blog4/?p=8456 HTTP/1.1" 200 172662 "-" "Mozilla/5.0 (Linux; Android 7.0; SM-G930V Build/NRD90M) AppleWebKit/537.36 (KHTML, like Gecko) Chrome/59.0.3071.125 Mobile Safari/537.36" "nacaomestica.org"
20.85.215.177 - - [07/Nov/2022:20:14:59 -0800] "GET /blog4/?tag=escravidao HTTP/1.1" 200 86414 "-" "Mozilla/5.0 (Linux; Android 7.0; SM-G930V Build/NRD90M) AppleWebKit/537.36 (KHTML, like Gecko) Chrome/59.0.3071.125 Mobile Safari/537.36" "nacaomestica.org"
208.67.106.125 - - [07/Nov/2022:20:15:05 -0800] "GET /site/wp-commentin.php HTTP/1.1" 404 88 "-" "Mozlila/5.0 (Linux; Android 7.0; SM-G892A Bulid/NRD90M; wv) AppleWebKit/537.36 (KHTML, like Gecko) Version/4.0 Chrome/60.0.3112.107 Moblie Safari/537.36" "nacaomestica.org"
20.85.215.177 - - [07/Nov/2022:20:15:14 -0800] "GET /blog4/?p=30905 HTTP/1.1" 200 77724 "-" "Mozilla/5.0 (Linux; Android 7.0; SM-G930V Build/NRD90M) AppleWebKit/537.36 (KHTML, like Gecko) Chrome/59.0.3071.125 Mobile Safari/537.36" "nacaomestica.org"
40.87.9.95 - - [07/Nov/2022:20:15:18 -0800] "GET /blog4/?tag=cotas HTTP/1.1" 200 92492 "-" "Mozilla/5.0 (Linux; Android 7.0; SM-G930V Build/NRD90M) AppleWebKit/537.36 (KHTML, like Gecko) Chrome/59.0.3071.125 Mobile Safari/537.36" "nacaomestica.org"
40.87.9.95 - - [07/Nov/2022:20:15:19 -0800] "GET / HTTP/1.1" 200 88633 "-" "Mozilla/5.0 (Linux; Android 7.0; SM-G930V Build/NRD90M) AppleWebKit/537.36 (KHTML, like Gecko) Chrome/59.0.3071.125 Mobile Safari/537.36" "nacaomestica.org"
51.222.253.13 - - [07/Nov/2022:20:16:13 -0800] "GET /blog4/?feed=rss2&p=30029 HTTP/1.1" 200 812 "-" "Mozilla/5.0 (compatible; AhrefsBot/7.0; +http://ahrefs.com/robot/)" "nacaomestica.org"
10.213.116.68 - - [07/Nov/2022:20:16:15 -0800] "POST /blog4/wp-cron.php?doing_wp_cron=1667880975.1006989479064941406250 HTTP/1.1" 200 - "https://nacaomestica.org/blog4/wp-cron.php?doing_wp_cron=1667880975.1006989479064941406250" "WordPress/5.6.10; https://nacaomestica.org/blog4" "nacaomestica.org"
114.119.139.59 - - [07/Nov/2022:20:16:17 -0800] "GET /blog4?p=18111 HTTP/1.1" 301 1417 "https://nacaomestica.org/blog4/?p=18111" "Mozilla/5.0 (Linux; Android 7.0;) AppleWebKit/537.36 (KHTML, like Gecko) Mobile Safari/537.36 (compatible; PetalBot;+https://webmaster.petalsearch.com/site/petalbot)" "nacaomestica.org"
114.119.139.59 - - [07/Nov/2022:20:16:19 -0800] "GET /blog4/?p=18111 HTTP/1.1" 200 86068 "https://nacaomestica.org/blog4/?p=18111" "Mozilla/5.0 (Linux; Android 7.0;) AppleWebKit/537.36 (KHTML, like Gecko) Mobile Safari/537.36 (compatible; PetalBot;+https://webmaster.petalsearch.com/site/petalbot)" "nacaomestica.org"
66.249.73.112 - - [07/Nov/2022:20:16:31 -0800] "GET /blog4/wp-content/uploads/2018/04/francisca-pizarro-tr.jpg HTTP/1.1" 200 45680 "-" "Googlebot-Image/1.0" "nacaomestica.org"
152.67.33.138 - - [07/Nov/2022:20:17:25 -0800] "GET /blog4/?feed=comments-rss2 HTTP/1.1" 200 11502 "-" "Mozilla/5.0 (Macintosh; I; Intel Mac OS X 11_7_9; de-LI; rv:1.9b4) Gecko/2012010317 Firefox/10.0a4" "nacaomestica.org"
168.138.135.145 - - [07/Nov/2022:20:17:28 -0800] "GET / HTTP/1.1" 200 88633 "-" "facebookexternalhit/1.0 (+http://www.facebook.com/externalhit_uatext.php)" "nacaomestica.org"
187.182.155.133 - - [07/Nov/2022:20:17:54 -0800] "GET /blog4/?p=30561 HTTP/1.1" 200 75809 "https://www.google.com.br/" "Mozilla/5.0 (Windows NT 10.0) AppleWebKit/537.36 (KHTML, like Gecko) Chrome/107.0.0.0 Safari/537.36" "nacaomestica.org"
187.182.155.133 - - [07/Nov/2022:20:18:11 -0800] "GET /blog4/wp-includes/js/jquery/jquery.min.js?ver=3.5.1 HTTP/1.1" 200 30916 "https://nacaomestica.org/blog4/?p=30561" "Mozilla/5.0 (Windows NT 10.0) AppleWebKit/537.36 (KHTML, like Gecko) Chrome/107.0.0.0 Safari/537.36" "nacaomestica.org"
187.182.155.133 - - [07/Nov/2022:20:18:11 -0800] "GET /blog4/wp-includes/js/jquery/jquery-migrate.min.js?ver=3.3.2 HTTP/1.1" 200 4169 "https://nacaomestica.org/blog4/?p=30561" "Mozilla/5.0 (Windows NT 10.0) AppleWebKit/537.36 (KHTML, like Gecko) Chrome/107.0.0.0 Safari/537.36" "nacaomestica.org"
187.182.155.133 - - [07/Nov/2022:20:18:11 -0800] "GET /blog4/wp-content/themes/carrington-blog/css/css.php HTTP/1.1" 200 4963 "https://nacaomestica.org/blog4/?p=30561" "Mozilla/5.0 (Windows NT 10.0) AppleWebKit/537.36 (KHTML, like Gecko) Chrome/107.0.0.0 Safari/537.36" "nacaomestica.org"
187.182.155.133 - - [07/Nov/2022:20:18:16 -0800] "GET /blog4/wp-content/themes/carrington-blog/carrington-core/lightbox/css/thickbox.css HTTP/1.1" 200 975 "https://nacaomestica.org/blog4/?p=30561" "Mozilla/5.0 (Windows NT 10.0) AppleWebKit/537.36 (KHTML, like Gecko) Chrome/107.0.0.0 Safari/537.36" "nacaomestica.org"
187.182.155.133 - - [07/Nov/2022:20:18:20 -0800] "GET /blog4/wp-content/themes/carrington-blog/js/carrington.js?ver=1.0 HTTP/1.1" 200 1229 "https://nacaomestica.org/blog4/?p=30561" "Mozilla/5.0 (Windows NT 10.0) AppleWebKit/537.36 (KHTML, like Gecko) Chrome/107.0.0.0 Safari/537.36" "nacaomestica.org"
10.213.116.69 - - [07/Nov/2022:20:18:20 -0800] "POST /blog4/wp-cron.php?doing_wp_cron=1667881100.0037450790405273437500 HTTP/1.1" 200 - "https://nacaomestica.org/blog4/wp-cron.php?doing_wp_cron=1667881100.0037450790405273437500" "WordPress/5.6.10; https://nacaomestica.org/blog4" "nacaomestica.org"
114.119.139.88 - - [07/Nov/2022:20:18:17 -0800] "GET /blog4/?p=21073 HTTP/1.1" 200 71114 "https://nacaomestica.org/blog4/wp-trackback.php?p=5446" "Mozilla/5.0 (Linux; Android 7.0;) AppleWebKit/537.36 (KHTML, like Gecko) Mobile Safari/537.36 (compatible; PetalBot;+https://webmaster.petalsearch.com/site/petalbot)" "nacaomestica.org"
187.182.155.133 - - [07/Nov/2022:20:18:27 -0800] "GET /blog4/wp-content/themes/carrington-blog/carrington-core/lightbox/thickbox.js?ver=1.0 HTTP/1.1" 200 3903 "https://nacaomestica.org/blog4/?p=30561" "Mozilla/5.0 (Windows NT 10.0) AppleWebKit/537.36 (KHTML, like Gecko) Chrome/107.0.0.0 Safari/537.36" "nacaomestica.org"
187.182.155.133 - - [07/Nov/2022:20:18:46 -0800] "GET /blog4/wp-content/plugins/wp-spamshield/js/jscripts-ftr2-min.js HTTP/1.1" 200 637 "https://nacaomestica.org/blog4/?p=30561" "Mozilla/5.0 (Windows NT 10.0) AppleWebKit/537.36 (KHTML, like Gecko) Chrome/107.0.0.0 Safari/537.36" "nacaomestica.org"
187.182.155.133 - - [07/Nov/2022:20:18:46 -0800] "GET /blog4/wp-includes/js/mediaelement/mediaelementplayer-legacy.min.css?ver=4.2.16 HTTP/1.1" 200 2592 "https://nacaomestica.org/blog4/?p=30561" "Mozilla/5.0 (Windows NT 10.0) AppleWebKit/537.36 (KHTML, like Gecko) Chrome/107.0.0.0 Safari/537.36" "nacaomestica.org"
187.182.155.133 - - [07/Nov/2022:20:18:46 -0800] "GET /blog4/wp-includes/js/mediaelement/wp-mediaelement.min.css?ver=5.6.10 HTTP/1.1" 200 1156 "https://nacaomestica.org/blog4/?p=30561" "Mozilla/5.0 (Windows NT 10.0) AppleWebKit/537.36 (KHTML, like Gecko) Chrome/107.0.0.0 Safari/537.36" "nacaomestica.org"
187.182.155.133 - - [07/Nov/2022:20:18:46 -0800] "GET /blog4/wp-includes/js/wp-embed.min.js?ver=5.6.10 HTTP/1.1" 200 765 "https://nacaomestica.org/blog4/?p=30561" "Mozilla/5.0 (Windows NT 10.0) AppleWebKit/537.36 (KHTML, like Gecko) Chrome/107.0.0.0 Safari/537.36" "nacaomestica.org"
187.182.155.133 - - [07/Nov/2022:20:18:46 -0800] "GET /blog4/wp-includes/js/mediaelement/mediaelement-and-player.min.js?ver=4.2.16 HTTP/1.1" 200 38657 "https://nacaomestica.org/blog4/?p=30561" "Mozilla/5.0 (Windows NT 10.0) AppleWebKit/537.36 (KHTML, like Gecko) Chrome/107.0.0.0 Safari/537.36" "nacaomestica.org"
187.182.155.133 - - [07/Nov/2022:20:18:46 -0800] "GET /blog4/wp-includes/js/mediaelement/mediaelement-migrate.min.js?ver=5.6.10 HTTP/1.1" 200 544 "https://nacaomestica.org/blog4/?p=30561" "Mozilla/5.0 (Windows NT 10.0) AppleWebKit/537.36 (KHTML, like Gecko) Chrome/107.0.0.0 Safari/537.36" "nacaomestica.org"
187.182.155.133 - - [07/Nov/2022:20:18:47 -0800] "GET /blog4/wp-includes/js/mediaelement/wp-mediaelement.min.js?ver=5.6.10 HTTP/1.1" 200 475 "https://nacaomestica.org/blog4/?p=30561" "Mozilla/5.0 (Windows NT 10.0) AppleWebKit/537.36 (KHTML, like Gecko) Chrome/107.0.0.0 Safari/537.36" "nacaomestica.org"
187.182.155.133 - - [07/Nov/2022:20:18:48 -0800] "GET /blog4/wp-includes/js/mediaelement/renderers/vimeo.min.js?ver=4.2.16 HTTP/1.1" 200 2284 "https://nacaomestica.org/blog4/?p=30561" "Mozilla/5.0 (Windows NT 10.0) AppleWebKit/537.36 (KHTML, like Gecko) Chrome/107.0.0.0 Safari/537.36" "nacaomestica.org"
187.182.155.133 - - [07/Nov/2022:20:18:48 -0800] "GET /blog4/wp-content/themes/carrington-blog/img/rss-button.gif HTTP/1.1" 200 2208 "https://nacaomestica.org/blog4/?p=30561" "Mozilla/5.0 (Windows NT 10.0) AppleWebKit/537.36 (KHTML, like Gecko) Chrome/107.0.0.0 Safari/537.36" "nacaomestica.org"
187.182.155.133 - - [07/Nov/2022:20:18:48 -0800] "GET /blog4/wp-content/uploads/2021/03/Me-encontro-com-esse-grande-escritor-William-Douglas.jpg HTTP/1.1" 200 63443 "https://nacaomestica.org/blog4/?p=30561" "Mozilla/5.0 (Windows NT 10.0) AppleWebKit/537.36 (KHTML, like Gecko) Chrome/107.0.0.0 Safari/537.36" "nacaomestica.org"
187.182.155.133 - - [07/Nov/2022:20:18:48 -0800] "GET /blog4/wp-content/uploads/2018/08/livro_mestico_CAPA-2peq.png HTTP/1.1" 200 35385 "https://nacaomestica.org/blog4/?p=30561" "Mozilla/5.0 (Windows NT 10.0) AppleWebKit/537.36 (KHTML, like Gecko) Chrome/107.0.0.0 Safari/537.36" "nacaomestica.org"
187.182.155.133 - - [07/Nov/2022:20:18:52 -0800] "GET /blog4/wp-content/themes/carrington-blog/img/header/gradient-dark.png HTTP/1.1" 200 2877 "https://nacaomestica.org/blog4/?p=30561" "Mozilla/5.0 (Windows NT 10.0) AppleWebKit/537.36 (KHTML, like Gecko) Chrome/107.0.0.0 Safari/537.36" "nacaomestica.org"
187.182.155.133 - - [07/Nov/2022:20:18:52 -0800] "GET /blog4/wp-content/uploads/2015/04/ONCA_SITE2.png HTTP/1.1" 200 296324 "https://nacaomestica.org/blog4/?p=30561" "Mozilla/5.0 (Windows NT 10.0) AppleWebKit/537.36 (KHTML, like Gecko) Chrome/107.0.0.0 Safari/537.36" "nacaomestica.org"
187.182.155.133 - - [07/Nov/2022:20:18:52 -0800] "GET /blog4/wp-content/themes/carrington-blog/img/sidebar-background.gif HTTP/1.1" 200 1515 "https://nacaomestica.org/blog4/wp-content/themes/carrington-blog/css/css.php" "Mozilla/5.0 (Windows NT 10.0) AppleWebKit/537.36 (KHTML, like Gecko) Chrome/107.0.0.0 Safari/537.36" "nacaomestica.org"
187.182.155.133 - - [07/Nov/2022:20:18:58 -0800] "GET /blog4/wp-content/themes/carrington-blog/img/divider-ornament.gif HTTP/1.1" 200 778 "https://nacaomestica.org/blog4/wp-content/themes/carrington-blog/css/css.php" "Mozilla/5.0 (Windows NT 10.0) AppleWebKit/537.36 (KHTML, like Gecko) Chrome/107.0.0.0 Safari/537.36" "nacaomestica.org"
187.182.155.133 - - [07/Nov/2022:20:18:58 -0800] "GET /blog4/wp-content/themes/carrington-blog/img/sub-header-border-bottom.gif HTTP/1.1" 200 43 "https://nacaomestica.org/blog4/wp-content/themes/carrington-blog/css/css.php" "Mozilla/5.0 (Windows NT 10.0) AppleWebKit/537.36 (KHTML, like Gecko) Chrome/107.0.0.0 Safari/537.36" "nacaomestica.org"
187.182.155.133 - - [07/Nov/2022:20:18:58 -0800] "GET /blog4/wp-content/themes/carrington-blog/img/watermark-light.gif HTTP/1.1" 200 31981 "https://nacaomestica.org/blog4/wp-content/themes/carrington-blog/css/css.php" "Mozilla/5.0 (Windows NT 10.0) AppleWebKit/537.36 (KHTML, like Gecko) Chrome/107.0.0.0 Safari/537.36" "nacaomestica.org"
187.182.155.133 - - [07/Nov/2022:20:18:59 -0800] "GET /blog4/wp-includes/js/wp-emoji-release.min.js?ver=5.6.10 HTTP/1.1" 200 4662 "https://nacaomestica.org/blog4/?p=30561" "Mozilla/5.0 (Windows NT 10.0) AppleWebKit/537.36 (KHTML, like Gecko) Chrome/107.0.0.0 Safari/537.36" "nacaomestica.org"
187.182.155.133 - - [07/Nov/2022:20:18:59 -0800] "GET /blog4/wp-content/themes/carrington-blog/img/dropdown-divider.gif HTTP/1.1" 200 144 "https://nacaomestica.org/blog4/wp-content/themes/carrington-blog/css/css.php" "Mozilla/5.0 (Windows NT 10.0) AppleWebKit/537.36 (KHTML, like Gecko) Chrome/107.0.0.0 Safari/537.36" "nacaomestica.org"
187.182.155.133 - - [07/Nov/2022:20:18:59 -0800] "GET /blog4/wp-content/themes/carrington-blog/img/comment.gif HTTP/1.1" 200 370 "https://nacaomestica.org/blog4/wp-content/themes/carrington-blog/css/css.php" "Mozilla/5.0 (Windows NT 10.0) AppleWebKit/537.36 (KHTML, like Gecko) Chrome/107.0.0.0 Safari/537.36" "nacaomestica.org"
187.182.155.133 - - [07/Nov/2022:20:18:59 -0800] "GET /blog4/wp-content/themes/carrington-blog/img/comments-divider.gif HTTP/1.1" 200 6855 "https://nacaomestica.org/blog4/wp-content/themes/carrington-blog/css/css.php" "Mozilla/5.0 (Windows NT 10.0) AppleWebKit/537.36 (KHTML, like Gecko) Chrome/107.0.0.0 Safari/537.36" "nacaomestica.org"
51.222.253.18 - - [07/Nov/2022:20:18:58 -0800] "GET /blog4/?feed=rss2&p=6719 HTTP/1.1" 200 857 "-" "Mozilla/5.0 (compatible; AhrefsBot/7.0; +http://ahrefs.com/robot/)" "nacaomestica.org"
187.182.155.133 - - [07/Nov/2022:20:19:00 -0800] "GET /blog4/wp-content/themes/carrington-blog/img/grey-to-white-gradient.png HTTP/1.1" 200 153 "https://nacaomestica.org/blog4/wp-content/themes/carrington-blog/css/css.php" "Mozilla/5.0 (Windows NT 10.0) AppleWebKit/537.36 (KHTML, like Gecko) Chrome/107.0.0.0 Safari/537.36" "nacaomestica.org"
187.182.155.133 - - [07/Nov/2022:20:19:00 -0800] "GET /blog4/wp-content/themes/carrington-blog/img/footer/gradient-light.png HTTP/1.1" 200 172 "https://nacaomestica.org/blog4/?p=30561" "Mozilla/5.0 (Windows NT 10.0) AppleWebKit/537.36 (KHTML, like Gecko) Chrome/107.0.0.0 Safari/537.36" "nacaomestica.org"
187.182.155.133 - - [07/Nov/2022:20:19:00 -0800] "GET /blog4/wp-content/themes/carrington-blog/img/arrow-bullet.gif HTTP/1.1" 200 50 "https://nacaomestica.org/blog4/wp-content/themes/carrington-blog/css/css.php" "Mozilla/5.0 (Windows NT 10.0) AppleWebKit/537.36 (KHTML, like Gecko) Chrome/107.0.0.0 Safari/537.36" "nacaomestica.org"
187.182.155.133 - - [07/Nov/2022:20:19:00 -0800] "GET /blog4/wp-content/themes/carrington-blog/img/footer/divider-ornament-wide-light.png HTTP/1.1" 200 1601 "https://nacaomestica.org/blog4/wp-content/themes/carrington-blog/css/css.php" "Mozilla/5.0 (Windows NT 10.0) AppleWebKit/537.36 (KHTML, like Gecko) Chrome/107.0.0.0 Safari/537.36" "nacaomestica.org"
187.182.155.133 - - [07/Nov/2022:20:19:01 -0800] "GET /blog4/wp-content/themes/carrington-blog/img/footer/by-crowd-favorite-light.png HTTP/1.1" 200 2825 "https://nacaomestica.org/blog4/?p=30561" "Mozilla/5.0 (Windows NT 10.0) AppleWebKit/537.36 (KHTML, like Gecko) Chrome/107.0.0.0 Safari/537.36" "nacaomestica.org"
187.182.155.133 - - [07/Nov/2022:20:19:05 -0800] "GET /blog4/wp-content/themes/carrington-blog/carrington-core/lightbox/img/loadingAnimation.gif HTTP/1.1" 200 5886 "https://nacaomestica.org/blog4/?p=30561" "Mozilla/5.0 (Windows NT 10.0) AppleWebKit/537.36 (KHTML, like Gecko) Chrome/107.0.0.0 Safari/537.36" "nacaomestica.org"
187.182.155.133 - - [07/Nov/2022:20:19:05 -0800] "GET /blog4/wp-includes/js/mediaelement/mejs-controls.svg HTTP/1.1" 200 1413 "https://nacaomestica.org/blog4/wp-includes/js/mediaelement/mediaelementplayer-legacy.min.css?ver=4.2.16" "Mozilla/5.0 (Windows NT 10.0) AppleWebKit/537.36 (KHTML, like Gecko) Chrome/107.0.0.0 Safari/537.36" "nacaomestica.org"
17.121.114.124 - - [07/Nov/2022:20:19:18 -0800] "GET /blog4/?p=12355 HTTP/1.1" 200 101435 "-" "Mozilla/5.0 (Macintosh; Intel Mac OS X 10_15_5) AppleWebKit/605.1.15 (KHTML, like Gecko) Version/13.1.1 Safari/605.1.15 (Applebot/0.1; +http://www.apple.com/go/applebot)" "nacaomestica.org"
114.119.156.56 - - [07/Nov/2022:20:19:22 -0800] "GET /blog4/?feed=rss2&p=13485 HTTP/1.1" 200 807 "https://nacaomestica.org/blog4/?p=13485" "Mozilla/5.0 (Linux; Android 7.0;) AppleWebKit/537.36 (KHTML, like Gecko) Mobile Safari/537.36 (compatible; PetalBot;+https://webmaster.petalsearch.com/site/petalbot)" "nacaomestica.org"
58.87.60.223 - - [07/Nov/2022:20:20:42 -0800] "GET /blog4/wp-content/uploads/2011/08/rainha-silvia-da-suecia-se-reuniu-com-a-presidente-dilma-no-palacio-do-planalto-1305803647815_615x300.jpg HTTP/1.1" 200 67270 "-" "Mozilla/5.0 (X11; Ubuntu; Linux x86_64; rv:72.0) Gecko/20100101 Firefox/72.0" "nacaomestica.org"
114.119.139.86 - - [07/Nov/2022:20:20:57 -0800] "GET /blog4/wp-content/uploads/2013/05/?C=N%3BO%3DD HTTP/1.1" 200 867 "https://nacaomestica.org/blog4/wp-content/uploads/2013/05?N=A" "Mozilla/5.0 (Linux; Android 7.0;) AppleWebKit/537.36 (KHTML, like Gecko) Mobile Safari/537.36 (compatible; PetalBot;+https://webmaster.petalsearch.com/site/petalbot)" "nacaomestica.org"
189.218.239.189 - - [07/Nov/2022:20:21:12 -0800] "GET /blog4/wp-content/uploads/2018/04/francisca-pizarro-tr.jpg HTTP/1.1" 200 45680 "https://www.google.com/" "Mozilla/5.0 (Linux; Android 10; moto g(7) plus) AppleWebKit/537.36 (KHTML, like Gecko) Chrome/107.0.0.0 Mobile Safari/537.36" "nacaomestica.org"
40.77.167.14 - - [07/Nov/2022:20:21:26 -0800] "GET /blog4/wp-content/uploads/2017/07/WhatsApp-Image-2017-07-20-at-13.32.51-1.jpeg HTTP/1.1" 200 113523 "-" "Mozilla/5.0 (compatible; bingbot/2.0; +http://www.bing.com/bingbot.htm)" "nacaomestica.org"
51.222.253.14 - - [07/Nov/2022:20:21:52 -0800] "GET /blog4/?feed=rss2&p=25154 HTTP/1.1" 200 780 "-" "Mozilla/5.0 (compatible; AhrefsBot/7.0; +http://ahrefs.com/robot/)" "nacaomestica.org"
10.213.116.68 - - [07/Nov/2022:20:21:55 -0800] "POST /blog4/wp-cron.php?doing_wp_cron=1667881314.9588310718536376953125 HTTP/1.1" 200 - "https://nacaomestica.org/blog4/wp-cron.php?doing_wp_cron=1667881314.9588310718536376953125" "WordPress/5.6.10; https://nacaomestica.org/blog4" "nacaomestica.org"
114.119.139.88 - - [07/Nov/2022:20:22:37 -0800] "GET /blog4/?fb_comment_id=1229241883828686_1229243050495236&paged=79 HTTP/1.1" 200 110434 "https://nacaomestica.org/blog4/?fb_comment_id=1229241883828686_1229243050495236&paged=80" "Mozilla/5.0 (Linux; Android 7.0;) AppleWebKit/537.36 (KHTML, like Gecko) Mobile Safari/537.36 (compatible; PetalBot;+https://webmaster.petalsearch.com/site/petalbot)" "nacaomestica.org"
103.177.224.87 - - [07/Nov/2022:20:23:24 -0800] "GET /blog4/?feed=comments-rss2 HTTP/1.1" 200 11502 "-" "-" "nacaomestica.org"
20.106.27.173 - - [07/Nov/2022:20:23:31 -0800] "GET /blog4/wp-content/uploads/2011/07/1420237.JPG HTTP/1.1" 200 527894 "http://nacaomestica.org/blog4/wp-content/uploads/2011/07" "Mozilla/5.0 (X11; Linux x86_64) AppleWebKit/537.36 (KHTML, like Gecko) Chrome/74.0.3729.169 Safari/537.36" "nacaomestica.org"
103.177.224.87 - - [07/Nov/2022:20:23:28 -0800] "GET /blog4/?feed=rss2 HTTP/1.1" 200 11803 "-" "-" "nacaomestica.org"
20.124.250.146 - - [07/Nov/2022:20:24:00 -0800] "GET /blog4/?cat=136 HTTP/1.1" 200 68001 "-" "Mozilla/5.0 (Linux; Android 7.0; SM-G930V Build/NRD90M) AppleWebKit/537.36 (KHTML, like Gecko) Chrome/59.0.3071.125 Mobile Safari/537.36" "nacaomestica.org"
10.213.116.69 - - [07/Nov/2022:20:24:02 -0800] "POST /blog4/wp-cron.php?doing_wp_cron=1667881442.3978910446166992187500 HTTP/1.1" 200 - "https://nacaomestica.org/blog4/wp-cron.php?doing_wp_cron=1667881442.3978910446166992187500" "WordPress/5.6.10; https://nacaomestica.org/blog4" "nacaomestica.org"
114.119.139.59 - - [07/Nov/2022:20:24:09 -0800] "GET /blog4/?tag=indio&paged=5 HTTP/1.1" 200 93065 "https://nacaomestica.org/blog4?tag=indio&paged=4" "Mozilla/5.0 (Linux; Android 7.0;) AppleWebKit/537.36 (KHTML, like Gecko) Mobile Safari/537.36 (compatible; PetalBot;+https://webmaster.petalsearch.com/site/petalbot)" "nacaomestica.org"
20.124.250.146 - - [07/Nov/2022:20:24:14 -0800] "GET /blog4/?tag=globalismo HTTP/1.1" 200 80081 "-" "Mozilla/5.0 (Linux; Android 7.0; SM-G930V Build/NRD90M) AppleWebKit/537.36 (KHTML, like Gecko) Chrome/59.0.3071.125 Mobile Safari/537.36" "nacaomestica.org"
20.124.250.146 - - [07/Nov/2022:20:24:12 -0800] "GET /blog4/?tag=separatismo HTTP/1.1" 200 82429 "-" "Mozilla/5.0 (Linux; Android 7.0; SM-G930V Build/NRD90M) AppleWebKit/537.36 (KHTML, like Gecko) Chrome/59.0.3071.125 Mobile Safari/537.36" "nacaomestica.org"
51.222.253.5 - - [07/Nov/2022:20:24:38 -0800] "GET /blog4/?feed=rss2&p=18555 HTTP/1.1" 200 814 "-" "Mozilla/5.0 (compatible; AhrefsBot/7.0; +http://ahrefs.com/robot/)" "nacaomestica.org"
20.124.250.146 - - [07/Nov/2022:20:24:41 -0800] "GET /blog4/?cat=106 HTTP/1.1" 200 80793 "-" "Mozilla/5.0 (Linux; Android 7.0; SM-G930V Build/NRD90M) AppleWebKit/537.36 (KHTML, like Gecko) Chrome/59.0.3071.125 Mobile Safari/537.36" "nacaomestica.org"
37.187.77.228 - - [07/Nov/2022:20:24:49 -0800] "GET / HTTP/1.1" 200 64344 "-" "Mozilla/5.0 (Windows NT 10.0; WOW64) AppleWebKit/537.36 (KHTML, like Gecko) Chrome/84.0.4147.125 Safari/537.36" "nacaomestica.org"
37.187.77.228 - - [07/Nov/2022:20:24:52 -0800] "POST /wp-admin/admin-ajax.php HTTP/1.1" 404 88 "-" "Mozilla/5.0 (Windows NT 10.0; WOW64) AppleWebKit/537.36 (KHTML, like Gecko) Chrome/84.0.4147.125 Safari/537.36" "nacaomestica.org"
20.124.250.146 - - [07/Nov/2022:20:24:52 -0800] "GET /blog4/?tag=dia-do-mestico HTTP/1.1" 200 82430 "-" "Mozilla/5.0 (Linux; Android 7.0; SM-G930V Build/NRD90M) AppleWebKit/537.36 (KHTML, like Gecko) Chrome/59.0.3071.125 Mobile Safari/537.36" "nacaomestica.org"
20.124.250.146 - - [07/Nov/2022:20:24:54 -0800] "GET /blog4/?cat=60 HTTP/1.1" 200 92760 "-" "Mozilla/5.0 (Linux; Android 7.0; SM-G930V Build/NRD90M) AppleWebKit/537.36 (KHTML, like Gecko) Chrome/59.0.3071.125 Mobile Safari/537.36" "nacaomestica.org"
20.124.250.146 - - [07/Nov/2022:20:25:04 -0800] "GET /blog4/?tag=acoes-afirmativas HTTP/1.1" 200 82792 "-" "Mozilla/5.0 (Linux; Android 7.0; SM-G930V Build/NRD90M) AppleWebKit/537.36 (KHTML, like Gecko) Chrome/59.0.3071.125 Mobile Safari/537.36" "nacaomestica.org"
20.124.250.146 - - [07/Nov/2022:20:25:03 -0800] "GET /blog4/?tag=censura HTTP/1.1" 200 78736 "-" "Mozilla/5.0 (Linux; Android 7.0; SM-G930V Build/NRD90M) AppleWebKit/537.36 (KHTML, like Gecko) Chrome/59.0.3071.125 Mobile Safari/537.36" "nacaomestica.org"
20.124.250.146 - - [07/Nov/2022:20:25:15 -0800] "GET /blog4/?cat=267 HTTP/1.1" 200 69730 "-" "Mozilla/5.0 (Linux; Android 7.0; SM-G930V Build/NRD90M) AppleWebKit/537.36 (KHTML, like Gecko) Chrome/59.0.3071.125 Mobile Safari/537.36" "nacaomestica.org"
20.124.250.146 - - [07/Nov/2022:20:25:20 -0800] "GET /blog4/?tag=racism HTTP/1.1" 200 87035 "-" "Mozilla/5.0 (Linux; Android 7.0; SM-G930V Build/NRD90M) AppleWebKit/537.36 (KHTML, like Gecko) Chrome/59.0.3071.125 Mobile Safari/537.36" "nacaomestica.org"
20.124.250.146 - - [07/Nov/2022:20:25:25 -0800] "GET /blog4/?cat=223 HTTP/1.1" 200 95463 "-" "Mozilla/5.0 (Linux; Android 7.0; SM-G930V Build/NRD90M) AppleWebKit/537.36 (KHTML, like Gecko) Chrome/59.0.3071.125 Mobile Safari/537.36" "nacaomestica.org"
20.124.250.146 - - [07/Nov/2022:20:25:27 -0800] "GET /blog4/?p=20922 HTTP/1.1" 200 87750 "-" "Mozilla/5.0 (Linux; Android 7.0; SM-G930V Build/NRD90M) AppleWebKit/537.36 (KHTML, like Gecko) Chrome/59.0.3071.125 Mobile Safari/537.36" "nacaomestica.org"
20.124.250.146 - - [07/Nov/2022:20:25:29 -0800] "GET /blog4/?tag=branco HTTP/1.1" 200 96399 "-" "Mozilla/5.0 (Linux; Android 7.0; SM-G930V Build/NRD90M) AppleWebKit/537.36 (KHTML, like Gecko) Chrome/59.0.3071.125 Mobile Safari/537.36" "nacaomestica.org"
114.119.139.66 - - [07/Nov/2022:20:25:37 -0800] "GET /blog4/?feed=rss2&p=5654 HTTP/1.1" 200 789 "https://nacaomestica.org/blog4?p=5654" "Mozilla/5.0 (Linux; Android 7.0;) AppleWebKit/537.36 (KHTML, like Gecko) Mobile Safari/537.36 (compatible; PetalBot;+https://webmaster.petalsearch.com/site/petalbot)" "nacaomestica.org"
20.124.250.146 - - [07/Nov/2022:20:26:00 -0800] "GET /blog4/?tag=indio HTTP/1.1" 200 100446 "-" "Mozilla/5.0 (Linux; Android 7.0; SM-G930V Build/NRD90M) AppleWebKit/537.36 (KHTML, like Gecko) Chrome/59.0.3071.125 Mobile Safari/537.36" "nacaomestica.org"
10.213.116.70 - - [07/Nov/2022:20:26:12 -0800] "POST /blog4/wp-cron.php?doing_wp_cron=1667881572.0396070480346679687500 HTTP/1.1" 200 - "https://nacaomestica.org/blog4/wp-cron.php?doing_wp_cron=1667881572.0396070480346679687500" "WordPress/5.6.10; https://nacaomestica.org/blog4" "nacaomestica.org"
20.124.250.146 - - [07/Nov/2022:20:26:10 -0800] "GET /blog4/?tag=english-texts HTTP/1.1" 200 93598 "-" "Mozilla/5.0 (Linux; Android 7.0; SM-G930V Build/NRD90M) AppleWebKit/537.36 (KHTML, like Gecko) Chrome/59.0.3071.125 Mobile Safari/537.36" "nacaomestica.org"
20.124.250.146 - - [07/Nov/2022:20:26:13 -0800] "GET /blog4/?cat=203 HTTP/1.1" 200 96250 "-" "Mozilla/5.0 (Linux; Android 7.0; SM-G930V Build/NRD90M) AppleWebKit/537.36 (KHTML, like Gecko) Chrome/59.0.3071.125 Mobile Safari/537.36" "nacaomestica.org"
20.124.250.146 - - [07/Nov/2022:20:26:25 -0800] "GET /blog4/?cat=134 HTTP/1.1" 200 71153 "-" "Mozilla/5.0 (Linux; Android 7.0; SM-G930V Build/NRD90M) AppleWebKit/537.36 (KHTML, like Gecko) Chrome/59.0.3071.125 Mobile Safari/537.36" "nacaomestica.org"
20.124.250.146 - - [07/Nov/2022:20:26:27 -0800] "GET /blog4/?cat=28 HTTP/1.1" 200 97231 "-" "Mozilla/5.0 (Linux; Android 7.0; SM-G930V Build/NRD90M) AppleWebKit/537.36 (KHTML, like Gecko) Chrome/59.0.3071.125 Mobile Safari/537.36" "nacaomestica.org"
20.124.250.146 - - [07/Nov/2022:20:26:28 -0800] "GET /blog4/?cat=241 HTTP/1.1" 200 68669 "-" "Mozilla/5.0 (Linux; Android 7.0; SM-G930V Build/NRD90M) AppleWebKit/537.36 (KHTML, like Gecko) Chrome/59.0.3071.125 Mobile Safari/537.36" "nacaomestica.org"
20.124.250.146 - - [07/Nov/2022:20:26:36 -0800] "GET /blog4/?tag=gilberto-freyre HTTP/1.1" 200 80820 "-" "Mozilla/5.0 (Linux; Android 7.0; SM-G930V Build/NRD90M) AppleWebKit/537.36 (KHTML, like Gecko) Chrome/59.0.3071.125 Mobile Safari/537.36" "nacaomestica.org"
20.124.250.146 - - [07/Nov/2022:20:26:41 -0800] "GET /blog4/?cat=259 HTTP/1.1" 200 68416 "-" "Mozilla/5.0 (Linux; Android 7.0; SM-G930V Build/NRD90M) AppleWebKit/537.36 (KHTML, like Gecko) Chrome/59.0.3071.125 Mobile Safari/537.36" "nacaomestica.org"
20.124.250.146 - - [07/Nov/2022:20:27:07 -0800] "GET /blog4/?tag=antologia HTTP/1.1" 200 76318 "-" "Mozilla/5.0 (Linux; Android 7.0; SM-G930V Build/NRD90M) AppleWebKit/537.36 (KHTML, like Gecko) Chrome/59.0.3071.125 Mobile Safari/537.36" "nacaomestica.org"
20.124.250.146 - - [07/Nov/2022:20:27:12 -0800] "GET /blog4/?tag=racismo HTTP/1.1" 200 100201 "-" "Mozilla/5.0 (Linux; Android 7.0; SM-G930V Build/NRD90M) AppleWebKit/537.36 (KHTML, like Gecko) Chrome/59.0.3071.125 Mobile Safari/537.36" "nacaomestica.org"
20.29.110.168 - - [07/Nov/2022:20:27:22 -0800] "GET /blog4/wp-content/uploads/2016/02/12744521_1065386103524554_1931563381459997925_n-150x150.jpg HTTP/1.1" 200 10470 "https://nacaomestica.org/blog4/wp-content/uploads/2016/02" "Mozilla/5.0 (iPhone; CPU iPhone OS 13_5_1 like Mac OS X) AppleWebKit/605.1.15 (KHTML, like Gecko) Version/13.1.1 Mobile/15E148 Safari/604.1" "nacaomestica.org"
51.222.253.2 - - [07/Nov/2022:20:27:21 -0800] "GET /blog4/?feed=rss2&p=20359 HTTP/1.1" 200 1295 "-" "Mozilla/5.0 (compatible; AhrefsBot/7.0; +http://ahrefs.com/robot/)" "nacaomestica.org"
20.124.250.146 - - [07/Nov/2022:20:27:34 -0800] "GET /blog4/?tag=dignidade-humana HTTP/1.1" 200 75102 "-" "Mozilla/5.0 (Linux; Android 7.0; SM-G930V Build/NRD90M) AppleWebKit/537.36 (KHTML, like Gecko) Chrome/59.0.3071.125 Mobile Safari/537.36" "nacaomestica.org"
200.146.246.101 - - [07/Nov/2022:20:27:52 -0800] "GET /blog4/wp-content/themes/carrington-blog/carrington-core/lightbox/css/thickbox.css HTTP/1.1" 200 975 "-" "Mozilla/5.0 (Linux; Android 10; SM-J600GT) AppleWebKit/537.36 (KHTML, like Gecko) Chrome/107.0.0.0 Mobile Safari/537.36" "nacaomestica.org"
200.146.246.101 - - [07/Nov/2022:20:27:52 -0800] "GET /blog4/wp-content/themes/carrington-blog/css/css.php HTTP/1.1" 200 4963 "-" "Mozilla/5.0 (Linux; Android 10; SM-J600GT) AppleWebKit/537.36 (KHTML, like Gecko) Chrome/107.0.0.0 Mobile Safari/537.36" "nacaomestica.org"
20.124.250.146 - - [07/Nov/2022:20:27:50 -0800] "GET /blog4/?cat=236 HTTP/1.1" 200 72785 "-" "Mozilla/5.0 (Linux; Android 7.0; SM-G930V Build/NRD90M) AppleWebKit/537.36 (KHTML, like Gecko) Chrome/59.0.3071.125 Mobile Safari/537.36" "nacaomestica.org"
200.146.246.101 - - [07/Nov/2022:20:27:52 -0800] "GET /blog4/?p=24053 HTTP/1.1" 200 79119 "https://www.google.com/" "Mozilla/5.0 (Linux; Android 10; SM-J600GT) AppleWebKit/537.36 (KHTML, like Gecko) Chrome/107.0.0.0 Mobile Safari/537.36" "nacaomestica.org"
200.146.246.101 - - [07/Nov/2022:20:27:55 -0800] "GET /blog4/wp-content/themes/carrington-blog/js/carrington.js?ver=1.0 HTTP/1.1" 200 1229 "https://nacaomestica.org/blog4/?p=24053" "Mozilla/5.0 (Linux; Android 10; SM-J600GT) AppleWebKit/537.36 (KHTML, like Gecko) Chrome/107.0.0.0 Mobile Safari/537.36" "nacaomestica.org"
200.146.246.101 - - [07/Nov/2022:20:27:55 -0800] "GET /blog4/wp-content/themes/carrington-blog/carrington-core/lightbox/thickbox.js?ver=1.0 HTTP/1.1" 200 3903 "https://nacaomestica.org/blog4/?p=24053" "Mozilla/5.0 (Linux; Android 10; SM-J600GT) AppleWebKit/537.36 (KHTML, like Gecko) Chrome/107.0.0.0 Mobile Safari/537.36" "nacaomestica.org"
200.146.246.101 - - [07/Nov/2022:20:27:55 -0800] "GET /blog4/wp-includes/js/jquery/jquery.min.js?ver=3.5.1 HTTP/1.1" 200 30916 "https://nacaomestica.org/blog4/?p=24053" "Mozilla/5.0 (Linux; Android 10; SM-J600GT) AppleWebKit/537.36 (KHTML, like Gecko) Chrome/107.0.0.0 Mobile Safari/537.36" "nacaomestica.org"
200.146.246.101 - - [07/Nov/2022:20:27:55 -0800] "GET /blog4/wp-includes/js/jquery/jquery-migrate.min.js?ver=3.3.2 HTTP/1.1" 200 4169 "https://nacaomestica.org/blog4/?p=24053" "Mozilla/5.0 (Linux; Android 10; SM-J600GT) AppleWebKit/537.36 (KHTML, like Gecko) Chrome/107.0.0.0 Mobile Safari/537.36" "nacaomestica.org"
200.146.246.101 - - [07/Nov/2022:20:27:58 -0800] "GET /blog4/wp-includes/js/mediaelement/mediaelementplayer-legacy.min.css?ver=4.2.16 HTTP/1.1" 200 2592 "https://nacaomestica.org/blog4/?p=24053" "Mozilla/5.0 (Linux; Android 10; SM-J600GT) AppleWebKit/537.36 (KHTML, like Gecko) Chrome/107.0.0.0 Mobile Safari/537.36" "nacaomestica.org"
200.146.246.101 - - [07/Nov/2022:20:27:58 -0800] "GET /blog4/wp-includes/js/mediaelement/wp-mediaelement.min.css?ver=5.6.10 HTTP/1.1" 200 1156 "https://nacaomestica.org/blog4/?p=24053" "Mozilla/5.0 (Linux; Android 10; SM-J600GT) AppleWebKit/537.36 (KHTML, like Gecko) Chrome/107.0.0.0 Mobile Safari/537.36" "nacaomestica.org"
200.146.246.101 - - [07/Nov/2022:20:27:58 -0800] "GET /blog4/wp-content/plugins/wp-spamshield/js/jscripts-ftr2-min.js HTTP/1.1" 200 637 "https://nacaomestica.org/blog4/?p=24053" "Mozilla/5.0 (Linux; Android 10; SM-J600GT) AppleWebKit/537.36 (KHTML, like Gecko) Chrome/107.0.0.0 Mobile Safari/537.36" "nacaomestica.org"
200.146.246.101 - - [07/Nov/2022:20:27:58 -0800] "GET /blog4/wp-includes/js/wp-embed.min.js?ver=5.6.10 HTTP/1.1" 200 765 "https://nacaomestica.org/blog4/?p=24053" "Mozilla/5.0 (Linux; Android 10; SM-J600GT) AppleWebKit/537.36 (KHTML, like Gecko) Chrome/107.0.0.0 Mobile Safari/537.36" "nacaomestica.org"
200.146.246.101 - - [07/Nov/2022:20:27:58 -0800] "GET /blog4/wp-includes/js/mediaelement/wp-mediaelement.min.js?ver=5.6.10 HTTP/1.1" 200 475 "https://nacaomestica.org/blog4/?p=24053" "Mozilla/5.0 (Linux; Android 10; SM-J600GT) AppleWebKit/537.36 (KHTML, like Gecko) Chrome/107.0.0.0 Mobile Safari/537.36" "nacaomestica.org"
200.146.246.101 - - [07/Nov/2022:20:27:58 -0800] "GET /blog4/wp-content/themes/carrington-blog/img/grey-to-white-gradient.png HTTP/1.1" 200 153 "https://nacaomestica.org/blog4/wp-content/themes/carrington-blog/css/css.php" "Mozilla/5.0 (Linux; Android 10; SM-J600GT) AppleWebKit/537.36 (KHTML, like Gecko) Chrome/107.0.0.0 Mobile Safari/537.36" "nacaomestica.org"
200.146.246.101 - - [07/Nov/2022:20:27:58 -0800] "GET /blog4/wp-content/themes/carrington-blog/img/sub-header-border-bottom.gif HTTP/1.1" 200 43 "https://nacaomestica.org/blog4/wp-content/themes/carrington-blog/css/css.php" "Mozilla/5.0 (Linux; Android 10; SM-J600GT) AppleWebKit/537.36 (KHTML, like Gecko) Chrome/107.0.0.0 Mobile Safari/537.36" "nacaomestica.org"
200.146.246.101 - - [07/Nov/2022:20:27:58 -0800] "GET /blog4/wp-content/themes/carrington-blog/img/dropdown-divider.gif HTTP/1.1" 200 144 "https://nacaomestica.org/blog4/wp-content/themes/carrington-blog/css/css.php" "Mozilla/5.0 (Linux; Android 10; SM-J600GT) AppleWebKit/537.36 (KHTML, like Gecko) Chrome/107.0.0.0 Mobile Safari/537.36" "nacaomestica.org"
200.146.246.101 - - [07/Nov/2022:20:27:58 -0800] "GET /blog4/wp-content/themes/carrington-blog/img/comments-divider.gif HTTP/1.1" 200 6855 "https://nacaomestica.org/blog4/wp-content/themes/carrington-blog/css/css.php" "Mozilla/5.0 (Linux; Android 10; SM-J600GT) AppleWebKit/537.36 (KHTML, like Gecko) Chrome/107.0.0.0 Mobile Safari/537.36" "nacaomestica.org"
200.146.246.101 - - [07/Nov/2022:20:27:58 -0800] "GET /blog4/wp-includes/js/mediaelement/renderers/vimeo.min.js?ver=4.2.16 HTTP/1.1" 200 2284 "https://nacaomestica.org/blog4/?p=24053" "Mozilla/5.0 (Linux; Android 10; SM-J600GT) AppleWebKit/537.36 (KHTML, like Gecko) Chrome/107.0.0.0 Mobile Safari/537.36" "nacaomestica.org"
200.146.246.101 - - [07/Nov/2022:20:27:58 -0800] "GET /blog4/wp-includes/js/mediaelement/mediaelement-migrate.min.js?ver=5.6.10 HTTP/1.1" 200 544 "https://nacaomestica.org/blog4/?p=24053" "Mozilla/5.0 (Linux; Android 10; SM-J600GT) AppleWebKit/537.36 (KHTML, like Gecko) Chrome/107.0.0.0 Mobile Safari/537.36" "nacaomestica.org"
200.146.246.101 - - [07/Nov/2022:20:27:58 -0800] "GET /blog4/wp-content/themes/carrington-blog/img/rss-button.gif HTTP/1.1" 200 2208 "https://nacaomestica.org/blog4/?p=24053" "Mozilla/5.0 (Linux; Android 10; SM-J600GT) AppleWebKit/537.36 (KHTML, like Gecko) Chrome/107.0.0.0 Mobile Safari/537.36" "nacaomestica.org"
200.146.246.101 - - [07/Nov/2022:20:27:58 -0800] "GET /blog4/wp-content/themes/carrington-blog/img/watermark-light.gif HTTP/1.1" 200 31981 "https://nacaomestica.org/blog4/wp-content/themes/carrington-blog/css/css.php" "Mozilla/5.0 (Linux; Android 10; SM-J600GT) AppleWebKit/537.36 (KHTML, like Gecko) Chrome/107.0.0.0 Mobile Safari/537.36" "nacaomestica.org"
200.146.246.101 - - [07/Nov/2022:20:27:58 -0800] "GET /blog4/wp-content/themes/carrington-blog/img/sidebar-background.gif HTTP/1.1" 200 1515 "https://nacaomestica.org/blog4/wp-content/themes/carrington-blog/css/css.php" "Mozilla/5.0 (Linux; Android 10; SM-J600GT) AppleWebKit/537.36 (KHTML, like Gecko) Chrome/107.0.0.0 Mobile Safari/537.36" "nacaomestica.org"
200.146.246.101 - - [07/Nov/2022:20:27:58 -0800] "GET /blog4/wp-content/themes/carrington-blog/img/divider-ornament.gif HTTP/1.1" 200 778 "https://nacaomestica.org/blog4/wp-content/themes/carrington-blog/css/css.php" "Mozilla/5.0 (Linux; Android 10; SM-J600GT) AppleWebKit/537.36 (KHTML, like Gecko) Chrome/107.0.0.0 Mobile Safari/537.36" "nacaomestica.org"
200.146.246.101 - - [07/Nov/2022:20:27:58 -0800] "GET /blog4/wp-includes/js/mediaelement/mediaelement-and-player.min.js?ver=4.2.16 HTTP/1.1" 200 38657 "https://nacaomestica.org/blog4/?p=24053" "Mozilla/5.0 (Linux; Android 10; SM-J600GT) AppleWebKit/537.36 (KHTML, like Gecko) Chrome/107.0.0.0 Mobile Safari/537.36" "nacaomestica.org"
200.146.246.101 - - [07/Nov/2022:20:27:58 -0800] "GET /blog4/wp-content/themes/carrington-blog/img/arrow-bullet.gif HTTP/1.1" 200 50 "https://nacaomestica.org/blog4/wp-content/themes/carrington-blog/css/css.php" "Mozilla/5.0 (Linux; Android 10; SM-J600GT) AppleWebKit/537.36 (KHTML, like Gecko) Chrome/107.0.0.0 Mobile Safari/537.36" "nacaomestica.org"
200.146.246.101 - - [07/Nov/2022:20:27:58 -0800] "GET /blog4/wp-includes/js/wp-emoji-release.min.js?ver=5.6.10 HTTP/1.1" 200 4662 "https://nacaomestica.org/blog4/?p=24053" "Mozilla/5.0 (Linux; Android 10; SM-J600GT) AppleWebKit/537.36 (KHTML, like Gecko) Chrome/107.0.0.0 Mobile Safari/537.36" "nacaomestica.org"
200.146.246.101 - - [07/Nov/2022:20:27:58 -0800] "GET /blog4/wp-content/themes/carrington-blog/img/comment.gif HTTP/1.1" 200 370 "https://nacaomestica.org/blog4/wp-content/themes/carrington-blog/css/css.php" "Mozilla/5.0 (Linux; Android 10; SM-J600GT) AppleWebKit/537.36 (KHTML, like Gecko) Chrome/107.0.0.0 Mobile Safari/537.36" "nacaomestica.org"
200.146.246.101 - - [07/Nov/2022:20:27:58 -0800] "GET /blog4/wp-content/themes/carrington-blog/img/header/gradient-dark.png HTTP/1.1" 200 2877 "https://nacaomestica.org/blog4/?p=24053" "Mozilla/5.0 (Linux; Android 10; SM-J600GT) AppleWebKit/537.36 (KHTML, like Gecko) Chrome/107.0.0.0 Mobile Safari/537.36" "nacaomestica.org"
200.146.246.101 - - [07/Nov/2022:20:27:58 -0800] "GET /blog4/wp-content/uploads/2015/04/ONCA_SITE2.png HTTP/1.1" 200 296324 "https://nacaomestica.org/blog4/?p=24053" "Mozilla/5.0 (Linux; Android 10; SM-J600GT) AppleWebKit/537.36 (KHTML, like Gecko) Chrome/107.0.0.0 Mobile Safari/537.36" "nacaomestica.org"
200.146.246.101 - - [07/Nov/2022:20:27:58 -0800] "GET /blog4/wp-content/uploads/2018/08/lula_branco_tse-1024x584.jpg HTTP/1.1" 200 67040 "https://nacaomestica.org/blog4/?p=24053" "Mozilla/5.0 (Linux; Android 10; SM-J600GT) AppleWebKit/537.36 (KHTML, like Gecko) Chrome/107.0.0.0 Mobile Safari/537.36" "nacaomestica.org"
200.146.246.101 - - [07/Nov/2022:20:27:58 -0800] "GET /blog4/wp-content/uploads/2018/08/lula3.png HTTP/1.1" 200 351671 "https://nacaomestica.org/blog4/?p=24053" "Mozilla/5.0 (Linux; Android 10; SM-J600GT) AppleWebKit/537.36 (KHTML, like Gecko) Chrome/107.0.0.0 Mobile Safari/537.36" "nacaomestica.org"
200.146.246.101 - - [07/Nov/2022:20:27:58 -0800] "GET /blog4/wp-content/themes/carrington-blog/img/footer/gradient-light.png HTTP/1.1" 200 172 "https://nacaomestica.org/blog4/?p=24053" "Mozilla/5.0 (Linux; Android 10; SM-J600GT) AppleWebKit/537.36 (KHTML, like Gecko) Chrome/107.0.0.0 Mobile Safari/537.36" "nacaomestica.org"
200.146.246.101 - - [07/Nov/2022:20:27:58 -0800] "GET /blog4/wp-content/themes/carrington-blog/img/footer/by-crowd-favorite-light.png HTTP/1.1" 200 2825 "https://nacaomestica.org/blog4/?p=24053" "Mozilla/5.0 (Linux; Android 10; SM-J600GT) AppleWebKit/537.36 (KHTML, like Gecko) Chrome/107.0.0.0 Mobile Safari/537.36" "nacaomestica.org"
200.146.246.101 - - [07/Nov/2022:20:27:58 -0800] "GET /blog4/wp-content/themes/carrington-blog/img/footer/divider-ornament-wide-light.png HTTP/1.1" 200 1601 "https://nacaomestica.org/blog4/wp-content/themes/carrington-blog/css/css.php" "Mozilla/5.0 (Linux; Android 10; SM-J600GT) AppleWebKit/537.36 (KHTML, like Gecko) Chrome/107.0.0.0 Mobile Safari/537.36" "nacaomestica.org"
200.146.246.101 - - [07/Nov/2022:20:27:58 -0800] "GET /blog4/wp-content/uploads/2018/08/livro_mestico_CAPA-2peq.png HTTP/1.1" 200 35385 "https://nacaomestica.org/blog4/?p=24053" "Mozilla/5.0 (Linux; Android 10; SM-J600GT) AppleWebKit/537.36 (KHTML, like Gecko) Chrome/107.0.0.0 Mobile Safari/537.36" "nacaomestica.org"
20.124.250.146 - - [07/Nov/2022:20:27:57 -0800] "GET /blog4/?p=30944 HTTP/1.1" 200 78038 "-" "Mozilla/5.0 (Linux; Android 7.0; SM-G930V Build/NRD90M) AppleWebKit/537.36 (KHTML, like Gecko) Chrome/59.0.3071.125 Mobile Safari/537.36" "nacaomestica.org"
200.146.246.101 - - [07/Nov/2022:20:28:01 -0800] "GET /blog4/wp-content/themes/carrington-blog/carrington-core/lightbox/img/loadingAnimation.gif HTTP/1.1" 200 5886 "https://nacaomestica.org/blog4/?p=24053" "Mozilla/5.0 (Linux; Android 10; SM-J600GT) AppleWebKit/537.36 (KHTML, like Gecko) Chrome/107.0.0.0 Mobile Safari/537.36" "nacaomestica.org"
200.146.246.101 - - [07/Nov/2022:20:28:01 -0800] "GET /blog4/wp-includes/js/mediaelement/mejs-controls.svg HTTP/1.1" 200 1413 "https://nacaomestica.org/blog4/wp-includes/js/mediaelement/mediaelementplayer-legacy.min.css?ver=4.2.16" "Mozilla/5.0 (Linux; Android 10; SM-J600GT) AppleWebKit/537.36 (KHTML, like Gecko) Chrome/107.0.0.0 Mobile Safari/537.36" "nacaomestica.org"
20.124.250.146 - - [07/Nov/2022:20:28:00 -0800] "GET /blog4/?cat=49 HTTP/1.1" 200 88954 "-" "Mozilla/5.0 (Linux; Android 7.0; SM-G930V Build/NRD90M) AppleWebKit/537.36 (KHTML, like Gecko) Chrome/59.0.3071.125 Mobile Safari/537.36" "nacaomestica.org"
200.146.246.101 - - [07/Nov/2022:20:28:05 -0800] "GET /favicon.ico HTTP/1.1" 200 676 "https://nacaomestica.org/blog4/?p=24053" "Mozilla/5.0 (Linux; Android 10; SM-J600GT) AppleWebKit/537.36 (KHTML, like Gecko) Chrome/107.0.0.0 Mobile Safari/537.36" "nacaomestica.org"
20.124.250.146 - - [07/Nov/2022:20:28:04 -0800] "GET /blog4/?author=1 HTTP/1.1" 200 93124 "-" "Mozilla/5.0 (Linux; Android 7.0; SM-G930V Build/NRD90M) AppleWebKit/537.36 (KHTML, like Gecko) Chrome/59.0.3071.125 Mobile Safari/537.36" "nacaomestica.org"
20.124.250.146 - - [07/Nov/2022:20:28:44 -0800] "GET /blog4/?tag=comunismo HTTP/1.1" 200 75087 "-" "Mozilla/5.0 (Linux; Android 7.0; SM-G930V Build/NRD90M) AppleWebKit/537.36 (KHTML, like Gecko) Chrome/59.0.3071.125 Mobile Safari/537.36" "nacaomestica.org"
10.213.116.69 - - [07/Nov/2022:20:28:45 -0800] "POST /blog4/wp-cron.php?doing_wp_cron=1667881725.7488350868225097656250 HTTP/1.1" 200 - "https://nacaomestica.org/blog4/wp-cron.php?doing_wp_cron=1667881725.7488350868225097656250" "WordPress/5.6.10; https://nacaomestica.org/blog4" "nacaomestica.org"
66.249.90.47 - - [07/Nov/2022:20:28:55 -0800] "GET /blog4/?feed=rss2 HTTP/1.1" 304 - "-" "FeedFetcher-Google; (+http://www.google.com/feedfetcher.html)" "nacaomestica.org"
20.124.250.146 - - [07/Nov/2022:20:29:14 -0800] "GET /blog4/?tag=poder-branco HTTP/1.1" 200 94727 "-" "Mozilla/5.0 (Linux; Android 7.0; SM-G930V Build/NRD90M) AppleWebKit/537.36 (KHTML, like Gecko) Chrome/59.0.3071.125 Mobile Safari/537.36" "nacaomestica.org"
20.124.250.146 - - [07/Nov/2022:20:29:15 -0800] "GET /blog4/?cat=231 HTTP/1.1" 200 72907 "-" "Mozilla/5.0 (Linux; Android 7.0; SM-G930V Build/NRD90M) AppleWebKit/537.36 (KHTML, like Gecko) Chrome/59.0.3071.125 Mobile Safari/537.36" "nacaomestica.org"
20.124.250.146 - - [07/Nov/2022:20:29:17 -0800] "GET /blog4/?cat=20 HTTP/1.1" 200 97093 "-" "Mozilla/5.0 (Linux; Android 7.0; SM-G930V Build/NRD90M) AppleWebKit/537.36 (KHTML, like Gecko) Chrome/59.0.3071.125 Mobile Safari/537.36" "nacaomestica.org"
20.124.250.146 - - [07/Nov/2022:20:29:41 -0800] "GET /blog4/?tag=identidade-nacional HTTP/1.1" 200 90646 "-" "Mozilla/5.0 (Linux; Android 7.0; SM-G930V Build/NRD90M) AppleWebKit/537.36 (KHTML, like Gecko) Chrome/59.0.3071.125 Mobile Safari/537.36" "nacaomestica.org"
20.124.250.146 - - [07/Nov/2022:20:29:43 -0800] "GET /blog4/?cat=221 HTTP/1.1" 200 84602 "-" "Mozilla/5.0 (Linux; Android 7.0; SM-G930V Build/NRD90M) AppleWebKit/537.36 (KHTML, like Gecko) Chrome/59.0.3071.125 Mobile Safari/537.36" "nacaomestica.org"
51.222.253.19 - - [07/Nov/2022:20:29:57 -0800] "GET /blog4/?attachment_id=18037&feed=rss2 HTTP/1.1" 301 - "-" "Mozilla/5.0 (compatible; AhrefsBot/7.0; +http://ahrefs.com/robot/)" "nacaomestica.org"
51.222.253.9 - - [07/Nov/2022:20:30:09 -0800] "GET /blog4/?feed=rss2&p=7815 HTTP/1.1" 200 831 "-" "Mozilla/5.0 (compatible; AhrefsBot/7.0; +http://ahrefs.com/robot/)" "nacaomestica.org"
185.119.81.101 - - [07/Nov/2022:20:30:56 -0800] "GET /blog4/wp-login.php HTTP/1.1" 200 9235 "-" "Mozilla/5.0 (Windows NT 6.1; Win64; x64) AppleWebKit/537.36 (KHTML, like Gecko) Chrome/80.0.3987.163 Safari/537.36" "nacaomestica.org"
10.213.116.68 - - [07/Nov/2022:20:30:57 -0800] "POST /blog4/wp-cron.php?doing_wp_cron=1667881857.5286250114440917968750 HTTP/1.1" 200 - "https://nacaomestica.org/blog4/wp-cron.php?doing_wp_cron=1667881857.5286250114440917968750" "WordPress/5.6.10; https://nacaomestica.org/blog4" "nacaomestica.org"
185.119.81.101 - - [07/Nov/2022:20:30:59 -0800] "POST /blog4/wp-login.php HTTP/1.1" 200 9550 "https://nacaomestica.org/blog4/wp-login.php" "Mozilla/5.0 (Windows NT 6.1; Win64; x64) AppleWebKit/537.36 (KHTML, like Gecko) Chrome/80.0.3987.163 Safari/537.36" "nacaomestica.org"
20.124.250.146 - - [07/Nov/2022:20:31:03 -0800] "GET /blog4/?p=20631 HTTP/1.1" 200 94118 "-" "Mozilla/5.0 (Linux; Android 7.0; SM-G930V Build/NRD90M) AppleWebKit/537.36 (KHTML, like Gecko) Chrome/59.0.3071.125 Mobile Safari/537.36" "nacaomestica.org"
20.124.250.146 - - [07/Nov/2022:20:31:07 -0800] "GET /blog4/?cat=244 HTTP/1.1" 200 76719 "-" "Mozilla/5.0 (Linux; Android 7.0; SM-G930V Build/NRD90M) AppleWebKit/537.36 (KHTML, like Gecko) Chrome/59.0.3071.125 Mobile Safari/537.36" "nacaomestica.org"
20.124.250.146 - - [07/Nov/2022:20:31:09 -0800] "GET /blog4/?tag=mestico HTTP/1.1" 200 99839 "-" "Mozilla/5.0 (Linux; Android 7.0; SM-G930V Build/NRD90M) AppleWebKit/537.36 (KHTML, like Gecko) Chrome/59.0.3071.125 Mobile Safari/537.36" "nacaomestica.org"
20.124.250.146 - - [07/Nov/2022:20:31:35 -0800] "GET /blog4/?tag=internacionalizacao HTTP/1.1" 200 75192 "-" "Mozilla/5.0 (Linux; Android 7.0; SM-G930V Build/NRD90M) AppleWebKit/537.36 (KHTML, like Gecko) Chrome/59.0.3071.125 Mobile Safari/537.36" "nacaomestica.org"
54.236.1.11 - - [07/Nov/2022:20:31:42 -0800] "GET / HTTP/1.1" 200 88633 "-" "Mozilla/5.0 (compatible; Pinterestbot/1.0; +http://www.pinterest.com/bot.html)" "nacaomestica.org"
10.213.116.68 - - [07/Nov/2022:20:32:07 -0800] "POST /blog4/wp-cron.php?doing_wp_cron=1667881927.3015899658203125000000 HTTP/1.1" 200 - "https://nacaomestica.org/blog4/wp-cron.php?doing_wp_cron=1667881927.3015899658203125000000" "WordPress/5.6.10; https://nacaomestica.org/blog4" "nacaomestica.org"
200.146.246.101 - - [07/Nov/2022:20:32:05 -0800] "GET /blog4/?p=10178 HTTP/1.1" 200 87099 "https://nacaomestica.org/blog4/?p=24053" "Mozilla/5.0 (Linux; Android 10; SM-J600GT) AppleWebKit/537.36 (KHTML, like Gecko) Chrome/107.0.0.0 Mobile Safari/537.36" "nacaomestica.org"
20.124.106.235 - - [07/Nov/2022:20:32:07 -0800] "GET /blog4/?p=30937 HTTP/1.1" 200 78271 "-" "Mozilla/5.0 (Linux; Android 7.0; SM-G930V Build/NRD90M) AppleWebKit/537.36 (KHTML, like Gecko) Chrome/59.0.3071.125 Mobile Safari/537.36" "nacaomestica.org"
200.146.246.101 - - [07/Nov/2022:20:32:10 -0800] "GET /blog4/wp-content/uploads/2013/06/vanhoni.jpg HTTP/1.1" 200 9322 "https://nacaomestica.org/blog4/?p=10178" "Mozilla/5.0 (Linux; Android 10; SM-J600GT) AppleWebKit/537.36 (KHTML, like Gecko) Chrome/107.0.0.0 Mobile Safari/537.36" "nacaomestica.org"
20.124.106.235 - - [07/Nov/2022:20:32:19 -0800] "GET /blog4/?tag=direitos-humanos HTTP/1.1" 200 80877 "-" "Mozilla/5.0 (Linux; Android 7.0; SM-G930V Build/NRD90M) AppleWebKit/537.36 (KHTML, like Gecko) Chrome/59.0.3071.125 Mobile Safari/537.36" "nacaomestica.org"
20.124.106.235 - - [07/Nov/2022:20:32:27 -0800] "GET /blog4/?cat=122 HTTP/1.1" 200 77980 "-" "Mozilla/5.0 (Linux; Android 7.0; SM-G930V Build/NRD90M) AppleWebKit/537.36 (KHTML, like Gecko) Chrome/59.0.3071.125 Mobile Safari/537.36" "nacaomestica.org"
131.161.25.218 - - [07/Nov/2022:20:32:30 -0800] "GET /blog4/wp-content/uploads/2016/10/SOU-mulato_PARDO-2.png HTTP/1.1" 200 82921 "https://www.google.com/" "Mozilla/5.0 (Windows NT 10.0; Win64; x64) AppleWebKit/537.36 (KHTML, like Gecko) Chrome/107.0.0.0 Safari/537.36" "nacaomestica.org"
20.124.106.235 - - [07/Nov/2022:20:32:33 -0800] "GET /blog4/?tag=preto HTTP/1.1" 200 93691 "-" "Mozilla/5.0 (Linux; Android 7.0; SM-G930V Build/NRD90M) AppleWebKit/537.36 (KHTML, like Gecko) Chrome/59.0.3071.125 Mobile Safari/537.36" "nacaomestica.org"
20.124.106.235 - - [07/Nov/2022:20:32:34 -0800] "GET /blog4/?cat=30 HTTP/1.1" 200 71101 "-" "Mozilla/5.0 (Linux; Android 7.0; SM-G930V Build/NRD90M) AppleWebKit/537.36 (KHTML, like Gecko) Chrome/59.0.3071.125 Mobile Safari/537.36" "nacaomestica.org"
51.222.253.4 - - [07/Nov/2022:20:32:42 -0800] "GET /blog4/?feed=rss2&p=16526 HTTP/1.1" 200 789 "-" "Mozilla/5.0 (compatible; AhrefsBot/7.0; +http://ahrefs.com/robot/)" "nacaomestica.org"
20.124.250.146 - - [07/Nov/2022:20:32:44 -0800] "GET /blog4/?paged=2 HTTP/1.1" 200 88966 "-" "Mozilla/5.0 (Linux; Android 7.0; SM-G930V Build/NRD90M) AppleWebKit/537.36 (KHTML, like Gecko) Chrome/59.0.3071.125 Mobile Safari/537.36" "nacaomestica.org"
20.124.106.235 - - [07/Nov/2022:20:32:47 -0800] "GET /blog4/?tag=escravos HTTP/1.1" 200 85478 "-" "Mozilla/5.0 (Linux; Android 7.0; SM-G930V Build/NRD90M) AppleWebKit/537.36 (KHTML, like Gecko) Chrome/59.0.3071.125 Mobile Safari/537.36" "nacaomestica.org"
20.124.106.235 - - [07/Nov/2022:20:32:54 -0800] "GET /blog4/?cat=253 HTTP/1.1" 200 91165 "-" "Mozilla/5.0 (Linux; Android 7.0; SM-G930V Build/NRD90M) AppleWebKit/537.36 (KHTML, like Gecko) Chrome/59.0.3071.125 Mobile Safari/537.36" "nacaomestica.org"
10.213.116.69 - - [07/Nov/2022:20:33:15 -0800] "POST /blog4/wp-cron.php?doing_wp_cron=1667881995.6567199230194091796875 HTTP/1.1" 200 - "https://nacaomestica.org/blog4/wp-cron.php?doing_wp_cron=1667881995.6567199230194091796875" "WordPress/5.6.10; https://nacaomestica.org/blog4" "nacaomestica.org"
20.124.106.235 - - [07/Nov/2022:20:33:14 -0800] "GET /blog4/?cat=81 HTTP/1.1" 200 74533 "-" "Mozilla/5.0 (Linux; Android 7.0; SM-G930V Build/NRD90M) AppleWebKit/537.36 (KHTML, like Gecko) Chrome/59.0.3071.125 Mobile Safari/537.36" "nacaomestica.org"
20.124.106.235 - - [07/Nov/2022:20:33:18 -0800] "GET /blog4/?cat=1 HTTP/1.1" 200 90346 "-" "Mozilla/5.0 (Linux; Android 7.0; SM-G930V Build/NRD90M) AppleWebKit/537.36 (KHTML, like Gecko) Chrome/59.0.3071.125 Mobile Safari/537.36" "nacaomestica.org"
20.124.106.235 - - [07/Nov/2022:20:33:27 -0800] "GET /blog4/?tag=discriminacao HTTP/1.1" 200 86534 "-" "Mozilla/5.0 (Linux; Android 7.0; SM-G930V Build/NRD90M) AppleWebKit/537.36 (KHTML, like Gecko) Chrome/59.0.3071.125 Mobile Safari/537.36" "nacaomestica.org"
