199.16.157.180 - - [08/Nov/2022:01:43:37 -0800] "GET /blog4/wp-content/uploads/2017/02/yusra-kogali.jpg.size_.custom.crop_.850x567.jpg HTTP/1.1" 200 61189 "-" "Twitterbot/1.0" "nacaomestica.org"
10.213.116.68 - - [08/Nov/2022:01:44:47 -0800] "POST /blog4/wp-cron.php?doing_wp_cron=1667900687.4389100074768066406250 HTTP/1.1" 200 - "https://nacaomestica.org/blog4/wp-cron.php?doing_wp_cron=1667900687.4389100074768066406250" "WordPress/5.6.10; https://nacaomestica.org/blog4" "nacaomestica.org"
52.188.211.122 - - [08/Nov/2022:01:44:45 -0800] "GET /blog4/?p=20631 HTTP/1.1" 200 94118 "-" "Mozilla/5.0 (Linux; Android 7.0; SM-G930V Build/NRD90M) AppleWebKit/537.36 (KHTML, like Gecko) Chrome/59.0.3071.125 Mobile Safari/537.36" "nacaomestica.org"
52.188.211.122 - - [08/Nov/2022:01:44:49 -0800] "GET /blog4/?cat=244 HTTP/1.1" 200 76719 "-" "Mozilla/5.0 (Linux; Android 7.0; SM-G930V Build/NRD90M) AppleWebKit/537.36 (KHTML, like Gecko) Chrome/59.0.3071.125 Mobile Safari/537.36" "nacaomestica.org"
52.188.211.122 - - [08/Nov/2022:01:44:50 -0800] "GET /blog4/?tag=mestico HTTP/1.1" 200 99839 "-" "Mozilla/5.0 (Linux; Android 7.0; SM-G930V Build/NRD90M) AppleWebKit/537.36 (KHTML, like Gecko) Chrome/59.0.3071.125 Mobile Safari/537.36" "nacaomestica.org"
51.222.253.9 - - [08/Nov/2022:01:44:55 -0800] "GET /blog4/?p=25525 HTTP/1.1" 200 83990 "-" "Mozilla/5.0 (compatible; AhrefsBot/7.0; +http://ahrefs.com/robot/)" "nacaomestica.org"
52.188.211.122 - - [08/Nov/2022:01:45:19 -0800] "GET /blog4/?tag=internacionalizacao HTTP/1.1" 200 75192 "-" "Mozilla/5.0 (Linux; Android 7.0; SM-G930V Build/NRD90M) AppleWebKit/537.36 (KHTML, like Gecko) Chrome/59.0.3071.125 Mobile Safari/537.36" "nacaomestica.org"
52.188.211.122 - - [08/Nov/2022:01:45:58 -0800] "GET /blog4/?paged=2 HTTP/1.1" 200 88966 "-" "Mozilla/5.0 (Linux; Android 7.0; SM-G930V Build/NRD90M) AppleWebKit/537.36 (KHTML, like Gecko) Chrome/59.0.3071.125 Mobile Safari/537.36" "nacaomestica.org"
40.122.227.202 - - [08/Nov/2022:01:46:17 -0800] "GET /blog4/wp-content/uploads/2019/09/INDIGENISMO_11_ENG.png HTTP/1.1" 200 281767 "https://nacaomestica.org/blog4/wp-content/uploads/2019/09" "Mozilla/5.0 (Macintosh; Intel Mac OS X 10_11_6) AppleWebKit/605.1.15 (KHTML, like Gecko) Version/11.1.2 Safari/605.1.15" "nacaomestica.org"
51.222.253.7 - - [08/Nov/2022:01:47:17 -0800] "GET /blog4/?feed=rss2&p=9215 HTTP/1.1" 200 822 "-" "Mozilla/5.0 (compatible; AhrefsBot/7.0; +http://ahrefs.com/robot/)" "nacaomestica.org"
10.213.116.69 - - [08/Nov/2022:01:47:19 -0800] "POST /blog4/wp-cron.php?doing_wp_cron=1667900839.8344540596008300781250 HTTP/1.1" 200 - "https://nacaomestica.org/blog4/wp-cron.php?doing_wp_cron=1667900839.8344540596008300781250" "WordPress/5.6.10; https://nacaomestica.org/blog4" "nacaomestica.org"
51.222.253.16 - - [08/Nov/2022:01:49:34 -0800] "GET /blog4/?feed=rss2&p=11310 HTTP/1.1" 200 3253 "-" "Mozilla/5.0 (compatible; AhrefsBot/7.0; +http://ahrefs.com/robot/)" "nacaomestica.org"
10.213.116.68 - - [08/Nov/2022:01:49:46 -0800] "POST /blog4/wp-cron.php?doing_wp_cron=1667900986.7203629016876220703125 HTTP/1.1" 200 - "https://nacaomestica.org/blog4/wp-cron.php?doing_wp_cron=1667900986.7203629016876220703125" "WordPress/5.6.10; https://nacaomestica.org/blog4" "nacaomestica.org"
109.63.157.140 - - [08/Nov/2022:01:49:44 -0800] "GET /blog4/?p=12355 HTTP/1.1" 200 101435 "http://nacaomestica.org/blog4/?p=12355" "Mozilla/5.0 (X11; Linux x86_64) AppleWebKit/537.36 (KHTML, like Gecko) Chrome/103.0.0.0 Safari/537.36" "nacaomestica.org"
193.202.83.114 - - [08/Nov/2022:01:49:51 -0800] "GET /blog4/wp-login.php HTTP/1.1" 200 9235 "https://nacaomestica.org/" "Mozilla/5.0 (Windows NT 6.3; Win64; x64) AppleWebKit/537.36 (KHTML, like Gecko) Chrome/103.0.0.0 Safari/537.36" "nacaomestica.org"
193.202.83.114 - - [08/Nov/2022:01:49:55 -0800] "GET /blog4/wp-login.php HTTP/1.1" 200 9235 "https://nacaomestica.org/blog4/wp-login.php" "Mozilla/5.0 (Windows NT 6.3; Win64; x64) AppleWebKit/537.36 (KHTML, like Gecko) Chrome/103.0.0.0 Safari/537.36" "nacaomestica.org"
40.77.51.84 - - [08/Nov/2022:01:50:16 -0800] "GET /blog4/wp-content/uploads/2020/11/ML.jpg HTTP/1.1" 200 46053 "https://nacaomestica.org/blog4/wp-content/uploads/2020/11" "Mozilla/5.0 (X11; Linux x86_64) AppleWebKit/537.36 (KHTML, like Gecko) Chrome/74.0.3729.169 Safari/537.36" "nacaomestica.org"
191.135.196.149 - - [08/Nov/2022:01:50:25 -0800] "GET /blog4/wp-content/uploads/2016/02/pardo_preto1.png HTTP/1.1" 200 331753 "https://www.google.com/" "Mozilla/5.0 (Linux; Android 11; SM-A115M Build/RP1A.200720.012; wv) AppleWebKit/537.36 (KHTML, like Gecko) Version/4.0 Chrome/106.0.5249.126 Mobile Safari/537.36 GoogleApp/13.41.11.26.arm" "nacaomestica.org"
64.251.10.90 - - [08/Nov/2022:01:51:18 -0800] "GET /audiencia_stf_apresentacao_nacao_mestica_acra.ppt HTTP/1.1" 200 4562432 "-" "-" "www.nacaomestica.org"
51.222.253.10 - - [08/Nov/2022:01:51:24 -0800] "GET /blog4/?feed=rss2&p=10837 HTTP/1.1" 200 789 "-" "Mozilla/5.0 (compatible; AhrefsBot/7.0; +http://ahrefs.com/robot/)" "nacaomestica.org"
151.57.76.199 - - [08/Nov/2022:01:51:48 -0800] "GET /blog4/wp-content/uploads/2018/10/fascio.png HTTP/1.1" 200 302971 "https://www.google.com/" "Mozilla/5.0 (Linux; Android 12; SM-N770F Build/SP1A.210812.016; wv) AppleWebKit/537.36 (KHTML, like Gecko) Version/4.0 Chrome/106.0.5249.126 Mobile Safari/537.36 GoogleLens/13.41.11.26.arm64" "nacaomestica.org"
207.46.13.155 - - [08/Nov/2022:01:52:53 -0800] "GET /blog4/wp-content/uploads/2015/04/sede_nm.jpg HTTP/1.1" 200 112523 "-" "Mozilla/5.0 (compatible; bingbot/2.0; +http://www.bing.com/bingbot.htm)" "nacaomestica.org"
51.222.253.3 - - [08/Nov/2022:01:53:32 -0800] "GET /blog4/?feed=rss2&p=1397 HTTP/1.1" 200 837 "-" "Mozilla/5.0 (compatible; AhrefsBot/7.0; +http://ahrefs.com/robot/)" "nacaomestica.org"
10.213.116.69 - - [08/Nov/2022:01:53:33 -0800] "POST /blog4/wp-cron.php?doing_wp_cron=1667901213.7485499382019042968750 HTTP/1.1" 200 - "https://nacaomestica.org/blog4/wp-cron.php?doing_wp_cron=1667901213.7485499382019042968750" "WordPress/5.6.10; https://nacaomestica.org/blog4" "nacaomestica.org"
207.46.13.184 - - [08/Nov/2022:01:54:00 -0800] "GET /blog4/wp-content/uploads/2012/11/2646295-9632-rec.JPG HTTP/1.1" 200 38059 "-" "Mozilla/5.0 AppleWebKit/537.36 (KHTML, like Gecko; compatible; bingbot/2.0; +http://www.bing.com/bingbot.htm) Chrome/103.0.5060.134 Safari/537.36" "nacaomestica.org"
134.122.124.233 - - [08/Nov/2022:01:54:33 -0800] "GET / HTTP/1.1" 200 45960 "-" "Mozilla/5.0 (Windows NT 10.0; WOW64) AppleWebKit/537.36 (KHTML, like Gecko) Chrome/84.0.4147.125 Safari/537.36" "nacaomestica.org"
134.122.124.233 - - [08/Nov/2022:01:54:36 -0800] "POST /wp-admin/admin-ajax.php HTTP/1.1" 404 88 "-" "Mozilla/5.0 (Windows NT 10.0; WOW64) AppleWebKit/537.36 (KHTML, like Gecko) Chrome/84.0.4147.125 Safari/537.36" "nacaomestica.org"
51.222.253.16 - - [08/Nov/2022:01:55:37 -0800] "GET /blog4/?feed=rss2&p=25122 HTTP/1.1" 200 760 "-" "Mozilla/5.0 (compatible; AhrefsBot/7.0; +http://ahrefs.com/robot/)" "nacaomestica.org"
10.213.116.70 - - [08/Nov/2022:01:55:39 -0800] "POST /blog4/wp-cron.php?doing_wp_cron=1667901339.5557661056518554687500 HTTP/1.1" 200 - "https://nacaomestica.org/blog4/wp-cron.php?doing_wp_cron=1667901339.5557661056518554687500" "WordPress/5.6.10; https://nacaomestica.org/blog4" "nacaomestica.org"
79.110.62.98 - - [08/Nov/2022:01:56:26 -0800] "GET /wp-includes/class-index-wordpress.php HTTP/1.1" 404 88 "-" "Mozlila/5.0 (Linux; Android 7.0; SM-G892A Bulid/NRD90M; wv) AppleWebKit/537.36 (KHTML, like Gecko) Version/4.0 Chrome/60.0.3112.107 Moblie Safari/537.36" "nacaomestica.org"
79.110.62.98 - - [08/Nov/2022:01:56:29 -0800] "GET /wp-admin/js/widgets/wp-login.php HTTP/1.1" 404 88 "-" "Mozlila/5.0 (Linux; Android 7.0; SM-G892A Bulid/NRD90M; wv) AppleWebKit/537.36 (KHTML, like Gecko) Version/4.0 Chrome/60.0.3112.107 Moblie Safari/537.36" "nacaomestica.org"
79.110.62.98 - - [08/Nov/2022:01:56:34 -0800] "GET /wp-includes/wp-system-cloud.php HTTP/1.1" 404 88 "-" "Mozlila/5.0 (Linux; Android 7.0; SM-G892A Bulid/NRD90M; wv) AppleWebKit/537.36 (KHTML, like Gecko) Version/4.0 Chrome/60.0.3112.107 Moblie Safari/537.36" "nacaomestica.org"
79.110.62.98 - - [08/Nov/2022:01:56:37 -0800] "GET /wp-includes/class-wp-page-icon.php HTTP/1.1" 404 88 "-" "Mozlila/5.0 (Linux; Android 7.0; SM-G892A Bulid/NRD90M; wv) AppleWebKit/537.36 (KHTML, like Gecko) Version/4.0 Chrome/60.0.3112.107 Moblie Safari/537.36" "nacaomestica.org"
79.110.62.98 - - [08/Nov/2022:01:56:40 -0800] "GET /wp-content/class-index-wordpress.php HTTP/1.1" 404 88 "-" "Mozlila/5.0 (Linux; Android 7.0; SM-G892A Bulid/NRD90M; wv) AppleWebKit/537.36 (KHTML, like Gecko) Version/4.0 Chrome/60.0.3112.107 Moblie Safari/537.36" "nacaomestica.org"
79.110.62.98 - - [08/Nov/2022:01:56:43 -0800] "GET /wp-includes/class-wordpress-license.php HTTP/1.1" 404 88 "-" "Mozlila/5.0 (Linux; Android 7.0; SM-G892A Bulid/NRD90M; wv) AppleWebKit/537.36 (KHTML, like Gecko) Version/4.0 Chrome/60.0.3112.107 Moblie Safari/537.36" "nacaomestica.org"
79.110.62.98 - - [08/Nov/2022:01:56:46 -0800] "GET /wp-content/themes/seotheme/db.php?u HTTP/1.1" 404 88 "-" "Mozlila/5.0 (Linux; Android 7.0; SM-G892A Bulid/NRD90M; wv) AppleWebKit/537.36 (KHTML, like Gecko) Version/4.0 Chrome/60.0.3112.107 Moblie Safari/537.36" "nacaomestica.org"
79.110.62.98 - - [08/Nov/2022:01:56:50 -0800] "GET /wp-includes/pomo/umpomone.php HTTP/1.1" 404 88 "-" "Mozlila/5.0 (Linux; Android 7.0; SM-G892A Bulid/NRD90M; wv) AppleWebKit/537.36 (KHTML, like Gecko) Version/4.0 Chrome/60.0.3112.107 Moblie Safari/537.36" "nacaomestica.org"
79.110.62.98 - - [08/Nov/2022:01:56:53 -0800] "GET /wp-content/plugins/indeed-membership-pro/classes/PaymentGateways/mollie/vendor/phpunit/phpunit/phpunit.xsd HTTP/1.1" 404 88 "-" "Mozlila/5.0 (Linux; Android 7.0; SM-G892A Bulid/NRD90M; wv) AppleWebKit/537.36 (KHTML, like Gecko) Version/4.0 Chrome/60.0.3112.107 Moblie Safari/537.36" "nacaomestica.org"
69.63.184.117 - - [08/Nov/2022:01:57:09 -0800] "GET /blog4/?p=30944 HTTP/1.1" 200 78038 "-" "facebookexternalhit/1.1 (+http://www.facebook.com/externalhit_uatext.php)" "nacaomestica.org"
51.222.253.19 - - [08/Nov/2022:01:57:55 -0800] "GET /blog4/?feed=rss2&p=688 HTTP/1.1" 200 816 "-" "Mozilla/5.0 (compatible; AhrefsBot/7.0; +http://ahrefs.com/robot/)" "nacaomestica.org"
10.213.116.70 - - [08/Nov/2022:01:57:58 -0800] "POST /blog4/wp-cron.php?doing_wp_cron=1667901478.3988599777221679687500 HTTP/1.1" 200 - "https://nacaomestica.org/blog4/wp-cron.php?doing_wp_cron=1667901478.3988599777221679687500" "WordPress/5.6.10; https://nacaomestica.org/blog4" "nacaomestica.org"
54.158.27.129 - - [08/Nov/2022:01:58:14 -0800] "GET /sitemap.xml HTTP/1.1" 304 - "https://www.google.com/" "Mozilla/5.0 (Windows NT 6.1; WOW64; Trident/7.0; rv:11.0) like Gecko" "www.nacaomestica.org"
40.77.51.82 - - [08/Nov/2022:01:59:43 -0800] "GET /blog4/wp-content/uploads/2018/04/temer_seppir.png HTTP/1.1" 200 250519 "http://nacaomestica.org/blog4/wp-content/uploads/2018/04" "Mozilla/5.0 (Macintosh; Intel Mac OS X 10_11_6) AppleWebKit/605.1.15 (KHTML, like Gecko) Version/11.1.2 Safari/605.1.15" "nacaomestica.org"
51.222.253.15 - - [08/Nov/2022:02:00:07 -0800] "GET /blog4/?p=12038 HTTP/1.1" 200 78326 "-" "Mozilla/5.0 (compatible; AhrefsBot/7.0; +http://ahrefs.com/robot/)" "nacaomestica.org"
10.213.116.69 - - [08/Nov/2022:02:00:10 -0800] "POST /blog4/wp-cron.php?doing_wp_cron=1667901610.7509889602661132812500 HTTP/1.1" 200 - "https://nacaomestica.org/blog4/wp-cron.php?doing_wp_cron=1667901610.7509889602661132812500" "WordPress/5.6.10; https://nacaomestica.org/blog4" "nacaomestica.org"
40.122.227.202 - - [08/Nov/2022:02:01:03 -0800] "GET /blog4/wp-content/uploads/2017/06/dsc1175-150x150.jpg HTTP/1.1" 200 6988 "http://nacaomestica.org/blog4/wp-content/uploads/2017/06" "Mozilla/5.0 (Linux; Android 10; SM-G960U) AppleWebKit/537.36 (KHTML, like Gecko) Chrome/88.0.4324.181 Mobile Safari/537.36" "nacaomestica.org"
40.77.167.67 - - [08/Nov/2022:02:01:15 -0800] "GET /blog4/?p=31625 HTTP/1.1" 200 75016 "-" "Mozilla/5.0 AppleWebKit/537.36 (KHTML, like Gecko; compatible; bingbot/2.0; +http://www.bing.com/bingbot.htm) Chrome/103.0.5060.134 Safari/537.36" "nacaomestica.org"
40.86.101.254 - - [08/Nov/2022:02:01:20 -0800] "GET /blog4/wp-content/uploads/2010/12/campanha_dh.gif HTTP/1.1" 200 143518 "http://nacaomestica.org/blog4/wp-content/uploads/2010/12" "Mozilla/5.0 (Macintosh; Intel Mac OS X 10_11_6) AppleWebKit/605.1.15 (KHTML, like Gecko) Version/11.1.2 Safari/605.1.15" "nacaomestica.org"
51.222.253.7 - - [08/Nov/2022:02:02:21 -0800] "GET /blog4/?feed=rss2&p=19416 HTTP/1.1" 200 858 "-" "Mozilla/5.0 (compatible; AhrefsBot/7.0; +http://ahrefs.com/robot/)" "nacaomestica.org"
10.213.116.69 - - [08/Nov/2022:02:02:23 -0800] "POST /blog4/wp-cron.php?doing_wp_cron=1667901743.1347908973693847656250 HTTP/1.1" 200 - "https://nacaomestica.org/blog4/wp-cron.php?doing_wp_cron=1667901743.1347908973693847656250" "WordPress/5.6.10; https://nacaomestica.org/blog4" "nacaomestica.org"
51.222.253.4 - - [08/Nov/2022:02:04:28 -0800] "GET /blog4/?feed=rss2&p=25079 HTTP/1.1" 200 776 "-" "Mozilla/5.0 (compatible; AhrefsBot/7.0; +http://ahrefs.com/robot/)" "nacaomestica.org"
10.213.116.70 - - [08/Nov/2022:02:04:30 -0800] "POST /blog4/wp-cron.php?doing_wp_cron=1667901870.8479530811309814453125 HTTP/1.1" 200 - "https://nacaomestica.org/blog4/wp-cron.php?doing_wp_cron=1667901870.8479530811309814453125" "WordPress/5.6.10; https://nacaomestica.org/blog4" "nacaomestica.org"
51.222.253.14 - - [08/Nov/2022:02:04:35 -0800] "GET /blog4/?attachment_id=19154 HTTP/1.1" 301 - "-" "Mozilla/5.0 (compatible; AhrefsBot/7.0; +http://ahrefs.com/robot/)" "nacaomestica.org"
51.222.253.6 - - [08/Nov/2022:02:06:57 -0800] "GET /blog4/?feed=rss2&p=11417 HTTP/1.1" 200 815 "-" "Mozilla/5.0 (compatible; AhrefsBot/7.0; +http://ahrefs.com/robot/)" "nacaomestica.org"
10.213.116.69 - - [08/Nov/2022:02:07:00 -0800] "POST /blog4/wp-cron.php?doing_wp_cron=1667902020.3445250988006591796875 HTTP/1.1" 200 - "https://nacaomestica.org/blog4/wp-cron.php?doing_wp_cron=1667902020.3445250988006591796875" "WordPress/5.6.10; https://nacaomestica.org/blog4" "nacaomestica.org"
177.174.214.62 - - [08/Nov/2022:02:07:09 -0800] "GET /blog4/?p=1319 HTTP/1.1" 200 81028 "https://www.google.com.br/" "Mozilla/5.0 (iPhone; CPU iPhone OS 15_6_1 like Mac OS X) AppleWebKit/605.1.15 (KHTML, like Gecko) Version/15.6.1 Mobile/15E148 Safari/604.1" "nacaomestica.org"
177.174.214.62 - - [08/Nov/2022:02:07:15 -0800] "GET /blog4/wp-content/themes/carrington-blog/js/carrington.js?ver=1.0 HTTP/1.1" 200 1229 "https://nacaomestica.org/" "Mozilla/5.0 (iPhone; CPU iPhone OS 15_6_1 like Mac OS X) AppleWebKit/605.1.15 (KHTML, like Gecko) Version/15.6.1 Mobile/15E148 Safari/604.1" "nacaomestica.org"
177.174.214.62 - - [08/Nov/2022:02:07:15 -0800] "GET /blog4/wp-includes/js/jquery/jquery-migrate.min.js?ver=3.3.2 HTTP/1.1" 200 4169 "https://nacaomestica.org/" "Mozilla/5.0 (iPhone; CPU iPhone OS 15_6_1 like Mac OS X) AppleWebKit/605.1.15 (KHTML, like Gecko) Version/15.6.1 Mobile/15E148 Safari/604.1" "nacaomestica.org"
177.174.214.62 - - [08/Nov/2022:02:07:15 -0800] "GET /blog4/wp-content/themes/carrington-blog/carrington-core/lightbox/css/thickbox.css HTTP/1.1" 200 975 "https://nacaomestica.org/" "Mozilla/5.0 (iPhone; CPU iPhone OS 15_6_1 like Mac OS X) AppleWebKit/605.1.15 (KHTML, like Gecko) Version/15.6.1 Mobile/15E148 Safari/604.1" "nacaomestica.org"
177.174.214.62 - - [08/Nov/2022:02:07:15 -0800] "GET /blog4/wp-content/themes/carrington-blog/carrington-core/lightbox/thickbox.js?ver=1.0 HTTP/1.1" 200 3903 "https://nacaomestica.org/" "Mozilla/5.0 (iPhone; CPU iPhone OS 15_6_1 like Mac OS X) AppleWebKit/605.1.15 (KHTML, like Gecko) Version/15.6.1 Mobile/15E148 Safari/604.1" "nacaomestica.org"
177.174.214.62 - - [08/Nov/2022:02:07:16 -0800] "GET /blog4/wp-includes/js/mediaelement/wp-mediaelement.min.js?ver=5.6.10 HTTP/1.1" 200 475 "https://nacaomestica.org/" "Mozilla/5.0 (iPhone; CPU iPhone OS 15_6_1 like Mac OS X) AppleWebKit/605.1.15 (KHTML, like Gecko) Version/15.6.1 Mobile/15E148 Safari/604.1" "nacaomestica.org"
177.174.214.62 - - [08/Nov/2022:02:07:16 -0800] "GET /blog4/wp-content/plugins/wp-spamshield/js/jscripts-ftr2-min.js HTTP/1.1" 200 637 "https://nacaomestica.org/" "Mozilla/5.0 (iPhone; CPU iPhone OS 15_6_1 like Mac OS X) AppleWebKit/605.1.15 (KHTML, like Gecko) Version/15.6.1 Mobile/15E148 Safari/604.1" "nacaomestica.org"
177.174.214.62 - - [08/Nov/2022:02:07:16 -0800] "GET /blog4/wp-includes/js/mediaelement/mediaelement-and-player.min.js?ver=4.2.16 HTTP/1.1" 200 38657 "https://nacaomestica.org/" "Mozilla/5.0 (iPhone; CPU iPhone OS 15_6_1 like Mac OS X) AppleWebKit/605.1.15 (KHTML, like Gecko) Version/15.6.1 Mobile/15E148 Safari/604.1" "nacaomestica.org"
177.174.214.62 - - [08/Nov/2022:02:07:16 -0800] "GET /blog4/wp-includes/js/mediaelement/mediaelementplayer-legacy.min.css?ver=4.2.16 HTTP/1.1" 200 2592 "https://nacaomestica.org/" "Mozilla/5.0 (iPhone; CPU iPhone OS 15_6_1 like Mac OS X) AppleWebKit/605.1.15 (KHTML, like Gecko) Version/15.6.1 Mobile/15E148 Safari/604.1" "nacaomestica.org"
177.174.214.62 - - [08/Nov/2022:02:07:16 -0800] "GET /blog4/wp-includes/js/wp-embed.min.js?ver=5.6.10 HTTP/1.1" 200 765 "https://nacaomestica.org/" "Mozilla/5.0 (iPhone; CPU iPhone OS 15_6_1 like Mac OS X) AppleWebKit/605.1.15 (KHTML, like Gecko) Version/15.6.1 Mobile/15E148 Safari/604.1" "nacaomestica.org"
177.174.214.62 - - [08/Nov/2022:02:07:16 -0800] "GET /blog4/wp-includes/js/mediaelement/renderers/vimeo.min.js?ver=4.2.16 HTTP/1.1" 200 2284 "https://nacaomestica.org/" "Mozilla/5.0 (iPhone; CPU iPhone OS 15_6_1 like Mac OS X) AppleWebKit/605.1.15 (KHTML, like Gecko) Version/15.6.1 Mobile/15E148 Safari/604.1" "nacaomestica.org"
177.174.214.62 - - [08/Nov/2022:02:07:16 -0800] "GET /blog4/wp-includes/js/mediaelement/wp-mediaelement.min.css?ver=5.6.10 HTTP/1.1" 200 1156 "https://nacaomestica.org/" "Mozilla/5.0 (iPhone; CPU iPhone OS 15_6_1 like Mac OS X) AppleWebKit/605.1.15 (KHTML, like Gecko) Version/15.6.1 Mobile/15E148 Safari/604.1" "nacaomestica.org"
177.174.214.62 - - [08/Nov/2022:02:07:16 -0800] "GET /blog4/wp-includes/js/mediaelement/mediaelement-migrate.min.js?ver=5.6.10 HTTP/1.1" 200 544 "https://nacaomestica.org/" "Mozilla/5.0 (iPhone; CPU iPhone OS 15_6_1 like Mac OS X) AppleWebKit/605.1.15 (KHTML, like Gecko) Version/15.6.1 Mobile/15E148 Safari/604.1" "nacaomestica.org"
177.174.214.62 - - [08/Nov/2022:02:07:15 -0800] "GET /blog4/wp-includes/js/jquery/jquery.min.js?ver=3.5.1 HTTP/1.1" 200 30916 "https://nacaomestica.org/" "Mozilla/5.0 (iPhone; CPU iPhone OS 15_6_1 like Mac OS X) AppleWebKit/605.1.15 (KHTML, like Gecko) Version/15.6.1 Mobile/15E148 Safari/604.1" "nacaomestica.org"
177.174.214.62 - - [08/Nov/2022:02:07:18 -0800] "GET /blog4/wp-content/themes/carrington-blog/img/rss-button.gif HTTP/1.1" 200 2208 "https://nacaomestica.org/" "Mozilla/5.0 (iPhone; CPU iPhone OS 15_6_1 like Mac OS X) AppleWebKit/605.1.15 (KHTML, like Gecko) Version/15.6.1 Mobile/15E148 Safari/604.1" "nacaomestica.org"
177.174.214.62 - - [08/Nov/2022:02:07:15 -0800] "GET /blog4/wp-content/themes/carrington-blog/css/css.php HTTP/1.1" 200 4963 "https://nacaomestica.org/" "Mozilla/5.0 (iPhone; CPU iPhone OS 15_6_1 like Mac OS X) AppleWebKit/605.1.15 (KHTML, like Gecko) Version/15.6.1 Mobile/15E148 Safari/604.1" "nacaomestica.org"
177.174.214.62 - - [08/Nov/2022:02:07:20 -0800] "GET /blog4/wp-includes/js/wp-emoji-release.min.js?ver=5.6.10 HTTP/1.1" 200 4662 "https://nacaomestica.org/" "Mozilla/5.0 (iPhone; CPU iPhone OS 15_6_1 like Mac OS X) AppleWebKit/605.1.15 (KHTML, like Gecko) Version/15.6.1 Mobile/15E148 Safari/604.1" "nacaomestica.org"
177.174.214.62 - - [08/Nov/2022:02:07:20 -0800] "GET /blog4/wp-content/uploads/2018/08/livro_mestico_CAPA-2peq.png HTTP/1.1" 200 35385 "https://nacaomestica.org/" "Mozilla/5.0 (iPhone; CPU iPhone OS 15_6_1 like Mac OS X) AppleWebKit/605.1.15 (KHTML, like Gecko) Version/15.6.1 Mobile/15E148 Safari/604.1" "nacaomestica.org"
177.174.214.62 - - [08/Nov/2022:02:07:20 -0800] "GET /blog4/wp-content/themes/carrington-blog/img/arrow-bullet.gif HTTP/1.1" 200 50 "https://nacaomestica.org/" "Mozilla/5.0 (iPhone; CPU iPhone OS 15_6_1 like Mac OS X) AppleWebKit/605.1.15 (KHTML, like Gecko) Version/15.6.1 Mobile/15E148 Safari/604.1" "nacaomestica.org"
177.174.214.62 - - [08/Nov/2022:02:07:20 -0800] "GET /blog4/wp-content/themes/carrington-blog/img/divider-ornament.gif HTTP/1.1" 200 778 "https://nacaomestica.org/" "Mozilla/5.0 (iPhone; CPU iPhone OS 15_6_1 like Mac OS X) AppleWebKit/605.1.15 (KHTML, like Gecko) Version/15.6.1 Mobile/15E148 Safari/604.1" "nacaomestica.org"
177.174.214.62 - - [08/Nov/2022:02:07:20 -0800] "GET /blog4/wp-content/uploads/2015/04/ONCA_SITE2.png HTTP/1.1" 200 296324 "https://nacaomestica.org/" "Mozilla/5.0 (iPhone; CPU iPhone OS 15_6_1 like Mac OS X) AppleWebKit/605.1.15 (KHTML, like Gecko) Version/15.6.1 Mobile/15E148 Safari/604.1" "nacaomestica.org"
177.174.214.62 - - [08/Nov/2022:02:07:20 -0800] "GET /blog4/wp-content/themes/carrington-blog/img/sidebar-background.gif HTTP/1.1" 200 1515 "https://nacaomestica.org/" "Mozilla/5.0 (iPhone; CPU iPhone OS 15_6_1 like Mac OS X) AppleWebKit/605.1.15 (KHTML, like Gecko) Version/15.6.1 Mobile/15E148 Safari/604.1" "nacaomestica.org"
177.174.214.62 - - [08/Nov/2022:02:07:20 -0800] "GET /blog4/wp-content/themes/carrington-blog/img/watermark-light.gif HTTP/1.1" 200 31981 "https://nacaomestica.org/" "Mozilla/5.0 (iPhone; CPU iPhone OS 15_6_1 like Mac OS X) AppleWebKit/605.1.15 (KHTML, like Gecko) Version/15.6.1 Mobile/15E148 Safari/604.1" "nacaomestica.org"
177.174.214.62 - - [08/Nov/2022:02:07:20 -0800] "GET /blog4/wp-content/themes/carrington-blog/img/header/gradient-dark.png HTTP/1.1" 200 2877 "https://nacaomestica.org/" "Mozilla/5.0 (iPhone; CPU iPhone OS 15_6_1 like Mac OS X) AppleWebKit/605.1.15 (KHTML, like Gecko) Version/15.6.1 Mobile/15E148 Safari/604.1" "nacaomestica.org"
177.174.214.62 - - [08/Nov/2022:02:07:20 -0800] "GET /blog4/wp-content/themes/carrington-blog/img/sub-header-border-bottom.gif HTTP/1.1" 200 43 "https://nacaomestica.org/" "Mozilla/5.0 (iPhone; CPU iPhone OS 15_6_1 like Mac OS X) AppleWebKit/605.1.15 (KHTML, like Gecko) Version/15.6.1 Mobile/15E148 Safari/604.1" "nacaomestica.org"
177.174.214.62 - - [08/Nov/2022:02:07:20 -0800] "GET /blog4/wp-includes/js/mediaelement/mejs-controls.svg HTTP/1.1" 200 1413 "https://nacaomestica.org/" "Mozilla/5.0 (iPhone; CPU iPhone OS 15_6_1 like Mac OS X) AppleWebKit/605.1.15 (KHTML, like Gecko) Version/15.6.1 Mobile/15E148 Safari/604.1" "nacaomestica.org"
177.174.214.62 - - [08/Nov/2022:02:07:20 -0800] "GET /blog4/wp-content/uploads/2010/05/karl-marx-1.jpg HTTP/1.1" 200 31599 "https://nacaomestica.org/" "Mozilla/5.0 (iPhone; CPU iPhone OS 15_6_1 like Mac OS X) AppleWebKit/605.1.15 (KHTML, like Gecko) Version/15.6.1 Mobile/15E148 Safari/604.1" "nacaomestica.org"
177.174.214.62 - - [08/Nov/2022:02:07:24 -0800] "GET /blog4/wp-content/themes/carrington-blog/img/dropdown-divider.gif HTTP/1.1" 200 144 "https://nacaomestica.org/" "Mozilla/5.0 (iPhone; CPU iPhone OS 15_6_1 like Mac OS X) AppleWebKit/605.1.15 (KHTML, like Gecko) Version/15.6.1 Mobile/15E148 Safari/604.1" "nacaomestica.org"
177.174.214.62 - - [08/Nov/2022:02:07:25 -0800] "GET /blog4/wp-content/themes/carrington-blog/img/grey-to-white-gradient.png HTTP/1.1" 200 153 "https://nacaomestica.org/" "Mozilla/5.0 (iPhone; CPU iPhone OS 15_6_1 like Mac OS X) AppleWebKit/605.1.15 (KHTML, like Gecko) Version/15.6.1 Mobile/15E148 Safari/604.1" "nacaomestica.org"
177.174.214.62 - - [08/Nov/2022:02:07:25 -0800] "GET /blog4/wp-content/themes/carrington-blog/img/footer/by-crowd-favorite-light.png HTTP/1.1" 200 2825 "https://nacaomestica.org/" "Mozilla/5.0 (iPhone; CPU iPhone OS 15_6_1 like Mac OS X) AppleWebKit/605.1.15 (KHTML, like Gecko) Version/15.6.1 Mobile/15E148 Safari/604.1" "nacaomestica.org"
177.174.214.62 - - [08/Nov/2022:02:07:25 -0800] "GET /blog4/wp-content/themes/carrington-blog/img/comment.gif HTTP/1.1" 200 370 "https://nacaomestica.org/" "Mozilla/5.0 (iPhone; CPU iPhone OS 15_6_1 like Mac OS X) AppleWebKit/605.1.15 (KHTML, like Gecko) Version/15.6.1 Mobile/15E148 Safari/604.1" "nacaomestica.org"
177.174.214.62 - - [08/Nov/2022:02:07:25 -0800] "GET /blog4/wp-content/themes/carrington-blog/carrington-core/lightbox/img/loadingAnimation.gif HTTP/1.1" 200 5886 "https://nacaomestica.org/" "Mozilla/5.0 (iPhone; CPU iPhone OS 15_6_1 like Mac OS X) AppleWebKit/605.1.15 (KHTML, like Gecko) Version/15.6.1 Mobile/15E148 Safari/604.1" "nacaomestica.org"
177.174.214.62 - - [08/Nov/2022:02:07:25 -0800] "GET /blog4/wp-content/themes/carrington-blog/img/footer/gradient-light.png HTTP/1.1" 200 172 "https://nacaomestica.org/" "Mozilla/5.0 (iPhone; CPU iPhone OS 15_6_1 like Mac OS X) AppleWebKit/605.1.15 (KHTML, like Gecko) Version/15.6.1 Mobile/15E148 Safari/604.1" "nacaomestica.org"
177.174.214.62 - - [08/Nov/2022:02:07:25 -0800] "GET /blog4/wp-content/themes/carrington-blog/img/footer/divider-ornament-wide-light.png HTTP/1.1" 200 1601 "https://nacaomestica.org/" "Mozilla/5.0 (iPhone; CPU iPhone OS 15_6_1 like Mac OS X) AppleWebKit/605.1.15 (KHTML, like Gecko) Version/15.6.1 Mobile/15E148 Safari/604.1" "nacaomestica.org"
177.174.214.62 - - [08/Nov/2022:02:07:25 -0800] "GET /blog4/wp-content/themes/carrington-blog/img/comments-divider.gif HTTP/1.1" 200 6855 "https://nacaomestica.org/" "Mozilla/5.0 (iPhone; CPU iPhone OS 15_6_1 like Mac OS X) AppleWebKit/605.1.15 (KHTML, like Gecko) Version/15.6.1 Mobile/15E148 Safari/604.1" "nacaomestica.org"
177.174.223.159 - - [08/Nov/2022:02:07:27 -0800] "GET /favicon.ico HTTP/1.1" 200 676 "https://nacaomestica.org/" "Mozilla/5.0 (iPhone; CPU iPhone OS 15_6_1 like Mac OS X) AppleWebKit/605.1.15 (KHTML, like Gecko) Version/15.6.1 Mobile/15E148 Safari/604.1" "nacaomestica.org"
72.14.201.203 - - [08/Nov/2022:02:07:51 -0800] "GET /blog4/?p=8456 HTTP/1.1" 200 147072 "-" "Mozilla/5.0 (Linux; Android 10; K) AppleWebKit/537.36 (KHTML, like Gecko) Chrome/107.0.0.0 Mobile Safari/537.36" "nacaomestica.org"
170.244.2.251 - - [08/Nov/2022:02:07:55 -0800] "GET /blog4/?p=8456 HTTP/1.1" 200 172662 "https://www.google.com/" "Mozilla/5.0 (Linux; Android 12; moto g52) AppleWebKit/537.36 (KHTML, like Gecko) Chrome/107.0.0.0 Mobile Safari/537.36" "nacaomestica.org"
170.244.2.251 - - [08/Nov/2022:02:07:59 -0800] "GET /blog4/wp-content/themes/carrington-blog/carrington-core/lightbox/thickbox.js?ver=1.0 HTTP/1.1" 200 3903 "https://nacaomestica.org/blog4/?p=8456" "Mozilla/5.0 (Linux; Android 12; moto g52) AppleWebKit/537.36 (KHTML, like Gecko) Chrome/107.0.0.0 Mobile Safari/537.36" "nacaomestica.org"
170.244.2.251 - - [08/Nov/2022:02:07:59 -0800] "GET /blog4/wp-content/themes/carrington-blog/js/carrington.js?ver=1.0 HTTP/1.1" 200 1229 "https://nacaomestica.org/blog4/?p=8456" "Mozilla/5.0 (Linux; Android 12; moto g52) AppleWebKit/537.36 (KHTML, like Gecko) Chrome/107.0.0.0 Mobile Safari/537.36" "nacaomestica.org"
170.244.2.251 - - [08/Nov/2022:02:07:59 -0800] "GET /blog4/wp-includes/js/jquery/jquery.min.js?ver=3.5.1 HTTP/1.1" 200 30916 "https://nacaomestica.org/blog4/?p=8456" "Mozilla/5.0 (Linux; Android 12; moto g52) AppleWebKit/537.36 (KHTML, like Gecko) Chrome/107.0.0.0 Mobile Safari/537.36" "nacaomestica.org"
170.244.2.251 - - [08/Nov/2022:02:07:59 -0800] "GET /blog4/wp-content/themes/carrington-blog/css/css.php HTTP/1.1" 200 4963 "https://nacaomestica.org/blog4/?p=8456" "Mozilla/5.0 (Linux; Android 12; moto g52) AppleWebKit/537.36 (KHTML, like Gecko) Chrome/107.0.0.0 Mobile Safari/537.36" "nacaomestica.org"
170.244.2.251 - - [08/Nov/2022:02:07:59 -0800] "GET /blog4/wp-includes/js/jquery/jquery-migrate.min.js?ver=3.3.2 HTTP/1.1" 200 4169 "https://nacaomestica.org/blog4/?p=8456" "Mozilla/5.0 (Linux; Android 12; moto g52) AppleWebKit/537.36 (KHTML, like Gecko) Chrome/107.0.0.0 Mobile Safari/537.36" "nacaomestica.org"
170.244.2.251 - - [08/Nov/2022:02:07:59 -0800] "GET /blog4/wp-content/themes/carrington-blog/carrington-core/lightbox/css/thickbox.css HTTP/1.1" 200 975 "https://nacaomestica.org/blog4/?p=8456" "Mozilla/5.0 (Linux; Android 12; moto g52) AppleWebKit/537.36 (KHTML, like Gecko) Chrome/107.0.0.0 Mobile Safari/537.36" "nacaomestica.org"
40.86.101.164 - - [08/Nov/2022:02:08:33 -0800] "GET /blog4/wp-content/uploads/2013/11/Nova-Imagem.png HTTP/1.1" 200 5183 "http://nacaomestica.org/blog4/wp-content/uploads/2013/11" "Mozilla/5.0 (Linux; Android 10; SM-G960U) AppleWebKit/537.36 (KHTML, like Gecko) Chrome/88.0.4324.181 Mobile Safari/537.36" "nacaomestica.org"
51.222.253.16 - - [08/Nov/2022:02:09:05 -0800] "GET /blog4/?feed=rss2&p=1275 HTTP/1.1" 200 824 "-" "Mozilla/5.0 (compatible; AhrefsBot/7.0; +http://ahrefs.com/robot/)" "nacaomestica.org"
10.213.116.70 - - [08/Nov/2022:02:09:08 -0800] "POST /blog4/wp-cron.php?doing_wp_cron=1667902147.9345369338989257812500 HTTP/1.1" 200 - "https://nacaomestica.org/blog4/wp-cron.php?doing_wp_cron=1667902147.9345369338989257812500" "WordPress/5.6.10; https://nacaomestica.org/blog4" "nacaomestica.org"
170.231.241.52 - - [08/Nov/2022:02:09:45 -0800] "GET /KantMFP.htm HTTP/1.1" 200 4758 "https://www.bing.com/" "Mozilla/5.0 (Windows NT 10.0; Win64; x64) AppleWebKit/537.36 (KHTML, like Gecko) Chrome/107.0.0.0 Safari/537.36 Edg/107.0.1418.35" "nacaomestica.org"
170.231.241.52 - - [08/Nov/2022:02:09:46 -0800] "GET /fundo_kant.jpg HTTP/1.1" 404 88 "https://nacaomestica.org/KantMFP.htm" "Mozilla/5.0 (Windows NT 10.0; Win64; x64) AppleWebKit/537.36 (KHTML, like Gecko) Chrome/107.0.0.0 Safari/537.36 Edg/107.0.1418.35" "nacaomestica.org"
170.231.241.52 - - [08/Nov/2022:02:09:46 -0800] "GET /favicon.ico HTTP/1.1" 200 676 "https://nacaomestica.org/KantMFP.htm" "Mozilla/5.0 (Windows NT 10.0; Win64; x64) AppleWebKit/537.36 (KHTML, like Gecko) Chrome/107.0.0.0 Safari/537.36 Edg/107.0.1418.35" "nacaomestica.org"
157.55.39.146 - - [08/Nov/2022:02:10:05 -0800] "GET /blog4/?tag=eventos-datas HTTP/1.1" 200 67990 "-" "Mozilla/5.0 AppleWebKit/537.36 (KHTML, like Gecko; compatible; bingbot/2.0; +http://www.bing.com/bingbot.htm) Chrome/103.0.5060.134 Safari/537.36" "nacaomestica.org"
51.222.253.6 - - [08/Nov/2022:02:11:34 -0800] "GET /blog4/?feed=rss2&p=1052 HTTP/1.1" 200 839 "-" "Mozilla/5.0 (compatible; AhrefsBot/7.0; +http://ahrefs.com/robot/)" "nacaomestica.org"
10.213.116.70 - - [08/Nov/2022:02:11:36 -0800] "POST /blog4/wp-cron.php?doing_wp_cron=1667902296.9400439262390136718750 HTTP/1.1" 200 - "https://nacaomestica.org/blog4/wp-cron.php?doing_wp_cron=1667902296.9400439262390136718750" "WordPress/5.6.10; https://nacaomestica.org/blog4" "nacaomestica.org"
40.77.167.67 - - [08/Nov/2022:02:12:05 -0800] "GET /blog4/index.php/mesticos-contra-o-pndh/ HTTP/1.1" 301 - "-" "Mozilla/5.0 AppleWebKit/537.36 (KHTML, like Gecko; compatible; bingbot/2.0; +http://www.bing.com/bingbot.htm) Chrome/103.0.5060.134 Safari/537.36" "nacaomestica.org"
17.121.114.207 - - [08/Nov/2022:02:12:34 -0800] "GET /blog4/?p=1589 HTTP/1.1" 200 78550 "-" "Mozilla/5.0 (Macintosh; Intel Mac OS X 10_15_5) AppleWebKit/605.1.15 (KHTML, like Gecko) Version/13.1.1 Safari/605.1.15 (Applebot/0.1; +http://www.apple.com/go/applebot)" "nacaomestica.org"
20.124.250.146 - - [08/Nov/2022:02:13:03 -0800] "GET /blog4/?cat=90 HTTP/1.1" 200 92246 "-" "Mozilla/5.0 (Linux; Android 7.0; SM-G930V Build/NRD90M) AppleWebKit/537.36 (KHTML, like Gecko) Chrome/59.0.3071.125 Mobile Safari/537.36" "nacaomestica.org"
51.222.253.1 - - [08/Nov/2022:02:13:49 -0800] "GET /blog4/?feed=rss2&p=25702 HTTP/1.1" 200 829 "-" "Mozilla/5.0 (compatible; AhrefsBot/7.0; +http://ahrefs.com/robot/)" "nacaomestica.org"
10.213.116.69 - - [08/Nov/2022:02:13:52 -0800] "POST /blog4/wp-cron.php?doing_wp_cron=1667902432.4027650356292724609375 HTTP/1.1" 200 - "https://nacaomestica.org/blog4/wp-cron.php?doing_wp_cron=1667902432.4027650356292724609375" "WordPress/5.6.10; https://nacaomestica.org/blog4" "nacaomestica.org"
20.124.250.146 - - [08/Nov/2022:02:13:53 -0800] "GET /blog4/?cat=116 HTTP/1.1" 200 67114 "-" "Mozilla/5.0 (Linux; Android 7.0; SM-G930V Build/NRD90M) AppleWebKit/537.36 (KHTML, like Gecko) Chrome/59.0.3071.125 Mobile Safari/537.36" "nacaomestica.org"
20.124.250.146 - - [08/Nov/2022:02:13:56 -0800] "GET /blog4/?tag=limpeza-etnica HTTP/1.1" 200 91682 "-" "Mozilla/5.0 (Linux; Android 7.0; SM-G930V Build/NRD90M) AppleWebKit/537.36 (KHTML, like Gecko) Chrome/59.0.3071.125 Mobile Safari/537.36" "nacaomestica.org"
20.124.250.146 - - [08/Nov/2022:02:13:57 -0800] "GET /blog4/?cat=266 HTTP/1.1" 200 69887 "-" "Mozilla/5.0 (Linux; Android 7.0; SM-G930V Build/NRD90M) AppleWebKit/537.36 (KHTML, like Gecko) Chrome/59.0.3071.125 Mobile Safari/537.36" "nacaomestica.org"
20.124.250.146 - - [08/Nov/2022:02:14:02 -0800] "GET /blog4/?cat=268 HTTP/1.1" 200 95973 "-" "Mozilla/5.0 (Linux; Android 7.0; SM-G930V Build/NRD90M) AppleWebKit/537.36 (KHTML, like Gecko) Chrome/59.0.3071.125 Mobile Safari/537.36" "nacaomestica.org"
58.87.60.223 - - [08/Nov/2022:02:14:04 -0800] "GET /blog4/wp-content/uploads/2012/09/11433_393j4746.jpg HTTP/1.1" 200 59569 "-" "Mozilla/5.0 (X11; Ubuntu; Linux x86_64; rv:72.0) Gecko/20100101 Firefox/72.0" "nacaomestica.org"
40.77.51.85 - - [08/Nov/2022:02:14:12 -0800] "GET /blog4/wp-content/uploads/2015/04/kaapor-5.jpg HTTP/1.1" 200 69128 "http://nacaomestica.org/blog4/wp-content/uploads/2015/04" "Mozilla/5.0 (Macintosh; Intel Mac OS X 10_11_6) AppleWebKit/605.1.15 (KHTML, like Gecko) Version/11.1.2 Safari/605.1.15" "nacaomestica.org"
52.142.8.243 - - [08/Nov/2022:02:14:38 -0800] "GET /blog4/?cat=269 HTTP/1.1" 200 95119 "-" "Mozilla/5.0 (Linux; Android 7.0; SM-G930V Build/NRD90M) AppleWebKit/537.36 (KHTML, like Gecko) Chrome/59.0.3071.125 Mobile Safari/537.36" "nacaomestica.org"
52.142.8.243 - - [08/Nov/2022:02:14:41 -0800] "GET /blog4/?p=30917 HTTP/1.1" 200 75922 "-" "Mozilla/5.0 (Linux; Android 7.0; SM-G930V Build/NRD90M) AppleWebKit/537.36 (KHTML, like Gecko) Chrome/59.0.3071.125 Mobile Safari/537.36" "nacaomestica.org"
20.124.250.146 - - [08/Nov/2022:02:15:01 -0800] "GET /blog4/?cat=263 HTTP/1.1" 200 69077 "-" "Mozilla/5.0 (Linux; Android 7.0; SM-G930V Build/NRD90M) AppleWebKit/537.36 (KHTML, like Gecko) Chrome/59.0.3071.125 Mobile Safari/537.36" "nacaomestica.org"
52.142.8.243 - - [08/Nov/2022:02:15:03 -0800] "GET /blog4/?cat=102 HTTP/1.1" 200 92233 "-" "Mozilla/5.0 (Linux; Android 7.0; SM-G930V Build/NRD90M) AppleWebKit/537.36 (KHTML, like Gecko) Chrome/59.0.3071.125 Mobile Safari/537.36" "nacaomestica.org"
52.142.8.243 - - [08/Nov/2022:02:15:06 -0800] "GET /blog4/?tag=soberania HTTP/1.1" 200 78915 "-" "Mozilla/5.0 (Linux; Android 7.0; SM-G930V Build/NRD90M) AppleWebKit/537.36 (KHTML, like Gecko) Chrome/59.0.3071.125 Mobile Safari/537.36" "nacaomestica.org"
20.124.250.146 - - [08/Nov/2022:02:15:12 -0800] "GET /blog4/ HTTP/1.1" 200 88633 "-" "Mozilla/5.0 (Linux; Android 7.0; SM-G930V Build/NRD90M) AppleWebKit/537.36 (KHTML, like Gecko) Chrome/59.0.3071.125 Mobile Safari/537.36" "nacaomestica.org"
20.124.250.146 - - [08/Nov/2022:02:15:15 -0800] "GET /blog4/?tag=amarelo HTTP/1.1" 200 79664 "-" "Mozilla/5.0 (Linux; Android 7.0; SM-G930V Build/NRD90M) AppleWebKit/537.36 (KHTML, like Gecko) Chrome/59.0.3071.125 Mobile Safari/537.36" "nacaomestica.org"
20.124.250.146 - - [08/Nov/2022:02:15:17 -0800] "GET /blog4/?cat=182 HTTP/1.1" 200 73701 "-" "Mozilla/5.0 (Linux; Android 7.0; SM-G930V Build/NRD90M) AppleWebKit/537.36 (KHTML, like Gecko) Chrome/59.0.3071.125 Mobile Safari/537.36" "nacaomestica.org"
52.142.8.243 - - [08/Nov/2022:02:15:28 -0800] "GET /blog4/?p=8326 HTTP/1.1" 200 94230 "-" "Mozilla/5.0 (Linux; Android 7.0; SM-G930V Build/NRD90M) AppleWebKit/537.36 (KHTML, like Gecko) Chrome/59.0.3071.125 Mobile Safari/537.36" "nacaomestica.org"
20.124.250.146 - - [08/Nov/2022:02:15:40 -0800] "GET /blog4/?p=30980 HTTP/1.1" 200 74400 "-" "Mozilla/5.0 (Linux; Android 7.0; SM-G930V Build/NRD90M) AppleWebKit/537.36 (KHTML, like Gecko) Chrome/59.0.3071.125 Mobile Safari/537.36" "nacaomestica.org"
193.106.72.149 - - [08/Nov/2022:02:15:52 -0800] "GET /blog4/wp-content/uploads/2015/05/lula-benin-africa.jpg HTTP/1.1" 200 79766 "https://www.google.com/" "Mozilla/5.0 (Windows NT 6.1; Win64; x64) AppleWebKit/537.36 (KHTML, like Gecko) Chrome/107.0.0.0 Safari/537.36" "nacaomestica.org"
51.222.253.14 - - [08/Nov/2022:02:15:59 -0800] "GET /blog4/?p=18641 HTTP/1.1" 200 83436 "-" "Mozilla/5.0 (compatible; AhrefsBot/7.0; +http://ahrefs.com/robot/)" "nacaomestica.org"
10.213.116.70 - - [08/Nov/2022:02:16:00 -0800] "POST /blog4/wp-cron.php?doing_wp_cron=1667902560.3032240867614746093750 HTTP/1.1" 200 - "https://nacaomestica.org/blog4/wp-cron.php?doing_wp_cron=1667902560.3032240867614746093750" "WordPress/5.6.10; https://nacaomestica.org/blog4" "nacaomestica.org"
20.124.250.146 - - [08/Nov/2022:02:16:03 -0800] "GET /blog4/?tag=anti-cristianismo HTTP/1.1" 200 75634 "-" "Mozilla/5.0 (Linux; Android 7.0; SM-G930V Build/NRD90M) AppleWebKit/537.36 (KHTML, like Gecko) Chrome/59.0.3071.125 Mobile Safari/537.36" "nacaomestica.org"
20.124.250.146 - - [08/Nov/2022:02:16:09 -0800] "GET /blog4/?cat=131 HTTP/1.1" 200 93805 "-" "Mozilla/5.0 (Linux; Android 7.0; SM-G930V Build/NRD90M) AppleWebKit/537.36 (KHTML, like Gecko) Chrome/59.0.3071.125 Mobile Safari/537.36" "nacaomestica.org"
52.142.8.243 - - [08/Nov/2022:02:16:11 -0800] "GET /blog4/?tag=eventos HTTP/1.1" 200 86105 "-" "Mozilla/5.0 (Linux; Android 7.0; SM-G930V Build/NRD90M) AppleWebKit/537.36 (KHTML, like Gecko) Chrome/59.0.3071.125 Mobile Safari/537.36" "nacaomestica.org"
20.124.250.146 - - [08/Nov/2022:02:16:12 -0800] "GET /blog4/?cat=125 HTTP/1.1" 200 69491 "-" "Mozilla/5.0 (Linux; Android 7.0; SM-G930V Build/NRD90M) AppleWebKit/537.36 (KHTML, like Gecko) Chrome/59.0.3071.125 Mobile Safari/537.36" "nacaomestica.org"
20.124.250.146 - - [08/Nov/2022:02:16:19 -0800] "GET /blog4/?tag=charge HTTP/1.1" 200 86402 "-" "Mozilla/5.0 (Linux; Android 7.0; SM-G930V Build/NRD90M) AppleWebKit/537.36 (KHTML, like Gecko) Chrome/59.0.3071.125 Mobile Safari/537.36" "nacaomestica.org"
52.142.8.243 - - [08/Nov/2022:02:16:26 -0800] "GET /blog4/?cat=118 HTTP/1.1" 200 67276 "-" "Mozilla/5.0 (Linux; Android 7.0; SM-G930V Build/NRD90M) AppleWebKit/537.36 (KHTML, like Gecko) Chrome/59.0.3071.125 Mobile Safari/537.36" "nacaomestica.org"
20.124.250.146 - - [08/Nov/2022:02:16:26 -0800] "GET /blog4/?cat=128 HTTP/1.1" 200 96290 "-" "Mozilla/5.0 (Linux; Android 7.0; SM-G930V Build/NRD90M) AppleWebKit/537.36 (KHTML, like Gecko) Chrome/59.0.3071.125 Mobile Safari/537.36" "nacaomestica.org"
20.124.250.146 - - [08/Nov/2022:02:16:27 -0800] "GET /blog4/?tag=bantustao HTTP/1.1" 200 96380 "-" "Mozilla/5.0 (Linux; Android 7.0; SM-G930V Build/NRD90M) AppleWebKit/537.36 (KHTML, like Gecko) Chrome/59.0.3071.125 Mobile Safari/537.36" "nacaomestica.org"
52.142.8.243 - - [08/Nov/2022:02:16:35 -0800] "GET /blog4/?cat=157 HTTP/1.1" 200 97141 "-" "Mozilla/5.0 (Linux; Android 7.0; SM-G930V Build/NRD90M) AppleWebKit/537.36 (KHTML, like Gecko) Chrome/59.0.3071.125 Mobile Safari/537.36" "nacaomestica.org"
52.142.8.243 - - [08/Nov/2022:02:16:37 -0800] "GET /blog4/?cat=252 HTTP/1.1" 200 80240 "-" "Mozilla/5.0 (Linux; Android 7.0; SM-G930V Build/NRD90M) AppleWebKit/537.36 (KHTML, like Gecko) Chrome/59.0.3071.125 Mobile Safari/537.36" "nacaomestica.org"
20.124.250.146 - - [08/Nov/2022:02:16:39 -0800] "GET /blog4/?tag=mesticagem-miscigenacao HTTP/1.1" 200 78687 "-" "Mozilla/5.0 (Linux; Android 7.0; SM-G930V Build/NRD90M) AppleWebKit/537.36 (KHTML, like Gecko) Chrome/59.0.3071.125 Mobile Safari/537.36" "nacaomestica.org"
52.142.8.243 - - [08/Nov/2022:02:16:40 -0800] "GET /blog4/?cat=143 HTTP/1.1" 200 86418 "-" "Mozilla/5.0 (Linux; Android 7.0; SM-G930V Build/NRD90M) AppleWebKit/537.36 (KHTML, like Gecko) Chrome/59.0.3071.125 Mobile Safari/537.36" "nacaomestica.org"
20.124.250.146 - - [08/Nov/2022:02:16:43 -0800] "GET /blog4/?tag=direitos-originarios HTTP/1.1" 200 82399 "-" "Mozilla/5.0 (Linux; Android 7.0; SM-G930V Build/NRD90M) AppleWebKit/537.36 (KHTML, like Gecko) Chrome/59.0.3071.125 Mobile Safari/537.36" "nacaomestica.org"
52.142.8.243 - - [08/Nov/2022:02:16:50 -0800] "GET /blog4/?cat=86 HTTP/1.1" 200 75512 "-" "Mozilla/5.0 (Linux; Android 7.0; SM-G930V Build/NRD90M) AppleWebKit/537.36 (KHTML, like Gecko) Chrome/59.0.3071.125 Mobile Safari/537.36" "nacaomestica.org"
52.142.8.243 - - [08/Nov/2022:02:16:51 -0800] "GET /blog4/?tag=indigenismo HTTP/1.1" 200 96717 "-" "Mozilla/5.0 (Linux; Android 7.0; SM-G930V Build/NRD90M) AppleWebKit/537.36 (KHTML, like Gecko) Chrome/59.0.3071.125 Mobile Safari/537.36" "nacaomestica.org"
20.124.250.146 - - [08/Nov/2022:02:17:09 -0800] "GET /blog4/?cat=262 HTTP/1.1" 200 67543 "-" "Mozilla/5.0 (Linux; Android 7.0; SM-G930V Build/NRD90M) AppleWebKit/537.36 (KHTML, like Gecko) Chrome/59.0.3071.125 Mobile Safari/537.36" "nacaomestica.org"
20.124.250.146 - - [08/Nov/2022:02:17:10 -0800] "GET /blog4/?cat=245 HTTP/1.1" 200 81959 "-" "Mozilla/5.0 (Linux; Android 7.0; SM-G930V Build/NRD90M) AppleWebKit/537.36 (KHTML, like Gecko) Chrome/59.0.3071.125 Mobile Safari/537.36" "nacaomestica.org"
20.124.250.146 - - [08/Nov/2022:02:17:12 -0800] "GET /blog4/?cat=181 HTTP/1.1" 200 78204 "-" "Mozilla/5.0 (Linux; Android 7.0; SM-G930V Build/NRD90M) AppleWebKit/537.36 (KHTML, like Gecko) Chrome/59.0.3071.125 Mobile Safari/537.36" "nacaomestica.org"
52.142.8.243 - - [08/Nov/2022:02:17:13 -0800] "GET /blog4/?p=30960 HTTP/1.1" 200 75324 "-" "Mozilla/5.0 (Linux; Android 7.0; SM-G930V Build/NRD90M) AppleWebKit/537.36 (KHTML, like Gecko) Chrome/59.0.3071.125 Mobile Safari/537.36" "nacaomestica.org"
20.124.250.146 - - [08/Nov/2022:02:17:13 -0800] "GET /blog4/?cat=219 HTTP/1.1" 200 94544 "-" "Mozilla/5.0 (Linux; Android 7.0; SM-G930V Build/NRD90M) AppleWebKit/537.36 (KHTML, like Gecko) Chrome/59.0.3071.125 Mobile Safari/537.36" "nacaomestica.org"
52.142.8.243 - - [08/Nov/2022:02:17:18 -0800] "GET /blog4/?cat=115 HTTP/1.1" 200 67263 "-" "Mozilla/5.0 (Linux; Android 7.0; SM-G930V Build/NRD90M) AppleWebKit/537.36 (KHTML, like Gecko) Chrome/59.0.3071.125 Mobile Safari/537.36" "nacaomestica.org"
52.142.8.243 - - [08/Nov/2022:02:17:22 -0800] "GET /blog4/?cat=129 HTTP/1.1" 200 67128 "-" "Mozilla/5.0 (Linux; Android 7.0; SM-G930V Build/NRD90M) AppleWebKit/537.36 (KHTML, like Gecko) Chrome/59.0.3071.125 Mobile Safari/537.36" "nacaomestica.org"
20.124.250.146 - - [08/Nov/2022:02:17:23 -0800] "GET /blog4/?tag=mesticofobia HTTP/1.1" 200 98309 "-" "Mozilla/5.0 (Linux; Android 7.0; SM-G930V Build/NRD90M) AppleWebKit/537.36 (KHTML, like Gecko) Chrome/59.0.3071.125 Mobile Safari/537.36" "nacaomestica.org"
52.142.8.243 - - [08/Nov/2022:02:17:23 -0800] "GET /blog4/?p=23009 HTTP/1.1" 200 91979 "-" "Mozilla/5.0 (Linux; Android 7.0; SM-G930V Build/NRD90M) AppleWebKit/537.36 (KHTML, like Gecko) Chrome/59.0.3071.125 Mobile Safari/537.36" "nacaomestica.org"
20.124.250.146 - - [08/Nov/2022:02:17:24 -0800] "GET /blog4/?p=30970 HTTP/1.1" 200 75629 "-" "Mozilla/5.0 (Linux; Android 7.0; SM-G930V Build/NRD90M) AppleWebKit/537.36 (KHTML, like Gecko) Chrome/59.0.3071.125 Mobile Safari/537.36" "nacaomestica.org"
20.124.250.146 - - [08/Nov/2022:02:17:28 -0800] "GET /blog4/?cat=217 HTTP/1.1" 200 74699 "-" "Mozilla/5.0 (Linux; Android 7.0; SM-G930V Build/NRD90M) AppleWebKit/537.36 (KHTML, like Gecko) Chrome/59.0.3071.125 Mobile Safari/537.36" "nacaomestica.org"
20.124.250.146 - - [08/Nov/2022:02:17:33 -0800] "GET /blog4/?cat=69 HTTP/1.1" 200 94253 "-" "Mozilla/5.0 (Linux; Android 7.0; SM-G930V Build/NRD90M) AppleWebKit/537.36 (KHTML, like Gecko) Chrome/59.0.3071.125 Mobile Safari/537.36" "nacaomestica.org"
52.142.8.243 - - [08/Nov/2022:02:17:46 -0800] "GET /blog4/?tag=supremacismo HTTP/1.1" 200 92211 "-" "Mozilla/5.0 (Linux; Android 7.0; SM-G930V Build/NRD90M) AppleWebKit/537.36 (KHTML, like Gecko) Chrome/59.0.3071.125 Mobile Safari/537.36" "nacaomestica.org"
20.124.250.146 - - [08/Nov/2022:02:17:47 -0800] "GET /blog4/?p=23346 HTTP/1.1" 200 90602 "-" "Mozilla/5.0 (Linux; Android 7.0; SM-G930V Build/NRD90M) AppleWebKit/537.36 (KHTML, like Gecko) Chrome/59.0.3071.125 Mobile Safari/537.36" "nacaomestica.org"
20.124.250.146 - - [08/Nov/2022:02:17:51 -0800] "GET /blog4/?cat=29 HTTP/1.1" 200 70237 "-" "Mozilla/5.0 (Linux; Android 7.0; SM-G930V Build/NRD90M) AppleWebKit/537.36 (KHTML, like Gecko) Chrome/59.0.3071.125 Mobile Safari/537.36" "nacaomestica.org"
52.142.8.243 - - [08/Nov/2022:02:17:55 -0800] "GET /blog4/?tag=mensagem-mestica HTTP/1.1" 200 88890 "-" "Mozilla/5.0 (Linux; Android 7.0; SM-G930V Build/NRD90M) AppleWebKit/537.36 (KHTML, like Gecko) Chrome/59.0.3071.125 Mobile Safari/537.36" "nacaomestica.org"
51.222.253.8 - - [08/Nov/2022:02:18:00 -0800] "GET /blog4/?feed=rss2&p=8510 HTTP/1.1" 200 806 "-" "Mozilla/5.0 (compatible; AhrefsBot/7.0; +http://ahrefs.com/robot/)" "nacaomestica.org"
10.213.116.69 - - [08/Nov/2022:02:18:46 -0800] "POST /blog4/wp-cron.php?doing_wp_cron=1667902726.7665650844573974609375 HTTP/1.1" 200 - "https://nacaomestica.org/blog4/wp-cron.php?doing_wp_cron=1667902726.7665650844573974609375" "WordPress/5.6.10; https://nacaomestica.org/blog4" "nacaomestica.org"
20.124.250.146 - - [08/Nov/2022:02:18:45 -0800] "GET /blog4/?tag=cotas HTTP/1.1" 200 92492 "-" "Mozilla/5.0 (Linux; Android 7.0; SM-G930V Build/NRD90M) AppleWebKit/537.36 (KHTML, like Gecko) Chrome/59.0.3071.125 Mobile Safari/537.36" "nacaomestica.org"
20.124.250.146 - - [08/Nov/2022:02:18:50 -0800] "GET / HTTP/1.1" 200 88633 "-" "Mozilla/5.0 (Linux; Android 7.0; SM-G930V Build/NRD90M) AppleWebKit/537.36 (KHTML, like Gecko) Chrome/59.0.3071.125 Mobile Safari/537.36" "nacaomestica.org"
52.142.8.243 - - [08/Nov/2022:02:19:17 -0800] "GET /blog4/?p=30966 HTTP/1.1" 200 73483 "-" "Mozilla/5.0 (Linux; Android 7.0; SM-G930V Build/NRD90M) AppleWebKit/537.36 (KHTML, like Gecko) Chrome/59.0.3071.125 Mobile Safari/537.36" "nacaomestica.org"
51.222.253.1 - - [08/Nov/2022:02:20:18 -0800] "GET /blog4/?feed=rss2&p=20459 HTTP/1.1" 200 801 "-" "Mozilla/5.0 (compatible; AhrefsBot/7.0; +http://ahrefs.com/robot/)" "nacaomestica.org"
52.142.8.243 - - [08/Nov/2022:02:21:10 -0800] "GET /blog4/?cat=119 HTTP/1.1" 200 78654 "-" "Mozilla/5.0 (Linux; Android 7.0; SM-G930V Build/NRD90M) AppleWebKit/537.36 (KHTML, like Gecko) Chrome/59.0.3071.125 Mobile Safari/537.36" "nacaomestica.org"
10.213.116.70 - - [08/Nov/2022:02:21:11 -0800] "POST /blog4/wp-cron.php?doing_wp_cron=1667902871.4888970851898193359375 HTTP/1.1" 200 - "https://nacaomestica.org/blog4/wp-cron.php?doing_wp_cron=1667902871.4888970851898193359375" "WordPress/5.6.10; https://nacaomestica.org/blog4" "nacaomestica.org"
20.29.110.170 - - [08/Nov/2022:02:21:15 -0800] "GET /blog4/wp-content/uploads/2017/07/WhatsApp-Image-2017-07-20-at-13.32.51-1.jpeg HTTP/1.1" 200 113523 "http://nacaomestica.org/blog4/wp-content/uploads/2017/07" "Mozilla/5.0 (Macintosh; Intel Mac OS X 10_11_6) AppleWebKit/605.1.15 (KHTML, like Gecko) Version/11.1.2 Safari/605.1.15" "nacaomestica.org"
187.109.208.74 - - [08/Nov/2022:02:22:00 -0800] "GET /blog4/wp-content/uploads/2013/09/8C81F.jpg HTTP/1.1" 200 130499 "https://www.google.com/" "Mozilla/5.0 (Linux; Android 10; LM-K200 Build/QKQ1.200311.002; wv) AppleWebKit/537.36 (KHTML, like Gecko) Version/4.0 Chrome/106.0.5249.126 Mobile Safari/537.36 GoogleApp/13.41.11.26.arm" "nacaomestica.org"
176.31.115.13 - - [08/Nov/2022:02:22:29 -0800] "GET /blog4/wp-content/uploads/2017/02/Relat%C3%B3rio-da-CPI-Funai-e-Incra-2-Publica%C3%A7%C3%A3o-no-Di%C3%A1rio-otimizado_1.pdf HTTP/1.1" 200 48205355 "https://nacaomestica.org/blog4/wp-content/uploads/2017/02/Relat%C3%B3rio-da-CPI-Funai-e-Incra-2-Publica%C3%A7%C3%A3o-no-Di%C3%A1rio-otimizado_1.pdf" "Mozilla/5.0 (Windows NT 6.1; WOW64) AppleWebKit/537.36 (KHTML, like Gecko) Chrome/90.0.4430.72 Safari/537.36" "nacaomestica.org"
176.31.115.13 - - [08/Nov/2022:02:22:30 -0800] "GET / HTTP/1.1" 200 88633 "https://nacaomestica.org/" "Mozilla/5.0 (Windows NT 6.1; WOW64) AppleWebKit/537.36 (KHTML, like Gecko) Chrome/90.0.4430.72 Safari/537.36" "nacaomestica.org"
51.222.253.16 - - [08/Nov/2022:02:22:38 -0800] "GET /blog4/?p=26041 HTTP/1.1" 200 73958 "-" "Mozilla/5.0 (compatible; AhrefsBot/7.0; +http://ahrefs.com/robot/)" "nacaomestica.org"
52.142.8.243 - - [08/Nov/2022:02:22:43 -0800] "GET /blog4/?cat=195 HTTP/1.1" 200 79967 "-" "Mozilla/5.0 (Linux; Android 7.0; SM-G930V Build/NRD90M) AppleWebKit/537.36 (KHTML, like Gecko) Chrome/59.0.3071.125 Mobile Safari/537.36" "nacaomestica.org"
207.46.13.155 - - [08/Nov/2022:02:23:14 -0800] "GET /blog4/?p=19977 HTTP/1.1" 200 81212 "-" "Mozilla/5.0 AppleWebKit/537.36 (KHTML, like Gecko; compatible; bingbot/2.0; +http://www.bing.com/bingbot.htm) Chrome/103.0.5060.134 Safari/537.36" "nacaomestica.org"
10.213.116.68 - - [08/Nov/2022:02:23:18 -0800] "POST /blog4/wp-cron.php?doing_wp_cron=1667902998.2256660461425781250000 HTTP/1.1" 200 - "https://nacaomestica.org/blog4/wp-cron.php?doing_wp_cron=1667902998.2256660461425781250000" "WordPress/5.6.10; https://nacaomestica.org/blog4" "nacaomestica.org"
52.142.8.243 - - [08/Nov/2022:02:23:37 -0800] "GET /blog4/?cat=229 HTTP/1.1" 200 77639 "-" "Mozilla/5.0 (Linux; Android 7.0; SM-G930V Build/NRD90M) AppleWebKit/537.36 (KHTML, like Gecko) Chrome/59.0.3071.125 Mobile Safari/537.36" "nacaomestica.org"
52.142.8.243 - - [08/Nov/2022:02:23:43 -0800] "GET /blog4/?cat=141 HTTP/1.1" 200 98929 "-" "Mozilla/5.0 (Linux; Android 7.0; SM-G930V Build/NRD90M) AppleWebKit/537.36 (KHTML, like Gecko) Chrome/59.0.3071.125 Mobile Safari/537.36" "nacaomestica.org"
49.50.9.244 - - [08/Nov/2022:02:23:58 -0800] "GET /blog4/?p=12355 HTTP/1.1" 200 101435 "http://nacaomestica.org/blog4/?p=12355" "Mozilla/5.0 (Windows NT 10.0; Win64; x64) AppleWebKit/537.36 (KHTML, like Gecko) Chrome/103.0.0.0 Safari/537.36 OPR/89.0.4447.51" "nacaomestica.org"
52.142.8.243 - - [08/Nov/2022:02:24:17 -0800] "GET /blog4/?tag=funai HTTP/1.1" 200 94521 "-" "Mozilla/5.0 (Linux; Android 7.0; SM-G930V Build/NRD90M) AppleWebKit/537.36 (KHTML, like Gecko) Chrome/59.0.3071.125 Mobile Safari/537.36" "nacaomestica.org"
