86.154.205.38 - - [07/Nov/2022:19:57:23 -0800] "GET /blog4/wp-includes/js/mediaelement/wp-mediaelement.min.css?ver=5.6.10 HTTP/1.1" 200 1156 "https://nacaomestica.org/" "Mozilla/5.0 (Macintosh; Intel Mac OS X 10_12_6) AppleWebKit/537.36 (KHTML, like Gecko) Chrome/103.0.0.0 Safari/537.36" "nacaomestica.org"
86.154.205.38 - - [07/Nov/2022:19:57:23 -0800] "GET /blog4/wp-includes/js/mediaelement/mediaelementplayer-legacy.min.css?ver=4.2.16 HTTP/1.1" 200 2592 "https://nacaomestica.org/" "Mozilla/5.0 (Macintosh; Intel Mac OS X 10_12_6) AppleWebKit/537.36 (KHTML, like Gecko) Chrome/103.0.0.0 Safari/537.36" "nacaomestica.org"
86.154.205.38 - - [07/Nov/2022:19:57:23 -0800] "GET /blog4/wp-content/plugins/wp-spamshield/js/jscripts-ftr2-min.js HTTP/1.1" 200 637 "https://nacaomestica.org/" "Mozilla/5.0 (Macintosh; Intel Mac OS X 10_12_6) AppleWebKit/537.36 (KHTML, like Gecko) Chrome/103.0.0.0 Safari/537.36" "nacaomestica.org"
86.154.205.38 - - [07/Nov/2022:19:57:23 -0800] "GET /blog4/wp-includes/js/mediaelement/mediaelement-migrate.min.js?ver=5.6.10 HTTP/1.1" 200 544 "https://nacaomestica.org/" "Mozilla/5.0 (Macintosh; Intel Mac OS X 10_12_6) AppleWebKit/537.36 (KHTML, like Gecko) Chrome/103.0.0.0 Safari/537.36" "nacaomestica.org"
86.154.205.38 - - [07/Nov/2022:19:57:23 -0800] "GET /blog4/wp-includes/js/wp-emoji-release.min.js?ver=5.6.10 HTTP/1.1" 200 4662 "https://nacaomestica.org/" "Mozilla/5.0 (Macintosh; Intel Mac OS X 10_12_6) AppleWebKit/537.36 (KHTML, like Gecko) Chrome/103.0.0.0 Safari/537.36" "nacaomestica.org"
86.154.205.38 - - [07/Nov/2022:19:57:23 -0800] "GET /blog4/wp-includes/js/wp-embed.min.js?ver=5.6.10 HTTP/1.1" 200 765 "https://nacaomestica.org/" "Mozilla/5.0 (Macintosh; Intel Mac OS X 10_12_6) AppleWebKit/537.36 (KHTML, like Gecko) Chrome/103.0.0.0 Safari/537.36" "nacaomestica.org"
86.154.205.38 - - [07/Nov/2022:19:57:23 -0800] "GET /blog4/wp-content/themes/carrington-blog/img/header/gradient-dark.png HTTP/1.1" 200 2877 "https://nacaomestica.org/" "Mozilla/5.0 (Macintosh; Intel Mac OS X 10_12_6) AppleWebKit/537.36 (KHTML, like Gecko) Chrome/103.0.0.0 Safari/537.36" "nacaomestica.org"
86.154.205.38 - - [07/Nov/2022:19:57:23 -0800] "GET /blog4/wp-includes/js/mediaelement/wp-mediaelement.min.js?ver=5.6.10 HTTP/1.1" 200 475 "https://nacaomestica.org/" "Mozilla/5.0 (Macintosh; Intel Mac OS X 10_12_6) AppleWebKit/537.36 (KHTML, like Gecko) Chrome/103.0.0.0 Safari/537.36" "nacaomestica.org"
86.154.205.38 - - [07/Nov/2022:19:57:23 -0800] "GET /blog4/wp-content/themes/carrington-blog/img/rss-button.gif HTTP/1.1" 200 2208 "https://nacaomestica.org/" "Mozilla/5.0 (Macintosh; Intel Mac OS X 10_12_6) AppleWebKit/537.36 (KHTML, like Gecko) Chrome/103.0.0.0 Safari/537.36" "nacaomestica.org"
86.154.205.38 - - [07/Nov/2022:19:57:23 -0800] "GET /blog4/wp-content/themes/carrington-blog/img/sub-header-border-bottom.gif HTTP/1.1" 200 43 "https://nacaomestica.org/blog4/wp-content/themes/carrington-blog/css/css.php" "Mozilla/5.0 (Macintosh; Intel Mac OS X 10_12_6) AppleWebKit/537.36 (KHTML, like Gecko) Chrome/103.0.0.0 Safari/537.36" "nacaomestica.org"
86.154.205.38 - - [07/Nov/2022:19:57:23 -0800] "GET /blog4/wp-content/uploads/2022/10/PETISMO005-1024x576.png HTTP/1.1" 200 305299 "https://nacaomestica.org/" "Mozilla/5.0 (Macintosh; Intel Mac OS X 10_12_6) AppleWebKit/537.36 (KHTML, like Gecko) Chrome/103.0.0.0 Safari/537.36" "nacaomestica.org"
86.154.205.38 - - [07/Nov/2022:19:57:23 -0800] "GET /blog4/wp-content/themes/carrington-blog/img/sidebar-background.gif HTTP/1.1" 200 1515 "https://nacaomestica.org/blog4/wp-content/themes/carrington-blog/css/css.php" "Mozilla/5.0 (Macintosh; Intel Mac OS X 10_12_6) AppleWebKit/537.36 (KHTML, like Gecko) Chrome/103.0.0.0 Safari/537.36" "nacaomestica.org"
86.154.205.38 - - [07/Nov/2022:19:57:23 -0800] "GET /blog4/wp-content/themes/carrington-blog/img/footer/divider-ornament-wide-light.png HTTP/1.1" 200 1601 "https://nacaomestica.org/blog4/wp-content/themes/carrington-blog/css/css.php" "Mozilla/5.0 (Macintosh; Intel Mac OS X 10_12_6) AppleWebKit/537.36 (KHTML, like Gecko) Chrome/103.0.0.0 Safari/537.36" "nacaomestica.org"
86.154.205.38 - - [07/Nov/2022:19:57:23 -0800] "GET /blog4/wp-content/themes/carrington-blog/img/footer/gradient-light.png HTTP/1.1" 200 172 "https://nacaomestica.org/" "Mozilla/5.0 (Macintosh; Intel Mac OS X 10_12_6) AppleWebKit/537.36 (KHTML, like Gecko) Chrome/103.0.0.0 Safari/537.36" "nacaomestica.org"
86.154.205.38 - - [07/Nov/2022:19:57:23 -0800] "GET /blog4/wp-content/themes/carrington-blog/img/arrow-bullet.gif HTTP/1.1" 200 50 "https://nacaomestica.org/blog4/wp-content/themes/carrington-blog/css/css.php" "Mozilla/5.0 (Macintosh; Intel Mac OS X 10_12_6) AppleWebKit/537.36 (KHTML, like Gecko) Chrome/103.0.0.0 Safari/537.36" "nacaomestica.org"
86.154.205.38 - - [07/Nov/2022:19:57:23 -0800] "GET /blog4/wp-content/uploads/2022/10/PETISMO003-1024x576.png HTTP/1.1" 200 309833 "https://nacaomestica.org/" "Mozilla/5.0 (Macintosh; Intel Mac OS X 10_12_6) AppleWebKit/537.36 (KHTML, like Gecko) Chrome/103.0.0.0 Safari/537.36" "nacaomestica.org"
86.154.205.38 - - [07/Nov/2022:19:57:23 -0800] "GET /blog4/wp-content/uploads/2022/10/PETISMO001-1024x576.png HTTP/1.1" 200 325674 "https://nacaomestica.org/" "Mozilla/5.0 (Macintosh; Intel Mac OS X 10_12_6) AppleWebKit/537.36 (KHTML, like Gecko) Chrome/103.0.0.0 Safari/537.36" "nacaomestica.org"
86.154.205.38 - - [07/Nov/2022:19:57:23 -0800] "GET /blog4/wp-content/themes/carrington-blog/img/comment.gif HTTP/1.1" 200 370 "https://nacaomestica.org/blog4/wp-content/themes/carrington-blog/css/css.php" "Mozilla/5.0 (Macintosh; Intel Mac OS X 10_12_6) AppleWebKit/537.36 (KHTML, like Gecko) Chrome/103.0.0.0 Safari/537.36" "nacaomestica.org"
86.154.205.38 - - [07/Nov/2022:19:57:23 -0800] "GET /blog4/wp-content/uploads/2018/08/livro_mestico_CAPA-2peq.png HTTP/1.1" 200 35385 "https://nacaomestica.org/" "Mozilla/5.0 (Macintosh; Intel Mac OS X 10_12_6) AppleWebKit/537.36 (KHTML, like Gecko) Chrome/103.0.0.0 Safari/537.36" "nacaomestica.org"
86.154.205.38 - - [07/Nov/2022:19:57:23 -0800] "GET /blog4/wp-content/themes/carrington-blog/img/grey-to-white-gradient.png HTTP/1.1" 200 153 "https://nacaomestica.org/blog4/wp-content/themes/carrington-blog/css/css.php" "Mozilla/5.0 (Macintosh; Intel Mac OS X 10_12_6) AppleWebKit/537.36 (KHTML, like Gecko) Chrome/103.0.0.0 Safari/537.36" "nacaomestica.org"
86.154.205.38 - - [07/Nov/2022:19:57:23 -0800] "GET /blog4/wp-content/themes/carrington-blog/img/watermark-light.gif HTTP/1.1" 200 31981 "https://nacaomestica.org/blog4/wp-content/themes/carrington-blog/css/css.php" "Mozilla/5.0 (Macintosh; Intel Mac OS X 10_12_6) AppleWebKit/537.36 (KHTML, like Gecko) Chrome/103.0.0.0 Safari/537.36" "nacaomestica.org"
86.154.205.38 - - [07/Nov/2022:19:57:23 -0800] "GET /blog4/wp-content/themes/carrington-blog/img/footer/by-crowd-favorite-light.png HTTP/1.1" 200 2825 "https://nacaomestica.org/" "Mozilla/5.0 (Macintosh; Intel Mac OS X 10_12_6) AppleWebKit/537.36 (KHTML, like Gecko) Chrome/103.0.0.0 Safari/537.36" "nacaomestica.org"
86.154.205.38 - - [07/Nov/2022:19:57:23 -0800] "GET /blog4/wp-content/uploads/2015/04/ONCA_SITE2.png HTTP/1.1" 200 296324 "https://nacaomestica.org/" "Mozilla/5.0 (Macintosh; Intel Mac OS X 10_12_6) AppleWebKit/537.36 (KHTML, like Gecko) Chrome/103.0.0.0 Safari/537.36" "nacaomestica.org"
86.154.205.38 - - [07/Nov/2022:19:57:23 -0800] "GET /blog4/wp-includes/js/mediaelement/mediaelement-and-player.min.js?ver=4.2.16 HTTP/1.1" 200 38657 "https://nacaomestica.org/" "Mozilla/5.0 (Macintosh; Intel Mac OS X 10_12_6) AppleWebKit/537.36 (KHTML, like Gecko) Chrome/103.0.0.0 Safari/537.36" "nacaomestica.org"
86.154.205.38 - - [07/Nov/2022:19:57:23 -0800] "GET /blog4/wp-includes/js/mediaelement/renderers/vimeo.min.js?ver=4.2.16 HTTP/1.1" 200 2284 "https://nacaomestica.org/" "Mozilla/5.0 (Macintosh; Intel Mac OS X 10_12_6) AppleWebKit/537.36 (KHTML, like Gecko) Chrome/103.0.0.0 Safari/537.36" "nacaomestica.org"
86.154.205.38 - - [07/Nov/2022:19:57:23 -0800] "GET /blog4/wp-content/themes/carrington-blog/img/divider-ornament.gif HTTP/1.1" 200 778 "https://nacaomestica.org/blog4/wp-content/themes/carrington-blog/css/css.php" "Mozilla/5.0 (Macintosh; Intel Mac OS X 10_12_6) AppleWebKit/537.36 (KHTML, like Gecko) Chrome/103.0.0.0 Safari/537.36" "nacaomestica.org"
86.154.205.38 - - [07/Nov/2022:19:57:23 -0800] "GET /blog4/wp-content/themes/carrington-blog/img/dropdown-divider.gif HTTP/1.1" 200 144 "https://nacaomestica.org/blog4/wp-content/themes/carrington-blog/css/css.php" "Mozilla/5.0 (Macintosh; Intel Mac OS X 10_12_6) AppleWebKit/537.36 (KHTML, like Gecko) Chrome/103.0.0.0 Safari/537.36" "nacaomestica.org"
86.154.205.38 - - [07/Nov/2022:19:57:23 -0800] "GET /blog4/wp-content/uploads/2022/10/PETISMO002-1024x576.png HTTP/1.1" 200 304834 "https://nacaomestica.org/" "Mozilla/5.0 (Macintosh; Intel Mac OS X 10_12_6) AppleWebKit/537.36 (KHTML, like Gecko) Chrome/103.0.0.0 Safari/537.36" "nacaomestica.org"
86.154.205.38 - - [07/Nov/2022:19:57:28 -0800] "GET /blog4/wp-content/themes/carrington-blog/carrington-core/lightbox/img/loadingAnimation.gif HTTP/1.1" 200 5886 "https://nacaomestica.org/" "Mozilla/5.0 (Macintosh; Intel Mac OS X 10_12_6) AppleWebKit/537.36 (KHTML, like Gecko) Chrome/103.0.0.0 Safari/537.36" "nacaomestica.org"
86.154.205.38 - - [07/Nov/2022:19:57:28 -0800] "GET /blog4/wp-includes/js/mediaelement/mejs-controls.svg HTTP/1.1" 200 1413 "https://nacaomestica.org/blog4/wp-includes/js/mediaelement/mediaelementplayer-legacy.min.css?ver=4.2.16" "Mozilla/5.0 (Macintosh; Intel Mac OS X 10_12_6) AppleWebKit/537.36 (KHTML, like Gecko) Chrome/103.0.0.0 Safari/537.36" "nacaomestica.org"
86.154.205.38 - - [07/Nov/2022:19:57:30 -0800] "GET /favicon.ico HTTP/1.1" 200 676 "https://nacaomestica.org/" "Mozilla/5.0 (Macintosh; Intel Mac OS X 10_12_6) AppleWebKit/537.36 (KHTML, like Gecko) Chrome/103.0.0.0 Safari/537.36" "nacaomestica.org"
86.154.205.38 - - [07/Nov/2022:19:57:33 -0800] "GET /blog4/wp-content/uploads/2022/10/download3.jpg HTTP/1.1" 200 136032 "https://nacaomestica.org/" "Mozilla/5.0 (Macintosh; Intel Mac OS X 10_12_6) AppleWebKit/537.36 (KHTML, like Gecko) Chrome/103.0.0.0 Safari/537.36" "nacaomestica.org"
51.222.253.10 - - [07/Nov/2022:19:57:31 -0800] "GET /blog4/wp-trackback.php?p=11934 HTTP/1.1" 302 - "-" "Mozilla/5.0 (compatible; AhrefsBot/7.0; +http://ahrefs.com/robot/)" "nacaomestica.org"
114.119.139.66 - - [07/Nov/2022:19:57:46 -0800] "GET /blog4?fb_comment_id=1151578071530924_1186655521356512&paged=16 HTTP/1.1" 301 1459 "https://nacaomestica.org/blog4?fb_comment_id=1151578071530924_1186655521356512&paged=17" "Mozilla/5.0 (Linux; Android 7.0;) AppleWebKit/537.36 (KHTML, like Gecko) Mobile Safari/537.36 (compatible; PetalBot;+https://webmaster.petalsearch.com/site/petalbot)" "nacaomestica.org"
86.154.205.38 - - [07/Nov/2022:19:57:51 -0800] "GET /blog4/wp-content/uploads/2022/10/PETISMO004.png HTTP/1.1" 200 779879 "https://nacaomestica.org/" "Mozilla/5.0 (Macintosh; Intel Mac OS X 10_12_6) AppleWebKit/537.36 (KHTML, like Gecko) Chrome/103.0.0.0 Safari/537.36" "nacaomestica.org"
114.119.139.66 - - [07/Nov/2022:19:57:47 -0800] "GET /blog4/?fb_comment_id=1151578071530924_1186655521356512&paged=16 HTTP/1.1" 200 102120 "https://nacaomestica.org/blog4?fb_comment_id=1151578071530924_1186655521356512&paged=17" "Mozilla/5.0 (Linux; Android 7.0;) AppleWebKit/537.36 (KHTML, like Gecko) Mobile Safari/537.36 (compatible; PetalBot;+https://webmaster.petalsearch.com/site/petalbot)" "nacaomestica.org"
86.154.205.38 - - [07/Nov/2022:19:58:11 -0800] "GET /blog4/wp-content/uploads/2022/09/acm_jeronimo.jpg HTTP/1.1" 200 45052 "https://nacaomestica.org/" "Mozilla/5.0 (Macintosh; Intel Mac OS X 10_12_6) AppleWebKit/537.36 (KHTML, like Gecko) Chrome/103.0.0.0 Safari/537.36" "nacaomestica.org"
13.67.224.13 - - [07/Nov/2022:19:58:50 -0800] "GET /blog4/wp-content/uploads/2016/06/03_SEMINaRIO_NAcaO-MESTIcA-574x381.jpg HTTP/1.1" 200 57406 "http://nacaomestica.org/blog4/wp-content/uploads/2016/06" "Mozilla/5.0 (iPhone; CPU iPhone OS 13_5_1 like Mac OS X) AppleWebKit/605.1.15 (KHTML, like Gecko) Version/13.1.1 Mobile/15E148 Safari/604.1" "nacaomestica.org"
51.222.253.5 - - [07/Nov/2022:19:59:05 -0800] "GET /blog4/?feed=rss2&p=5873 HTTP/1.1" 200 1479 "-" "Mozilla/5.0 (compatible; AhrefsBot/7.0; +http://ahrefs.com/robot/)" "nacaomestica.org"
10.213.116.70 - - [07/Nov/2022:19:59:07 -0800] "POST /blog4/wp-cron.php?doing_wp_cron=1667879947.4742999076843261718750 HTTP/1.1" 200 - "https://nacaomestica.org/blog4/wp-cron.php?doing_wp_cron=1667879947.4742999076843261718750" "WordPress/5.6.10; https://nacaomestica.org/blog4" "nacaomestica.org"
114.119.139.88 - - [07/Nov/2022:19:59:24 -0800] "GET /blog4/wp-content/uploads/2012/04?C=N%3BO%3DD HTTP/1.1" 301 1445 "https://nacaomestica.org/blog4/wp-content/uploads/2012/04?M=D" "Mozilla/5.0 (Linux; Android 7.0;) AppleWebKit/537.36 (KHTML, like Gecko) Mobile Safari/537.36 (compatible; PetalBot;+https://webmaster.petalsearch.com/site/petalbot)" "nacaomestica.org"
114.119.139.88 - - [07/Nov/2022:19:59:26 -0800] "GET /blog4/wp-content/uploads/2012/04/?C=N%3BO%3DD HTTP/1.1" 200 632 "https://nacaomestica.org/blog4/wp-content/uploads/2012/04?M=D" "Mozilla/5.0 (Linux; Android 7.0;) AppleWebKit/537.36 (KHTML, like Gecko) Mobile Safari/537.36 (compatible; PetalBot;+https://webmaster.petalsearch.com/site/petalbot)" "nacaomestica.org"
20.109.241.82 - - [07/Nov/2022:19:59:32 -0800] "GET /blog4/wp-content/uploads/2017/09/arthur_duas_faces-Copia.jpg HTTP/1.1" 200 115102 "http://nacaomestica.org/blog4/wp-content/uploads/2017/09" "Mozilla/5.0 (Linux; Android 10; SM-G960U) AppleWebKit/537.36 (KHTML, like Gecko) Chrome/88.0.4324.181 Mobile Safari/537.36" "nacaomestica.org"
114.119.139.66 - - [07/Nov/2022:20:01:00 -0800] "GET /blog4?paged=95 HTTP/1.1" 301 1417 "https://nacaomestica.org/blog4?paged=96" "Mozilla/5.0 (Linux; Android 7.0;) AppleWebKit/537.36 (KHTML, like Gecko) Mobile Safari/537.36 (compatible; PetalBot;+https://webmaster.petalsearch.com/site/petalbot)" "nacaomestica.org"
177.37.146.123 - - [07/Nov/2022:20:01:09 -0800] "GET /blog4/wp-content/uploads/2016/02/mesticos_sombra-2.png HTTP/1.1" 200 191787 "https://www.google.com/" "Mozilla/5.0 (Windows NT 10.0; Win64; x64) AppleWebKit/537.36 (KHTML, like Gecko) Chrome/105.0.0.0 Safari/537.36 OPR/91.0.4516.106" "nacaomestica.org"
114.119.139.66 - - [07/Nov/2022:20:01:01 -0800] "GET /blog4/?paged=95 HTTP/1.1" 200 177690 "https://nacaomestica.org/blog4?paged=96" "Mozilla/5.0 (Linux; Android 7.0;) AppleWebKit/537.36 (KHTML, like Gecko) Mobile Safari/537.36 (compatible; PetalBot;+https://webmaster.petalsearch.com/site/petalbot)" "nacaomestica.org"
10.213.116.68 - - [07/Nov/2022:20:01:11 -0800] "POST /blog4/wp-cron.php?doing_wp_cron=1667880070.9253110885620117187500 HTTP/1.1" 200 - "https://nacaomestica.org/blog4/wp-cron.php?doing_wp_cron=1667880070.9253110885620117187500" "WordPress/5.6.10; https://nacaomestica.org/blog4" "nacaomestica.org"
186.194.147.164 - - [07/Nov/2022:20:01:22 -0800] "GET /allen_richard.htm HTTP/1.1" 304 - "https://www.google.com/" "Mozilla/5.0 (Linux; Android 10; M2006C3MII) AppleWebKit/537.36 (KHTML, like Gecko) Chrome/107.0.0.0 Mobile Safari/537.36" "www.nacaomestica.org"
186.194.147.164 - - [07/Nov/2022:20:01:24 -0800] "GET /allen_richard.htm HTTP/1.1" 200 2213 "https://www.google.com/" "Mozilla/5.0 (Linux; Android 10; M2006C3MII) AppleWebKit/537.36 (KHTML, like Gecko) Chrome/107.0.0.0 Mobile Safari/537.36" "www.nacaomestica.org"
51.222.253.5 - - [07/Nov/2022:20:01:31 -0800] "GET /blog4/?feed=rss2&p=7561 HTTP/1.1" 200 795 "-" "Mozilla/5.0 (compatible; AhrefsBot/7.0; +http://ahrefs.com/robot/)" "nacaomestica.org"
201.71.134.14 - - [07/Nov/2022:20:02:26 -0800] "GET /hemero_060815_why_martin_luther_king_was_republican HTTP/1.1" 200 9816 "https://www.google.com.br/" "Mozilla/5.0 (Linux; Android 8.0.0) AppleWebKit/537.36 (KHTML, like Gecko) Chrome/107.0.0.0 Mobile Safari/537.36" "www.nacaomestica.org"
201.71.134.14 - - [07/Nov/2022:20:02:27 -0800] "GET /estatuto_racial.jpg HTTP/1.1" 200 26082 "https://www.nacaomestica.org/hemero_060815_why_martin_luther_king_was_republican" "Mozilla/5.0 (Linux; Android 8.0.0) AppleWebKit/537.36 (KHTML, like Gecko) Chrome/107.0.0.0 Mobile Safari/537.36" "www.nacaomestica.org"
201.71.134.14 - - [07/Nov/2022:20:02:28 -0800] "GET /favicon.ico HTTP/1.1" 200 676 "https://www.nacaomestica.org/hemero_060815_why_martin_luther_king_was_republican" "Mozilla/5.0 (Linux; Android 8.0.0) AppleWebKit/537.36 (KHTML, like Gecko) Chrome/107.0.0.0 Mobile Safari/537.36" "www.nacaomestica.org"
114.119.156.56 - - [07/Nov/2022:20:02:32 -0800] "GET /blog4/?attachment_id=11894 HTTP/1.1" 301 - "-" "Mozilla/5.0 (Linux; Android 7.0;) AppleWebKit/537.36 (KHTML, like Gecko) Mobile Safari/537.36 (compatible; PetalBot;+https://webmaster.petalsearch.com/site/petalbot)" "nacaomestica.org"
114.119.156.56 - - [07/Nov/2022:20:02:35 -0800] "GET /blog4/wp-content/uploads/2013/11/Fidel-Castro-Rolex-GMT-Master-12.jpg HTTP/1.1" 200 28503 "-" "Mozilla/5.0 (Linux; Android 7.0;) AppleWebKit/537.36 (KHTML, like Gecko) Mobile Safari/537.36 (compatible; PetalBot;+https://webmaster.petalsearch.com/site/petalbot)" "nacaomestica.org"
65.108.128.54 - - [07/Nov/2022:20:02:59 -0800] "GET /robots.txt HTTP/1.1" 200 43 "-" "Mozilla/5.0 (compatible; MJ12bot/v1.4.8; http://mj12bot.com/)" "nacaomestica.org"
65.108.128.54 - - [07/Nov/2022:20:03:01 -0800] "GET /blog4/?p=14870 HTTP/1.1" 200 89037 "-" "Mozilla/5.0 (compatible; MJ12bot/v1.4.8; http://mj12bot.com/)" "nacaomestica.org"
65.108.128.54 - - [07/Nov/2022:20:03:07 -0800] "GET /blog4/?p=15428 HTTP/1.1" 200 100677 "-" "Mozilla/5.0 (compatible; MJ12bot/v1.4.8; http://mj12bot.com/)" "nacaomestica.org"
10.213.116.69 - - [07/Nov/2022:20:03:16 -0800] "POST /blog4/wp-cron.php?doing_wp_cron=1667880196.8672161102294921875000 HTTP/1.1" 200 - "https://nacaomestica.org/blog4/wp-cron.php?doing_wp_cron=1667880196.8672161102294921875000" "WordPress/5.6.10; https://nacaomestica.org/blog4" "nacaomestica.org"
65.108.128.54 - - [07/Nov/2022:20:03:14 -0800] "GET /blog4/?p=15911 HTTP/1.1" 200 79209 "-" "Mozilla/5.0 (compatible; MJ12bot/v1.4.8; http://mj12bot.com/)" "nacaomestica.org"
65.108.128.54 - - [07/Nov/2022:20:03:22 -0800] "GET /blog4/?p=16175 HTTP/1.1" 200 94307 "-" "Mozilla/5.0 (compatible; MJ12bot/v1.4.8; http://mj12bot.com/)" "nacaomestica.org"
65.108.128.54 - - [07/Nov/2022:20:03:27 -0800] "GET /blog4/?p=17287 HTTP/1.1" 200 80914 "-" "Mozilla/5.0 (compatible; MJ12bot/v1.4.8; http://mj12bot.com/)" "nacaomestica.org"
65.108.128.54 - - [07/Nov/2022:20:03:34 -0800] "GET /blog4/?p=17567 HTTP/1.1" 200 78930 "-" "Mozilla/5.0 (compatible; MJ12bot/v1.4.8; http://mj12bot.com/)" "nacaomestica.org"
65.108.128.54 - - [07/Nov/2022:20:03:40 -0800] "GET /blog4/?p=17618 HTTP/1.1" 200 84272 "-" "Mozilla/5.0 (compatible; MJ12bot/v1.4.8; http://mj12bot.com/)" "nacaomestica.org"
65.108.128.54 - - [07/Nov/2022:20:03:46 -0800] "GET /blog4/?p=17628 HTTP/1.1" 200 80576 "-" "Mozilla/5.0 (compatible; MJ12bot/v1.4.8; http://mj12bot.com/)" "nacaomestica.org"
51.222.253.20 - - [07/Nov/2022:20:03:52 -0800] "GET /blog4/?p=9236 HTTP/1.1" 200 77729 "-" "Mozilla/5.0 (compatible; AhrefsBot/7.0; +http://ahrefs.com/robot/)" "nacaomestica.org"
65.108.128.54 - - [07/Nov/2022:20:03:53 -0800] "GET /blog4/?p=17636 HTTP/1.1" 200 75335 "-" "Mozilla/5.0 (compatible; MJ12bot/v1.4.8; http://mj12bot.com/)" "nacaomestica.org"
65.108.128.54 - - [07/Nov/2022:20:03:58 -0800] "GET /blog4/?p=18081 HTTP/1.1" 200 83122 "-" "Mozilla/5.0 (compatible; MJ12bot/v1.4.8; http://mj12bot.com/)" "nacaomestica.org"
114.119.156.56 - - [07/Nov/2022:20:03:57 -0800] "GET /blog4?fb_comment_id=1541743392522289_1541851212511507&paged=60 HTTP/1.1" 301 1461 "https://nacaomestica.org/blog4?fb_comment_id=1541743392522289_1541851212511507&paged=61" "Mozilla/5.0 (Linux; Android 7.0;) AppleWebKit/537.36 (KHTML, like Gecko) Mobile Safari/537.36 (compatible; PetalBot;+https://webmaster.petalsearch.com/site/petalbot)" "nacaomestica.org"
65.108.128.54 - - [07/Nov/2022:20:04:03 -0800] "GET /blog4/?p=18128 HTTP/1.1" 200 87382 "-" "Mozilla/5.0 (compatible; MJ12bot/v1.4.8; http://mj12bot.com/)" "nacaomestica.org"
114.119.156.56 - - [07/Nov/2022:20:04:04 -0800] "GET /blog4/?fb_comment_id=1541743392522289_1541851212511507&paged=60 HTTP/1.1" 200 93751 "https://nacaomestica.org/blog4?fb_comment_id=1541743392522289_1541851212511507&paged=61" "Mozilla/5.0 (Linux; Android 7.0;) AppleWebKit/537.36 (KHTML, like Gecko) Mobile Safari/537.36 (compatible; PetalBot;+https://webmaster.petalsearch.com/site/petalbot)" "nacaomestica.org"
65.108.128.54 - - [07/Nov/2022:20:04:08 -0800] "GET /blog4/?p=18348 HTTP/1.1" 200 81180 "-" "Mozilla/5.0 (compatible; MJ12bot/v1.4.8; http://mj12bot.com/)" "nacaomestica.org"
65.108.128.54 - - [07/Nov/2022:20:04:13 -0800] "GET /blog4/?p=18362 HTTP/1.1" 200 95442 "-" "Mozilla/5.0 (compatible; MJ12bot/v1.4.8; http://mj12bot.com/)" "nacaomestica.org"
65.108.128.54 - - [07/Nov/2022:20:04:17 -0800] "GET /blog4/?p=18413 HTTP/1.1" 200 76438 "-" "Mozilla/5.0 (compatible; MJ12bot/v1.4.8; http://mj12bot.com/)" "nacaomestica.org"
65.108.128.54 - - [07/Nov/2022:20:04:22 -0800] "GET /blog4/?p=18477 HTTP/1.1" 200 85418 "-" "Mozilla/5.0 (compatible; MJ12bot/v1.4.8; http://mj12bot.com/)" "nacaomestica.org"
65.108.128.54 - - [07/Nov/2022:20:04:27 -0800] "GET /blog4/?p=18502 HTTP/1.1" 200 79594 "-" "Mozilla/5.0 (compatible; MJ12bot/v1.4.8; http://mj12bot.com/)" "nacaomestica.org"
65.108.128.54 - - [07/Nov/2022:20:04:32 -0800] "GET /blog4/?p=18515 HTTP/1.1" 200 81377 "-" "Mozilla/5.0 (compatible; MJ12bot/v1.4.8; http://mj12bot.com/)" "nacaomestica.org"
65.108.128.54 - - [07/Nov/2022:20:04:37 -0800] "GET /blog4/?p=18532 HTTP/1.1" 200 83111 "-" "Mozilla/5.0 (compatible; MJ12bot/v1.4.8; http://mj12bot.com/)" "nacaomestica.org"
65.108.128.54 - - [07/Nov/2022:20:04:41 -0800] "GET /blog4/?p=18555 HTTP/1.1" 200 88361 "-" "Mozilla/5.0 (compatible; MJ12bot/v1.4.8; http://mj12bot.com/)" "nacaomestica.org"
65.108.128.54 - - [07/Nov/2022:20:04:48 -0800] "GET /blog4/?p=18616 HTTP/1.1" 200 88472 "-" "Mozilla/5.0 (compatible; MJ12bot/v1.4.8; http://mj12bot.com/)" "nacaomestica.org"
65.108.128.54 - - [07/Nov/2022:20:04:53 -0800] "GET /blog4/?p=18678 HTTP/1.1" 200 75901 "-" "Mozilla/5.0 (compatible; MJ12bot/v1.4.8; http://mj12bot.com/)" "nacaomestica.org"
65.108.128.54 - - [07/Nov/2022:20:04:58 -0800] "GET /blog4/?p=18686 HTTP/1.1" 200 76416 "-" "Mozilla/5.0 (compatible; MJ12bot/v1.4.8; http://mj12bot.com/)" "nacaomestica.org"
10.213.116.69 - - [07/Nov/2022:20:05:20 -0800] "POST /blog4/wp-cron.php?doing_wp_cron=1667880320.3378159999847412109375 HTTP/1.1" 200 - "https://nacaomestica.org/blog4/wp-cron.php?doing_wp_cron=1667880320.3378159999847412109375" "WordPress/5.6.10; https://nacaomestica.org/blog4" "nacaomestica.org"
65.108.128.54 - - [07/Nov/2022:20:05:18 -0800] "GET /blog4/?p=18694 HTTP/1.1" 200 81983 "-" "Mozilla/5.0 (compatible; MJ12bot/v1.4.8; http://mj12bot.com/)" "nacaomestica.org"
65.108.128.54 - - [07/Nov/2022:20:05:25 -0800] "GET /blog4/?p=18721 HTTP/1.1" 200 79049 "-" "Mozilla/5.0 (compatible; MJ12bot/v1.4.8; http://mj12bot.com/)" "nacaomestica.org"
177.18.147.162 - - [07/Nov/2022:20:05:27 -0800] "GET /blog4/?p=8456 HTTP/1.1" 200 172662 "-" "Mozilla/5.0 (Linux; Android 9; moto e6s) AppleWebKit/537.36 (KHTML, like Gecko) Chrome/107.0.0.0 Mobile Safari/537.36" "nacaomestica.org"
65.108.128.54 - - [07/Nov/2022:20:05:32 -0800] "GET /blog4/?p=18992 HTTP/1.1" 200 78160 "-" "Mozilla/5.0 (compatible; MJ12bot/v1.4.8; http://mj12bot.com/)" "nacaomestica.org"
65.108.128.54 - - [07/Nov/2022:20:05:38 -0800] "GET /blog4/?p=19005 HTTP/1.1" 200 78421 "-" "Mozilla/5.0 (compatible; MJ12bot/v1.4.8; http://mj12bot.com/)" "nacaomestica.org"
114.119.139.88 - - [07/Nov/2022:20:05:34 -0800] "GET /blog4?fb_comment_id=1229241883828686_1229243050495236&paged=43 HTTP/1.1" 301 1460 "https://nacaomestica.org/blog4?fb_comment_id=1229241883828686_1229243050495236&paged=44" "Mozilla/5.0 (Linux; Android 7.0;) AppleWebKit/537.36 (KHTML, like Gecko) Mobile Safari/537.36 (compatible; PetalBot;+https://webmaster.petalsearch.com/site/petalbot)" "nacaomestica.org"
65.108.128.54 - - [07/Nov/2022:20:05:43 -0800] "GET /blog4/?p=19554 HTTP/1.1" 200 83398 "-" "Mozilla/5.0 (compatible; MJ12bot/v1.4.8; http://mj12bot.com/)" "nacaomestica.org"
65.108.128.54 - - [07/Nov/2022:20:05:47 -0800] "GET /blog4/?p=20152 HTTP/1.1" 200 78940 "-" "Mozilla/5.0 (compatible; MJ12bot/v1.4.8; http://mj12bot.com/)" "nacaomestica.org"
65.108.128.54 - - [07/Nov/2022:20:05:52 -0800] "GET /blog4/?p=20167 HTTP/1.1" 200 78880 "-" "Mozilla/5.0 (compatible; MJ12bot/v1.4.8; http://mj12bot.com/)" "nacaomestica.org"
114.119.139.88 - - [07/Nov/2022:20:05:52 -0800] "GET /blog4/?fb_comment_id=1229241883828686_1229243050495236&paged=43 HTTP/1.1" 200 85658 "https://nacaomestica.org/blog4?fb_comment_id=1229241883828686_1229243050495236&paged=44" "Mozilla/5.0 (Linux; Android 7.0;) AppleWebKit/537.36 (KHTML, like Gecko) Mobile Safari/537.36 (compatible; PetalBot;+https://webmaster.petalsearch.com/site/petalbot)" "nacaomestica.org"
65.108.128.54 - - [07/Nov/2022:20:06:02 -0800] "GET /blog4/?p=20174 HTTP/1.1" 200 73757 "-" "Mozilla/5.0 (compatible; MJ12bot/v1.4.8; http://mj12bot.com/)" "nacaomestica.org"
65.108.128.54 - - [07/Nov/2022:20:06:10 -0800] "GET /blog4/?p=20209 HTTP/1.1" 200 79822 "-" "Mozilla/5.0 (compatible; MJ12bot/v1.4.8; http://mj12bot.com/)" "nacaomestica.org"
65.108.128.54 - - [07/Nov/2022:20:06:15 -0800] "GET /blog4/?p=20478 HTTP/1.1" 200 77451 "-" "Mozilla/5.0 (compatible; MJ12bot/v1.4.8; http://mj12bot.com/)" "nacaomestica.org"
171.96.73.178 - - [07/Nov/2022:20:06:16 -0800] "GET /blog4/ HTTP/1.1" 200 88633 "https://nacaomestica.org/blog4/" "Mozilla/5.0 (Windows NT 6.1; Win64; x64) AppleWebKit/537.36 (KHTML, like Gecko) Chrome/90.0.4427.0 Safari/537.36" "nacaomestica.org"
51.222.253.16 - - [07/Nov/2022:20:06:19 -0800] "GET /blog4/?feed=rss2&p=2003 HTTP/1.1" 200 765 "-" "Mozilla/5.0 (compatible; AhrefsBot/7.0; +http://ahrefs.com/robot/)" "nacaomestica.org"
65.108.128.54 - - [07/Nov/2022:20:06:20 -0800] "GET /blog4/?p=20483 HTTP/1.1" 200 76503 "-" "Mozilla/5.0 (compatible; MJ12bot/v1.4.8; http://mj12bot.com/)" "nacaomestica.org"
65.108.128.54 - - [07/Nov/2022:20:06:25 -0800] "GET /blog4/?p=20500 HTTP/1.1" 200 80633 "-" "Mozilla/5.0 (compatible; MJ12bot/v1.4.8; http://mj12bot.com/)" "nacaomestica.org"
65.108.128.54 - - [07/Nov/2022:20:06:29 -0800] "GET /blog4/?p=20691 HTTP/1.1" 200 76375 "-" "Mozilla/5.0 (compatible; MJ12bot/v1.4.8; http://mj12bot.com/)" "nacaomestica.org"
65.108.128.54 - - [07/Nov/2022:20:06:34 -0800] "GET /blog4/?p=21681 HTTP/1.1" 200 79225 "-" "Mozilla/5.0 (compatible; MJ12bot/v1.4.8; http://mj12bot.com/)" "nacaomestica.org"
20.85.215.177 - - [07/Nov/2022:20:06:38 -0800] "GET /blog4/?cat=269 HTTP/1.1" 200 95119 "-" "Mozilla/5.0 (Linux; Android 7.0; SM-G930V Build/NRD90M) AppleWebKit/537.36 (KHTML, like Gecko) Chrome/59.0.3071.125 Mobile Safari/537.36" "nacaomestica.org"
65.108.128.54 - - [07/Nov/2022:20:06:39 -0800] "GET /blog4/?p=21690 HTTP/1.1" 200 78983 "-" "Mozilla/5.0 (compatible; MJ12bot/v1.4.8; http://mj12bot.com/)" "nacaomestica.org"
20.85.215.177 - - [07/Nov/2022:20:06:40 -0800] "GET /blog4/?p=30917 HTTP/1.1" 200 75922 "-" "Mozilla/5.0 (Linux; Android 7.0; SM-G930V Build/NRD90M) AppleWebKit/537.36 (KHTML, like Gecko) Chrome/59.0.3071.125 Mobile Safari/537.36" "nacaomestica.org"
65.108.128.54 - - [07/Nov/2022:20:06:44 -0800] "GET /blog4/?p=21702 HTTP/1.1" 200 77787 "-" "Mozilla/5.0 (compatible; MJ12bot/v1.4.8; http://mj12bot.com/)" "nacaomestica.org"
65.108.128.54 - - [07/Nov/2022:20:06:49 -0800] "GET /blog4/?p=21845 HTTP/1.1" 200 77482 "-" "Mozilla/5.0 (compatible; MJ12bot/v1.4.8; http://mj12bot.com/)" "nacaomestica.org"
65.108.128.54 - - [07/Nov/2022:20:06:54 -0800] "GET /blog4/?p=21862 HTTP/1.1" 200 75257 "-" "Mozilla/5.0 (compatible; MJ12bot/v1.4.8; http://mj12bot.com/)" "nacaomestica.org"
20.85.215.177 - - [07/Nov/2022:20:06:59 -0800] "GET /blog4/?cat=102 HTTP/1.1" 200 92233 "-" "Mozilla/5.0 (Linux; Android 7.0; SM-G930V Build/NRD90M) AppleWebKit/537.36 (KHTML, like Gecko) Chrome/59.0.3071.125 Mobile Safari/537.36" "nacaomestica.org"
65.108.128.54 - - [07/Nov/2022:20:07:00 -0800] "GET /blog4/?p=21869 HTTP/1.1" 200 78301 "-" "Mozilla/5.0 (compatible; MJ12bot/v1.4.8; http://mj12bot.com/)" "nacaomestica.org"
20.85.215.177 - - [07/Nov/2022:20:07:02 -0800] "GET /blog4/?tag=soberania HTTP/1.1" 200 78915 "-" "Mozilla/5.0 (Linux; Android 7.0; SM-G930V Build/NRD90M) AppleWebKit/537.36 (KHTML, like Gecko) Chrome/59.0.3071.125 Mobile Safari/537.36" "nacaomestica.org"
65.108.128.54 - - [07/Nov/2022:20:07:04 -0800] "GET /blog4/?p=21895 HTTP/1.1" 200 79131 "-" "Mozilla/5.0 (compatible; MJ12bot/v1.4.8; http://mj12bot.com/)" "nacaomestica.org"
65.108.128.54 - - [07/Nov/2022:20:07:09 -0800] "GET /blog4/?p=22070 HTTP/1.1" 200 77230 "-" "Mozilla/5.0 (compatible; MJ12bot/v1.4.8; http://mj12bot.com/)" "nacaomestica.org"
114.119.139.59 - - [07/Nov/2022:20:07:15 -0800] "GET /blog4/?fb_comment_id=1229390723812229_1229391603812141&paged=53 HTTP/1.1" 200 89824 "https://nacaomestica.org/blog4?fb_comment_id=1229390723812229_1229391603812141&paged=54" "Mozilla/5.0 (Linux; Android 7.0;) AppleWebKit/537.36 (KHTML, like Gecko) Mobile Safari/537.36 (compatible; PetalBot;+https://webmaster.petalsearch.com/site/petalbot)" "nacaomestica.org"
65.108.128.54 - - [07/Nov/2022:20:07:14 -0800] "GET /blog4/?p=22331 HTTP/1.1" 200 146698 "-" "Mozilla/5.0 (compatible; MJ12bot/v1.4.8; http://mj12bot.com/)" "nacaomestica.org"
65.108.128.54 - - [07/Nov/2022:20:07:20 -0800] "GET /blog4/?p=22490 HTTP/1.1" 200 73110 "-" "Mozilla/5.0 (compatible; MJ12bot/v1.4.8; http://mj12bot.com/)" "nacaomestica.org"
10.213.116.69 - - [07/Nov/2022:20:07:24 -0800] "POST /blog4/wp-cron.php?doing_wp_cron=1667880444.7758820056915283203125 HTTP/1.1" 200 - "https://nacaomestica.org/blog4/wp-cron.php?doing_wp_cron=1667880444.7758820056915283203125" "WordPress/5.6.10; https://nacaomestica.org/blog4" "nacaomestica.org"
20.85.215.177 - - [07/Nov/2022:20:07:23 -0800] "GET /blog4/?p=8326 HTTP/1.1" 200 94230 "-" "Mozilla/5.0 (Linux; Android 7.0; SM-G930V Build/NRD90M) AppleWebKit/537.36 (KHTML, like Gecko) Chrome/59.0.3071.125 Mobile Safari/537.36" "nacaomestica.org"
65.108.128.54 - - [07/Nov/2022:20:07:25 -0800] "GET /blog4/?p=22503 HTTP/1.1" 200 72859 "-" "Mozilla/5.0 (compatible; MJ12bot/v1.4.8; http://mj12bot.com/)" "nacaomestica.org"
65.108.128.54 - - [07/Nov/2022:20:07:29 -0800] "GET /blog4/?p=22662 HTTP/1.1" 200 76945 "-" "Mozilla/5.0 (compatible; MJ12bot/v1.4.8; http://mj12bot.com/)" "nacaomestica.org"
65.108.128.54 - - [07/Nov/2022:20:07:34 -0800] "GET /blog4/?p=22687 HTTP/1.1" 200 78514 "-" "Mozilla/5.0 (compatible; MJ12bot/v1.4.8; http://mj12bot.com/)" "nacaomestica.org"
65.108.128.54 - - [07/Nov/2022:20:07:39 -0800] "GET /blog4/?p=25319 HTTP/1.1" 200 74398 "-" "Mozilla/5.0 (compatible; MJ12bot/v1.4.8; http://mj12bot.com/)" "nacaomestica.org"
65.108.128.54 - - [07/Nov/2022:20:07:44 -0800] "GET /blog4/?p=25322 HTTP/1.1" 200 74426 "-" "Mozilla/5.0 (compatible; MJ12bot/v1.4.8; http://mj12bot.com/)" "nacaomestica.org"
20.85.215.177 - - [07/Nov/2022:20:07:53 -0800] "GET /blog4/?tag=eventos HTTP/1.1" 200 86105 "-" "Mozilla/5.0 (Linux; Android 7.0; SM-G930V Build/NRD90M) AppleWebKit/537.36 (KHTML, like Gecko) Chrome/59.0.3071.125 Mobile Safari/537.36" "nacaomestica.org"
20.85.215.177 - - [07/Nov/2022:20:08:04 -0800] "GET /blog4/?cat=118 HTTP/1.1" 200 67276 "-" "Mozilla/5.0 (Linux; Android 7.0; SM-G930V Build/NRD90M) AppleWebKit/537.36 (KHTML, like Gecko) Chrome/59.0.3071.125 Mobile Safari/537.36" "nacaomestica.org"
20.85.215.177 - - [07/Nov/2022:20:08:06 -0800] "GET /blog4/?cat=157 HTTP/1.1" 200 97141 "-" "Mozilla/5.0 (Linux; Android 7.0; SM-G930V Build/NRD90M) AppleWebKit/537.36 (KHTML, like Gecko) Chrome/59.0.3071.125 Mobile Safari/537.36" "nacaomestica.org"
20.85.215.177 - - [07/Nov/2022:20:08:11 -0800] "GET /blog4/?cat=252 HTTP/1.1" 200 80240 "-" "Mozilla/5.0 (Linux; Android 7.0; SM-G930V Build/NRD90M) AppleWebKit/537.36 (KHTML, like Gecko) Chrome/59.0.3071.125 Mobile Safari/537.36" "nacaomestica.org"
20.85.215.177 - - [07/Nov/2022:20:08:12 -0800] "GET /blog4/?cat=143 HTTP/1.1" 200 86418 "-" "Mozilla/5.0 (Linux; Android 7.0; SM-G930V Build/NRD90M) AppleWebKit/537.36 (KHTML, like Gecko) Chrome/59.0.3071.125 Mobile Safari/537.36" "nacaomestica.org"
20.85.215.177 - - [07/Nov/2022:20:08:25 -0800] "GET /blog4/?cat=86 HTTP/1.1" 200 75512 "-" "Mozilla/5.0 (Linux; Android 7.0; SM-G930V Build/NRD90M) AppleWebKit/537.36 (KHTML, like Gecko) Chrome/59.0.3071.125 Mobile Safari/537.36" "nacaomestica.org"
20.85.215.177 - - [07/Nov/2022:20:08:25 -0800] "GET /blog4/?tag=indigenismo HTTP/1.1" 200 96717 "-" "Mozilla/5.0 (Linux; Android 7.0; SM-G930V Build/NRD90M) AppleWebKit/537.36 (KHTML, like Gecko) Chrome/59.0.3071.125 Mobile Safari/537.36" "nacaomestica.org"
114.119.139.59 - - [07/Nov/2022:20:08:39 -0800] "GET /blog4?fb_comment_id=728963720565707_1176994935762581&paged=11 HTTP/1.1" 301 1463 "https://nacaomestica.org/blog4?fb_comment_id=728963720565707_1176994935762581&paged=12" "Mozilla/5.0 (Linux; Android 7.0;) AppleWebKit/537.36 (KHTML, like Gecko) Mobile Safari/537.36 (compatible; PetalBot;+https://webmaster.petalsearch.com/site/petalbot)" "nacaomestica.org"
114.119.139.59 - - [07/Nov/2022:20:08:40 -0800] "GET /blog4/?fb_comment_id=728963720565707_1176994935762581&paged=11 HTTP/1.1" 200 91145 "https://nacaomestica.org/blog4?fb_comment_id=728963720565707_1176994935762581&paged=12" "Mozilla/5.0 (Linux; Android 7.0;) AppleWebKit/537.36 (KHTML, like Gecko) Mobile Safari/537.36 (compatible; PetalBot;+https://webmaster.petalsearch.com/site/petalbot)" "nacaomestica.org"
20.85.215.177 - - [07/Nov/2022:20:08:41 -0800] "GET /blog4/?p=30960 HTTP/1.1" 200 75324 "-" "Mozilla/5.0 (Linux; Android 7.0; SM-G930V Build/NRD90M) AppleWebKit/537.36 (KHTML, like Gecko) Chrome/59.0.3071.125 Mobile Safari/537.36" "nacaomestica.org"
20.85.215.177 - - [07/Nov/2022:20:08:47 -0800] "GET /blog4/?cat=115 HTTP/1.1" 200 67263 "-" "Mozilla/5.0 (Linux; Android 7.0; SM-G930V Build/NRD90M) AppleWebKit/537.36 (KHTML, like Gecko) Chrome/59.0.3071.125 Mobile Safari/537.36" "nacaomestica.org"
51.222.253.15 - - [07/Nov/2022:20:08:48 -0800] "GET /blog4/?feed=rss2&p=1266 HTTP/1.1" 200 836 "-" "Mozilla/5.0 (compatible; AhrefsBot/7.0; +http://ahrefs.com/robot/)" "nacaomestica.org"
20.85.215.177 - - [07/Nov/2022:20:08:49 -0800] "GET /blog4/?cat=129 HTTP/1.1" 200 67128 "-" "Mozilla/5.0 (Linux; Android 7.0; SM-G930V Build/NRD90M) AppleWebKit/537.36 (KHTML, like Gecko) Chrome/59.0.3071.125 Mobile Safari/537.36" "nacaomestica.org"
20.85.215.177 - - [07/Nov/2022:20:08:52 -0800] "GET /blog4/?p=23009 HTTP/1.1" 200 91979 "-" "Mozilla/5.0 (Linux; Android 7.0; SM-G930V Build/NRD90M) AppleWebKit/537.36 (KHTML, like Gecko) Chrome/59.0.3071.125 Mobile Safari/537.36" "nacaomestica.org"
65.108.128.54 - - [07/Nov/2022:20:09:11 -0800] "GET /blog4/?p=25325 HTTP/1.1" 200 76737 "-" "Mozilla/5.0 (compatible; MJ12bot/v1.4.8; http://mj12bot.com/)" "nacaomestica.org"
20.85.215.177 - - [07/Nov/2022:20:09:14 -0800] "GET /blog4/?tag=supremacismo HTTP/1.1" 200 92211 "-" "Mozilla/5.0 (Linux; Android 7.0; SM-G930V Build/NRD90M) AppleWebKit/537.36 (KHTML, like Gecko) Chrome/59.0.3071.125 Mobile Safari/537.36" "nacaomestica.org"
65.108.128.54 - - [07/Nov/2022:20:09:16 -0800] "GET /blog4/?p=25332 HTTP/1.1" 200 74453 "-" "Mozilla/5.0 (compatible; MJ12bot/v1.4.8; http://mj12bot.com/)" "nacaomestica.org"
34.83.34.230 - - [07/Nov/2022:20:09:20 -0800] "GET / HTTP/1.1" 200 88633 "-" "-" "nacaomestica.org"
20.85.215.177 - - [07/Nov/2022:20:09:20 -0800] "GET /blog4/?tag=mensagem-mestica HTTP/1.1" 200 88890 "-" "Mozilla/5.0 (Linux; Android 7.0; SM-G930V Build/NRD90M) AppleWebKit/537.36 (KHTML, like Gecko) Chrome/59.0.3071.125 Mobile Safari/537.36" "nacaomestica.org"
65.108.128.54 - - [07/Nov/2022:20:09:21 -0800] "GET /blog4/?p=25861 HTTP/1.1" 200 77908 "-" "Mozilla/5.0 (compatible; MJ12bot/v1.4.8; http://mj12bot.com/)" "nacaomestica.org"
40.87.9.95 - - [07/Nov/2022:20:09:23 -0800] "GET /blog4/?cat=90 HTTP/1.1" 200 92246 "-" "Mozilla/5.0 (Linux; Android 7.0; SM-G930V Build/NRD90M) AppleWebKit/537.36 (KHTML, like Gecko) Chrome/59.0.3071.125 Mobile Safari/537.36" "nacaomestica.org"
10.213.116.69 - - [07/Nov/2022:20:09:27 -0800] "POST /blog4/wp-cron.php?doing_wp_cron=1667880567.5668520927429199218750 HTTP/1.1" 200 - "https://nacaomestica.org/blog4/wp-cron.php?doing_wp_cron=1667880567.5668520927429199218750" "WordPress/5.6.10; https://nacaomestica.org/blog4" "nacaomestica.org"
65.108.128.54 - - [07/Nov/2022:20:09:26 -0800] "GET /blog4/?p=25873 HTTP/1.1" 200 78522 "-" "Mozilla/5.0 (compatible; MJ12bot/v1.4.8; http://mj12bot.com/)" "nacaomestica.org"
65.108.128.54 - - [07/Nov/2022:20:09:32 -0800] "GET /blog4/?p=30897 HTTP/1.1" 200 75324 "-" "Mozilla/5.0 (compatible; MJ12bot/v1.4.8; http://mj12bot.com/)" "nacaomestica.org"
114.119.139.59 - - [07/Nov/2022:20:10:12 -0800] "GET /blog4/?p=25714 HTTP/1.1" 200 73973 "https://nacaomestica.org/blog4/?fb_comment_id=176594845853723_567688493411021&paged=22" "Mozilla/5.0 (Linux; Android 7.0;) AppleWebKit/537.36 (KHTML, like Gecko) Mobile Safari/537.36 (compatible; PetalBot;+https://webmaster.petalsearch.com/site/petalbot)" "nacaomestica.org"
40.87.9.95 - - [07/Nov/2022:20:10:19 -0800] "GET /blog4/?cat=116 HTTP/1.1" 200 67114 "-" "Mozilla/5.0 (Linux; Android 7.0; SM-G930V Build/NRD90M) AppleWebKit/537.36 (KHTML, like Gecko) Chrome/59.0.3071.125 Mobile Safari/537.36" "nacaomestica.org"
20.85.215.177 - - [07/Nov/2022:20:10:22 -0800] "GET /blog4/?p=30966 HTTP/1.1" 200 73483 "-" "Mozilla/5.0 (Linux; Android 7.0; SM-G930V Build/NRD90M) AppleWebKit/537.36 (KHTML, like Gecko) Chrome/59.0.3071.125 Mobile Safari/537.36" "nacaomestica.org"
40.87.9.95 - - [07/Nov/2022:20:10:22 -0800] "GET /blog4/?tag=limpeza-etnica HTTP/1.1" 200 91682 "-" "Mozilla/5.0 (Linux; Android 7.0; SM-G930V Build/NRD90M) AppleWebKit/537.36 (KHTML, like Gecko) Chrome/59.0.3071.125 Mobile Safari/537.36" "nacaomestica.org"
40.87.9.95 - - [07/Nov/2022:20:10:24 -0800] "GET /blog4/?cat=266 HTTP/1.1" 200 69887 "-" "Mozilla/5.0 (Linux; Android 7.0; SM-G930V Build/NRD90M) AppleWebKit/537.36 (KHTML, like Gecko) Chrome/59.0.3071.125 Mobile Safari/537.36" "nacaomestica.org"
40.87.9.95 - - [07/Nov/2022:20:10:29 -0800] "GET /blog4/?cat=268 HTTP/1.1" 200 95973 "-" "Mozilla/5.0 (Linux; Android 7.0; SM-G930V Build/NRD90M) AppleWebKit/537.36 (KHTML, like Gecko) Chrome/59.0.3071.125 Mobile Safari/537.36" "nacaomestica.org"
51.222.253.20 - - [07/Nov/2022:20:11:12 -0800] "GET /blog4/?feed=rss2&p=17962 HTTP/1.1" 200 825 "-" "Mozilla/5.0 (compatible; AhrefsBot/7.0; +http://ahrefs.com/robot/)" "nacaomestica.org"
10.213.116.69 - - [07/Nov/2022:20:11:33 -0800] "POST /blog4/wp-cron.php?doing_wp_cron=1667880693.4232239723205566406250 HTTP/1.1" 200 - "https://nacaomestica.org/blog4/wp-cron.php?doing_wp_cron=1667880693.4232239723205566406250" "WordPress/5.6.10; https://nacaomestica.org/blog4" "nacaomestica.org"
40.87.9.95 - - [07/Nov/2022:20:11:31 -0800] "GET /blog4/?cat=263 HTTP/1.1" 200 69077 "-" "Mozilla/5.0 (Linux; Android 7.0; SM-G930V Build/NRD90M) AppleWebKit/537.36 (KHTML, like Gecko) Chrome/59.0.3071.125 Mobile Safari/537.36" "nacaomestica.org"
114.119.139.66 - - [07/Nov/2022:20:11:45 -0800] "GET /blog4/?p=5189 HTTP/1.1" 200 73395 "https://nacaomestica.org/blog4/?paged=185" "Mozilla/5.0 (Linux; Android 7.0;) AppleWebKit/537.36 (KHTML, like Gecko) Mobile Safari/537.36 (compatible; PetalBot;+https://webmaster.petalsearch.com/site/petalbot)" "nacaomestica.org"
40.87.9.95 - - [07/Nov/2022:20:11:46 -0800] "GET /blog4/ HTTP/1.1" 200 88633 "-" "Mozilla/5.0 (Linux; Android 7.0; SM-G930V Build/NRD90M) AppleWebKit/537.36 (KHTML, like Gecko) Chrome/59.0.3071.125 Mobile Safari/537.36" "nacaomestica.org"
40.87.9.95 - - [07/Nov/2022:20:11:49 -0800] "GET /blog4/?tag=amarelo HTTP/1.1" 200 79664 "-" "Mozilla/5.0 (Linux; Android 7.0; SM-G930V Build/NRD90M) AppleWebKit/537.36 (KHTML, like Gecko) Chrome/59.0.3071.125 Mobile Safari/537.36" "nacaomestica.org"
40.87.9.95 - - [07/Nov/2022:20:11:53 -0800] "GET /blog4/?cat=182 HTTP/1.1" 200 73701 "-" "Mozilla/5.0 (Linux; Android 7.0; SM-G930V Build/NRD90M) AppleWebKit/537.36 (KHTML, like Gecko) Chrome/59.0.3071.125 Mobile Safari/537.36" "nacaomestica.org"
20.85.215.177 - - [07/Nov/2022:20:11:53 -0800] "GET /blog4/?cat=119 HTTP/1.1" 200 78654 "-" "Mozilla/5.0 (Linux; Android 7.0; SM-G930V Build/NRD90M) AppleWebKit/537.36 (KHTML, like Gecko) Chrome/59.0.3071.125 Mobile Safari/537.36" "nacaomestica.org"
40.87.9.95 - - [07/Nov/2022:20:12:24 -0800] "GET /blog4/?p=30980 HTTP/1.1" 200 74400 "-" "Mozilla/5.0 (Linux; Android 7.0; SM-G930V Build/NRD90M) AppleWebKit/537.36 (KHTML, like Gecko) Chrome/59.0.3071.125 Mobile Safari/537.36" "nacaomestica.org"
40.87.9.95 - - [07/Nov/2022:20:12:40 -0800] "GET /blog4/?tag=anti-cristianismo HTTP/1.1" 200 75634 "-" "Mozilla/5.0 (Linux; Android 7.0; SM-G930V Build/NRD90M) AppleWebKit/537.36 (KHTML, like Gecko) Chrome/59.0.3071.125 Mobile Safari/537.36" "nacaomestica.org"
208.67.106.125 - - [07/Nov/2022:20:12:41 -0800] "GET / HTTP/1.1" 200 88633 "-" "Mozilla/5.0 (X11; Linux x86_64) AppleWebKit/537.36 (KHTML, like Gecko) Chrome/51.0.2704.103 Safari/537.36" "nacaomestica.org"
40.87.9.95 - - [07/Nov/2022:20:12:47 -0800] "GET /blog4/?cat=131 HTTP/1.1" 200 93805 "-" "Mozilla/5.0 (Linux; Android 7.0; SM-G930V Build/NRD90M) AppleWebKit/537.36 (KHTML, like Gecko) Chrome/59.0.3071.125 Mobile Safari/537.36" "nacaomestica.org"
40.87.9.95 - - [07/Nov/2022:20:12:50 -0800] "GET /blog4/?cat=125 HTTP/1.1" 200 69491 "-" "Mozilla/5.0 (Linux; Android 7.0; SM-G930V Build/NRD90M) AppleWebKit/537.36 (KHTML, like Gecko) Chrome/59.0.3071.125 Mobile Safari/537.36" "nacaomestica.org"
40.87.9.95 - - [07/Nov/2022:20:12:57 -0800] "GET /blog4/?tag=charge HTTP/1.1" 200 86402 "-" "Mozilla/5.0 (Linux; Android 7.0; SM-G930V Build/NRD90M) AppleWebKit/537.36 (KHTML, like Gecko) Chrome/59.0.3071.125 Mobile Safari/537.36" "nacaomestica.org"
20.85.215.177 - - [07/Nov/2022:20:13:01 -0800] "GET /blog4/?cat=195 HTTP/1.1" 200 79967 "-" "Mozilla/5.0 (Linux; Android 7.0; SM-G930V Build/NRD90M) AppleWebKit/537.36 (KHTML, like Gecko) Chrome/59.0.3071.125 Mobile Safari/537.36" "nacaomestica.org"
40.87.9.95 - - [07/Nov/2022:20:13:03 -0800] "GET /blog4/?cat=128 HTTP/1.1" 200 96290 "-" "Mozilla/5.0 (Linux; Android 7.0; SM-G930V Build/NRD90M) AppleWebKit/537.36 (KHTML, like Gecko) Chrome/59.0.3071.125 Mobile Safari/537.36" "nacaomestica.org"
208.67.106.125 - - [07/Nov/2022:20:13:10 -0800] "GET /cgi-bin/mt/mt-xmlrpc.cgi HTTP/1.1" 404 88 "-" "Mozlila/5.0 (Linux; Android 7.0; SM-G892A Bulid/NRD90M; wv) AppleWebKit/537.36 (KHTML, like Gecko) Version/4.0 Chrome/60.0.3112.107 Moblie Safari/537.36" "nacaomestica.org"
114.119.139.88 - - [07/Nov/2022:20:13:15 -0800] "GET /blog4/wp-content/uploads/2019/07?M=D HTTP/1.1" 301 1436 "https://nacaomestica.org/blog4/wp-content/uploads/2019/07?M=A" "Mozilla/5.0 (Linux; Android 7.0;) AppleWebKit/537.36 (KHTML, like Gecko) Mobile Safari/537.36 (compatible; PetalBot;+https://webmaster.petalsearch.com/site/petalbot)" "nacaomestica.org"
40.87.9.95 - - [07/Nov/2022:20:13:03 -0800] "GET /blog4/?tag=bantustao HTTP/1.1" 200 96380 "-" "Mozilla/5.0 (Linux; Android 7.0; SM-G930V Build/NRD90M) AppleWebKit/537.36 (KHTML, like Gecko) Chrome/59.0.3071.125 Mobile Safari/537.36" "nacaomestica.org"
114.119.139.88 - - [07/Nov/2022:20:13:17 -0800] "GET /blog4/wp-content/uploads/2019/07/?M=D HTTP/1.1" 200 944 "https://nacaomestica.org/blog4/wp-content/uploads/2019/07?M=A" "Mozilla/5.0 (Linux; Android 7.0;) AppleWebKit/537.36 (KHTML, like Gecko) Mobile Safari/537.36 (compatible; PetalBot;+https://webmaster.petalsearch.com/site/petalbot)" "nacaomestica.org"
40.87.9.95 - - [07/Nov/2022:20:13:18 -0800] "GET /blog4/?tag=mesticagem-miscigenacao HTTP/1.1" 200 78687 "-" "Mozilla/5.0 (Linux; Android 7.0; SM-G930V Build/NRD90M) AppleWebKit/537.36 (KHTML, like Gecko) Chrome/59.0.3071.125 Mobile Safari/537.36" "nacaomestica.org"
208.67.106.125 - - [07/Nov/2022:20:13:22 -0800] "GET /cgi-bin/mt/mt-xmlrpc.cgi HTTP/1.1" 404 88 "-" "Mozlila/5.0 (Linux; Android 7.0; SM-G892A Bulid/NRD90M; wv) AppleWebKit/537.36 (KHTML, like Gecko) Version/4.0 Chrome/60.0.3112.107 Moblie Safari/537.36" "nacaomestica.org"
40.87.9.95 - - [07/Nov/2022:20:13:22 -0800] "GET /blog4/?tag=direitos-originarios HTTP/1.1" 200 82399 "-" "Mozilla/5.0 (Linux; Android 7.0; SM-G930V Build/NRD90M) AppleWebKit/537.36 (KHTML, like Gecko) Chrome/59.0.3071.125 Mobile Safari/537.36" "nacaomestica.org"
51.222.253.12 - - [07/Nov/2022:20:13:37 -0800] "GET /blog4/?feed=rss2&p=468 HTTP/1.1" 200 793 "-" "Mozilla/5.0 (compatible; AhrefsBot/7.0; +http://ahrefs.com/robot/)" "nacaomestica.org"
10.213.116.70 - - [07/Nov/2022:20:13:38 -0800] "POST /blog4/wp-cron.php?doing_wp_cron=1667880818.2511351108551025390625 HTTP/1.1" 200 - "https://nacaomestica.org/blog4/wp-cron.php?doing_wp_cron=1667880818.2511351108551025390625" "WordPress/5.6.10; https://nacaomestica.org/blog4" "nacaomestica.org"
20.85.215.177 - - [07/Nov/2022:20:13:37 -0800] "GET /blog4/?cat=229 HTTP/1.1" 200 77639 "-" "Mozilla/5.0 (Linux; Android 7.0; SM-G930V Build/NRD90M) AppleWebKit/537.36 (KHTML, like Gecko) Chrome/59.0.3071.125 Mobile Safari/537.36" "nacaomestica.org"
20.85.215.177 - - [07/Nov/2022:20:13:39 -0800] "GET /blog4/?cat=141 HTTP/1.1" 200 98929 "-" "Mozilla/5.0 (Linux; Android 7.0; SM-G930V Build/NRD90M) AppleWebKit/537.36 (KHTML, like Gecko) Chrome/59.0.3071.125 Mobile Safari/537.36" "nacaomestica.org"
40.87.9.95 - - [07/Nov/2022:20:13:48 -0800] "GET /blog4/?cat=245 HTTP/1.1" 200 81959 "-" "Mozilla/5.0 (Linux; Android 7.0; SM-G930V Build/NRD90M) AppleWebKit/537.36 (KHTML, like Gecko) Chrome/59.0.3071.125 Mobile Safari/537.36" "nacaomestica.org"
40.87.9.95 - - [07/Nov/2022:20:13:48 -0800] "GET /blog4/?cat=262 HTTP/1.1" 200 67543 "-" "Mozilla/5.0 (Linux; Android 7.0; SM-G930V Build/NRD90M) AppleWebKit/537.36 (KHTML, like Gecko) Chrome/59.0.3071.125 Mobile Safari/537.36" "nacaomestica.org"
40.87.9.95 - - [07/Nov/2022:20:13:51 -0800] "GET /blog4/?cat=219 HTTP/1.1" 200 94544 "-" "Mozilla/5.0 (Linux; Android 7.0; SM-G930V Build/NRD90M) AppleWebKit/537.36 (KHTML, like Gecko) Chrome/59.0.3071.125 Mobile Safari/537.36" "nacaomestica.org"
40.87.9.95 - - [07/Nov/2022:20:13:51 -0800] "GET /blog4/?cat=181 HTTP/1.1" 200 78204 "-" "Mozilla/5.0 (Linux; Android 7.0; SM-G930V Build/NRD90M) AppleWebKit/537.36 (KHTML, like Gecko) Chrome/59.0.3071.125 Mobile Safari/537.36" "nacaomestica.org"
20.85.215.177 - - [07/Nov/2022:20:13:53 -0800] "GET /blog4/?tag=funai HTTP/1.1" 200 94521 "-" "Mozilla/5.0 (Linux; Android 7.0; SM-G930V Build/NRD90M) AppleWebKit/537.36 (KHTML, like Gecko) Chrome/59.0.3071.125 Mobile Safari/537.36" "nacaomestica.org"
40.87.9.95 - - [07/Nov/2022:20:14:01 -0800] "GET /blog4/?tag=mesticofobia HTTP/1.1" 200 98309 "-" "Mozilla/5.0 (Linux; Android 7.0; SM-G930V Build/NRD90M) AppleWebKit/537.36 (KHTML, like Gecko) Chrome/59.0.3071.125 Mobile Safari/537.36" "nacaomestica.org"
20.85.215.177 - - [07/Nov/2022:20:14:02 -0800] "GET /blog4/?tag=espanol HTTP/1.1" 200 89934 "-" "Mozilla/5.0 (Linux; Android 7.0; SM-G930V Build/NRD90M) AppleWebKit/537.36 (KHTML, like Gecko) Chrome/59.0.3071.125 Mobile Safari/537.36" "nacaomestica.org"
40.87.9.95 - - [07/Nov/2022:20:14:03 -0800] "GET /blog4/?p=30970 HTTP/1.1" 200 75629 "-" "Mozilla/5.0 (Linux; Android 7.0; SM-G930V Build/NRD90M) AppleWebKit/537.36 (KHTML, like Gecko) Chrome/59.0.3071.125 Mobile Safari/537.36" "nacaomestica.org"
208.67.106.125 - - [07/Nov/2022:20:14:08 -0800] "GET /wp-commentin.php HTTP/1.1" 404 88 "-" "Mozlila/5.0 (Linux; Android 7.0; SM-G892A Bulid/NRD90M; wv) AppleWebKit/537.36 (KHTML, like Gecko) Version/4.0 Chrome/60.0.3112.107 Moblie Safari/537.36" "nacaomestica.org"
40.87.9.95 - - [07/Nov/2022:20:14:07 -0800] "GET /blog4/?cat=217 HTTP/1.1" 200 74699 "-" "Mozilla/5.0 (Linux; Android 7.0; SM-G930V Build/NRD90M) AppleWebKit/537.36 (KHTML, like Gecko) Chrome/59.0.3071.125 Mobile Safari/537.36" "nacaomestica.org"
20.85.215.177 - - [07/Nov/2022:20:14:12 -0800] "GET /blog4/?cat=123 HTTP/1.1" 200 67814 "-" "Mozilla/5.0 (Linux; Android 7.0; SM-G930V Build/NRD90M) AppleWebKit/537.36 (KHTML, like Gecko) Chrome/59.0.3071.125 Mobile Safari/537.36" "nacaomestica.org"
40.87.9.95 - - [07/Nov/2022:20:14:12 -0800] "GET /blog4/?cat=69 HTTP/1.1" 200 94253 "-" "Mozilla/5.0 (Linux; Android 7.0; SM-G930V Build/NRD90M) AppleWebKit/537.36 (KHTML, like Gecko) Chrome/59.0.3071.125 Mobile Safari/537.36" "nacaomestica.org"
208.67.106.125 - - [07/Nov/2022:20:14:18 -0800] "GET /wp/wp-commentin.php HTTP/1.1" 404 88 "-" "Mozlila/5.0 (Linux; Android 7.0; SM-G892A Bulid/NRD90M; wv) AppleWebKit/537.36 (KHTML, like Gecko) Version/4.0 Chrome/60.0.3112.107 Moblie Safari/537.36" "nacaomestica.org"
208.67.106.125 - - [07/Nov/2022:20:14:28 -0800] "GET /wordpress/wp-commentin.php HTTP/1.1" 404 88 "-" "Mozlila/5.0 (Linux; Android 7.0; SM-G892A Bulid/NRD90M; wv) AppleWebKit/537.36 (KHTML, like Gecko) Version/4.0 Chrome/60.0.3112.107 Moblie Safari/537.36" "nacaomestica.org"
40.87.9.95 - - [07/Nov/2022:20:14:34 -0800] "GET /blog4/?p=23346 HTTP/1.1" 200 90602 "-" "Mozilla/5.0 (Linux; Android 7.0; SM-G930V Build/NRD90M) AppleWebKit/537.36 (KHTML, like Gecko) Chrome/59.0.3071.125 Mobile Safari/537.36" "nacaomestica.org"
114.119.139.86 - - [07/Nov/2022:20:14:40 -0800] "GET /blog4/wp-trackback.php?p=8335 HTTP/1.1" 302 - "https://nacaomestica.org/blog4/wp-trackback.php?p=8335" "Mozilla/5.0 (Linux; Android 7.0;) AppleWebKit/537.36 (KHTML, like Gecko) Mobile Safari/537.36 (compatible; PetalBot;+https://webmaster.petalsearch.com/site/petalbot)" "nacaomestica.org"
