114.119.139.66 - - [07/Nov/2022:17:35:59 -0800] "GET /blog4?fb_comment_id=984940818183286_1340913332586031&paged=20 HTTP/1.1" 301 1461 "https://nacaomestica.org/blog4?fb_comment_id=984940818183286_1340913332586031&paged=19" "Mozilla/5.0 (Linux; Android 7.0;) AppleWebKit/537.36 (KHTML, like Gecko) Mobile Safari/537.36 (compatible; PetalBot;+https://webmaster.petalsearch.com/site/petalbot)" "nacaomestica.org"
114.119.139.66 - - [07/Nov/2022:17:36:00 -0800] "GET /blog4/?fb_comment_id=984940818183286_1340913332586031&paged=20 HTTP/1.1" 200 89321 "https://nacaomestica.org/blog4?fb_comment_id=984940818183286_1340913332586031&paged=19" "Mozilla/5.0 (Linux; Android 7.0;) AppleWebKit/537.36 (KHTML, like Gecko) Mobile Safari/537.36 (compatible; PetalBot;+https://webmaster.petalsearch.com/site/petalbot)" "nacaomestica.org"
189.124.14.144 - - [07/Nov/2022:17:36:13 -0800] "GET /blog4/wp-content/uploads/2016/02/mesticos_sombra-2.png HTTP/1.1" 200 191787 "https://www.google.com/" "Mozilla/5.0 (Windows NT 10.0; Win64; x64) AppleWebKit/537.36 (KHTML, like Gecko) Chrome/107.0.0.0 Safari/537.36" "nacaomestica.org"
20.124.250.146 - - [07/Nov/2022:17:36:13 -0800] "GET /blog4/?cat=267 HTTP/1.1" 200 69730 "-" "Mozilla/5.0 (Linux; Android 7.0; SM-G930V Build/NRD90M) AppleWebKit/537.36 (KHTML, like Gecko) Chrome/59.0.3071.125 Mobile Safari/537.36" "nacaomestica.org"
20.124.250.146 - - [07/Nov/2022:17:36:22 -0800] "GET /blog4/?tag=racism HTTP/1.1" 200 87035 "-" "Mozilla/5.0 (Linux; Android 7.0; SM-G930V Build/NRD90M) AppleWebKit/537.36 (KHTML, like Gecko) Chrome/59.0.3071.125 Mobile Safari/537.36" "nacaomestica.org"
20.124.25.29 - - [07/Nov/2022:17:36:26 -0800] "GET /blog4/?tag=apartheid HTTP/1.1" 200 91269 "-" "Mozilla/5.0 (Linux; Android 7.0; SM-G930V Build/NRD90M) AppleWebKit/537.36 (KHTML, like Gecko) Chrome/59.0.3071.125 Mobile Safari/537.36" "nacaomestica.org"
179.93.179.218 - - [07/Nov/2022:17:36:37 -0800] "GET /blog4/wp-content/uploads/2020/11/NEGRISMO26.png HTTP/1.1" 200 753158 "https://www.google.com.br/" "Mozilla/5.0 (Windows NT 10.0; Win64; x64) AppleWebKit/537.36 (KHTML, like Gecko) Chrome/107.0.0.0 Safari/537.36 Edg/107.0.1418.35" "nacaomestica.org"
20.124.250.146 - - [07/Nov/2022:17:36:37 -0800] "GET /blog4/?cat=223 HTTP/1.1" 200 95463 "-" "Mozilla/5.0 (Linux; Android 7.0; SM-G930V Build/NRD90M) AppleWebKit/537.36 (KHTML, like Gecko) Chrome/59.0.3071.125 Mobile Safari/537.36" "nacaomestica.org"
20.124.250.146 - - [07/Nov/2022:17:36:43 -0800] "GET /blog4/?p=20922 HTTP/1.1" 200 87750 "-" "Mozilla/5.0 (Linux; Android 7.0; SM-G930V Build/NRD90M) AppleWebKit/537.36 (KHTML, like Gecko) Chrome/59.0.3071.125 Mobile Safari/537.36" "nacaomestica.org"
157.55.39.146 - - [07/Nov/2022:17:36:44 -0800] "GET /blog4/?p=31381 HTTP/1.1" 200 77835 "-" "Mozilla/5.0 (compatible; bingbot/2.0; +http://www.bing.com/bingbot.htm)" "nacaomestica.org"
51.222.253.10 - - [07/Nov/2022:17:36:46 -0800] "GET /blog4/?p=176 HTTP/1.1" 200 74839 "-" "Mozilla/5.0 (compatible; AhrefsBot/7.0; +http://ahrefs.com/robot/)" "nacaomestica.org"
20.124.250.146 - - [07/Nov/2022:17:36:48 -0800] "GET /blog4/?tag=branco HTTP/1.1" 200 96399 "-" "Mozilla/5.0 (Linux; Android 7.0; SM-G930V Build/NRD90M) AppleWebKit/537.36 (KHTML, like Gecko) Chrome/59.0.3071.125 Mobile Safari/537.36" "nacaomestica.org"
20.124.250.146 - - [07/Nov/2022:17:37:21 -0800] "GET /blog4/?tag=indio HTTP/1.1" 200 100446 "-" "Mozilla/5.0 (Linux; Android 7.0; SM-G930V Build/NRD90M) AppleWebKit/537.36 (KHTML, like Gecko) Chrome/59.0.3071.125 Mobile Safari/537.36" "nacaomestica.org"
179.93.179.218 - - [07/Nov/2022:17:37:33 -0800] "GET /blog4/wp-content/uploads/2019/09/INDIGENISMO_04.png HTTP/1.1" 200 1240489 "https://www.google.com.br/" "Mozilla/5.0 (Windows NT 10.0; Win64; x64) AppleWebKit/537.36 (KHTML, like Gecko) Chrome/107.0.0.0 Safari/537.36 Edg/107.0.1418.35" "nacaomestica.org"
20.124.250.146 - - [07/Nov/2022:17:37:31 -0800] "GET /blog4/?tag=english-texts HTTP/1.1" 200 93598 "-" "Mozilla/5.0 (Linux; Android 7.0; SM-G930V Build/NRD90M) AppleWebKit/537.36 (KHTML, like Gecko) Chrome/59.0.3071.125 Mobile Safari/537.36" "nacaomestica.org"
114.119.156.56 - - [07/Nov/2022:17:37:33 -0800] "GET /blog4/?tag=familia-mestica HTTP/1.1" 200 67304 "https://nacaomestica.org/blog4/?p1603&paged=163" "Mozilla/5.0 (Linux; Android 7.0;) AppleWebKit/537.36 (KHTML, like Gecko) Mobile Safari/537.36 (compatible; PetalBot;+https://webmaster.petalsearch.com/site/petalbot)" "nacaomestica.org"
20.124.250.146 - - [07/Nov/2022:17:37:33 -0800] "GET /blog4/?cat=203 HTTP/1.1" 200 96250 "-" "Mozilla/5.0 (Linux; Android 7.0; SM-G930V Build/NRD90M) AppleWebKit/537.36 (KHTML, like Gecko) Chrome/59.0.3071.125 Mobile Safari/537.36" "nacaomestica.org"
20.124.250.146 - - [07/Nov/2022:17:37:44 -0800] "GET /blog4/?cat=134 HTTP/1.1" 200 71153 "-" "Mozilla/5.0 (Linux; Android 7.0; SM-G930V Build/NRD90M) AppleWebKit/537.36 (KHTML, like Gecko) Chrome/59.0.3071.125 Mobile Safari/537.36" "nacaomestica.org"
10.213.116.70 - - [07/Nov/2022:17:37:49 -0800] "POST /blog4/wp-cron.php?doing_wp_cron=1667871469.4882640838623046875000 HTTP/1.1" 200 - "https://nacaomestica.org/blog4/wp-cron.php?doing_wp_cron=1667871469.4882640838623046875000" "WordPress/5.6.10; https://nacaomestica.org/blog4" "nacaomestica.org"
10.213.116.70 - - [07/Nov/2022:17:37:49 -0800] "POST /blog4/wp-cron.php?doing_wp_cron=1667871469.4883708953857421875000 HTTP/1.1" 200 - "https://nacaomestica.org/blog4/wp-cron.php?doing_wp_cron=1667871469.4883708953857421875000" "WordPress/5.6.10; https://nacaomestica.org/blog4" "nacaomestica.org"
20.124.250.146 - - [07/Nov/2022:17:37:47 -0800] "GET /blog4/?cat=241 HTTP/1.1" 200 68669 "-" "Mozilla/5.0 (Linux; Android 7.0; SM-G930V Build/NRD90M) AppleWebKit/537.36 (KHTML, like Gecko) Chrome/59.0.3071.125 Mobile Safari/537.36" "nacaomestica.org"
20.124.250.146 - - [07/Nov/2022:17:37:46 -0800] "GET /blog4/?cat=28 HTTP/1.1" 200 97231 "-" "Mozilla/5.0 (Linux; Android 7.0; SM-G930V Build/NRD90M) AppleWebKit/537.36 (KHTML, like Gecko) Chrome/59.0.3071.125 Mobile Safari/537.36" "nacaomestica.org"
20.124.250.146 - - [07/Nov/2022:17:37:54 -0800] "GET /blog4/?tag=gilberto-freyre HTTP/1.1" 200 80820 "-" "Mozilla/5.0 (Linux; Android 7.0; SM-G930V Build/NRD90M) AppleWebKit/537.36 (KHTML, like Gecko) Chrome/59.0.3071.125 Mobile Safari/537.36" "nacaomestica.org"
20.124.250.146 - - [07/Nov/2022:17:38:00 -0800] "GET /blog4/?cat=259 HTTP/1.1" 200 68416 "-" "Mozilla/5.0 (Linux; Android 7.0; SM-G930V Build/NRD90M) AppleWebKit/537.36 (KHTML, like Gecko) Chrome/59.0.3071.125 Mobile Safari/537.36" "nacaomestica.org"
20.124.250.146 - - [07/Nov/2022:17:38:25 -0800] "GET /blog4/?tag=antologia HTTP/1.1" 200 76318 "-" "Mozilla/5.0 (Linux; Android 7.0; SM-G930V Build/NRD90M) AppleWebKit/537.36 (KHTML, like Gecko) Chrome/59.0.3071.125 Mobile Safari/537.36" "nacaomestica.org"
20.124.250.146 - - [07/Nov/2022:17:38:31 -0800] "GET /blog4/?tag=racismo HTTP/1.1" 200 100201 "-" "Mozilla/5.0 (Linux; Android 7.0; SM-G930V Build/NRD90M) AppleWebKit/537.36 (KHTML, like Gecko) Chrome/59.0.3071.125 Mobile Safari/537.36" "nacaomestica.org"
114.119.156.56 - - [07/Nov/2022:17:38:53 -0800] "GET /blog4/wp-trackback.php?p=12433 HTTP/1.1" 302 - "https://nacaomestica.org/blog4?p=12433" "Mozilla/5.0 (Linux; Android 7.0;) AppleWebKit/537.36 (KHTML, like Gecko) Mobile Safari/537.36 (compatible; PetalBot;+https://webmaster.petalsearch.com/site/petalbot)" "nacaomestica.org"
20.124.250.146 - - [07/Nov/2022:17:39:00 -0800] "GET /blog4/?tag=dignidade-humana HTTP/1.1" 200 75102 "-" "Mozilla/5.0 (Linux; Android 7.0; SM-G930V Build/NRD90M) AppleWebKit/537.36 (KHTML, like Gecko) Chrome/59.0.3071.125 Mobile Safari/537.36" "nacaomestica.org"
114.119.156.56 - - [07/Nov/2022:17:39:13 -0800] "GET /blog4/?p=12433 HTTP/1.1" 200 80786 "https://nacaomestica.org/blog4?p=12433" "Mozilla/5.0 (Linux; Android 7.0;) AppleWebKit/537.36 (KHTML, like Gecko) Mobile Safari/537.36 (compatible; PetalBot;+https://webmaster.petalsearch.com/site/petalbot)" "nacaomestica.org"
20.124.250.146 - - [07/Nov/2022:17:39:19 -0800] "GET /blog4/?cat=236 HTTP/1.1" 200 72785 "-" "Mozilla/5.0 (Linux; Android 7.0; SM-G930V Build/NRD90M) AppleWebKit/537.36 (KHTML, like Gecko) Chrome/59.0.3071.125 Mobile Safari/537.36" "nacaomestica.org"
20.124.250.146 - - [07/Nov/2022:17:39:23 -0800] "GET /blog4/?p=30944 HTTP/1.1" 200 78038 "-" "Mozilla/5.0 (Linux; Android 7.0; SM-G930V Build/NRD90M) AppleWebKit/537.36 (KHTML, like Gecko) Chrome/59.0.3071.125 Mobile Safari/537.36" "nacaomestica.org"
20.124.250.146 - - [07/Nov/2022:17:39:28 -0800] "GET /blog4/?cat=49 HTTP/1.1" 200 88954 "-" "Mozilla/5.0 (Linux; Android 7.0; SM-G930V Build/NRD90M) AppleWebKit/537.36 (KHTML, like Gecko) Chrome/59.0.3071.125 Mobile Safari/537.36" "nacaomestica.org"
44.228.64.221 - - [07/Nov/2022:17:39:50 -0800] "GET /blog4/?p=2081 HTTP/1.1" 200 36768 "-" "Python/3.8 aiohttp/3.8.3" "nacaomestica.org"
20.124.250.146 - - [07/Nov/2022:17:39:36 -0800] "GET /blog4/?author=1 HTTP/1.1" 200 93124 "-" "Mozilla/5.0 (Linux; Android 7.0; SM-G930V Build/NRD90M) AppleWebKit/537.36 (KHTML, like Gecko) Chrome/59.0.3071.125 Mobile Safari/537.36" "nacaomestica.org"
20.124.250.146 - - [07/Nov/2022:17:39:56 -0800] "GET /blog4/?author=1 HTTP/1.1" 200 93124 "-" "Mozilla/5.0 (Linux; Android 7.0; SM-G930V Build/NRD90M) AppleWebKit/537.36 (KHTML, like Gecko) Chrome/59.0.3071.125 Mobile Safari/537.36" "nacaomestica.org"
51.222.253.9 - - [07/Nov/2022:17:39:43 -0800] "GET /blog4/?p=6704 HTTP/1.1" 200 77711 "-" "Mozilla/5.0 (compatible; AhrefsBot/7.0; +http://ahrefs.com/robot/)" "nacaomestica.org"
20.124.250.146 - - [07/Nov/2022:17:40:04 -0800] "GET /blog4/?tag=comunismo HTTP/1.1" 200 75087 "-" "Mozilla/5.0 (Linux; Android 7.0; SM-G930V Build/NRD90M) AppleWebKit/537.36 (KHTML, like Gecko) Chrome/59.0.3071.125 Mobile Safari/537.36" "nacaomestica.org"
10.213.116.68 - - [07/Nov/2022:17:40:12 -0800] "POST /blog4/wp-cron.php?doing_wp_cron=1667871591.4092409610748291015625 HTTP/1.1" 200 - "https://nacaomestica.org/blog4/wp-cron.php?doing_wp_cron=1667871591.4092409610748291015625" "WordPress/5.6.10; https://nacaomestica.org/blog4" "nacaomestica.org"
20.124.250.146 - - [07/Nov/2022:17:40:37 -0800] "GET /blog4/?tag=poder-branco HTTP/1.1" 200 94727 "-" "Mozilla/5.0 (Linux; Android 7.0; SM-G930V Build/NRD90M) AppleWebKit/537.36 (KHTML, like Gecko) Chrome/59.0.3071.125 Mobile Safari/537.36" "nacaomestica.org"
20.124.250.146 - - [07/Nov/2022:17:40:38 -0800] "GET /blog4/?cat=231 HTTP/1.1" 200 72907 "-" "Mozilla/5.0 (Linux; Android 7.0; SM-G930V Build/NRD90M) AppleWebKit/537.36 (KHTML, like Gecko) Chrome/59.0.3071.125 Mobile Safari/537.36" "nacaomestica.org"
114.119.139.59 - - [07/Nov/2022:17:40:45 -0800] "GET /blog4/?D=A&paged=29 HTTP/1.1" 200 90146 "https://nacaomestica.org/blog4/?D=A&paged=30" "Mozilla/5.0 (Linux; Android 7.0;) AppleWebKit/537.36 (KHTML, like Gecko) Mobile Safari/537.36 (compatible; PetalBot;+https://webmaster.petalsearch.com/site/petalbot)" "nacaomestica.org"
20.124.250.146 - - [07/Nov/2022:17:40:55 -0800] "GET /blog4/?cat=20 HTTP/1.1" 200 27576 "-" "Mozilla/5.0 (Linux; Android 7.0; SM-G930V Build/NRD90M) AppleWebKit/537.36 (KHTML, like Gecko) Chrome/59.0.3071.125 Mobile Safari/537.36" "nacaomestica.org"
20.124.250.146 - - [07/Nov/2022:17:41:01 -0800] "GET /blog4/?cat=20 HTTP/1.1" 200 97093 "-" "Mozilla/5.0 (Linux; Android 7.0; SM-G930V Build/NRD90M) AppleWebKit/537.36 (KHTML, like Gecko) Chrome/59.0.3071.125 Mobile Safari/537.36" "nacaomestica.org"
20.124.250.146 - - [07/Nov/2022:17:41:11 -0800] "GET /blog4/?tag=identidade-nacional HTTP/1.1" 200 90646 "-" "Mozilla/5.0 (Linux; Android 7.0; SM-G930V Build/NRD90M) AppleWebKit/537.36 (KHTML, like Gecko) Chrome/59.0.3071.125 Mobile Safari/537.36" "nacaomestica.org"
20.124.250.146 - - [07/Nov/2022:17:41:11 -0800] "GET /blog4/?cat=221 HTTP/1.1" 200 84602 "-" "Mozilla/5.0 (Linux; Android 7.0; SM-G930V Build/NRD90M) AppleWebKit/537.36 (KHTML, like Gecko) Chrome/59.0.3071.125 Mobile Safari/537.36" "nacaomestica.org"
114.119.139.88 - - [07/Nov/2022:17:41:59 -0800] "GET /blog4/wp-content/uploads/2010/02/o_livro_do_mestico_ATUALIZADO_20180816.pdf HTTP/1.1" 200 1721489 "https://nacaomestica.org/blog4/?fb_comment_id=464581046954554_1139841066095212&paged=64" "Mozilla/5.0 (Linux; Android 7.0;) AppleWebKit/537.36 (KHTML, like Gecko) Mobile Safari/537.36 (compatible; PetalBot;+https://webmaster.petalsearch.com/site/petalbot)" "nacaomestica.org"
177.132.167.173 - - [07/Nov/2022:17:42:16 -0800] "GET /blog4/wp-content/uploads/2016/02/pardo_preto1.png HTTP/1.1" 200 331753 "https://www.google.com/" "Mozilla/5.0 (Linux; Android 9; Redmi S2) AppleWebKit/537.36 (KHTML, like Gecko) Chrome/106.0.0.0 Mobile Safari/537.36" "nacaomestica.org"
66.249.73.110 - - [07/Nov/2022:17:42:37 -0800] "GET /ads.txt HTTP/1.1" 404 88 "-" "Mozilla/5.0 (compatible; Googlebot/2.1; +http://www.google.com/bot.html)" "nacaomestica.org"
138.59.157.117 - - [07/Nov/2022:17:42:39 -0800] "GET /blog4/wp-content/uploads/2018/08/01candidatospres.jpg HTTP/1.1" 200 160293 "https://www.google.com/" "Mozilla/5.0 (Windows NT 10.0; Win64; x64) AppleWebKit/537.36 (KHTML, like Gecko) Chrome/107.0.0.0 Safari/537.36" "nacaomestica.org"
20.124.250.146 - - [07/Nov/2022:17:42:44 -0800] "GET /blog4/?cat=244 HTTP/1.1" 200 76719 "-" "Mozilla/5.0 (Linux; Android 7.0; SM-G930V Build/NRD90M) AppleWebKit/537.36 (KHTML, like Gecko) Chrome/59.0.3071.125 Mobile Safari/537.36" "nacaomestica.org"
20.124.250.146 - - [07/Nov/2022:17:42:42 -0800] "GET /blog4/?p=20631 HTTP/1.1" 200 94118 "-" "Mozilla/5.0 (Linux; Android 7.0; SM-G930V Build/NRD90M) AppleWebKit/537.36 (KHTML, like Gecko) Chrome/59.0.3071.125 Mobile Safari/537.36" "nacaomestica.org"
10.213.116.70 - - [07/Nov/2022:17:42:44 -0800] "POST /blog4/wp-cron.php?doing_wp_cron=1667871764.4314060211181640625000 HTTP/1.1" 200 - "https://nacaomestica.org/blog4/wp-cron.php?doing_wp_cron=1667871764.4314060211181640625000" "WordPress/5.6.10; https://nacaomestica.org/blog4" "nacaomestica.org"
20.124.250.146 - - [07/Nov/2022:17:42:45 -0800] "GET /blog4/?tag=mestico HTTP/1.1" 200 99839 "-" "Mozilla/5.0 (Linux; Android 7.0; SM-G930V Build/NRD90M) AppleWebKit/537.36 (KHTML, like Gecko) Chrome/59.0.3071.125 Mobile Safari/537.36" "nacaomestica.org"
135.181.73.59 - - [07/Nov/2022:17:42:42 -0800] "GET /blog4/?c&paged=32 HTTP/1.1" 200 117237 "-" "Mozilla/5.0 (compatible; MJ12bot/v1.4.8; http://mj12bot.com/)" "nacaomestica.org"
135.181.73.59 - - [07/Nov/2022:17:42:59 -0800] "GET /blog4/?c&paged=33 HTTP/1.1" 200 89891 "-" "Mozilla/5.0 (compatible; MJ12bot/v1.4.8; http://mj12bot.com/)" "nacaomestica.org"
135.181.73.59 - - [07/Nov/2022:17:43:05 -0800] "GET /blog4/?feed=rss2&attachment_id=816 HTTP/1.1" 301 - "-" "Mozilla/5.0 (compatible; MJ12bot/v1.4.8; http://mj12bot.com/)" "nacaomestica.org"
114.119.139.59 - - [07/Nov/2022:17:43:24 -0800] "GET /blog4?fb_comment_id=744046349041217_985074814938368&paged=16 HTTP/1.1" 301 1462 "https://nacaomestica.org/blog4?fb_comment_id=744046349041217_985074814938368&paged=15" "Mozilla/5.0 (Linux; Android 7.0;) AppleWebKit/537.36 (KHTML, like Gecko) Mobile Safari/537.36 (compatible; PetalBot;+https://webmaster.petalsearch.com/site/petalbot)" "nacaomestica.org"
114.119.139.59 - - [07/Nov/2022:17:43:25 -0800] "GET /blog4/?fb_comment_id=744046349041217_985074814938368&paged=16 HTTP/1.1" 200 102116 "https://nacaomestica.org/blog4?fb_comment_id=744046349041217_985074814938368&paged=15" "Mozilla/5.0 (Linux; Android 7.0;) AppleWebKit/537.36 (KHTML, like Gecko) Mobile Safari/537.36 (compatible; PetalBot;+https://webmaster.petalsearch.com/site/petalbot)" "nacaomestica.org"
135.181.73.59 - - [07/Nov/2022:17:43:16 -0800] "GET /blog4/wp-content/uploads/2010/03/P10301442.JPG HTTP/1.1" 200 28324 "-" "Mozilla/5.0 (compatible; MJ12bot/v1.4.8; http://mj12bot.com/)" "nacaomestica.org"
40.122.32.170 - - [07/Nov/2022:17:43:34 -0800] "GET /blog4/wp-content/uploads/2012/11/Moira1_thumb1.jpg HTTP/1.1" 200 24849 "http://nacaomestica.org/blog4/wp-content/uploads/2012/11" "Mozilla/5.0 (Macintosh; Intel Mac OS X 10_11_6) AppleWebKit/605.1.15 (KHTML, like Gecko) Version/11.1.2 Safari/605.1.15" "nacaomestica.org"
20.124.250.146 - - [07/Nov/2022:17:43:35 -0800] "GET /blog4/?tag=internacionalizacao HTTP/1.1" 200 75192 "-" "Mozilla/5.0 (Linux; Android 7.0; SM-G930V Build/NRD90M) AppleWebKit/537.36 (KHTML, like Gecko) Chrome/59.0.3071.125 Mobile Safari/537.36" "nacaomestica.org"
135.181.73.59 - - [07/Nov/2022:17:43:37 -0800] "GET /blog4/?feed=rss2&p=10263 HTTP/1.1" 200 3365 "-" "Mozilla/5.0 (compatible; MJ12bot/v1.4.8; http://mj12bot.com/)" "nacaomestica.org"
192.0.91.155 - - [07/Nov/2022:17:43:38 -0800] "GET /blog4/wp-content/uploads/2019/03/NEGRISMO12.png HTTP/1.1" 200 311578 "-" "Photon/1.0" "nacaomestica.org"
20.124.250.146 - - [07/Nov/2022:17:43:28 -0800] "GET /blog4/?tag=internacionalizacao HTTP/1.1" 200 15870 "-" "Mozilla/5.0 (Linux; Android 7.0; SM-G930V Build/NRD90M) AppleWebKit/537.36 (KHTML, like Gecko) Chrome/59.0.3071.125 Mobile Safari/537.36" "nacaomestica.org"
135.181.73.59 - - [07/Nov/2022:17:43:41 -0800] "GET /blog4/?feed=rss2&p=10263 HTTP/1.1" 200 3365 "-" "Mozilla/5.0 (compatible; MJ12bot/v1.4.8; http://mj12bot.com/)" "nacaomestica.org"
135.181.73.59 - - [07/Nov/2022:17:43:44 -0800] "GET /blog4/?feed=rss2&p=10888 HTTP/1.1" 200 811 "-" "Mozilla/5.0 (compatible; MJ12bot/v1.4.8; http://mj12bot.com/)" "nacaomestica.org"
135.181.73.59 - - [07/Nov/2022:17:43:49 -0800] "GET /blog4/?feed=rss2&p=11055 HTTP/1.1" 200 805 "-" "Mozilla/5.0 (compatible; MJ12bot/v1.4.8; http://mj12bot.com/)" "nacaomestica.org"
135.181.73.59 - - [07/Nov/2022:17:43:54 -0800] "GET /blog4/?feed=rss2&p=11212 HTTP/1.1" 200 812 "-" "Mozilla/5.0 (compatible; MJ12bot/v1.4.8; http://mj12bot.com/)" "nacaomestica.org"
135.181.73.59 - - [07/Nov/2022:17:43:58 -0800] "GET /blog4/?feed=rss2&p=11294 HTTP/1.1" 200 832 "-" "Mozilla/5.0 (compatible; MJ12bot/v1.4.8; http://mj12bot.com/)" "nacaomestica.org"
72.14.201.202 - - [07/Nov/2022:17:44:18 -0800] "GET /blog4/?p=10834 HTTP/1.1" 200 75654 "-" "Mozilla/5.0 (Linux; Android 10; K) AppleWebKit/537.36 (KHTML, like Gecko) Chrome/107.0.0.0 Mobile Safari/537.36" "nacaomestica.org"
72.14.201.203 - - [07/Nov/2022:17:44:22 -0800] "GET /blog4/?p=7487 HTTP/1.1" 200 77152 "-" "Mozilla/5.0 (Linux; Android 10; K) AppleWebKit/537.36 (KHTML, like Gecko) Chrome/107.0.0.0 Mobile Safari/537.36" "nacaomestica.org"
135.181.73.59 - - [07/Nov/2022:17:44:36 -0800] "GET /blog4/?feed=rss2&p=1270 HTTP/1.1" 200 813 "-" "Mozilla/5.0 (compatible; MJ12bot/v1.4.8; http://mj12bot.com/)" "nacaomestica.org"
20.124.250.146 - - [07/Nov/2022:17:44:38 -0800] "GET /blog4/?paged=2 HTTP/1.1" 200 88966 "-" "Mozilla/5.0 (Linux; Android 7.0; SM-G930V Build/NRD90M) AppleWebKit/537.36 (KHTML, like Gecko) Chrome/59.0.3071.125 Mobile Safari/537.36" "nacaomestica.org"
179.250.98.96 - - [07/Nov/2022:17:44:45 -0800] "GET /blog4/wp-content/uploads/2017/01/Cx-ddydXUAAGzwC.jpg HTTP/1.1" 200 69505 "https://www.google.com/" "Mozilla/5.0 (Windows NT 10.0; Win64; x64) AppleWebKit/537.36 (KHTML, like Gecko) Chrome/106.0.0.0 Safari/537.36" "nacaomestica.org"
135.181.73.59 - - [07/Nov/2022:17:44:45 -0800] "GET /blog4/?feed=rss2&p=1288 HTTP/1.1" 200 797 "-" "Mozilla/5.0 (compatible; MJ12bot/v1.4.8; http://mj12bot.com/)" "nacaomestica.org"
10.213.116.69 - - [07/Nov/2022:17:44:50 -0800] "POST /blog4/wp-cron.php?doing_wp_cron=1667871890.7287130355834960937500 HTTP/1.1" 200 - "https://nacaomestica.org/blog4/wp-cron.php?doing_wp_cron=1667871890.7287130355834960937500" "WordPress/5.6.10; https://nacaomestica.org/blog4" "nacaomestica.org"
135.181.73.59 - - [07/Nov/2022:17:44:49 -0800] "GET /blog4/?feed=rss2&p=1297 HTTP/1.1" 200 793 "-" "Mozilla/5.0 (compatible; MJ12bot/v1.4.8; http://mj12bot.com/)" "nacaomestica.org"
114.119.139.88 - - [07/Nov/2022:17:44:51 -0800] "GET /blog4/?p_=%2B874&paged=123 HTTP/1.1" 200 120573 "https://nacaomestica.org/blog4/?p_=%2B874&paged=122" "Mozilla/5.0 (Linux; Android 7.0;) AppleWebKit/537.36 (KHTML, like Gecko) Mobile Safari/537.36 (compatible; PetalBot;+https://webmaster.petalsearch.com/site/petalbot)" "nacaomestica.org"
135.181.73.59 - - [07/Nov/2022:17:44:54 -0800] "GET /blog4/?feed=rss2&p=13028 HTTP/1.1" 200 804 "-" "Mozilla/5.0 (compatible; MJ12bot/v1.4.8; http://mj12bot.com/)" "nacaomestica.org"
135.181.73.59 - - [07/Nov/2022:17:44:59 -0800] "GET /blog4/?feed=rss2&p=13039 HTTP/1.1" 200 785 "-" "Mozilla/5.0 (compatible; MJ12bot/v1.4.8; http://mj12bot.com/)" "nacaomestica.org"
135.181.73.59 - - [07/Nov/2022:17:45:02 -0800] "GET /blog4/?feed=rss2&p=13096 HTTP/1.1" 200 815 "-" "Mozilla/5.0 (compatible; MJ12bot/v1.4.8; http://mj12bot.com/)" "nacaomestica.org"
51.222.253.16 - - [07/Nov/2022:17:45:04 -0800] "GET /blog4/?p=24287 HTTP/1.1" 200 73891 "-" "Mozilla/5.0 (compatible; AhrefsBot/7.0; +http://ahrefs.com/robot/)" "nacaomestica.org"
186.144.25.86 - - [07/Nov/2022:17:44:10 -0800] "GET /blog4/wp-content/uploads/2018/04/francisca-pizarro-tr.jpg HTTP/1.1" 200 45680 "https://www.google.com/" "Mozilla/5.0 (Windows NT 10.0; Win64; x64) AppleWebKit/537.36 (KHTML, like Gecko) Chrome/107.0.0.0 Safari/537.36" "nacaomestica.org"
135.181.73.59 - - [07/Nov/2022:17:45:06 -0800] "GET /blog4/?feed=rss2&p=13110 HTTP/1.1" 200 822 "-" "Mozilla/5.0 (compatible; MJ12bot/v1.4.8; http://mj12bot.com/)" "nacaomestica.org"
31.13.127.20 - - [07/Nov/2022:17:45:27 -0800] "GET /blog4/wp-content/uploads/2015/10/LEIS-DO-RACISMO.png HTTP/1.1" 200 374171 "-" "facebookexternalhit/1.1 (+http://www.facebook.com/externalhit_uatext.php)" "nacaomestica.org"
72.14.201.201 - - [07/Nov/2022:17:45:30 -0800] "GET /pardo.htm HTTP/1.1" 200 4096 "-" "Mozilla/5.0 (Linux; Android 10; K) AppleWebKit/537.36 (KHTML, like Gecko) Chrome/107.0.0.0 Mobile Safari/537.36" "www.nacaomestica.org"
31.13.127.119 - - [07/Nov/2022:17:45:30 -0800] "GET /blog4/wp-content/uploads/2022/09/ufal2.jpg HTTP/1.1" 200 46375 "-" "facebookexternalhit/1.1 (+http://www.facebook.com/externalhit_uatext.php)" "nacaomestica.org"
135.181.73.59 - - [07/Nov/2022:17:45:37 -0800] "GET /blog4/?feed=rss2&p=13274 HTTP/1.1" 200 817 "-" "Mozilla/5.0 (compatible; MJ12bot/v1.4.8; http://mj12bot.com/)" "nacaomestica.org"
135.181.73.59 - - [07/Nov/2022:17:45:16 -0800] "GET /blog4/?feed=rss2&p=13236 HTTP/1.1" 200 835 "-" "Mozilla/5.0 (compatible; MJ12bot/v1.4.8; http://mj12bot.com/)" "nacaomestica.org"
135.181.73.59 - - [07/Nov/2022:17:44:32 -0800] "GET /blog4/?feed=rss2&p=12692 HTTP/1.1" 200 778 "-" "Mozilla/5.0 (compatible; MJ12bot/v1.4.8; http://mj12bot.com/)" "nacaomestica.org"
135.181.73.59 - - [07/Nov/2022:17:45:41 -0800] "GET /blog4/?feed=rss2&p=13406 HTTP/1.1" 200 821 "-" "Mozilla/5.0 (compatible; MJ12bot/v1.4.8; http://mj12bot.com/)" "nacaomestica.org"
135.181.73.59 - - [07/Nov/2022:17:45:53 -0800] "GET /blog4/?feed=rss2&p=13482 HTTP/1.1" 200 827 "-" "Mozilla/5.0 (compatible; MJ12bot/v1.4.8; http://mj12bot.com/)" "nacaomestica.org"
135.181.73.59 - - [07/Nov/2022:17:45:57 -0800] "GET /blog4/?feed=rss2&p=1369 HTTP/1.1" 200 771 "-" "Mozilla/5.0 (compatible; MJ12bot/v1.4.8; http://mj12bot.com/)" "nacaomestica.org"
135.181.73.59 - - [07/Nov/2022:17:46:00 -0800] "GET /blog4/?feed=rss2&p=14477 HTTP/1.1" 200 792 "-" "Mozilla/5.0 (compatible; MJ12bot/v1.4.8; http://mj12bot.com/)" "nacaomestica.org"
135.181.73.59 - - [07/Nov/2022:17:46:04 -0800] "GET /blog4/?feed=rss2&p=1453 HTTP/1.1" 200 827 "-" "Mozilla/5.0 (compatible; MJ12bot/v1.4.8; http://mj12bot.com/)" "nacaomestica.org"
135.181.73.59 - - [07/Nov/2022:17:46:09 -0800] "GET /blog4/?feed=rss2&p=1589 HTTP/1.1" 200 809 "-" "Mozilla/5.0 (compatible; MJ12bot/v1.4.8; http://mj12bot.com/)" "nacaomestica.org"
135.181.73.59 - - [07/Nov/2022:17:46:12 -0800] "GET /blog4/?feed=rss2&p=159 HTTP/1.1" 200 787 "-" "Mozilla/5.0 (compatible; MJ12bot/v1.4.8; http://mj12bot.com/)" "nacaomestica.org"
114.119.139.66 - - [07/Nov/2022:17:46:13 -0800] "GET /blog4/?p=2877 HTTP/1.1" 200 79151 "https://nacaomestica.org/blog4?p1603&paged=205" "Mozilla/5.0 (Linux; Android 7.0;) AppleWebKit/537.36 (KHTML, like Gecko) Mobile Safari/537.36 (compatible; PetalBot;+https://webmaster.petalsearch.com/site/petalbot)" "nacaomestica.org"
135.181.73.59 - - [07/Nov/2022:17:46:16 -0800] "GET /blog4/?feed=rss2&p=15911 HTTP/1.1" 200 816 "-" "Mozilla/5.0 (compatible; MJ12bot/v1.4.8; http://mj12bot.com/)" "nacaomestica.org"
189.14.169.212 - - [07/Nov/2022:17:46:19 -0800] "GET /blog4/wp-content/uploads/2019/11/GRAFICO04_DIFERENCA_INDIO_INDIGENA3-1024x576.png HTTP/1.1" 200 143078 "https://www.google.com/" "Mozilla/5.0 (Windows NT 10.0; Win64; x64) AppleWebKit/537.36 (KHTML, like Gecko) Chrome/107.0.0.0 Safari/537.36" "nacaomestica.org"
135.181.73.59 - - [07/Nov/2022:17:46:20 -0800] "GET /blog4/?feed=rss2&p=1614 HTTP/1.1" 200 1450 "-" "Mozilla/5.0 (compatible; MJ12bot/v1.4.8; http://mj12bot.com/)" "nacaomestica.org"
135.181.73.59 - - [07/Nov/2022:17:46:24 -0800] "GET /blog4/?feed=rss2&p=167 HTTP/1.1" 200 11114 "-" "Mozilla/5.0 (compatible; MJ12bot/v1.4.8; http://mj12bot.com/)" "nacaomestica.org"
189.14.169.212 - - [07/Nov/2022:17:46:30 -0800] "GET /blog4/wp-content/themes/carrington-blog/carrington-core/lightbox/thickbox.js?ver=1.0 HTTP/1.1" 200 3903 "https://nacaomestica.org/blog4/?p=29821" "Mozilla/5.0 (Windows NT 10.0; Win64; x64) AppleWebKit/537.36 (KHTML, like Gecko) Chrome/107.0.0.0 Safari/537.36" "nacaomestica.org"
189.14.169.212 - - [07/Nov/2022:17:46:30 -0800] "GET /blog4/wp-content/themes/carrington-blog/css/css.php HTTP/1.1" 200 4963 "https://nacaomestica.org/blog4/?p=29821" "Mozilla/5.0 (Windows NT 10.0; Win64; x64) AppleWebKit/537.36 (KHTML, like Gecko) Chrome/107.0.0.0 Safari/537.36" "nacaomestica.org"
189.14.169.212 - - [07/Nov/2022:17:46:30 -0800] "GET /blog4/wp-content/themes/carrington-blog/carrington-core/lightbox/css/thickbox.css HTTP/1.1" 200 975 "https://nacaomestica.org/blog4/?p=29821" "Mozilla/5.0 (Windows NT 10.0; Win64; x64) AppleWebKit/537.36 (KHTML, like Gecko) Chrome/107.0.0.0 Safari/537.36" "nacaomestica.org"
189.14.169.212 - - [07/Nov/2022:17:46:30 -0800] "GET /blog4/wp-includes/js/jquery/jquery-migrate.min.js?ver=3.3.2 HTTP/1.1" 200 4169 "https://nacaomestica.org/blog4/?p=29821" "Mozilla/5.0 (Windows NT 10.0; Win64; x64) AppleWebKit/537.36 (KHTML, like Gecko) Chrome/107.0.0.0 Safari/537.36" "nacaomestica.org"
189.14.169.212 - - [07/Nov/2022:17:46:26 -0800] "GET /blog4/?p=29821 HTTP/1.1" 200 74237 "https://www.google.com/" "Mozilla/5.0 (Windows NT 10.0; Win64; x64) AppleWebKit/537.36 (KHTML, like Gecko) Chrome/107.0.0.0 Safari/537.36" "nacaomestica.org"
189.14.169.212 - - [07/Nov/2022:17:46:30 -0800] "GET /blog4/wp-content/themes/carrington-blog/js/carrington.js?ver=1.0 HTTP/1.1" 200 1229 "https://nacaomestica.org/blog4/?p=29821" "Mozilla/5.0 (Windows NT 10.0; Win64; x64) AppleWebKit/537.36 (KHTML, like Gecko) Chrome/107.0.0.0 Safari/537.36" "nacaomestica.org"
189.14.169.212 - - [07/Nov/2022:17:46:30 -0800] "GET /blog4/wp-includes/js/jquery/jquery.min.js?ver=3.5.1 HTTP/1.1" 200 30916 "https://nacaomestica.org/blog4/?p=29821" "Mozilla/5.0 (Windows NT 10.0; Win64; x64) AppleWebKit/537.36 (KHTML, like Gecko) Chrome/107.0.0.0 Safari/537.36" "nacaomestica.org"
20.109.241.80 - - [07/Nov/2022:17:46:30 -0800] "GET /estatuto_racial.jpg HTTP/1.1" 200 26082 "http://nacaomestica.org" "Mozilla/5.0 (Windows NT 10.0; Win64; x64) AppleWebKit/537.36 (KHTML, like Gecko) Chrome/74.0.3729.157 Safari/537.36" "nacaomestica.org"
135.181.73.59 - - [07/Nov/2022:17:46:29 -0800] "GET /blog4/?feed=rss2&p=16759 HTTP/1.1" 200 793 "-" "Mozilla/5.0 (compatible; MJ12bot/v1.4.8; http://mj12bot.com/)" "nacaomestica.org"
189.14.169.212 - - [07/Nov/2022:17:46:31 -0800] "GET /blog4/wp-includes/js/mediaelement/wp-mediaelement.min.css?ver=5.6.10 HTTP/1.1" 200 1156 "https://nacaomestica.org/blog4/?p=29821" "Mozilla/5.0 (Windows NT 10.0; Win64; x64) AppleWebKit/537.36 (KHTML, like Gecko) Chrome/107.0.0.0 Safari/537.36" "nacaomestica.org"
189.14.169.212 - - [07/Nov/2022:17:46:31 -0800] "GET /blog4/wp-content/uploads/2015/04/ONCA_SITE2.png HTTP/1.1" 200 296324 "https://nacaomestica.org/blog4/?p=29821" "Mozilla/5.0 (Windows NT 10.0; Win64; x64) AppleWebKit/537.36 (KHTML, like Gecko) Chrome/107.0.0.0 Safari/537.36" "nacaomestica.org"
189.14.169.212 - - [07/Nov/2022:17:46:31 -0800] "GET /blog4/wp-includes/js/mediaelement/wp-mediaelement.min.js?ver=5.6.10 HTTP/1.1" 200 475 "https://nacaomestica.org/blog4/?p=29821" "Mozilla/5.0 (Windows NT 10.0; Win64; x64) AppleWebKit/537.36 (KHTML, like Gecko) Chrome/107.0.0.0 Safari/537.36" "nacaomestica.org"
189.14.169.212 - - [07/Nov/2022:17:46:31 -0800] "GET /blog4/wp-includes/js/wp-emoji-release.min.js?ver=5.6.10 HTTP/1.1" 200 4662 "https://nacaomestica.org/blog4/?p=29821" "Mozilla/5.0 (Windows NT 10.0; Win64; x64) AppleWebKit/537.36 (KHTML, like Gecko) Chrome/107.0.0.0 Safari/537.36" "nacaomestica.org"
189.14.169.212 - - [07/Nov/2022:17:46:31 -0800] "GET /blog4/wp-includes/js/wp-embed.min.js?ver=5.6.10 HTTP/1.1" 200 765 "https://nacaomestica.org/blog4/?p=29821" "Mozilla/5.0 (Windows NT 10.0; Win64; x64) AppleWebKit/537.36 (KHTML, like Gecko) Chrome/107.0.0.0 Safari/537.36" "nacaomestica.org"
189.14.169.212 - - [07/Nov/2022:17:46:31 -0800] "GET /blog4/wp-includes/js/mediaelement/mediaelement-and-player.min.js?ver=4.2.16 HTTP/1.1" 200 38657 "https://nacaomestica.org/blog4/?p=29821" "Mozilla/5.0 (Windows NT 10.0; Win64; x64) AppleWebKit/537.36 (KHTML, like Gecko) Chrome/107.0.0.0 Safari/537.36" "nacaomestica.org"
189.14.169.212 - - [07/Nov/2022:17:46:31 -0800] "GET /blog4/wp-includes/js/mediaelement/mediaelementplayer-legacy.min.css?ver=4.2.16 HTTP/1.1" 200 2592 "https://nacaomestica.org/blog4/?p=29821" "Mozilla/5.0 (Windows NT 10.0; Win64; x64) AppleWebKit/537.36 (KHTML, like Gecko) Chrome/107.0.0.0 Safari/537.36" "nacaomestica.org"
189.14.169.212 - - [07/Nov/2022:17:46:31 -0800] "GET /blog4/wp-content/themes/carrington-blog/img/dropdown-divider.gif HTTP/1.1" 200 144 "https://nacaomestica.org/blog4/wp-content/themes/carrington-blog/css/css.php" "Mozilla/5.0 (Windows NT 10.0; Win64; x64) AppleWebKit/537.36 (KHTML, like Gecko) Chrome/107.0.0.0 Safari/537.36" "nacaomestica.org"
189.14.169.212 - - [07/Nov/2022:17:46:31 -0800] "GET /blog4/wp-content/plugins/wp-spamshield/js/jscripts-ftr2-min.js HTTP/1.1" 200 637 "https://nacaomestica.org/blog4/?p=29821" "Mozilla/5.0 (Windows NT 10.0; Win64; x64) AppleWebKit/537.36 (KHTML, like Gecko) Chrome/107.0.0.0 Safari/537.36" "nacaomestica.org"
189.14.169.212 - - [07/Nov/2022:17:46:31 -0800] "GET /blog4/wp-includes/js/mediaelement/mediaelement-migrate.min.js?ver=5.6.10 HTTP/1.1" 200 544 "https://nacaomestica.org/blog4/?p=29821" "Mozilla/5.0 (Windows NT 10.0; Win64; x64) AppleWebKit/537.36 (KHTML, like Gecko) Chrome/107.0.0.0 Safari/537.36" "nacaomestica.org"
189.14.169.212 - - [07/Nov/2022:17:46:31 -0800] "GET /blog4/wp-content/themes/carrington-blog/img/comments-divider.gif HTTP/1.1" 200 6855 "https://nacaomestica.org/blog4/wp-content/themes/carrington-blog/css/css.php" "Mozilla/5.0 (Windows NT 10.0; Win64; x64) AppleWebKit/537.36 (KHTML, like Gecko) Chrome/107.0.0.0 Safari/537.36" "nacaomestica.org"
189.14.169.212 - - [07/Nov/2022:17:46:31 -0800] "GET /blog4/wp-content/themes/carrington-blog/img/sub-header-border-bottom.gif HTTP/1.1" 200 43 "https://nacaomestica.org/blog4/wp-content/themes/carrington-blog/css/css.php" "Mozilla/5.0 (Windows NT 10.0; Win64; x64) AppleWebKit/537.36 (KHTML, like Gecko) Chrome/107.0.0.0 Safari/537.36" "nacaomestica.org"
189.14.169.212 - - [07/Nov/2022:17:46:31 -0800] "GET /blog4/wp-includes/js/mediaelement/renderers/vimeo.min.js?ver=4.2.16 HTTP/1.1" 200 2284 "https://nacaomestica.org/blog4/?p=29821" "Mozilla/5.0 (Windows NT 10.0; Win64; x64) AppleWebKit/537.36 (KHTML, like Gecko) Chrome/107.0.0.0 Safari/537.36" "nacaomestica.org"
189.14.169.212 - - [07/Nov/2022:17:46:31 -0800] "GET /blog4/wp-content/themes/carrington-blog/img/header/gradient-dark.png HTTP/1.1" 200 2877 "https://nacaomestica.org/blog4/?p=29821" "Mozilla/5.0 (Windows NT 10.0; Win64; x64) AppleWebKit/537.36 (KHTML, like Gecko) Chrome/107.0.0.0 Safari/537.36" "nacaomestica.org"
189.14.169.212 - - [07/Nov/2022:17:46:32 -0800] "GET /blog4/wp-content/uploads/2019/11/GRAFICO04_DIFERENCA_INDIO_INDIGENA3-768x432.png HTTP/1.1" 200 107987 "https://nacaomestica.org/blog4/?p=29821" "Mozilla/5.0 (Windows NT 10.0; Win64; x64) AppleWebKit/537.36 (KHTML, like Gecko) Chrome/107.0.0.0 Safari/537.36" "nacaomestica.org"
189.14.169.212 - - [07/Nov/2022:17:46:31 -0800] "GET /blog4/wp-content/themes/carrington-blog/img/comment.gif HTTP/1.1" 200 370 "https://nacaomestica.org/blog4/wp-content/themes/carrington-blog/css/css.php" "Mozilla/5.0 (Windows NT 10.0; Win64; x64) AppleWebKit/537.36 (KHTML, like Gecko) Chrome/107.0.0.0 Safari/537.36" "nacaomestica.org"
189.14.169.212 - - [07/Nov/2022:17:46:31 -0800] "GET /blog4/wp-content/themes/carrington-blog/img/rss-button.gif HTTP/1.1" 200 2208 "https://nacaomestica.org/blog4/?p=29821" "Mozilla/5.0 (Windows NT 10.0; Win64; x64) AppleWebKit/537.36 (KHTML, like Gecko) Chrome/107.0.0.0 Safari/537.36" "nacaomestica.org"
189.14.169.212 - - [07/Nov/2022:17:46:32 -0800] "GET /blog4/wp-content/themes/carrington-blog/img/watermark-light.gif HTTP/1.1" 200 31981 "https://nacaomestica.org/blog4/wp-content/themes/carrington-blog/css/css.php" "Mozilla/5.0 (Windows NT 10.0; Win64; x64) AppleWebKit/537.36 (KHTML, like Gecko) Chrome/107.0.0.0 Safari/537.36" "nacaomestica.org"
189.14.169.212 - - [07/Nov/2022:17:46:32 -0800] "GET /blog4/wp-content/themes/carrington-blog/img/divider-ornament.gif HTTP/1.1" 200 778 "https://nacaomestica.org/blog4/wp-content/themes/carrington-blog/css/css.php" "Mozilla/5.0 (Windows NT 10.0; Win64; x64) AppleWebKit/537.36 (KHTML, like Gecko) Chrome/107.0.0.0 Safari/537.36" "nacaomestica.org"
189.14.169.212 - - [07/Nov/2022:17:46:32 -0800] "GET /blog4/wp-content/themes/carrington-blog/img/sidebar-background.gif HTTP/1.1" 200 1515 "https://nacaomestica.org/blog4/wp-content/themes/carrington-blog/css/css.php" "Mozilla/5.0 (Windows NT 10.0; Win64; x64) AppleWebKit/537.36 (KHTML, like Gecko) Chrome/107.0.0.0 Safari/537.36" "nacaomestica.org"
189.14.169.212 - - [07/Nov/2022:17:46:32 -0800] "GET /blog4/wp-content/themes/carrington-blog/img/arrow-bullet.gif HTTP/1.1" 200 50 "https://nacaomestica.org/blog4/wp-content/themes/carrington-blog/css/css.php" "Mozilla/5.0 (Windows NT 10.0; Win64; x64) AppleWebKit/537.36 (KHTML, like Gecko) Chrome/107.0.0.0 Safari/537.36" "nacaomestica.org"
189.14.169.212 - - [07/Nov/2022:17:46:32 -0800] "GET /blog4/wp-content/themes/carrington-blog/img/grey-to-white-gradient.png HTTP/1.1" 200 153 "https://nacaomestica.org/blog4/wp-content/themes/carrington-blog/css/css.php" "Mozilla/5.0 (Windows NT 10.0; Win64; x64) AppleWebKit/537.36 (KHTML, like Gecko) Chrome/107.0.0.0 Safari/537.36" "nacaomestica.org"
189.14.169.212 - - [07/Nov/2022:17:46:32 -0800] "GET /blog4/wp-content/themes/carrington-blog/img/footer/divider-ornament-wide-light.png HTTP/1.1" 200 1601 "https://nacaomestica.org/blog4/wp-content/themes/carrington-blog/css/css.php" "Mozilla/5.0 (Windows NT 10.0; Win64; x64) AppleWebKit/537.36 (KHTML, like Gecko) Chrome/107.0.0.0 Safari/537.36" "nacaomestica.org"
189.14.169.212 - - [07/Nov/2022:17:46:32 -0800] "GET /blog4/wp-content/themes/carrington-blog/img/footer/gradient-light.png HTTP/1.1" 200 172 "https://nacaomestica.org/blog4/?p=29821" "Mozilla/5.0 (Windows NT 10.0; Win64; x64) AppleWebKit/537.36 (KHTML, like Gecko) Chrome/107.0.0.0 Safari/537.36" "nacaomestica.org"
189.14.169.212 - - [07/Nov/2022:17:46:32 -0800] "GET /blog4/wp-content/themes/carrington-blog/img/footer/by-crowd-favorite-light.png HTTP/1.1" 200 2825 "https://nacaomestica.org/blog4/?p=29821" "Mozilla/5.0 (Windows NT 10.0; Win64; x64) AppleWebKit/537.36 (KHTML, like Gecko) Chrome/107.0.0.0 Safari/537.36" "nacaomestica.org"
189.14.169.212 - - [07/Nov/2022:17:46:32 -0800] "GET /blog4/wp-content/uploads/2018/08/livro_mestico_CAPA-2peq.png HTTP/1.1" 200 35385 "https://nacaomestica.org/blog4/?p=29821" "Mozilla/5.0 (Windows NT 10.0; Win64; x64) AppleWebKit/537.36 (KHTML, like Gecko) Chrome/107.0.0.0 Safari/537.36" "nacaomestica.org"
135.181.73.59 - - [07/Nov/2022:17:46:32 -0800] "GET /blog4/?feed=rss2&p=17636 HTTP/1.1" 200 822 "-" "Mozilla/5.0 (compatible; MJ12bot/v1.4.8; http://mj12bot.com/)" "nacaomestica.org"
189.14.169.212 - - [07/Nov/2022:17:46:35 -0800] "GET /blog4/wp-content/themes/carrington-blog/carrington-core/lightbox/img/loadingAnimation.gif HTTP/1.1" 200 5886 "https://nacaomestica.org/blog4/?p=29821" "Mozilla/5.0 (Windows NT 10.0; Win64; x64) AppleWebKit/537.36 (KHTML, like Gecko) Chrome/107.0.0.0 Safari/537.36" "nacaomestica.org"
189.14.169.212 - - [07/Nov/2022:17:46:35 -0800] "GET /blog4/wp-includes/js/mediaelement/mejs-controls.svg HTTP/1.1" 200 1413 "https://nacaomestica.org/blog4/wp-includes/js/mediaelement/mediaelementplayer-legacy.min.css?ver=4.2.16" "Mozilla/5.0 (Windows NT 10.0; Win64; x64) AppleWebKit/537.36 (KHTML, like Gecko) Chrome/107.0.0.0 Safari/537.36" "nacaomestica.org"
135.181.73.59 - - [07/Nov/2022:17:46:36 -0800] "GET /blog4/?feed=rss2&p=17786 HTTP/1.1" 200 789 "-" "Mozilla/5.0 (compatible; MJ12bot/v1.4.8; http://mj12bot.com/)" "nacaomestica.org"
189.14.169.212 - - [07/Nov/2022:17:46:39 -0800] "GET /favicon.ico HTTP/1.1" 200 676 "https://nacaomestica.org/blog4/?p=29821" "Mozilla/5.0 (Windows NT 10.0; Win64; x64) AppleWebKit/537.36 (KHTML, like Gecko) Chrome/107.0.0.0 Safari/537.36" "nacaomestica.org"
135.181.73.59 - - [07/Nov/2022:17:46:40 -0800] "GET /blog4/?feed=rss2&p=2068 HTTP/1.1" 200 783 "-" "Mozilla/5.0 (compatible; MJ12bot/v1.4.8; http://mj12bot.com/)" "nacaomestica.org"
135.181.73.59 - - [07/Nov/2022:17:46:44 -0800] "GET /blog4/?feed=rss2&p=21681 HTTP/1.1" 200 841 "-" "Mozilla/5.0 (compatible; MJ12bot/v1.4.8; http://mj12bot.com/)" "nacaomestica.org"
135.181.73.59 - - [07/Nov/2022:17:46:48 -0800] "GET /blog4/?feed=rss2&p=21690 HTTP/1.1" 200 801 "-" "Mozilla/5.0 (compatible; MJ12bot/v1.4.8; http://mj12bot.com/)" "nacaomestica.org"
189.18.184.75 - - [07/Nov/2022:17:46:52 -0800] "GET /blog4/wp-content/uploads/2016/02/mesticos_sombra-2.png HTTP/1.1" 200 191787 "https://www.google.com/" "Mozilla/5.0 (Windows NT 10.0; Win64; x64) AppleWebKit/537.36 (KHTML, like Gecko) Chrome/107.0.0.0 Safari/537.36" "nacaomestica.org"
135.181.73.59 - - [07/Nov/2022:17:46:52 -0800] "GET /blog4/?feed=rss2&p=22662 HTTP/1.1" 200 826 "-" "Mozilla/5.0 (compatible; MJ12bot/v1.4.8; http://mj12bot.com/)" "nacaomestica.org"
10.213.116.70 - - [07/Nov/2022:17:46:54 -0800] "POST /blog4/wp-cron.php?doing_wp_cron=1667872014.1143290996551513671875 HTTP/1.1" 200 - "https://nacaomestica.org/blog4/wp-cron.php?doing_wp_cron=1667872014.1143290996551513671875" "WordPress/5.6.10; https://nacaomestica.org/blog4" "nacaomestica.org"
135.181.73.59 - - [07/Nov/2022:17:47:02 -0800] "GET /blog4/?feed=rss2&p=23694 HTTP/1.1" 200 835 "-" "Mozilla/5.0 (compatible; MJ12bot/v1.4.8; http://mj12bot.com/)" "nacaomestica.org"
135.181.73.59 - - [07/Nov/2022:17:47:17 -0800] "GET /blog4/?feed=rss2&p=238 HTTP/1.1" 200 804 "-" "Mozilla/5.0 (compatible; MJ12bot/v1.4.8; http://mj12bot.com/)" "nacaomestica.org"
135.181.73.59 - - [07/Nov/2022:17:47:06 -0800] "GET /blog4/?feed=rss2&p=23694 HTTP/1.1" 200 835 "-" "Mozilla/5.0 (compatible; MJ12bot/v1.4.8; http://mj12bot.com/)" "nacaomestica.org"
135.181.73.59 - - [07/Nov/2022:17:47:24 -0800] "GET /blog4/?feed=rss2&p=2514 HTTP/1.1" 200 1916 "-" "Mozilla/5.0 (compatible; MJ12bot/v1.4.8; http://mj12bot.com/)" "nacaomestica.org"
114.119.156.56 - - [07/Nov/2022:17:47:44 -0800] "GET /blog4?feed=rss2&p=11132 HTTP/1.1" 301 1430 "https://nacaomestica.org/blog4?p=11132" "Mozilla/5.0 (Linux; Android 7.0;) AppleWebKit/537.36 (KHTML, like Gecko) Mobile Safari/537.36 (compatible; PetalBot;+https://webmaster.petalsearch.com/site/petalbot)" "nacaomestica.org"
114.119.156.56 - - [07/Nov/2022:17:47:46 -0800] "GET /blog4/?feed=rss2&p=11132 HTTP/1.1" 200 903 "https://nacaomestica.org/blog4?p=11132" "Mozilla/5.0 (Linux; Android 7.0;) AppleWebKit/537.36 (KHTML, like Gecko) Mobile Safari/537.36 (compatible; PetalBot;+https://webmaster.petalsearch.com/site/petalbot)" "nacaomestica.org"
135.181.73.59 - - [07/Nov/2022:17:47:54 -0800] "GET /blog4/?feed=rss2&p=313 HTTP/1.1" 200 1680 "-" "Mozilla/5.0 (compatible; MJ12bot/v1.4.8; http://mj12bot.com/)" "nacaomestica.org"
135.181.73.59 - - [07/Nov/2022:17:47:33 -0800] "GET /blog4/?feed=rss2&p=2514 HTTP/1.1" 200 1916 "-" "Mozilla/5.0 (compatible; MJ12bot/v1.4.8; http://mj12bot.com/)" "nacaomestica.org"
135.181.73.59 - - [07/Nov/2022:17:47:58 -0800] "GET /blog4/?feed=rss2&p=3741 HTTP/1.1" 200 6295 "-" "Mozilla/5.0 (compatible; MJ12bot/v1.4.8; http://mj12bot.com/)" "nacaomestica.org"
177.180.99.89 - - [07/Nov/2022:17:48:00 -0800] "GET /blog4/wp-content/uploads/2016/02/mesticos_sombra-2.png HTTP/1.1" 200 191787 "-" "com.google.android.googlequicksearchbox/301212707 (Linux; U; Android 10; pt_BR; motorola one fusion; Build/QPLS30.62-41-8; Cronet/107.0.5284.2)" "nacaomestica.org"
45.172.196.140 - - [07/Nov/2022:17:48:02 -0800] "GET /blog4/wp-content/uploads/2018/08/01candidatospres.jpg HTTP/1.1" 200 160293 "https://www.google.com/" "Mozilla/5.0 (Windows NT 10.0; Win64; x64) AppleWebKit/537.36 (KHTML, like Gecko) Chrome/107.0.0.0 Safari/537.36" "nacaomestica.org"
51.222.253.19 - - [07/Nov/2022:17:48:02 -0800] "GET /blog4/?attachment_id=17438&feed=rss2 HTTP/1.1" 301 - "-" "Mozilla/5.0 (compatible; AhrefsBot/7.0; +http://ahrefs.com/robot/)" "nacaomestica.org"
135.181.73.59 - - [07/Nov/2022:17:48:02 -0800] "GET /blog4/?feed=rss2&p=4055 HTTP/1.1" 200 809 "-" "Mozilla/5.0 (compatible; MJ12bot/v1.4.8; http://mj12bot.com/)" "nacaomestica.org"
179.98.166.147 - - [07/Nov/2022:17:48:10 -0800] "GET /blog4/wp-content/uploads/2018/10/haddad.jpg HTTP/1.1" 200 30459 "https://www.google.com/" "Mozilla/5.0 (Windows NT 10.0; Win64; x64) AppleWebKit/537.36 (KHTML, like Gecko) Chrome/107.0.0.0 Safari/537.36" "nacaomestica.org"
51.222.253.20 - - [07/Nov/2022:17:48:53 -0800] "GET /blog4/index.php/feed/?attachment_id=14666 HTTP/1.1" 301 - "-" "Mozilla/5.0 (compatible; AhrefsBot/7.0; +http://ahrefs.com/robot/)" "nacaomestica.org"
10.213.116.68 - - [07/Nov/2022:17:49:02 -0800] "POST /blog4/wp-cron.php?doing_wp_cron=1667872142.3996510505676269531250 HTTP/1.1" 200 - "https://nacaomestica.org/blog4/wp-cron.php?doing_wp_cron=1667872142.3996510505676269531250" "WordPress/5.6.10; https://nacaomestica.org/blog4" "nacaomestica.org"
114.119.156.56 - - [07/Nov/2022:17:49:22 -0800] "GET /blog4?feed=rss2&p=2645 HTTP/1.1" 301 1430 "https://nacaomestica.org/blog4?p=2645" "Mozilla/5.0 (Linux; Android 7.0;) AppleWebKit/537.36 (KHTML, like Gecko) Mobile Safari/537.36 (compatible; PetalBot;+https://webmaster.petalsearch.com/site/petalbot)" "nacaomestica.org"
114.119.156.56 - - [07/Nov/2022:17:49:29 -0800] "GET /blog4/?feed=rss2&p=2645 HTTP/1.1" 200 805 "https://nacaomestica.org/blog4?p=2645" "Mozilla/5.0 (Linux; Android 7.0;) AppleWebKit/537.36 (KHTML, like Gecko) Mobile Safari/537.36 (compatible; PetalBot;+https://webmaster.petalsearch.com/site/petalbot)" "nacaomestica.org"
45.227.80.79 - - [07/Nov/2022:17:50:09 -0800] "GET /blog4/wp-content/uploads/2012/12/racism_evolution3.jpg HTTP/1.1" 200 177457 "https://www.google.com/" "Mozilla/5.0 (Windows NT 10.0; Win64; x64) AppleWebKit/537.36 (KHTML, like Gecko) Chrome/107.0.0.0 Safari/537.36" "nacaomestica.org"
51.222.253.4 - - [07/Nov/2022:17:50:09 -0800] "GET /blog4/?p=1710 HTTP/1.1" 200 75653 "-" "Mozilla/5.0 (compatible; AhrefsBot/7.0; +http://ahrefs.com/robot/)" "nacaomestica.org"
72.14.201.201 - - [07/Nov/2022:17:50:23 -0800] "GET /blog4/?p=8456 HTTP/1.1" 200 172662 "-" "Mozilla/5.0 (Linux; Android 10; K) AppleWebKit/537.36 (KHTML, like Gecko) Chrome/107.0.0.0 Mobile Safari/537.36" "nacaomestica.org"
114.119.139.59 - - [07/Nov/2022:17:50:35 -0800] "GET /blog4?fb_comment_id=1379731225434269_1379766575430734&paged=33 HTTP/1.1" 301 1460 "https://nacaomestica.org/blog4?fb_comment_id=1379731225434269_1379766575430734&paged=32" "Mozilla/5.0 (Linux; Android 7.0;) AppleWebKit/537.36 (KHTML, like Gecko) Mobile Safari/537.36 (compatible; PetalBot;+https://webmaster.petalsearch.com/site/petalbot)" "nacaomestica.org"
114.119.139.59 - - [07/Nov/2022:17:50:36 -0800] "GET /blog4/?fb_comment_id=1379731225434269_1379766575430734&paged=33 HTTP/1.1" 200 89830 "https://nacaomestica.org/blog4?fb_comment_id=1379731225434269_1379766575430734&paged=32" "Mozilla/5.0 (Linux; Android 7.0;) AppleWebKit/537.36 (KHTML, like Gecko) Mobile Safari/537.36 (compatible; PetalBot;+https://webmaster.petalsearch.com/site/petalbot)" "nacaomestica.org"
18.204.166.15 - - [07/Nov/2022:17:51:01 -0800] "GET /blog4/wp-content/uploads/2016/12/michel_temer_by_abr.jpg HTTP/1.1" 200 60103 "-" "Mozilla/5.0 (Macintosh; Intel Mac OS X 10_8_4) AppleWebKit/537.36 (KHTML, like Gecko) Chrome/49.0.2656.18 Safari/537.36" "nacaomestica.org"
179.251.243.187 - - [07/Nov/2022:17:51:45 -0800] "GET /blog4/wp-content/uploads/2018/08/01candidatospres.jpg HTTP/1.1" 200 160293 "https://www.google.com/" "Mozilla/5.0 (Windows NT 10.0; Win64; x64) AppleWebKit/537.36 (KHTML, like Gecko) Chrome/105.0.0.0 Safari/537.36 OPR/91.0.4516.106" "nacaomestica.org"
51.222.253.12 - - [07/Nov/2022:17:51:53 -0800] "GET /blog4/?feed=rss2&p=18413 HTTP/1.1" 200 802 "-" "Mozilla/5.0 (compatible; AhrefsBot/7.0; +http://ahrefs.com/robot/)" "nacaomestica.org"
10.213.116.69 - - [07/Nov/2022:17:51:55 -0800] "POST /blog4/wp-cron.php?doing_wp_cron=1667872315.8621239662170410156250 HTTP/1.1" 200 - "https://nacaomestica.org/blog4/wp-cron.php?doing_wp_cron=1667872315.8621239662170410156250" "WordPress/5.6.10; https://nacaomestica.org/blog4" "nacaomestica.org"
114.119.156.56 - - [07/Nov/2022:17:52:31 -0800] "GET /blog4/?paged=154 HTTP/1.1" 200 126593 "https://nacaomestica.org/blog4/?paged=153" "Mozilla/5.0 (Linux; Android 7.0;) AppleWebKit/537.36 (KHTML, like Gecko) Mobile Safari/537.36 (compatible; PetalBot;+https://webmaster.petalsearch.com/site/petalbot)" "nacaomestica.org"
193.186.4.202 - - [07/Nov/2022:17:53:00 -0800] "GET /blog4/?p=29811 HTTP/1.1" 200 77375 "-" "Mozilla/5.0 (Linux; Android 10; K) AppleWebKit/537.36 (KHTML, like Gecko) Chrome/106.0.0.0 Mobile Safari/537.36" "nacaomestica.org"
187.19.226.133 - - [07/Nov/2022:17:53:12 -0800] "GET /blog4/wp-content/uploads/2016/02/pardo_preto1.png HTTP/1.1" 200 331753 "https://www.google.com/" "Mozilla/5.0 (Windows NT 10.0; Win64; x64) AppleWebKit/537.36 (KHTML, like Gecko) Chrome/107.0.0.0 Safari/537.36" "nacaomestica.org"
114.119.156.56 - - [07/Nov/2022:17:53:34 -0800] "GET /blog4?p=24667 HTTP/1.1" 301 1418 "https://nacaomestica.org/blog4?fb_comment_id=728963720565707_1176994935762581&paged=25" "Mozilla/5.0 (Linux; Android 7.0;) AppleWebKit/537.36 (KHTML, like Gecko) Mobile Safari/537.36 (compatible; PetalBot;+https://webmaster.petalsearch.com/site/petalbot)" "nacaomestica.org"
114.119.156.56 - - [07/Nov/2022:17:53:35 -0800] "GET /blog4/?p=24667 HTTP/1.1" 200 76795 "https://nacaomestica.org/blog4?fb_comment_id=728963720565707_1176994935762581&paged=25" "Mozilla/5.0 (Linux; Android 7.0;) AppleWebKit/537.36 (KHTML, like Gecko) Mobile Safari/537.36 (compatible; PetalBot;+https://webmaster.petalsearch.com/site/petalbot)" "nacaomestica.org"
51.222.253.19 - - [07/Nov/2022:17:54:48 -0800] "GET /blog4/?attachment_id=17916 HTTP/1.1" 301 - "-" "Mozilla/5.0 (compatible; AhrefsBot/7.0; +http://ahrefs.com/robot/)" "nacaomestica.org"
10.213.116.69 - - [07/Nov/2022:17:54:50 -0800] "POST /blog4/wp-cron.php?doing_wp_cron=1667872490.3729081153869628906250 HTTP/1.1" 200 - "https://nacaomestica.org/blog4/wp-cron.php?doing_wp_cron=1667872490.3729081153869628906250" "WordPress/5.6.10; https://nacaomestica.org/blog4" "nacaomestica.org"
51.222.253.5 - - [07/Nov/2022:17:54:53 -0800] "GET /blog4/?feed=rss2&p=63 HTTP/1.1" 200 779 "-" "Mozilla/5.0 (compatible; AhrefsBot/7.0; +http://ahrefs.com/robot/)" "nacaomestica.org"
114.119.139.59 - - [07/Nov/2022:17:55:16 -0800] "GET /blog4?p=18545 HTTP/1.1" 301 1417 "https://nacaomestica.org/blog4?fb_comment_id=1198602463593553_1198607630259703&paged=76" "Mozilla/5.0 (Linux; Android 7.0;) AppleWebKit/537.36 (KHTML, like Gecko) Mobile Safari/537.36 (compatible; PetalBot;+https://webmaster.petalsearch.com/site/petalbot)" "nacaomestica.org"
114.119.139.59 - - [07/Nov/2022:17:55:21 -0800] "GET /blog4/?p=18545 HTTP/1.1" 200 77417 "https://nacaomestica.org/blog4?fb_comment_id=1198602463593553_1198607630259703&paged=76" "Mozilla/5.0 (Linux; Android 7.0;) AppleWebKit/537.36 (KHTML, like Gecko) Mobile Safari/537.36 (compatible; PetalBot;+https://webmaster.petalsearch.com/site/petalbot)" "nacaomestica.org"
85.208.98.18 - - [07/Nov/2022:17:56:00 -0800] "GET /robots.txt HTTP/1.1" 200 59 "http://www.nacaomestica.org/robots.txt" "Mozilla/5.0 (compatible; SemrushBot; +http://www.semrush.com/bot.html)" "www.nacaomestica.org"
66.249.73.114 - - [07/Nov/2022:17:56:01 -0800] "GET /blog4/wp-content/uploads/2016/02/SAM_1048.JPG HTTP/1.1" 200 3679547 "-" "Googlebot-Image/1.0" "nacaomestica.org"
85.208.98.18 - - [07/Nov/2022:17:56:14 -0800] "HEAD /pardo.htm HTTP/1.1" 200 - "http://www.nacaomestica.org/pardo.htm" "Mozilla/5.0 (compatible; SemrushBot; +http://www.semrush.com/bot.html)" "www.nacaomestica.org"
85.208.98.18 - - [07/Nov/2022:17:56:14 -0800] "HEAD /pardo.htm HTTP/1.1" 200 - "http://www.nacaomestica.org/pardo.htm" "Mozilla/5.0 (compatible; SemrushBot; +http://www.semrush.com/bot.html)" "www.nacaomestica.org"
114.119.139.66 - - [07/Nov/2022:17:56:28 -0800] "GET /blog4/wp-trackback.php?p=9452 HTTP/1.1" 302 - "https://nacaomestica.org/blog4/?p=9452" "Mozilla/5.0 (Linux; Android 7.0;) AppleWebKit/537.36 (KHTML, like Gecko) Mobile Safari/537.36 (compatible; PetalBot;+https://webmaster.petalsearch.com/site/petalbot)" "nacaomestica.org"
