52.142.8.243 - - [07/Nov/2022:22:35:53 -0800] "GET /blog4/?cat=221 HTTP/1.1" 200 84602 "-" "Mozilla/5.0 (Linux; Android 7.0; SM-G930V Build/NRD90M) AppleWebKit/537.36 (KHTML, like Gecko) Chrome/59.0.3071.125 Mobile Safari/537.36" "nacaomestica.org"
52.142.8.243 - - [07/Nov/2022:22:36:52 -0800] "GET /blog4/?p=20631 HTTP/1.1" 200 94118 "-" "Mozilla/5.0 (Linux; Android 7.0; SM-G930V Build/NRD90M) AppleWebKit/537.36 (KHTML, like Gecko) Chrome/59.0.3071.125 Mobile Safari/537.36" "nacaomestica.org"
52.142.8.243 - - [07/Nov/2022:22:36:56 -0800] "GET /blog4/?cat=244 HTTP/1.1" 200 76719 "-" "Mozilla/5.0 (Linux; Android 7.0; SM-G930V Build/NRD90M) AppleWebKit/537.36 (KHTML, like Gecko) Chrome/59.0.3071.125 Mobile Safari/537.36" "nacaomestica.org"
52.142.8.243 - - [07/Nov/2022:22:36:56 -0800] "GET /blog4/?tag=mestico HTTP/1.1" 200 99839 "-" "Mozilla/5.0 (Linux; Android 7.0; SM-G930V Build/NRD90M) AppleWebKit/537.36 (KHTML, like Gecko) Chrome/59.0.3071.125 Mobile Safari/537.36" "nacaomestica.org"
52.142.8.243 - - [07/Nov/2022:22:37:09 -0800] "GET /blog4/?tag=internacionalizacao HTTP/1.1" 200 75192 "-" "Mozilla/5.0 (Linux; Android 7.0; SM-G930V Build/NRD90M) AppleWebKit/537.36 (KHTML, like Gecko) Chrome/59.0.3071.125 Mobile Safari/537.36" "nacaomestica.org"
51.222.253.6 - - [07/Nov/2022:22:37:53 -0800] "GET /blog4/?feed=rss2&p=7129 HTTP/1.1" 200 796 "-" "Mozilla/5.0 (compatible; AhrefsBot/7.0; +http://ahrefs.com/robot/)" "nacaomestica.org"
10.213.116.70 - - [07/Nov/2022:22:37:54 -0800] "POST /blog4/wp-cron.php?doing_wp_cron=1667889474.8236041069030761718750 HTTP/1.1" 200 - "https://nacaomestica.org/blog4/wp-cron.php?doing_wp_cron=1667889474.8236041069030761718750" "WordPress/5.6.10; https://nacaomestica.org/blog4" "nacaomestica.org"
52.142.8.243 - - [07/Nov/2022:22:38:05 -0800] "GET /blog4/?paged=2 HTTP/1.1" 200 88966 "-" "Mozilla/5.0 (Linux; Android 7.0; SM-G930V Build/NRD90M) AppleWebKit/537.36 (KHTML, like Gecko) Chrome/59.0.3071.125 Mobile Safari/537.36" "nacaomestica.org"
20.106.28.18 - - [07/Nov/2022:22:38:53 -0800] "GET /blog4/wp-content/uploads/2016/02/SAM_1155-150x150.jpg HTTP/1.1" 200 8933 "https://nacaomestica.org/blog4/wp-content/uploads/2016/02" "Mozilla/5.0 (Macintosh; Intel Mac OS X 10_11_6) AppleWebKit/605.1.15 (KHTML, like Gecko) Version/11.1.2 Safari/605.1.15" "nacaomestica.org"
40.77.51.85 - - [07/Nov/2022:22:39:03 -0800] "GET /blog4/wp-content/uploads/2016/12/segregacao-1.jpg HTTP/1.1" 200 39478 "http://nacaomestica.org/blog4/wp-content/uploads/2016/12" "Mozilla/5.0 (Macintosh; Intel Mac OS X 10_11_6) AppleWebKit/605.1.15 (KHTML, like Gecko) Version/11.1.2 Safari/605.1.15" "nacaomestica.org"
10.213.116.70 - - [07/Nov/2022:22:40:00 -0800] "POST /blog4/wp-cron.php?doing_wp_cron=1667889600.0654160976409912109375 HTTP/1.1" 200 - "https://nacaomestica.org/blog4/wp-cron.php?doing_wp_cron=1667889600.0654160976409912109375" "WordPress/5.6.10; https://nacaomestica.org/blog4" "nacaomestica.org"
51.222.253.7 - - [07/Nov/2022:22:40:14 -0800] "GET /blog4/?feed=rss2&p=18409 HTTP/1.1" 200 831 "-" "Mozilla/5.0 (compatible; AhrefsBot/7.0; +http://ahrefs.com/robot/)" "nacaomestica.org"
51.222.253.5 - - [07/Nov/2022:22:42:38 -0800] "GET /blog4/?feed=rss2&p=5583 HTTP/1.1" 200 800 "-" "Mozilla/5.0 (compatible; AhrefsBot/7.0; +http://ahrefs.com/robot/)" "nacaomestica.org"
10.213.116.69 - - [07/Nov/2022:22:42:40 -0800] "POST /blog4/wp-cron.php?doing_wp_cron=1667889760.7622818946838378906250 HTTP/1.1" 200 - "https://nacaomestica.org/blog4/wp-cron.php?doing_wp_cron=1667889760.7622818946838378906250" "WordPress/5.6.10; https://nacaomestica.org/blog4" "nacaomestica.org"
51.222.253.9 - - [07/Nov/2022:22:45:04 -0800] "GET /blog4/?feed=rss2&p=4831 HTTP/1.1" 200 1657 "-" "Mozilla/5.0 (compatible; AhrefsBot/7.0; +http://ahrefs.com/robot/)" "nacaomestica.org"
10.213.116.69 - - [07/Nov/2022:22:45:06 -0800] "POST /blog4/wp-cron.php?doing_wp_cron=1667889906.4403860569000244140625 HTTP/1.1" 200 - "https://nacaomestica.org/blog4/wp-cron.php?doing_wp_cron=1667889906.4403860569000244140625" "WordPress/5.6.10; https://nacaomestica.org/blog4" "nacaomestica.org"
51.222.253.20 - - [07/Nov/2022:22:46:36 -0800] "GET /blog4/wp-trackback.php?p=5915 HTTP/1.1" 302 - "-" "Mozilla/5.0 (compatible; AhrefsBot/7.0; +http://ahrefs.com/robot/)" "nacaomestica.org"
51.222.253.15 - - [07/Nov/2022:22:47:20 -0800] "GET /blog4/?feed=rss2&p=24479 HTTP/1.1" 200 791 "-" "Mozilla/5.0 (compatible; AhrefsBot/7.0; +http://ahrefs.com/robot/)" "nacaomestica.org"
10.213.116.69 - - [07/Nov/2022:22:47:22 -0800] "POST /blog4/wp-cron.php?doing_wp_cron=1667890042.3430309295654296875000 HTTP/1.1" 200 - "https://nacaomestica.org/blog4/wp-cron.php?doing_wp_cron=1667890042.3430309295654296875000" "WordPress/5.6.10; https://nacaomestica.org/blog4" "nacaomestica.org"
79.124.8.3 - - [07/Nov/2022:22:47:41 -0800] "GET /wp-content/themes/seotheme/db.php?u HTTP/1.1" 404 88 "www.google.com" "Mozlila/5.0 (Linux; Android 7.0; SM-G892A Bulid/NRD90M; wv) AppleWebKit/537.36 (KHTML, like Gecko) Version/4.0 Chrome/60.0.3112.107 Moblie Safari/537.36" "nacaomestica.org"
79.124.8.3 - - [07/Nov/2022:22:48:02 -0800] "GET /wp-content/themes/seotheme/db.php?u HTTP/1.1" 404 88 "www.google.com" "Mozlila/5.0 (Linux; Android 7.0; SM-G892A Bulid/NRD90M; wv) AppleWebKit/537.36 (KHTML, like Gecko) Version/4.0 Chrome/60.0.3112.107 Moblie Safari/537.36" "nacaomestica.org"
13.67.224.12 - - [07/Nov/2022:22:48:05 -0800] "GET /blog4/wp-content/uploads/2016/06/13533110_654722918014486_8186227868660013224_n-150x150.jpg HTTP/1.1" 200 7376 "https://nacaomestica.org/blog4/wp-content/uploads/2016/06" "Mozilla/5.0 (X11; Linux x86_64) AppleWebKit/537.36 (KHTML, like Gecko) Chrome/74.0.3729.169 Safari/537.36" "nacaomestica.org"
40.122.227.202 - - [07/Nov/2022:22:49:03 -0800] "GET /blog4/wp-content/uploads/2018/11/WhatsApp-Image-2018-12-24-at-07.31.26-150x150.jpeg HTTP/1.1" 200 7926 "https://nacaomestica.org/blog4/wp-content/uploads/2018/11" "Mozilla/5.0 (X11; Linux x86_64) AppleWebKit/537.36 (KHTML, like Gecko) Chrome/74.0.3729.169 Safari/537.36" "nacaomestica.org"
51.222.253.3 - - [07/Nov/2022:22:49:45 -0800] "GET /blog4/?feed=rss2&p=16904 HTTP/1.1" 200 826 "-" "Mozilla/5.0 (compatible; AhrefsBot/7.0; +http://ahrefs.com/robot/)" "nacaomestica.org"
10.213.116.70 - - [07/Nov/2022:22:49:47 -0800] "POST /blog4/wp-cron.php?doing_wp_cron=1667890187.4323339462280273437500 HTTP/1.1" 200 - "https://nacaomestica.org/blog4/wp-cron.php?doing_wp_cron=1667890187.4323339462280273437500" "WordPress/5.6.10; https://nacaomestica.org/blog4" "nacaomestica.org"
104.211.53.213 - - [07/Nov/2022:22:50:22 -0800] "GET /blog4/?p=30937 HTTP/1.1" 200 78271 "-" "Mozilla/5.0 (Linux; Android 7.0; SM-G930V Build/NRD90M) AppleWebKit/537.36 (KHTML, like Gecko) Chrome/59.0.3071.125 Mobile Safari/537.36" "nacaomestica.org"
104.211.53.213 - - [07/Nov/2022:22:50:38 -0800] "GET /blog4/?tag=direitos-humanos HTTP/1.1" 200 80877 "-" "Mozilla/5.0 (Linux; Android 7.0; SM-G930V Build/NRD90M) AppleWebKit/537.36 (KHTML, like Gecko) Chrome/59.0.3071.125 Mobile Safari/537.36" "nacaomestica.org"
104.211.53.213 - - [07/Nov/2022:22:50:56 -0800] "GET /blog4/?cat=122 HTTP/1.1" 200 77980 "-" "Mozilla/5.0 (Linux; Android 7.0; SM-G930V Build/NRD90M) AppleWebKit/537.36 (KHTML, like Gecko) Chrome/59.0.3071.125 Mobile Safari/537.36" "nacaomestica.org"
104.211.53.213 - - [07/Nov/2022:22:51:02 -0800] "GET /blog4/?tag=preto HTTP/1.1" 200 93691 "-" "Mozilla/5.0 (Linux; Android 7.0; SM-G930V Build/NRD90M) AppleWebKit/537.36 (KHTML, like Gecko) Chrome/59.0.3071.125 Mobile Safari/537.36" "nacaomestica.org"
104.211.53.213 - - [07/Nov/2022:22:51:04 -0800] "GET /blog4/?cat=30 HTTP/1.1" 200 71101 "-" "Mozilla/5.0 (Linux; Android 7.0; SM-G930V Build/NRD90M) AppleWebKit/537.36 (KHTML, like Gecko) Chrome/59.0.3071.125 Mobile Safari/537.36" "nacaomestica.org"
104.211.53.213 - - [07/Nov/2022:22:51:30 -0800] "GET /blog4/?tag=escravos HTTP/1.1" 200 85478 "-" "Mozilla/5.0 (Linux; Android 7.0; SM-G930V Build/NRD90M) AppleWebKit/537.36 (KHTML, like Gecko) Chrome/59.0.3071.125 Mobile Safari/537.36" "nacaomestica.org"
104.211.53.213 - - [07/Nov/2022:22:51:42 -0800] "GET /blog4/?cat=253 HTTP/1.1" 200 91165 "-" "Mozilla/5.0 (Linux; Android 7.0; SM-G930V Build/NRD90M) AppleWebKit/537.36 (KHTML, like Gecko) Chrome/59.0.3071.125 Mobile Safari/537.36" "nacaomestica.org"
51.222.253.3 - - [07/Nov/2022:22:52:05 -0800] "GET /blog4/?feed=rss2&p=19173 HTTP/1.1" 200 803 "-" "Mozilla/5.0 (compatible; AhrefsBot/7.0; +http://ahrefs.com/robot/)" "nacaomestica.org"
10.213.116.68 - - [07/Nov/2022:22:52:07 -0800] "POST /blog4/wp-cron.php?doing_wp_cron=1667890327.2649710178375244140625 HTTP/1.1" 200 - "https://nacaomestica.org/blog4/wp-cron.php?doing_wp_cron=1667890327.2649710178375244140625" "WordPress/5.6.10; https://nacaomestica.org/blog4" "nacaomestica.org"
5.45.207.104 - - [07/Nov/2022:22:52:17 -0800] "GET /robots.txt HTTP/1.1" 200 43 "-" "Mozilla/5.0 (compatible; YandexBot/3.0; +http://yandex.com/bots)" "nacaomestica.org"
104.211.53.213 - - [07/Nov/2022:22:52:18 -0800] "GET /blog4/?cat=81 HTTP/1.1" 200 74533 "-" "Mozilla/5.0 (Linux; Android 7.0; SM-G930V Build/NRD90M) AppleWebKit/537.36 (KHTML, like Gecko) Chrome/59.0.3071.125 Mobile Safari/537.36" "nacaomestica.org"
104.211.53.213 - - [07/Nov/2022:22:52:25 -0800] "GET /blog4/?cat=1 HTTP/1.1" 200 90346 "-" "Mozilla/5.0 (Linux; Android 7.0; SM-G930V Build/NRD90M) AppleWebKit/537.36 (KHTML, like Gecko) Chrome/59.0.3071.125 Mobile Safari/537.36" "nacaomestica.org"
104.211.53.213 - - [07/Nov/2022:22:52:40 -0800] "GET /blog4/?tag=discriminacao HTTP/1.1" 200 86534 "-" "Mozilla/5.0 (Linux; Android 7.0; SM-G930V Build/NRD90M) AppleWebKit/537.36 (KHTML, like Gecko) Chrome/59.0.3071.125 Mobile Safari/537.36" "nacaomestica.org"
20.106.27.173 - - [07/Nov/2022:22:52:48 -0800] "GET /blog4/wp-content/uploads/2016/12/15727206_1398045700207733_6177422197811903949_n.jpg HTTP/1.1" 200 69852 "https://nacaomestica.org/blog4/wp-content/uploads/2016/12" "Mozilla/5.0 (Macintosh; Intel Mac OS X 10_11_6) AppleWebKit/605.1.15 (KHTML, like Gecko) Version/11.1.2 Safari/605.1.15" "nacaomestica.org"
104.211.53.213 - - [07/Nov/2022:22:52:59 -0800] "GET /blog4/?cat=220 HTTP/1.1" 200 76305 "-" "Mozilla/5.0 (Linux; Android 7.0; SM-G930V Build/NRD90M) AppleWebKit/537.36 (KHTML, like Gecko) Chrome/59.0.3071.125 Mobile Safari/537.36" "nacaomestica.org"
104.211.53.213 - - [07/Nov/2022:22:53:27 -0800] "GET /blog4/?cat=199 HTTP/1.1" 200 100937 "-" "Mozilla/5.0 (Linux; Android 7.0; SM-G930V Build/NRD90M) AppleWebKit/537.36 (KHTML, like Gecko) Chrome/59.0.3071.125 Mobile Safari/537.36" "nacaomestica.org"
104.211.53.213 - - [07/Nov/2022:22:53:32 -0800] "GET /blog4/?cat=24 HTTP/1.1" 200 98563 "-" "Mozilla/5.0 (Linux; Android 7.0; SM-G930V Build/NRD90M) AppleWebKit/537.36 (KHTML, like Gecko) Chrome/59.0.3071.125 Mobile Safari/537.36" "nacaomestica.org"
104.211.53.213 - - [07/Nov/2022:22:53:34 -0800] "GET /blog4/?cat=248 HTTP/1.1" 200 82108 "-" "Mozilla/5.0 (Linux; Android 7.0; SM-G930V Build/NRD90M) AppleWebKit/537.36 (KHTML, like Gecko) Chrome/59.0.3071.125 Mobile Safari/537.36" "nacaomestica.org"
10.213.116.70 - - [07/Nov/2022:22:54:20 -0800] "POST /blog4/wp-cron.php?doing_wp_cron=1667890460.5437479019165039062500 HTTP/1.1" 200 - "https://nacaomestica.org/blog4/wp-cron.php?doing_wp_cron=1667890460.5437479019165039062500" "WordPress/5.6.10; https://nacaomestica.org/blog4" "nacaomestica.org"
104.211.53.213 - - [07/Nov/2022:22:54:19 -0800] "GET /blog4/?cat=246 HTTP/1.1" 200 71228 "-" "Mozilla/5.0 (Linux; Android 7.0; SM-G930V Build/NRD90M) AppleWebKit/537.36 (KHTML, like Gecko) Chrome/59.0.3071.125 Mobile Safari/537.36" "nacaomestica.org"
87.250.224.149 - - [07/Nov/2022:22:52:21 -0800] "GET /blog4/wp-content/uploads/2017/02/Relat%C3%B3rio-da-CPI-Funai-e-Incra-2-Publica%C3%A7%C3%A3o-no-Di%C3%A1rio-otimizado_1.pdf HTTP/1.1" 200 48205355 "-" "Mozilla/5.0 (compatible; YandexBot/3.0; +http://yandex.com/bots)" "nacaomestica.org"
51.222.253.2 - - [07/Nov/2022:22:54:24 -0800] "GET /blog4/?feed=rss2&p=9286 HTTP/1.1" 200 819 "-" "Mozilla/5.0 (compatible; AhrefsBot/7.0; +http://ahrefs.com/robot/)" "nacaomestica.org"
104.211.53.213 - - [07/Nov/2022:22:54:43 -0800] "GET /blog4/?cat=216 HTTP/1.1" 200 97835 "-" "Mozilla/5.0 (Linux; Android 7.0; SM-G930V Build/NRD90M) AppleWebKit/537.36 (KHTML, like Gecko) Chrome/59.0.3071.125 Mobile Safari/537.36" "nacaomestica.org"
104.211.53.213 - - [07/Nov/2022:22:54:49 -0800] "GET /blog4/?cat=193 HTTP/1.1" 200 83126 "-" "Mozilla/5.0 (Linux; Android 7.0; SM-G930V Build/NRD90M) AppleWebKit/537.36 (KHTML, like Gecko) Chrome/59.0.3071.125 Mobile Safari/537.36" "nacaomestica.org"
104.211.53.213 - - [07/Nov/2022:22:54:59 -0800] "GET /blog4/?tag=anti-conservadorismo HTTP/1.1" 200 76832 "-" "Mozilla/5.0 (Linux; Android 7.0; SM-G930V Build/NRD90M) AppleWebKit/537.36 (KHTML, like Gecko) Chrome/59.0.3071.125 Mobile Safari/537.36" "nacaomestica.org"
104.211.53.213 - - [07/Nov/2022:22:55:03 -0800] "GET /blog4/?cat=240 HTTP/1.1" 200 76978 "-" "Mozilla/5.0 (Linux; Android 7.0; SM-G930V Build/NRD90M) AppleWebKit/537.36 (KHTML, like Gecko) Chrome/59.0.3071.125 Mobile Safari/537.36" "nacaomestica.org"
104.211.53.213 - - [07/Nov/2022:22:55:04 -0800] "GET /blog4/?cat=230 HTTP/1.1" 200 70840 "-" "Mozilla/5.0 (Linux; Android 7.0; SM-G930V Build/NRD90M) AppleWebKit/537.36 (KHTML, like Gecko) Chrome/59.0.3071.125 Mobile Safari/537.36" "nacaomestica.org"
104.211.53.213 - - [07/Nov/2022:22:55:13 -0800] "GET /blog4/?cat=237 HTTP/1.1" 200 84256 "-" "Mozilla/5.0 (Linux; Android 7.0; SM-G930V Build/NRD90M) AppleWebKit/537.36 (KHTML, like Gecko) Chrome/59.0.3071.125 Mobile Safari/537.36" "nacaomestica.org"
104.211.53.213 - - [07/Nov/2022:22:55:23 -0800] "GET /blog4/?cat=132 HTTP/1.1" 200 91678 "-" "Mozilla/5.0 (Linux; Android 7.0; SM-G930V Build/NRD90M) AppleWebKit/537.36 (KHTML, like Gecko) Chrome/59.0.3071.125 Mobile Safari/537.36" "nacaomestica.org"
104.211.53.213 - - [07/Nov/2022:22:55:30 -0800] "GET /blog4/?cat=126 HTTP/1.1" 200 71916 "-" "Mozilla/5.0 (Linux; Android 7.0; SM-G930V Build/NRD90M) AppleWebKit/537.36 (KHTML, like Gecko) Chrome/59.0.3071.125 Mobile Safari/537.36" "nacaomestica.org"
104.211.53.213 - - [07/Nov/2022:22:55:43 -0800] "GET /blog4/?tag=pardo HTTP/1.1" 200 92503 "-" "Mozilla/5.0 (Linux; Android 7.0; SM-G930V Build/NRD90M) AppleWebKit/537.36 (KHTML, like Gecko) Chrome/59.0.3071.125 Mobile Safari/537.36" "nacaomestica.org"
104.211.53.213 - - [07/Nov/2022:22:55:44 -0800] "GET /blog4/?p=30914 HTTP/1.1" 200 73763 "-" "Mozilla/5.0 (Linux; Android 7.0; SM-G930V Build/NRD90M) AppleWebKit/537.36 (KHTML, like Gecko) Chrome/59.0.3071.125 Mobile Safari/537.36" "nacaomestica.org"
104.211.53.213 - - [07/Nov/2022:22:55:45 -0800] "GET /blog4/?cat=124 HTTP/1.1" 200 71831 "-" "Mozilla/5.0 (Linux; Android 7.0; SM-G930V Build/NRD90M) AppleWebKit/537.36 (KHTML, like Gecko) Chrome/59.0.3071.125 Mobile Safari/537.36" "nacaomestica.org"
104.211.53.213 - - [07/Nov/2022:22:56:08 -0800] "GET /blog4/?tag=noticias HTTP/1.1" 200 90140 "-" "Mozilla/5.0 (Linux; Android 7.0; SM-G930V Build/NRD90M) AppleWebKit/537.36 (KHTML, like Gecko) Chrome/59.0.3071.125 Mobile Safari/537.36" "nacaomestica.org"
104.211.53.213 - - [07/Nov/2022:22:56:20 -0800] "GET /blog4/?tag=negro HTTP/1.1" 200 85438 "-" "Mozilla/5.0 (Linux; Android 7.0; SM-G930V Build/NRD90M) AppleWebKit/537.36 (KHTML, like Gecko) Chrome/59.0.3071.125 Mobile Safari/537.36" "nacaomestica.org"
10.213.116.68 - - [07/Nov/2022:22:56:23 -0800] "POST /blog4/wp-cron.php?doing_wp_cron=1667890583.3022089004516601562500 HTTP/1.1" 200 - "https://nacaomestica.org/blog4/wp-cron.php?doing_wp_cron=1667890583.3022089004516601562500" "WordPress/5.6.10; https://nacaomestica.org/blog4" "nacaomestica.org"
104.211.53.213 - - [07/Nov/2022:22:56:22 -0800] "GET /blog4/?p=20146 HTTP/1.1" 200 143409 "-" "Mozilla/5.0 (Linux; Android 7.0; SM-G930V Build/NRD90M) AppleWebKit/537.36 (KHTML, like Gecko) Chrome/59.0.3071.125 Mobile Safari/537.36" "nacaomestica.org"
104.211.53.213 - - [07/Nov/2022:22:56:21 -0800] "GET /blog4/?p=30671 HTTP/1.1" 200 83320 "-" "Mozilla/5.0 (Linux; Android 7.0; SM-G930V Build/NRD90M) AppleWebKit/537.36 (KHTML, like Gecko) Chrome/59.0.3071.125 Mobile Safari/537.36" "nacaomestica.org"
157.55.39.146 - - [07/Nov/2022:22:56:34 -0800] "GET /blog4/wp-content/uploads/2015/12/SAM_0977.JPG HTTP/1.1" 200 3719169 "-" "Mozilla/5.0 AppleWebKit/537.36 (KHTML, like Gecko; compatible; bingbot/2.0; +http://www.bing.com/bingbot.htm) Chrome/103.0.5060.134 Safari/537.36" "nacaomestica.org"
104.211.53.213 - - [07/Nov/2022:22:56:30 -0800] "GET /blog4/?tag=imigracao HTTP/1.1" 200 90181 "-" "Mozilla/5.0 (Linux; Android 7.0; SM-G930V Build/NRD90M) AppleWebKit/537.36 (KHTML, like Gecko) Chrome/59.0.3071.125 Mobile Safari/537.36" "nacaomestica.org"
5.255.231.108 - - [07/Nov/2022:22:54:51 -0800] "GET /blog4/wp-content/uploads/2017/02/Relat%C3%B3rio-da-CPI-Funai-e-Incra-2-Publica%C3%A7%C3%A3o-no-Di%C3%A1rio-otimizado_1.pdf HTTP/1.1" 200 48205355 "-" "Mozilla/5.0 (compatible; YandexBot/3.0; +http://yandex.com/bots)" "nacaomestica.org"
51.222.253.18 - - [07/Nov/2022:22:56:47 -0800] "GET /blog4/?feed=rss2&p=24364 HTTP/1.1" 200 846 "-" "Mozilla/5.0 (compatible; AhrefsBot/7.0; +http://ahrefs.com/robot/)" "nacaomestica.org"
104.211.53.213 - - [07/Nov/2022:22:57:36 -0800] "GET /blog4/?p=30955 HTTP/1.1" 200 79854 "-" "Mozilla/5.0 (Linux; Android 7.0; SM-G930V Build/NRD90M) AppleWebKit/537.36 (KHTML, like Gecko) Chrome/59.0.3071.125 Mobile Safari/537.36" "nacaomestica.org"
104.211.53.213 - - [07/Nov/2022:22:57:41 -0800] "GET /blog4/?cat=127 HTTP/1.1" 200 102031 "-" "Mozilla/5.0 (Linux; Android 7.0; SM-G930V Build/NRD90M) AppleWebKit/537.36 (KHTML, like Gecko) Chrome/59.0.3071.125 Mobile Safari/537.36" "nacaomestica.org"
104.211.53.213 - - [07/Nov/2022:22:57:58 -0800] "GET /blog4/?cat=225 HTTP/1.1" 200 70336 "-" "Mozilla/5.0 (Linux; Android 7.0; SM-G930V Build/NRD90M) AppleWebKit/537.36 (KHTML, like Gecko) Chrome/59.0.3071.125 Mobile Safari/537.36" "nacaomestica.org"
10.213.116.70 - - [07/Nov/2022:22:58:55 -0800] "POST /blog4/wp-cron.php?doing_wp_cron=1667890735.7181110382080078125000 HTTP/1.1" 200 - "https://nacaomestica.org/blog4/wp-cron.php?doing_wp_cron=1667890735.7181110382080078125000" "WordPress/5.6.10; https://nacaomestica.org/blog4" "nacaomestica.org"
104.211.53.213 - - [07/Nov/2022:22:58:53 -0800] "GET /blog4/?tag=apartheid HTTP/1.1" 200 91269 "-" "Mozilla/5.0 (Linux; Android 7.0; SM-G930V Build/NRD90M) AppleWebKit/537.36 (KHTML, like Gecko) Chrome/59.0.3071.125 Mobile Safari/537.36" "nacaomestica.org"
51.222.253.4 - - [07/Nov/2022:22:58:59 -0800] "GET /blog4/?p=1565 HTTP/1.1" 200 75833 "-" "Mozilla/5.0 (compatible; AhrefsBot/7.0; +http://ahrefs.com/robot/)" "nacaomestica.org"
95.108.213.40 - - [07/Nov/2022:22:57:21 -0800] "GET /blog4/wp-content/uploads/2017/02/Relat%C3%B3rio-da-CPI-Funai-e-Incra-2-Publica%C3%A7%C3%A3o-no-Di%C3%A1rio-otimizado_1.pdf HTTP/1.1" 200 48205355 "-" "Mozilla/5.0 (compatible; YandexBot/3.0; +http://yandex.com/bots)" "nacaomestica.org"
185.119.81.98 - - [07/Nov/2022:23:00:42 -0800] "GET /blog4/wp-login.php HTTP/1.1" 200 9235 "-" "Mozilla/5.0 (Windows NT 10.0; Win64; x64) AppleWebKit/537.36 (KHTML, like Gecko) Chrome/71.0.3578.98 Safari/537.36" "nacaomestica.org"
185.119.81.98 - - [07/Nov/2022:23:00:47 -0800] "POST /blog4/wp-login.php HTTP/1.1" 200 9550 "https://nacaomestica.org/blog4/wp-login.php" "Mozilla/5.0 (Windows NT 10.0; Win64; x64) AppleWebKit/537.36 (KHTML, like Gecko) Chrome/71.0.3578.98 Safari/537.36" "nacaomestica.org"
40.77.167.14 - - [07/Nov/2022:23:01:03 -0800] "GET /blog4/wp-content/uploads/2016/08/bernie_sanders26.jpg HTTP/1.1" 200 261537 "-" "Mozilla/5.0 (compatible; bingbot/2.0; +http://www.bing.com/bingbot.htm)" "nacaomestica.org"
10.213.116.68 - - [07/Nov/2022:23:01:25 -0800] "POST /blog4/wp-cron.php?doing_wp_cron=1667890885.7265210151672363281250 HTTP/1.1" 200 - "https://nacaomestica.org/blog4/wp-cron.php?doing_wp_cron=1667890885.7265210151672363281250" "WordPress/5.6.10; https://nacaomestica.org/blog4" "nacaomestica.org"
51.222.253.9 - - [07/Nov/2022:23:01:24 -0800] "GET /blog4/?p=3162 HTTP/1.1" 200 88053 "-" "Mozilla/5.0 (compatible; AhrefsBot/7.0; +http://ahrefs.com/robot/)" "nacaomestica.org"
66.249.73.114 - - [07/Nov/2022:23:03:19 -0800] "GET /blog4/wp-content/uploads/2015/05/batman2.jpg HTTP/1.1" 200 84089 "-" "Googlebot-Image/1.0" "nacaomestica.org"
51.222.253.9 - - [07/Nov/2022:23:03:33 -0800] "GET /blog4/?feed=rss2&p=29890 HTTP/1.1" 200 769 "-" "Mozilla/5.0 (compatible; AhrefsBot/7.0; +http://ahrefs.com/robot/)" "nacaomestica.org"
10.213.116.68 - - [07/Nov/2022:23:03:35 -0800] "POST /blog4/wp-cron.php?doing_wp_cron=1667891015.3600699901580810546875 HTTP/1.1" 200 - "https://nacaomestica.org/blog4/wp-cron.php?doing_wp_cron=1667891015.3600699901580810546875" "WordPress/5.6.10; https://nacaomestica.org/blog4" "nacaomestica.org"
157.55.39.146 - - [07/Nov/2022:23:05:45 -0800] "GET /blog4/wp-content/uploads/2016/02/SAM_1053-300x225.jpg HTTP/1.1" 200 28301 "-" "Mozilla/5.0 (compatible; bingbot/2.0; +http://www.bing.com/bingbot.htm)" "nacaomestica.org"
10.213.116.68 - - [07/Nov/2022:23:05:46 -0800] "POST /blog4/wp-cron.php?doing_wp_cron=1667891146.6304910182952880859375 HTTP/1.1" 200 - "https://nacaomestica.org/blog4/wp-cron.php?doing_wp_cron=1667891146.6304910182952880859375" "WordPress/5.6.10; https://nacaomestica.org/blog4" "nacaomestica.org"
51.222.253.20 - - [07/Nov/2022:23:05:45 -0800] "GET /blog4/?cat=69&page=2 HTTP/1.1" 200 94265 "-" "Mozilla/5.0 (compatible; AhrefsBot/7.0; +http://ahrefs.com/robot/)" "nacaomestica.org"
66.249.73.114 - - [07/Nov/2022:23:06:48 -0800] "GET /blog4/wp-content/uploads/2010/07/site_rev03p.jpg HTTP/1.1" 200 33134 "-" "Googlebot-Image/1.0" "nacaomestica.org"
52.188.211.122 - - [07/Nov/2022:23:06:53 -0800] "GET /blog4/?p=30917 HTTP/1.1" 200 75922 "-" "Mozilla/5.0 (Linux; Android 7.0; SM-G930V Build/NRD90M) AppleWebKit/537.36 (KHTML, like Gecko) Chrome/59.0.3071.125 Mobile Safari/537.36" "nacaomestica.org"
52.188.211.122 - - [07/Nov/2022:23:06:51 -0800] "GET /blog4/?cat=269 HTTP/1.1" 200 95119 "-" "Mozilla/5.0 (Linux; Android 7.0; SM-G930V Build/NRD90M) AppleWebKit/537.36 (KHTML, like Gecko) Chrome/59.0.3071.125 Mobile Safari/537.36" "nacaomestica.org"
72.14.201.201 - - [07/Nov/2022:23:07:04 -0800] "GET /hemero_060518_jornal_do_senado_mae_do_rio.htm HTTP/1.1" 200 748 "-" "Mozilla/5.0 (Linux; Android 10; K) AppleWebKit/537.36 (KHTML, like Gecko) Chrome/107.0.0.0 Mobile Safari/537.36" "www.nacaomestica.org"
52.188.211.122 - - [07/Nov/2022:23:07:18 -0800] "GET /blog4/?cat=102 HTTP/1.1" 200 92233 "-" "Mozilla/5.0 (Linux; Android 7.0; SM-G930V Build/NRD90M) AppleWebKit/537.36 (KHTML, like Gecko) Chrome/59.0.3071.125 Mobile Safari/537.36" "nacaomestica.org"
52.188.211.122 - - [07/Nov/2022:23:07:20 -0800] "GET /blog4/?tag=soberania HTTP/1.1" 200 78915 "-" "Mozilla/5.0 (Linux; Android 7.0; SM-G930V Build/NRD90M) AppleWebKit/537.36 (KHTML, like Gecko) Chrome/59.0.3071.125 Mobile Safari/537.36" "nacaomestica.org"
52.188.211.122 - - [07/Nov/2022:23:07:37 -0800] "GET /blog4/?p=8326 HTTP/1.1" 200 94230 "-" "Mozilla/5.0 (Linux; Android 7.0; SM-G930V Build/NRD90M) AppleWebKit/537.36 (KHTML, like Gecko) Chrome/59.0.3071.125 Mobile Safari/537.36" "nacaomestica.org"
10.213.116.68 - - [07/Nov/2022:23:08:05 -0800] "POST /blog4/wp-cron.php?doing_wp_cron=1667891285.5231790542602539062500 HTTP/1.1" 200 - "https://nacaomestica.org/blog4/wp-cron.php?doing_wp_cron=1667891285.5231790542602539062500" "WordPress/5.6.10; https://nacaomestica.org/blog4" "nacaomestica.org"
52.188.211.122 - - [07/Nov/2022:23:08:04 -0800] "GET /blog4/?tag=eventos HTTP/1.1" 200 86105 "-" "Mozilla/5.0 (Linux; Android 7.0; SM-G930V Build/NRD90M) AppleWebKit/537.36 (KHTML, like Gecko) Chrome/59.0.3071.125 Mobile Safari/537.36" "nacaomestica.org"
51.222.253.16 - - [07/Nov/2022:23:08:08 -0800] "GET /blog4/?feed=rss2&p=22309 HTTP/1.1" 200 798 "-" "Mozilla/5.0 (compatible; AhrefsBot/7.0; +http://ahrefs.com/robot/)" "nacaomestica.org"
52.188.211.122 - - [07/Nov/2022:23:08:16 -0800] "GET /blog4/?cat=118 HTTP/1.1" 200 67276 "-" "Mozilla/5.0 (Linux; Android 7.0; SM-G930V Build/NRD90M) AppleWebKit/537.36 (KHTML, like Gecko) Chrome/59.0.3071.125 Mobile Safari/537.36" "nacaomestica.org"
52.188.211.122 - - [07/Nov/2022:23:08:21 -0800] "GET /blog4/?cat=157 HTTP/1.1" 200 97141 "-" "Mozilla/5.0 (Linux; Android 7.0; SM-G930V Build/NRD90M) AppleWebKit/537.36 (KHTML, like Gecko) Chrome/59.0.3071.125 Mobile Safari/537.36" "nacaomestica.org"
52.188.211.122 - - [07/Nov/2022:23:08:23 -0800] "GET /blog4/?cat=252 HTTP/1.1" 200 80240 "-" "Mozilla/5.0 (Linux; Android 7.0; SM-G930V Build/NRD90M) AppleWebKit/537.36 (KHTML, like Gecko) Chrome/59.0.3071.125 Mobile Safari/537.36" "nacaomestica.org"
52.188.211.122 - - [07/Nov/2022:23:08:27 -0800] "GET /blog4/?cat=143 HTTP/1.1" 200 86418 "-" "Mozilla/5.0 (Linux; Android 7.0; SM-G930V Build/NRD90M) AppleWebKit/537.36 (KHTML, like Gecko) Chrome/59.0.3071.125 Mobile Safari/537.36" "nacaomestica.org"
52.188.211.122 - - [07/Nov/2022:23:08:34 -0800] "GET /blog4/?cat=86 HTTP/1.1" 200 75512 "-" "Mozilla/5.0 (Linux; Android 7.0; SM-G930V Build/NRD90M) AppleWebKit/537.36 (KHTML, like Gecko) Chrome/59.0.3071.125 Mobile Safari/537.36" "nacaomestica.org"
52.188.211.122 - - [07/Nov/2022:23:08:35 -0800] "GET /blog4/?tag=indigenismo HTTP/1.1" 200 96717 "-" "Mozilla/5.0 (Linux; Android 7.0; SM-G930V Build/NRD90M) AppleWebKit/537.36 (KHTML, like Gecko) Chrome/59.0.3071.125 Mobile Safari/537.36" "nacaomestica.org"
52.188.211.122 - - [07/Nov/2022:23:08:50 -0800] "GET /blog4/?p=30960 HTTP/1.1" 200 75324 "-" "Mozilla/5.0 (Linux; Android 7.0; SM-G930V Build/NRD90M) AppleWebKit/537.36 (KHTML, like Gecko) Chrome/59.0.3071.125 Mobile Safari/537.36" "nacaomestica.org"
52.188.211.122 - - [07/Nov/2022:23:08:58 -0800] "GET /blog4/?cat=115 HTTP/1.1" 200 67263 "-" "Mozilla/5.0 (Linux; Android 7.0; SM-G930V Build/NRD90M) AppleWebKit/537.36 (KHTML, like Gecko) Chrome/59.0.3071.125 Mobile Safari/537.36" "nacaomestica.org"
52.188.211.122 - - [07/Nov/2022:23:09:01 -0800] "GET /blog4/?cat=129 HTTP/1.1" 200 67128 "-" "Mozilla/5.0 (Linux; Android 7.0; SM-G930V Build/NRD90M) AppleWebKit/537.36 (KHTML, like Gecko) Chrome/59.0.3071.125 Mobile Safari/537.36" "nacaomestica.org"
52.188.211.122 - - [07/Nov/2022:23:09:02 -0800] "GET /blog4/?p=23009 HTTP/1.1" 200 91979 "-" "Mozilla/5.0 (Linux; Android 7.0; SM-G930V Build/NRD90M) AppleWebKit/537.36 (KHTML, like Gecko) Chrome/59.0.3071.125 Mobile Safari/537.36" "nacaomestica.org"
157.55.39.146 - - [07/Nov/2022:23:09:05 -0800] "GET /blog4/wp-content/uploads/2016/06/ HTTP/1.1" 200 4115 "-" "Mozilla/5.0 (compatible; bingbot/2.0; +http://www.bing.com/bingbot.htm)" "nacaomestica.org"
52.188.211.122 - - [07/Nov/2022:23:09:26 -0800] "GET /blog4/?tag=supremacismo HTTP/1.1" 200 92211 "-" "Mozilla/5.0 (Linux; Android 7.0; SM-G930V Build/NRD90M) AppleWebKit/537.36 (KHTML, like Gecko) Chrome/59.0.3071.125 Mobile Safari/537.36" "nacaomestica.org"
52.188.211.122 - - [07/Nov/2022:23:09:32 -0800] "GET /blog4/?tag=mensagem-mestica HTTP/1.1" 200 88890 "-" "Mozilla/5.0 (Linux; Android 7.0; SM-G930V Build/NRD90M) AppleWebKit/537.36 (KHTML, like Gecko) Chrome/59.0.3071.125 Mobile Safari/537.36" "nacaomestica.org"
10.213.116.70 - - [07/Nov/2022:23:10:09 -0800] "POST /blog4/wp-cron.php?doing_wp_cron=1667891409.0448288917541503906250 HTTP/1.1" 200 - "https://nacaomestica.org/blog4/wp-cron.php?doing_wp_cron=1667891409.0448288917541503906250" "WordPress/5.6.10; https://nacaomestica.org/blog4" "nacaomestica.org"
20.85.215.177 - - [07/Nov/2022:23:10:07 -0800] "GET /blog4/?cat=90 HTTP/1.1" 200 92246 "-" "Mozilla/5.0 (Linux; Android 7.0; SM-G930V Build/NRD90M) AppleWebKit/537.36 (KHTML, like Gecko) Chrome/59.0.3071.125 Mobile Safari/537.36" "nacaomestica.org"
52.188.211.122 - - [07/Nov/2022:23:10:28 -0800] "GET /blog4/?p=30966 HTTP/1.1" 200 73483 "-" "Mozilla/5.0 (Linux; Android 7.0; SM-G930V Build/NRD90M) AppleWebKit/537.36 (KHTML, like Gecko) Chrome/59.0.3071.125 Mobile Safari/537.36" "nacaomestica.org"
51.222.253.16 - - [07/Nov/2022:23:10:40 -0800] "GET /blog4/?p=5976 HTTP/1.1" 200 88663 "-" "Mozilla/5.0 (compatible; AhrefsBot/7.0; +http://ahrefs.com/robot/)" "nacaomestica.org"
20.85.215.177 - - [07/Nov/2022:23:11:13 -0800] "GET /blog4/?cat=116 HTTP/1.1" 200 67114 "-" "Mozilla/5.0 (Linux; Android 7.0; SM-G930V Build/NRD90M) AppleWebKit/537.36 (KHTML, like Gecko) Chrome/59.0.3071.125 Mobile Safari/537.36" "nacaomestica.org"
20.85.215.177 - - [07/Nov/2022:23:11:17 -0800] "GET /blog4/?tag=limpeza-etnica HTTP/1.1" 200 91682 "-" "Mozilla/5.0 (Linux; Android 7.0; SM-G930V Build/NRD90M) AppleWebKit/537.36 (KHTML, like Gecko) Chrome/59.0.3071.125 Mobile Safari/537.36" "nacaomestica.org"
20.85.215.177 - - [07/Nov/2022:23:11:19 -0800] "GET /blog4/?cat=266 HTTP/1.1" 200 69887 "-" "Mozilla/5.0 (Linux; Android 7.0; SM-G930V Build/NRD90M) AppleWebKit/537.36 (KHTML, like Gecko) Chrome/59.0.3071.125 Mobile Safari/537.36" "nacaomestica.org"
20.85.215.177 - - [07/Nov/2022:23:11:34 -0800] "GET /blog4/?cat=268 HTTP/1.1" 200 95973 "-" "Mozilla/5.0 (Linux; Android 7.0; SM-G930V Build/NRD90M) AppleWebKit/537.36 (KHTML, like Gecko) Chrome/59.0.3071.125 Mobile Safari/537.36" "nacaomestica.org"
193.186.4.201 - - [07/Nov/2022:23:11:34 -0800] "GET /blog4/?p=2252 HTTP/1.1" 200 112924 "-" "Mozilla/5.0 (Linux; Android 10; K) AppleWebKit/537.36 (KHTML, like Gecko) Chrome/106.0.0.0 Mobile Safari/537.36" "nacaomestica.org"
52.188.211.122 - - [07/Nov/2022:23:11:54 -0800] "GET /blog4/?cat=119 HTTP/1.1" 200 78654 "-" "Mozilla/5.0 (Linux; Android 7.0; SM-G930V Build/NRD90M) AppleWebKit/537.36 (KHTML, like Gecko) Chrome/59.0.3071.125 Mobile Safari/537.36" "nacaomestica.org"
51.222.253.14 - - [07/Nov/2022:23:12:49 -0800] "GET /blog4/?p=22467 HTTP/1.1" 200 77871 "-" "Mozilla/5.0 (compatible; AhrefsBot/7.0; +http://ahrefs.com/robot/)" "nacaomestica.org"
10.213.116.69 - - [07/Nov/2022:23:12:51 -0800] "POST /blog4/wp-cron.php?doing_wp_cron=1667891571.0747399330139160156250 HTTP/1.1" 200 - "https://nacaomestica.org/blog4/wp-cron.php?doing_wp_cron=1667891571.0747399330139160156250" "WordPress/5.6.10; https://nacaomestica.org/blog4" "nacaomestica.org"
202.21.38.198 - - [07/Nov/2022:23:12:52 -0800] "GET /blog4/?feed=comments-rss2 HTTP/1.1" 200 11502 "-" "-" "nacaomestica.org"
202.21.38.198 - - [07/Nov/2022:23:12:55 -0800] "GET /blog4/?feed=rss2 HTTP/1.1" 200 11803 "-" "-" "nacaomestica.org"
52.188.211.122 - - [07/Nov/2022:23:12:56 -0800] "GET /blog4/?cat=195 HTTP/1.1" 200 79967 "-" "Mozilla/5.0 (Linux; Android 7.0; SM-G930V Build/NRD90M) AppleWebKit/537.36 (KHTML, like Gecko) Chrome/59.0.3071.125 Mobile Safari/537.36" "nacaomestica.org"
20.85.215.177 - - [07/Nov/2022:23:13:01 -0800] "GET /blog4/?cat=263 HTTP/1.1" 200 69077 "-" "Mozilla/5.0 (Linux; Android 7.0; SM-G930V Build/NRD90M) AppleWebKit/537.36 (KHTML, like Gecko) Chrome/59.0.3071.125 Mobile Safari/537.36" "nacaomestica.org"
20.85.215.177 - - [07/Nov/2022:23:13:19 -0800] "GET /blog4/ HTTP/1.1" 200 88633 "-" "Mozilla/5.0 (Linux; Android 7.0; SM-G930V Build/NRD90M) AppleWebKit/537.36 (KHTML, like Gecko) Chrome/59.0.3071.125 Mobile Safari/537.36" "nacaomestica.org"
20.85.215.177 - - [07/Nov/2022:23:13:20 -0800] "GET /blog4/?tag=amarelo HTTP/1.1" 200 79664 "-" "Mozilla/5.0 (Linux; Android 7.0; SM-G930V Build/NRD90M) AppleWebKit/537.36 (KHTML, like Gecko) Chrome/59.0.3071.125 Mobile Safari/537.36" "nacaomestica.org"
20.85.215.177 - - [07/Nov/2022:23:13:25 -0800] "GET /blog4/?cat=182 HTTP/1.1" 200 73701 "-" "Mozilla/5.0 (Linux; Android 7.0; SM-G930V Build/NRD90M) AppleWebKit/537.36 (KHTML, like Gecko) Chrome/59.0.3071.125 Mobile Safari/537.36" "nacaomestica.org"
45.4.144.146 - - [07/Nov/2022:23:13:31 -0800] "GET /iracema_mel.jpg HTTP/1.1" 200 46860 "http://cinemabrasileiro.comunidades.net/" "Mozilla/5.0 (Linux; Android 7.1.2; LM-X410.F) AppleWebKit/537.36 (KHTML, like Gecko) Chrome/107.0.0.0 Mobile Safari/537.36" "www.nacaomestica.org"
52.188.211.122 - - [07/Nov/2022:23:13:32 -0800] "GET /blog4/?cat=229 HTTP/1.1" 200 77639 "-" "Mozilla/5.0 (Linux; Android 7.0; SM-G930V Build/NRD90M) AppleWebKit/537.36 (KHTML, like Gecko) Chrome/59.0.3071.125 Mobile Safari/537.36" "nacaomestica.org"
52.188.211.122 - - [07/Nov/2022:23:13:36 -0800] "GET /blog4/?cat=141 HTTP/1.1" 200 98929 "-" "Mozilla/5.0 (Linux; Android 7.0; SM-G930V Build/NRD90M) AppleWebKit/537.36 (KHTML, like Gecko) Chrome/59.0.3071.125 Mobile Safari/537.36" "nacaomestica.org"
52.188.211.122 - - [07/Nov/2022:23:13:51 -0800] "GET /blog4/?tag=funai HTTP/1.1" 200 94521 "-" "Mozilla/5.0 (Linux; Android 7.0; SM-G930V Build/NRD90M) AppleWebKit/537.36 (KHTML, like Gecko) Chrome/59.0.3071.125 Mobile Safari/537.36" "nacaomestica.org"
52.188.211.122 - - [07/Nov/2022:23:13:56 -0800] "GET /blog4/?tag=espanol HTTP/1.1" 200 89934 "-" "Mozilla/5.0 (Linux; Android 7.0; SM-G930V Build/NRD90M) AppleWebKit/537.36 (KHTML, like Gecko) Chrome/59.0.3071.125 Mobile Safari/537.36" "nacaomestica.org"
20.85.215.177 - - [07/Nov/2022:23:13:58 -0800] "GET /blog4/?p=30980 HTTP/1.1" 200 74400 "-" "Mozilla/5.0 (Linux; Android 7.0; SM-G930V Build/NRD90M) AppleWebKit/537.36 (KHTML, like Gecko) Chrome/59.0.3071.125 Mobile Safari/537.36" "nacaomestica.org"
52.188.211.122 - - [07/Nov/2022:23:14:05 -0800] "GET /blog4/?cat=123 HTTP/1.1" 200 67814 "-" "Mozilla/5.0 (Linux; Android 7.0; SM-G930V Build/NRD90M) AppleWebKit/537.36 (KHTML, like Gecko) Chrome/59.0.3071.125 Mobile Safari/537.36" "nacaomestica.org"
20.85.215.177 - - [07/Nov/2022:23:14:20 -0800] "GET /blog4/?tag=anti-cristianismo HTTP/1.1" 200 75634 "-" "Mozilla/5.0 (Linux; Android 7.0; SM-G930V Build/NRD90M) AppleWebKit/537.36 (KHTML, like Gecko) Chrome/59.0.3071.125 Mobile Safari/537.36" "nacaomestica.org"
20.85.215.177 - - [07/Nov/2022:23:14:31 -0800] "GET /blog4/?cat=131 HTTP/1.1" 200 93805 "-" "Mozilla/5.0 (Linux; Android 7.0; SM-G930V Build/NRD90M) AppleWebKit/537.36 (KHTML, like Gecko) Chrome/59.0.3071.125 Mobile Safari/537.36" "nacaomestica.org"
20.85.215.177 - - [07/Nov/2022:23:14:35 -0800] "GET /blog4/?cat=125 HTTP/1.1" 200 69491 "-" "Mozilla/5.0 (Linux; Android 7.0; SM-G930V Build/NRD90M) AppleWebKit/537.36 (KHTML, like Gecko) Chrome/59.0.3071.125 Mobile Safari/537.36" "nacaomestica.org"
52.188.211.122 - - [07/Nov/2022:23:14:44 -0800] "GET /blog4/?p=8456 HTTP/1.1" 200 172662 "-" "Mozilla/5.0 (Linux; Android 7.0; SM-G930V Build/NRD90M) AppleWebKit/537.36 (KHTML, like Gecko) Chrome/59.0.3071.125 Mobile Safari/537.36" "nacaomestica.org"
20.85.215.177 - - [07/Nov/2022:23:14:45 -0800] "GET /blog4/?tag=charge HTTP/1.1" 200 86402 "-" "Mozilla/5.0 (Linux; Android 7.0; SM-G930V Build/NRD90M) AppleWebKit/537.36 (KHTML, like Gecko) Chrome/59.0.3071.125 Mobile Safari/537.36" "nacaomestica.org"
52.188.211.122 - - [07/Nov/2022:23:14:49 -0800] "GET /blog4/?tag=escravidao HTTP/1.1" 200 86414 "-" "Mozilla/5.0 (Linux; Android 7.0; SM-G930V Build/NRD90M) AppleWebKit/537.36 (KHTML, like Gecko) Chrome/59.0.3071.125 Mobile Safari/537.36" "nacaomestica.org"
10.213.116.70 - - [07/Nov/2022:23:14:55 -0800] "POST /blog4/wp-cron.php?doing_wp_cron=1667891695.5659101009368896484375 HTTP/1.1" 200 - "https://nacaomestica.org/blog4/wp-cron.php?doing_wp_cron=1667891695.5659101009368896484375" "WordPress/5.6.10; https://nacaomestica.org/blog4" "nacaomestica.org"
20.85.215.177 - - [07/Nov/2022:23:14:54 -0800] "GET /blog4/?cat=128 HTTP/1.1" 200 96290 "-" "Mozilla/5.0 (Linux; Android 7.0; SM-G930V Build/NRD90M) AppleWebKit/537.36 (KHTML, like Gecko) Chrome/59.0.3071.125 Mobile Safari/537.36" "nacaomestica.org"
20.85.215.177 - - [07/Nov/2022:23:14:54 -0800] "GET /blog4/?tag=bantustao HTTP/1.1" 200 96380 "-" "Mozilla/5.0 (Linux; Android 7.0; SM-G930V Build/NRD90M) AppleWebKit/537.36 (KHTML, like Gecko) Chrome/59.0.3071.125 Mobile Safari/537.36" "nacaomestica.org"
52.188.211.122 - - [07/Nov/2022:23:15:05 -0800] "GET /blog4/?p=30905 HTTP/1.1" 200 77724 "-" "Mozilla/5.0 (Linux; Android 7.0; SM-G930V Build/NRD90M) AppleWebKit/537.36 (KHTML, like Gecko) Chrome/59.0.3071.125 Mobile Safari/537.36" "nacaomestica.org"
51.222.253.1 - - [07/Nov/2022:23:15:11 -0800] "GET /blog4/?p=7256 HTTP/1.1" 200 79998 "-" "Mozilla/5.0 (compatible; AhrefsBot/7.0; +http://ahrefs.com/robot/)" "nacaomestica.org"
20.85.215.177 - - [07/Nov/2022:23:15:19 -0800] "GET /blog4/?tag=mesticagem-miscigenacao HTTP/1.1" 200 78687 "-" "Mozilla/5.0 (Linux; Android 7.0; SM-G930V Build/NRD90M) AppleWebKit/537.36 (KHTML, like Gecko) Chrome/59.0.3071.125 Mobile Safari/537.36" "nacaomestica.org"
20.85.215.177 - - [07/Nov/2022:23:15:27 -0800] "GET /blog4/?tag=direitos-originarios HTTP/1.1" 200 82399 "-" "Mozilla/5.0 (Linux; Android 7.0; SM-G930V Build/NRD90M) AppleWebKit/537.36 (KHTML, like Gecko) Chrome/59.0.3071.125 Mobile Safari/537.36" "nacaomestica.org"
20.85.215.177 - - [07/Nov/2022:23:16:17 -0800] "GET /blog4/?cat=245 HTTP/1.1" 200 81959 "-" "Mozilla/5.0 (Linux; Android 7.0; SM-G930V Build/NRD90M) AppleWebKit/537.36 (KHTML, like Gecko) Chrome/59.0.3071.125 Mobile Safari/537.36" "nacaomestica.org"
20.85.215.177 - - [07/Nov/2022:23:16:17 -0800] "GET /blog4/?cat=262 HTTP/1.1" 200 67543 "-" "Mozilla/5.0 (Linux; Android 7.0; SM-G930V Build/NRD90M) AppleWebKit/537.36 (KHTML, like Gecko) Chrome/59.0.3071.125 Mobile Safari/537.36" "nacaomestica.org"
20.85.215.177 - - [07/Nov/2022:23:16:21 -0800] "GET /blog4/?cat=181 HTTP/1.1" 200 78204 "-" "Mozilla/5.0 (Linux; Android 7.0; SM-G930V Build/NRD90M) AppleWebKit/537.36 (KHTML, like Gecko) Chrome/59.0.3071.125 Mobile Safari/537.36" "nacaomestica.org"
20.85.215.177 - - [07/Nov/2022:23:16:21 -0800] "GET /blog4/?cat=219 HTTP/1.1" 200 94544 "-" "Mozilla/5.0 (Linux; Android 7.0; SM-G930V Build/NRD90M) AppleWebKit/537.36 (KHTML, like Gecko) Chrome/59.0.3071.125 Mobile Safari/537.36" "nacaomestica.org"
20.85.215.177 - - [07/Nov/2022:23:16:39 -0800] "GET /blog4/?tag=mesticofobia HTTP/1.1" 200 98309 "-" "Mozilla/5.0 (Linux; Android 7.0; SM-G930V Build/NRD90M) AppleWebKit/537.36 (KHTML, like Gecko) Chrome/59.0.3071.125 Mobile Safari/537.36" "nacaomestica.org"
20.85.215.177 - - [07/Nov/2022:23:16:40 -0800] "GET /blog4/?p=30970 HTTP/1.1" 200 75629 "-" "Mozilla/5.0 (Linux; Android 7.0; SM-G930V Build/NRD90M) AppleWebKit/537.36 (KHTML, like Gecko) Chrome/59.0.3071.125 Mobile Safari/537.36" "nacaomestica.org"
20.85.215.177 - - [07/Nov/2022:23:16:46 -0800] "GET /blog4/?cat=217 HTTP/1.1" 200 74699 "-" "Mozilla/5.0 (Linux; Android 7.0; SM-G930V Build/NRD90M) AppleWebKit/537.36 (KHTML, like Gecko) Chrome/59.0.3071.125 Mobile Safari/537.36" "nacaomestica.org"
10.213.116.70 - - [07/Nov/2022:23:17:02 -0800] "POST /blog4/wp-cron.php?doing_wp_cron=1667891822.9414598941802978515625 HTTP/1.1" 200 - "https://nacaomestica.org/blog4/wp-cron.php?doing_wp_cron=1667891822.9414598941802978515625" "WordPress/5.6.10; https://nacaomestica.org/blog4" "nacaomestica.org"
20.85.215.177 - - [07/Nov/2022:23:17:01 -0800] "GET /blog4/?cat=69 HTTP/1.1" 200 94253 "-" "Mozilla/5.0 (Linux; Android 7.0; SM-G930V Build/NRD90M) AppleWebKit/537.36 (KHTML, like Gecko) Chrome/59.0.3071.125 Mobile Safari/537.36" "nacaomestica.org"
40.77.167.67 - - [07/Nov/2022:23:17:19 -0800] "GET /blog4/?p=31617 HTTP/1.1" 200 74693 "-" "Mozilla/5.0 AppleWebKit/537.36 (KHTML, like Gecko; compatible; bingbot/2.0; +http://www.bing.com/bingbot.htm) Chrome/103.0.5060.134 Safari/537.36" "nacaomestica.org"
51.222.253.6 - - [07/Nov/2022:23:17:23 -0800] "GET /blog4/?p=23598 HTTP/1.1" 200 76486 "-" "Mozilla/5.0 (compatible; AhrefsBot/7.0; +http://ahrefs.com/robot/)" "nacaomestica.org"
20.85.215.177 - - [07/Nov/2022:23:17:25 -0800] "GET /blog4/?p=23346 HTTP/1.1" 200 90602 "-" "Mozilla/5.0 (Linux; Android 7.0; SM-G930V Build/NRD90M) AppleWebKit/537.36 (KHTML, like Gecko) Chrome/59.0.3071.125 Mobile Safari/537.36" "nacaomestica.org"
66.249.73.110 - - [07/Nov/2022:23:17:26 -0800] "GET /blog4/?p=11987 HTTP/1.1" 200 94493 "-" "Googlebot-Image/1.0" "nacaomestica.org"
20.85.215.177 - - [07/Nov/2022:23:17:30 -0800] "GET /blog4/?cat=29 HTTP/1.1" 200 70237 "-" "Mozilla/5.0 (Linux; Android 7.0; SM-G930V Build/NRD90M) AppleWebKit/537.36 (KHTML, like Gecko) Chrome/59.0.3071.125 Mobile Safari/537.36" "nacaomestica.org"
20.85.215.177 - - [07/Nov/2022:23:18:22 -0800] "GET /blog4/?tag=cotas HTTP/1.1" 200 92492 "-" "Mozilla/5.0 (Linux; Android 7.0; SM-G930V Build/NRD90M) AppleWebKit/537.36 (KHTML, like Gecko) Chrome/59.0.3071.125 Mobile Safari/537.36" "nacaomestica.org"
20.85.215.177 - - [07/Nov/2022:23:18:25 -0800] "GET / HTTP/1.1" 200 88633 "-" "Mozilla/5.0 (Linux; Android 7.0; SM-G930V Build/NRD90M) AppleWebKit/537.36 (KHTML, like Gecko) Chrome/59.0.3071.125 Mobile Safari/537.36" "nacaomestica.org"
17.121.112.87 - - [07/Nov/2022:23:18:59 -0800] "GET /blog4/?tag=censura HTTP/1.1" 200 78736 "-" "Mozilla/5.0 (Macintosh; Intel Mac OS X 10_15_5) AppleWebKit/605.1.15 (KHTML, like Gecko) Version/13.1.1 Safari/605.1.15 (Applebot/0.1; +http://www.apple.com/go/applebot)" "nacaomestica.org"
10.213.116.68 - - [07/Nov/2022:23:19:29 -0800] "POST /blog4/wp-cron.php?doing_wp_cron=1667891968.9921329021453857421875 HTTP/1.1" 200 - "https://nacaomestica.org/blog4/wp-cron.php?doing_wp_cron=1667891968.9921329021453857421875" "WordPress/5.6.10; https://nacaomestica.org/blog4" "nacaomestica.org"
51.222.253.15 - - [07/Nov/2022:23:19:27 -0800] "GET /blog4/?p=4868 HTTP/1.1" 200 79387 "-" "Mozilla/5.0 (compatible; AhrefsBot/7.0; +http://ahrefs.com/robot/)" "nacaomestica.org"
10.213.116.68 - - [07/Nov/2022:23:21:35 -0800] "POST /blog4/wp-cron.php?doing_wp_cron=1667892094.9973540306091308593750 HTTP/1.1" 200 - "https://nacaomestica.org/blog4/wp-cron.php?doing_wp_cron=1667892094.9973540306091308593750" "WordPress/5.6.10; https://nacaomestica.org/blog4" "nacaomestica.org"
51.222.253.2 - - [07/Nov/2022:23:21:53 -0800] "GET /blog4/?feed=rss2&p=3162 HTTP/1.1" 200 10050 "-" "Mozilla/5.0 (compatible; AhrefsBot/7.0; +http://ahrefs.com/robot/)" "nacaomestica.org"
157.55.39.146 - - [07/Nov/2022:23:21:57 -0800] "GET /blog4/?p=29983 HTTP/1.1" 200 92233 "-" "Mozilla/5.0 AppleWebKit/537.36 (KHTML, like Gecko; compatible; bingbot/2.0; +http://www.bing.com/bingbot.htm) Chrome/103.0.5060.134 Safari/537.36" "nacaomestica.org"
207.46.13.155 - - [07/Nov/2022:23:22:01 -0800] "GET /NinaRodriguesMFP.htm HTTP/1.1" 304 - "-" "Mozilla/5.0 (compatible; bingbot/2.0; +http://www.bing.com/bingbot.htm)" "nacaomestica.org"
13.67.224.14 - - [07/Nov/2022:23:22:32 -0800] "GET /blog4/wp-content/uploads/2012/09/mapahaiti.png HTTP/1.1" 200 448376 "http://nacaomestica.org/blog4/wp-content/uploads/2012/09" "Mozilla/5.0 (Macintosh; Intel Mac OS X 10_11_6) AppleWebKit/605.1.15 (KHTML, like Gecko) Version/11.1.2 Safari/605.1.15" "nacaomestica.org"
207.46.13.5 - - [07/Nov/2022:23:22:32 -0800] "GET /blog4/?p=23502 HTTP/1.1" 200 93119 "-" "Mozilla/5.0 (compatible; bingbot/2.0; +http://www.bing.com/bingbot.htm)" "nacaomestica.org"
51.222.253.12 - - [07/Nov/2022:23:24:39 -0800] "GET /blog4/?attachment_id=24902 HTTP/1.1" 301 - "-" "Mozilla/5.0 (compatible; AhrefsBot/7.0; +http://ahrefs.com/robot/)" "nacaomestica.org"
157.55.39.146 - - [07/Nov/2022:23:24:37 -0800] "GET /blog4/?tag=mensagem-mestica HTTP/1.1" 200 88890 "-" "Mozilla/5.0 AppleWebKit/537.36 (KHTML, like Gecko; compatible; bingbot/2.0; +http://www.bing.com/bingbot.htm) Chrome/103.0.5060.134 Safari/537.36" "nacaomestica.org"
10.213.116.69 - - [07/Nov/2022:23:24:39 -0800] "POST /blog4/wp-cron.php?doing_wp_cron=1667892279.9323339462280273437500 HTTP/1.1" 200 - "https://nacaomestica.org/blog4/wp-cron.php?doing_wp_cron=1667892279.9323339462280273437500" "WordPress/5.6.10; https://nacaomestica.org/blog4" "nacaomestica.org"
207.46.13.184 - - [07/Nov/2022:23:24:54 -0800] "GET /blog4/wp-includes/js/mediaelement/wp-mediaelement.min.css?ver=5.6.10 HTTP/1.1" 200 1156 "-" "Mozilla/5.0 AppleWebKit/537.36 (KHTML, like Gecko; compatible; bingbot/2.0; +http://www.bing.com/bingbot.htm) Chrome/103.0.5060.134 Safari/537.36" "nacaomestica.org"
13.67.224.12 - - [07/Nov/2022:23:25:04 -0800] "GET /blog4/wp-content/uploads/2016/02/20160207_181400-150x150.jpg HTTP/1.1" 200 9333 "https://nacaomestica.org/blog4/wp-content/uploads/2016/02" "Mozilla/5.0 (Macintosh; Intel Mac OS X 10_11_6) AppleWebKit/605.1.15 (KHTML, like Gecko) Version/11.1.2 Safari/605.1.15" "nacaomestica.org"
207.46.13.184 - - [07/Nov/2022:23:25:25 -0800] "GET /blog4/?tag=mestico HTTP/1.1" 200 99839 "-" "Mozilla/5.0 AppleWebKit/537.36 (KHTML, like Gecko; compatible; bingbot/2.0; +http://www.bing.com/bingbot.htm) Chrome/103.0.5060.134 Safari/537.36" "nacaomestica.org"
157.55.39.146 - - [07/Nov/2022:23:25:31 -0800] "GET /blog4?page=8 HTTP/1.1" 301 1416 "-" "Mozilla/5.0 (compatible; bingbot/2.0; +http://www.bing.com/bingbot.htm)" "nacaomestica.org"
207.46.13.184 - - [07/Nov/2022:23:25:29 -0800] "GET /blog4/?p=30885 HTTP/1.1" 200 75247 "-" "Mozilla/5.0 (compatible; bingbot/2.0; +http://www.bing.com/bingbot.htm)" "nacaomestica.org"
157.55.39.146 - - [07/Nov/2022:23:25:31 -0800] "GET /blog4/?cat=60 HTTP/1.1" 200 92760 "-" "Mozilla/5.0 AppleWebKit/537.36 (KHTML, like Gecko; compatible; bingbot/2.0; +http://www.bing.com/bingbot.htm) Chrome/103.0.5060.134 Safari/537.36" "nacaomestica.org"
207.46.13.184 - - [07/Nov/2022:23:25:32 -0800] "GET /blog4/?cat=268 HTTP/1.1" 200 95973 "-" "Mozilla/5.0 (compatible; bingbot/2.0; +http://www.bing.com/bingbot.htm)" "nacaomestica.org"
207.46.13.184 - - [07/Nov/2022:23:25:34 -0800] "GET /blog4/?p=19542 HTTP/1.1" 200 76024 "-" "Mozilla/5.0 (compatible; bingbot/2.0; +http://www.bing.com/bingbot.htm)" "nacaomestica.org"
157.55.39.146 - - [07/Nov/2022:23:25:33 -0800] "GET /blog4/?tag=imigracao HTTP/1.1" 200 90181 "-" "Mozilla/5.0 (compatible; bingbot/2.0; +http://www.bing.com/bingbot.htm)" "nacaomestica.org"
207.46.13.5 - - [07/Nov/2022:23:25:35 -0800] "GET /blog4/?p=30914 HTTP/1.1" 200 73763 "-" "Mozilla/5.0 (compatible; bingbot/2.0; +http://www.bing.com/bingbot.htm)" "nacaomestica.org"
207.46.13.184 - - [07/Nov/2022:23:25:36 -0800] "GET /blog4/?p=24632 HTTP/1.1" 200 73333 "-" "Mozilla/5.0 (compatible; bingbot/2.0; +http://www.bing.com/bingbot.htm)" "nacaomestica.org"
157.55.39.146 - - [07/Nov/2022:23:25:37 -0800] "GET /blog4/?cat=248 HTTP/1.1" 200 82108 "-" "Mozilla/5.0 AppleWebKit/537.36 (KHTML, like Gecko; compatible; bingbot/2.0; +http://www.bing.com/bingbot.htm) Chrome/103.0.5060.134 Safari/537.36" "nacaomestica.org"
207.46.13.5 - - [07/Nov/2022:23:25:38 -0800] "GET /blog4/?p=29811 HTTP/1.1" 200 77375 "-" "Mozilla/5.0 AppleWebKit/537.36 (KHTML, like Gecko; compatible; bingbot/2.0; +http://www.bing.com/bingbot.htm) Chrome/103.0.5060.134 Safari/537.36" "nacaomestica.org"
207.46.13.5 - - [07/Nov/2022:23:25:40 -0800] "GET /blog4/?tag=entreguismo HTTP/1.1" 200 75847 "-" "Mozilla/5.0 AppleWebKit/537.36 (KHTML, like Gecko; compatible; bingbot/2.0; +http://www.bing.com/bingbot.htm) Chrome/103.0.5060.134 Safari/537.36" "nacaomestica.org"
207.46.13.5 - - [07/Nov/2022:23:25:42 -0800] "GET /blog4/?p=8544 HTTP/1.1" 200 82309 "-" "Mozilla/5.0 (compatible; bingbot/2.0; +http://www.bing.com/bingbot.htm)" "nacaomestica.org"
207.46.13.155 - - [07/Nov/2022:23:25:42 -0800] "GET /blog4/?p=30892 HTTP/1.1" 200 75953 "-" "Mozilla/5.0 AppleWebKit/537.36 (KHTML, like Gecko; compatible; bingbot/2.0; +http://www.bing.com/bingbot.htm) Chrome/103.0.5060.134 Safari/537.36" "nacaomestica.org"
207.46.13.5 - - [07/Nov/2022:23:25:44 -0800] "GET /blog4/?cat=20 HTTP/1.1" 200 97093 "-" "Mozilla/5.0 (compatible; bingbot/2.0; +http://www.bing.com/bingbot.htm)" "nacaomestica.org"
207.46.13.155 - - [07/Nov/2022:23:25:44 -0800] "GET /blog4/?p=8135 HTTP/1.1" 200 77954 "-" "Mozilla/5.0 AppleWebKit/537.36 (KHTML, like Gecko; compatible; bingbot/2.0; +http://www.bing.com/bingbot.htm) Chrome/103.0.5060.134 Safari/537.36" "nacaomestica.org"
207.46.13.5 - - [07/Nov/2022:23:25:46 -0800] "GET /blog4/?cat=20 HTTP/1.1" 200 97093 "-" "Mozilla/5.0 (compatible; bingbot/2.0; +http://www.bing.com/bingbot.htm)" "nacaomestica.org"
207.46.13.155 - - [07/Nov/2022:23:25:46 -0800] "GET /blog4/?p=19567 HTTP/1.1" 200 81959 "-" "Mozilla/5.0 AppleWebKit/537.36 (KHTML, like Gecko; compatible; bingbot/2.0; +http://www.bing.com/bingbot.htm) Chrome/103.0.5060.134 Safari/537.36" "nacaomestica.org"
207.46.13.155 - - [07/Nov/2022:23:25:48 -0800] "GET /blog4/?p=13527 HTTP/1.1" 200 82404 "-" "Mozilla/5.0 AppleWebKit/537.36 (KHTML, like Gecko; compatible; bingbot/2.0; +http://www.bing.com/bingbot.htm) Chrome/103.0.5060.134 Safari/537.36" "nacaomestica.org"
207.46.13.184 - - [07/Nov/2022:23:25:48 -0800] "GET /blog4/?p=481 HTTP/1.1" 200 79435 "-" "Mozilla/5.0 AppleWebKit/537.36 (KHTML, like Gecko; compatible; bingbot/2.0; +http://www.bing.com/bingbot.htm) Chrome/103.0.5060.134 Safari/537.36" "nacaomestica.org"
207.46.13.155 - - [07/Nov/2022:23:25:50 -0800] "GET /blog4/?p=1219 HTTP/1.1" 200 83308 "-" "Mozilla/5.0 (compatible; bingbot/2.0; +http://www.bing.com/bingbot.htm)" "nacaomestica.org"
207.46.13.155 - - [07/Nov/2022:23:25:52 -0800] "GET /blog4/?p=11815 HTTP/1.1" 200 82778 "-" "Mozilla/5.0 AppleWebKit/537.36 (KHTML, like Gecko; compatible; bingbot/2.0; +http://www.bing.com/bingbot.htm) Chrome/103.0.5060.134 Safari/537.36" "nacaomestica.org"
207.46.13.155 - - [07/Nov/2022:23:25:53 -0800] "GET /blog4/?tag=livros HTTP/1.1" 200 73407 "-" "Mozilla/5.0 (compatible; bingbot/2.0; +http://www.bing.com/bingbot.htm)" "nacaomestica.org"
40.77.167.14 - - [07/Nov/2022:23:25:58 -0800] "GET /blog4/?p=2501 HTTP/1.1" 200 81767 "-" "Mozilla/5.0 (compatible; bingbot/2.0; +http://www.bing.com/bingbot.htm)" "nacaomestica.org"
40.77.167.14 - - [07/Nov/2022:23:26:00 -0800] "GET /blog4/?p=24406 HTTP/1.1" 200 81481 "-" "Mozilla/5.0 AppleWebKit/537.36 (KHTML, like Gecko; compatible; bingbot/2.0; +http://www.bing.com/bingbot.htm) Chrome/103.0.5060.134 Safari/537.36" "nacaomestica.org"
