40.87.9.95 - - [28/Sep/2022:17:19:52 -0700] "GET /blog4/?author=1 HTTP/1.1" 200 91696 "-" "Mozilla/5.0 (Linux; Android 7.0; SM-G930V Build/NRD90M) AppleWebKit/537.36 (KHTML, like Gecko) Chrome/59.0.3071.125 Mobile Safari/537.36" "nacaomestica.org"
20.85.215.177 - - [28/Sep/2022:17:20:08 -0700] "GET /blog4/?p=30955 HTTP/1.1" 200 79312 "-" "Mozilla/5.0 (Linux; Android 7.0; SM-G930V Build/NRD90M) AppleWebKit/537.36 (KHTML, like Gecko) Chrome/59.0.3071.125 Mobile Safari/537.36" "nacaomestica.org"
200.75.195.101 - - [28/Sep/2022:17:20:11 -0700] "GET /blog4/wp-content/uploads/2018/04/francisca-pizarro-tr.jpg HTTP/1.1" 200 45680 "https://www.google.com/" "Mozilla/5.0 (Linux; Android 11; SM-X200) AppleWebKit/537.36 (KHTML, like Gecko) Chrome/99.0.4844.73 Safari/537.36" "nacaomestica.org"
20.85.215.177 - - [28/Sep/2022:17:20:14 -0700] "GET /blog4/?cat=127 HTTP/1.1" 200 101448 "-" "Mozilla/5.0 (Linux; Android 7.0; SM-G930V Build/NRD90M) AppleWebKit/537.36 (KHTML, like Gecko) Chrome/59.0.3071.125 Mobile Safari/537.36" "nacaomestica.org"
40.87.9.95 - - [28/Sep/2022:17:20:28 -0700] "GET /blog4/?tag=comunismo HTTP/1.1" 200 74545 "-" "Mozilla/5.0 (Linux; Android 7.0; SM-G930V Build/NRD90M) AppleWebKit/537.36 (KHTML, like Gecko) Chrome/59.0.3071.125 Mobile Safari/537.36" "nacaomestica.org"
20.85.215.177 - - [28/Sep/2022:17:20:28 -0700] "GET /blog4/?cat=225 HTTP/1.1" 200 69794 "-" "Mozilla/5.0 (Linux; Android 7.0; SM-G930V Build/NRD90M) AppleWebKit/537.36 (KHTML, like Gecko) Chrome/59.0.3071.125 Mobile Safari/537.36" "nacaomestica.org"
10.213.116.68 - - [28/Sep/2022:17:21:03 -0700] "POST /blog4/wp-cron.php?doing_wp_cron=1664410863.7234899997711181640625 HTTP/1.1" 200 - "https://nacaomestica.org/blog4/wp-cron.php?doing_wp_cron=1664410863.7234899997711181640625" "WordPress/5.6.9; https://nacaomestica.org/blog4" "nacaomestica.org"
74.125.150.85 - - [28/Sep/2022:17:21:02 -0700] "GET /blog4/?feed=rss2 HTTP/1.1" 304 - "-" "FeedFetcher-Google; (+http://www.google.com/feedfetcher.html)" "nacaomestica.org"
40.87.9.95 - - [28/Sep/2022:17:21:04 -0700] "GET /blog4/?tag=poder-branco HTTP/1.1" 200 94185 "-" "Mozilla/5.0 (Linux; Android 7.0; SM-G930V Build/NRD90M) AppleWebKit/537.36 (KHTML, like Gecko) Chrome/59.0.3071.125 Mobile Safari/537.36" "nacaomestica.org"
40.87.9.95 - - [28/Sep/2022:17:21:06 -0700] "GET /blog4/?cat=231 HTTP/1.1" 200 72365 "-" "Mozilla/5.0 (Linux; Android 7.0; SM-G930V Build/NRD90M) AppleWebKit/537.36 (KHTML, like Gecko) Chrome/59.0.3071.125 Mobile Safari/537.36" "nacaomestica.org"
40.87.9.95 - - [28/Sep/2022:17:21:07 -0700] "GET /blog4/?cat=20 HTTP/1.1" 200 95736 "-" "Mozilla/5.0 (Linux; Android 7.0; SM-G930V Build/NRD90M) AppleWebKit/537.36 (KHTML, like Gecko) Chrome/59.0.3071.125 Mobile Safari/537.36" "nacaomestica.org"
187.71.142.149 - - [28/Sep/2022:17:21:11 -0700] "GET /blog4/?p=6654 HTTP/1.1" 200 79095 "https://www.google.com/" "Mozilla/5.0 (Linux; Android 8.1.0; SM-J260MU) AppleWebKit/537.36 (KHTML, like Gecko) Chrome/105.0.0.0 Mobile Safari/537.36" "nacaomestica.org"
187.71.142.149 - - [28/Sep/2022:17:21:13 -0700] "GET /blog4/wp-includes/js/jquery/jquery-migrate.min.js?ver=3.3.2 HTTP/1.1" 200 4169 "https://nacaomestica.org/blog4/?p=6654" "Mozilla/5.0 (Linux; Android 8.1.0; SM-J260MU) AppleWebKit/537.36 (KHTML, like Gecko) Chrome/105.0.0.0 Mobile Safari/537.36" "nacaomestica.org"
187.71.142.149 - - [28/Sep/2022:17:21:13 -0700] "GET /blog4/wp-content/themes/carrington-blog/js/carrington.js?ver=1.0 HTTP/1.1" 200 1229 "https://nacaomestica.org/blog4/?p=6654" "Mozilla/5.0 (Linux; Android 8.1.0; SM-J260MU) AppleWebKit/537.36 (KHTML, like Gecko) Chrome/105.0.0.0 Mobile Safari/537.36" "nacaomestica.org"
187.71.142.149 - - [28/Sep/2022:17:21:13 -0700] "GET /blog4/wp-content/themes/carrington-blog/carrington-core/lightbox/thickbox.js?ver=1.0 HTTP/1.1" 200 3903 "https://nacaomestica.org/blog4/?p=6654" "Mozilla/5.0 (Linux; Android 8.1.0; SM-J260MU) AppleWebKit/537.36 (KHTML, like Gecko) Chrome/105.0.0.0 Mobile Safari/537.36" "nacaomestica.org"
187.71.142.149 - - [28/Sep/2022:17:21:13 -0700] "GET /blog4/wp-includes/js/jquery/jquery.min.js?ver=3.5.1 HTTP/1.1" 200 30916 "https://nacaomestica.org/blog4/?p=6654" "Mozilla/5.0 (Linux; Android 8.1.0; SM-J260MU) AppleWebKit/537.36 (KHTML, like Gecko) Chrome/105.0.0.0 Mobile Safari/537.36" "nacaomestica.org"
187.71.142.149 - - [28/Sep/2022:17:21:13 -0700] "GET /blog4/wp-content/themes/carrington-blog/carrington-core/lightbox/css/thickbox.css HTTP/1.1" 200 975 "https://nacaomestica.org/blog4/?p=6654" "Mozilla/5.0 (Linux; Android 8.1.0; SM-J260MU) AppleWebKit/537.36 (KHTML, like Gecko) Chrome/105.0.0.0 Mobile Safari/537.36" "nacaomestica.org"
187.71.142.149 - - [28/Sep/2022:17:21:13 -0700] "GET /blog4/wp-content/themes/carrington-blog/css/css.php HTTP/1.1" 200 4963 "https://nacaomestica.org/blog4/?p=6654" "Mozilla/5.0 (Linux; Android 8.1.0; SM-J260MU) AppleWebKit/537.36 (KHTML, like Gecko) Chrome/105.0.0.0 Mobile Safari/537.36" "nacaomestica.org"
187.71.142.149 - - [28/Sep/2022:17:21:15 -0700] "GET /blog4/wp-includes/js/mediaelement/mediaelementplayer-legacy.min.css?ver=4.2.16 HTTP/1.1" 200 2592 "https://nacaomestica.org/blog4/?p=6654" "Mozilla/5.0 (Linux; Android 8.1.0; SM-J260MU) AppleWebKit/537.36 (KHTML, like Gecko) Chrome/105.0.0.0 Mobile Safari/537.36" "nacaomestica.org"
187.71.142.149 - - [28/Sep/2022:17:21:16 -0700] "GET /blog4/wp-includes/js/mediaelement/wp-mediaelement.min.css?ver=5.6.9 HTTP/1.1" 200 1156 "https://nacaomestica.org/blog4/?p=6654" "Mozilla/5.0 (Linux; Android 8.1.0; SM-J260MU) AppleWebKit/537.36 (KHTML, like Gecko) Chrome/105.0.0.0 Mobile Safari/537.36" "nacaomestica.org"
187.71.142.149 - - [28/Sep/2022:17:21:16 -0700] "GET /blog4/wp-content/plugins/wp-spamshield/js/jscripts-ftr2-min.js HTTP/1.1" 200 637 "https://nacaomestica.org/blog4/?p=6654" "Mozilla/5.0 (Linux; Android 8.1.0; SM-J260MU) AppleWebKit/537.36 (KHTML, like Gecko) Chrome/105.0.0.0 Mobile Safari/537.36" "nacaomestica.org"
187.71.142.149 - - [28/Sep/2022:17:21:16 -0700] "GET /blog4/wp-includes/js/wp-embed.min.js?ver=5.6.9 HTTP/1.1" 200 765 "https://nacaomestica.org/blog4/?p=6654" "Mozilla/5.0 (Linux; Android 8.1.0; SM-J260MU) AppleWebKit/537.36 (KHTML, like Gecko) Chrome/105.0.0.0 Mobile Safari/537.36" "nacaomestica.org"
187.71.142.149 - - [28/Sep/2022:17:21:16 -0700] "GET /blog4/wp-includes/js/mediaelement/wp-mediaelement.min.js?ver=5.6.9 HTTP/1.1" 200 475 "https://nacaomestica.org/blog4/?p=6654" "Mozilla/5.0 (Linux; Android 8.1.0; SM-J260MU) AppleWebKit/537.36 (KHTML, like Gecko) Chrome/105.0.0.0 Mobile Safari/537.36" "nacaomestica.org"
187.71.142.149 - - [28/Sep/2022:17:21:16 -0700] "GET /blog4/wp-includes/js/wp-emoji-release.min.js?ver=5.6.9 HTTP/1.1" 200 4662 "https://nacaomestica.org/blog4/?p=6654" "Mozilla/5.0 (Linux; Android 8.1.0; SM-J260MU) AppleWebKit/537.36 (KHTML, like Gecko) Chrome/105.0.0.0 Mobile Safari/537.36" "nacaomestica.org"
187.71.142.149 - - [28/Sep/2022:17:21:16 -0700] "GET /blog4/wp-includes/js/mediaelement/mediaelement-migrate.min.js?ver=5.6.9 HTTP/1.1" 200 544 "https://nacaomestica.org/blog4/?p=6654" "Mozilla/5.0 (Linux; Android 8.1.0; SM-J260MU) AppleWebKit/537.36 (KHTML, like Gecko) Chrome/105.0.0.0 Mobile Safari/537.36" "nacaomestica.org"
187.71.142.149 - - [28/Sep/2022:17:21:16 -0700] "GET /blog4/wp-content/themes/carrington-blog/img/rss-button.gif HTTP/1.1" 200 2208 "https://nacaomestica.org/blog4/?p=6654" "Mozilla/5.0 (Linux; Android 8.1.0; SM-J260MU) AppleWebKit/537.36 (KHTML, like Gecko) Chrome/105.0.0.0 Mobile Safari/537.36" "nacaomestica.org"
187.71.142.149 - - [28/Sep/2022:17:21:16 -0700] "GET /blog4/wp-content/themes/carrington-blog/img/header/gradient-dark.png HTTP/1.1" 200 2877 "https://nacaomestica.org/blog4/?p=6654" "Mozilla/5.0 (Linux; Android 8.1.0; SM-J260MU) AppleWebKit/537.36 (KHTML, like Gecko) Chrome/105.0.0.0 Mobile Safari/537.36" "nacaomestica.org"
187.71.142.149 - - [28/Sep/2022:17:21:16 -0700] "GET /blog4/wp-content/uploads/2015/04/ONCA_SITE2.png HTTP/1.1" 200 296324 "https://nacaomestica.org/blog4/?p=6654" "Mozilla/5.0 (Linux; Android 8.1.0; SM-J260MU) AppleWebKit/537.36 (KHTML, like Gecko) Chrome/105.0.0.0 Mobile Safari/537.36" "nacaomestica.org"
187.71.142.149 - - [28/Sep/2022:17:21:16 -0700] "GET /blog4/wp-includes/js/mediaelement/renderers/vimeo.min.js?ver=4.2.16 HTTP/1.1" 200 2284 "https://nacaomestica.org/blog4/?p=6654" "Mozilla/5.0 (Linux; Android 8.1.0; SM-J260MU) AppleWebKit/537.36 (KHTML, like Gecko) Chrome/105.0.0.0 Mobile Safari/537.36" "nacaomestica.org"
187.71.142.149 - - [28/Sep/2022:17:21:16 -0700] "GET /blog4/wp-includes/js/mediaelement/mediaelement-and-player.min.js?ver=4.2.16 HTTP/1.1" 200 38657 "https://nacaomestica.org/blog4/?p=6654" "Mozilla/5.0 (Linux; Android 8.1.0; SM-J260MU) AppleWebKit/537.36 (KHTML, like Gecko) Chrome/105.0.0.0 Mobile Safari/537.36" "nacaomestica.org"
187.71.142.149 - - [28/Sep/2022:17:21:16 -0700] "GET /blog4/wp-content/themes/carrington-blog/img/watermark-light.gif HTTP/1.1" 200 31981 "https://nacaomestica.org/blog4/wp-content/themes/carrington-blog/css/css.php" "Mozilla/5.0 (Linux; Android 8.1.0; SM-J260MU) AppleWebKit/537.36 (KHTML, like Gecko) Chrome/105.0.0.0 Mobile Safari/537.36" "nacaomestica.org"
187.71.142.149 - - [28/Sep/2022:17:21:16 -0700] "GET /blog4/wp-content/uploads/2013/09/8C81F.jpg HTTP/1.1" 200 130499 "https://nacaomestica.org/blog4/?p=6654" "Mozilla/5.0 (Linux; Android 8.1.0; SM-J260MU) AppleWebKit/537.36 (KHTML, like Gecko) Chrome/105.0.0.0 Mobile Safari/537.36" "nacaomestica.org"
187.71.142.149 - - [28/Sep/2022:17:21:16 -0700] "GET /blog4/wp-content/themes/carrington-blog/img/dropdown-divider.gif HTTP/1.1" 200 144 "https://nacaomestica.org/blog4/wp-content/themes/carrington-blog/css/css.php" "Mozilla/5.0 (Linux; Android 8.1.0; SM-J260MU) AppleWebKit/537.36 (KHTML, like Gecko) Chrome/105.0.0.0 Mobile Safari/537.36" "nacaomestica.org"
187.71.142.149 - - [28/Sep/2022:17:21:16 -0700] "GET /blog4/wp-content/themes/carrington-blog/img/comments-divider.gif HTTP/1.1" 200 6855 "https://nacaomestica.org/blog4/wp-content/themes/carrington-blog/css/css.php" "Mozilla/5.0 (Linux; Android 8.1.0; SM-J260MU) AppleWebKit/537.36 (KHTML, like Gecko) Chrome/105.0.0.0 Mobile Safari/537.36" "nacaomestica.org"
187.71.142.149 - - [28/Sep/2022:17:21:16 -0700] "GET /blog4/wp-content/themes/carrington-blog/img/comment.gif HTTP/1.1" 200 370 "https://nacaomestica.org/blog4/wp-content/themes/carrington-blog/css/css.php" "Mozilla/5.0 (Linux; Android 8.1.0; SM-J260MU) AppleWebKit/537.36 (KHTML, like Gecko) Chrome/105.0.0.0 Mobile Safari/537.36" "nacaomestica.org"
187.71.142.149 - - [28/Sep/2022:17:21:16 -0700] "GET /blog4/wp-content/themes/carrington-blog/img/sub-header-border-bottom.gif HTTP/1.1" 200 43 "https://nacaomestica.org/blog4/wp-content/themes/carrington-blog/css/css.php" "Mozilla/5.0 (Linux; Android 8.1.0; SM-J260MU) AppleWebKit/537.36 (KHTML, like Gecko) Chrome/105.0.0.0 Mobile Safari/537.36" "nacaomestica.org"
187.71.142.149 - - [28/Sep/2022:17:21:16 -0700] "GET /blog4/wp-content/themes/carrington-blog/img/grey-to-white-gradient.png HTTP/1.1" 200 153 "https://nacaomestica.org/blog4/wp-content/themes/carrington-blog/css/css.php" "Mozilla/5.0 (Linux; Android 8.1.0; SM-J260MU) AppleWebKit/537.36 (KHTML, like Gecko) Chrome/105.0.0.0 Mobile Safari/537.36" "nacaomestica.org"
187.71.142.149 - - [28/Sep/2022:17:21:16 -0700] "GET /blog4/wp-content/themes/carrington-blog/img/sidebar-background.gif HTTP/1.1" 200 1515 "https://nacaomestica.org/blog4/wp-content/themes/carrington-blog/css/css.php" "Mozilla/5.0 (Linux; Android 8.1.0; SM-J260MU) AppleWebKit/537.36 (KHTML, like Gecko) Chrome/105.0.0.0 Mobile Safari/537.36" "nacaomestica.org"
187.71.142.149 - - [28/Sep/2022:17:21:16 -0700] "GET /blog4/wp-content/themes/carrington-blog/img/arrow-bullet.gif HTTP/1.1" 200 50 "https://nacaomestica.org/blog4/wp-content/themes/carrington-blog/css/css.php" "Mozilla/5.0 (Linux; Android 8.1.0; SM-J260MU) AppleWebKit/537.36 (KHTML, like Gecko) Chrome/105.0.0.0 Mobile Safari/537.36" "nacaomestica.org"
187.71.142.149 - - [28/Sep/2022:17:21:16 -0700] "GET /blog4/wp-content/themes/carrington-blog/img/divider-ornament.gif HTTP/1.1" 200 778 "https://nacaomestica.org/blog4/wp-content/themes/carrington-blog/css/css.php" "Mozilla/5.0 (Linux; Android 8.1.0; SM-J260MU) AppleWebKit/537.36 (KHTML, like Gecko) Chrome/105.0.0.0 Mobile Safari/537.36" "nacaomestica.org"
187.71.142.149 - - [28/Sep/2022:17:21:16 -0700] "GET /blog4/wp-content/themes/carrington-blog/img/footer/gradient-light.png HTTP/1.1" 200 172 "https://nacaomestica.org/blog4/?p=6654" "Mozilla/5.0 (Linux; Android 8.1.0; SM-J260MU) AppleWebKit/537.36 (KHTML, like Gecko) Chrome/105.0.0.0 Mobile Safari/537.36" "nacaomestica.org"
187.71.142.149 - - [28/Sep/2022:17:21:16 -0700] "GET /blog4/wp-content/themes/carrington-blog/img/footer/divider-ornament-wide-light.png HTTP/1.1" 200 1601 "https://nacaomestica.org/blog4/wp-content/themes/carrington-blog/css/css.php" "Mozilla/5.0 (Linux; Android 8.1.0; SM-J260MU) AppleWebKit/537.36 (KHTML, like Gecko) Chrome/105.0.0.0 Mobile Safari/537.36" "nacaomestica.org"
187.71.142.149 - - [28/Sep/2022:17:21:16 -0700] "GET /blog4/wp-content/themes/carrington-blog/img/footer/by-crowd-favorite-light.png HTTP/1.1" 200 2825 "https://nacaomestica.org/blog4/?p=6654" "Mozilla/5.0 (Linux; Android 8.1.0; SM-J260MU) AppleWebKit/537.36 (KHTML, like Gecko) Chrome/105.0.0.0 Mobile Safari/537.36" "nacaomestica.org"
187.71.142.149 - - [28/Sep/2022:17:21:16 -0700] "GET /blog4/wp-content/uploads/2018/08/livro_mestico_CAPA-2peq.png HTTP/1.1" 200 35385 "https://nacaomestica.org/blog4/?p=6654" "Mozilla/5.0 (Linux; Android 8.1.0; SM-J260MU) AppleWebKit/537.36 (KHTML, like Gecko) Chrome/105.0.0.0 Mobile Safari/537.36" "nacaomestica.org"
20.85.215.177 - - [28/Sep/2022:17:21:16 -0700] "GET /blog4/?tag=apartheid HTTP/1.1" 200 90727 "-" "Mozilla/5.0 (Linux; Android 7.0; SM-G930V Build/NRD90M) AppleWebKit/537.36 (KHTML, like Gecko) Chrome/59.0.3071.125 Mobile Safari/537.36" "nacaomestica.org"
40.87.9.95 - - [28/Sep/2022:17:21:17 -0700] "GET /blog4/?tag=identidade-nacional HTTP/1.1" 200 90104 "-" "Mozilla/5.0 (Linux; Android 7.0; SM-G930V Build/NRD90M) AppleWebKit/537.36 (KHTML, like Gecko) Chrome/59.0.3071.125 Mobile Safari/537.36" "nacaomestica.org"
187.71.142.149 - - [28/Sep/2022:17:21:19 -0700] "GET /blog4/wp-content/themes/carrington-blog/carrington-core/lightbox/img/loadingAnimation.gif HTTP/1.1" 200 5886 "https://nacaomestica.org/blog4/?p=6654" "Mozilla/5.0 (Linux; Android 8.1.0; SM-J260MU) AppleWebKit/537.36 (KHTML, like Gecko) Chrome/105.0.0.0 Mobile Safari/537.36" "nacaomestica.org"
187.71.142.149 - - [28/Sep/2022:17:21:19 -0700] "GET /blog4/wp-includes/js/mediaelement/mejs-controls.svg HTTP/1.1" 200 1413 "https://nacaomestica.org/blog4/wp-includes/js/mediaelement/mediaelementplayer-legacy.min.css?ver=4.2.16" "Mozilla/5.0 (Linux; Android 8.1.0; SM-J260MU) AppleWebKit/537.36 (KHTML, like Gecko) Chrome/105.0.0.0 Mobile Safari/537.36" "nacaomestica.org"
40.87.9.95 - - [28/Sep/2022:17:21:18 -0700] "GET /blog4/?cat=221 HTTP/1.1" 200 84060 "-" "Mozilla/5.0 (Linux; Android 7.0; SM-G930V Build/NRD90M) AppleWebKit/537.36 (KHTML, like Gecko) Chrome/59.0.3071.125 Mobile Safari/537.36" "nacaomestica.org"
187.71.142.149 - - [28/Sep/2022:17:21:24 -0700] "GET /favicon.ico HTTP/1.1" 200 676 "https://nacaomestica.org/blog4/?p=6654" "Mozilla/5.0 (Linux; Android 8.1.0; SM-J260MU) AppleWebKit/537.36 (KHTML, like Gecko) Chrome/105.0.0.0 Mobile Safari/537.36" "nacaomestica.org"
179.128.186.42 - - [28/Sep/2022:17:21:32 -0700] "GET /blog4/?p=21142 HTTP/1.1" 200 158582 "https://www.google.com/" "Mozilla/5.0 (Linux; Android 9; moto g(6) plus) AppleWebKit/537.36 (KHTML, like Gecko) Chrome/101.0.0.0 Mobile Safari/537.36" "nacaomestica.org"
179.128.186.42 - - [28/Sep/2022:17:21:35 -0700] "GET /blog4/wp-includes/js/jquery/jquery-migrate.min.js?ver=3.3.2 HTTP/1.1" 200 4169 "https://nacaomestica.org/blog4/?p=21142" "Mozilla/5.0 (Linux; Android 9; moto g(6) plus) AppleWebKit/537.36 (KHTML, like Gecko) Chrome/101.0.0.0 Mobile Safari/537.36" "nacaomestica.org"
179.128.186.42 - - [28/Sep/2022:17:21:35 -0700] "GET /blog4/wp-content/themes/carrington-blog/carrington-core/lightbox/thickbox.js?ver=1.0 HTTP/1.1" 200 3903 "https://nacaomestica.org/blog4/?p=21142" "Mozilla/5.0 (Linux; Android 9; moto g(6) plus) AppleWebKit/537.36 (KHTML, like Gecko) Chrome/101.0.0.0 Mobile Safari/537.36" "nacaomestica.org"
179.128.186.42 - - [28/Sep/2022:17:21:35 -0700] "GET /blog4/wp-content/themes/carrington-blog/js/carrington.js?ver=1.0 HTTP/1.1" 200 1229 "https://nacaomestica.org/blog4/?p=21142" "Mozilla/5.0 (Linux; Android 9; moto g(6) plus) AppleWebKit/537.36 (KHTML, like Gecko) Chrome/101.0.0.0 Mobile Safari/537.36" "nacaomestica.org"
179.128.186.42 - - [28/Sep/2022:17:21:35 -0700] "GET /blog4/wp-content/themes/carrington-blog/carrington-core/lightbox/css/thickbox.css HTTP/1.1" 200 975 "https://nacaomestica.org/blog4/?p=21142" "Mozilla/5.0 (Linux; Android 9; moto g(6) plus) AppleWebKit/537.36 (KHTML, like Gecko) Chrome/101.0.0.0 Mobile Safari/537.36" "nacaomestica.org"
179.128.186.42 - - [28/Sep/2022:17:21:35 -0700] "GET /blog4/wp-includes/js/jquery/jquery.min.js?ver=3.5.1 HTTP/1.1" 200 30916 "https://nacaomestica.org/blog4/?p=21142" "Mozilla/5.0 (Linux; Android 9; moto g(6) plus) AppleWebKit/537.36 (KHTML, like Gecko) Chrome/101.0.0.0 Mobile Safari/537.36" "nacaomestica.org"
179.128.186.42 - - [28/Sep/2022:17:21:35 -0700] "GET /blog4/wp-content/themes/carrington-blog/css/css.php HTTP/1.1" 200 4963 "https://nacaomestica.org/blog4/?p=21142" "Mozilla/5.0 (Linux; Android 9; moto g(6) plus) AppleWebKit/537.36 (KHTML, like Gecko) Chrome/101.0.0.0 Mobile Safari/537.36" "nacaomestica.org"
179.128.186.42 - - [28/Sep/2022:17:21:39 -0700] "GET /blog4/wp-includes/js/mediaelement/mediaelementplayer-legacy.min.css?ver=4.2.16 HTTP/1.1" 200 2592 "https://nacaomestica.org/blog4/?p=21142" "Mozilla/5.0 (Linux; Android 9; moto g(6) plus) AppleWebKit/537.36 (KHTML, like Gecko) Chrome/101.0.0.0 Mobile Safari/537.36" "nacaomestica.org"
179.128.186.42 - - [28/Sep/2022:17:21:39 -0700] "GET /blog4/wp-includes/js/mediaelement/wp-mediaelement.min.css?ver=5.6.9 HTTP/1.1" 200 1156 "https://nacaomestica.org/blog4/?p=21142" "Mozilla/5.0 (Linux; Android 9; moto g(6) plus) AppleWebKit/537.36 (KHTML, like Gecko) Chrome/101.0.0.0 Mobile Safari/537.36" "nacaomestica.org"
179.128.186.42 - - [28/Sep/2022:17:21:39 -0700] "GET /blog4/wp-includes/js/wp-embed.min.js?ver=5.6.9 HTTP/1.1" 200 765 "https://nacaomestica.org/blog4/?p=21142" "Mozilla/5.0 (Linux; Android 9; moto g(6) plus) AppleWebKit/537.36 (KHTML, like Gecko) Chrome/101.0.0.0 Mobile Safari/537.36" "nacaomestica.org"
179.128.186.42 - - [28/Sep/2022:17:21:39 -0700] "GET /blog4/wp-content/plugins/wp-spamshield/js/jscripts-ftr2-min.js HTTP/1.1" 200 637 "https://nacaomestica.org/blog4/?p=21142" "Mozilla/5.0 (Linux; Android 9; moto g(6) plus) AppleWebKit/537.36 (KHTML, like Gecko) Chrome/101.0.0.0 Mobile Safari/537.36" "nacaomestica.org"
179.128.186.42 - - [28/Sep/2022:17:21:39 -0700] "GET /blog4/wp-includes/js/mediaelement/mediaelement-migrate.min.js?ver=5.6.9 HTTP/1.1" 200 544 "https://nacaomestica.org/blog4/?p=21142" "Mozilla/5.0 (Linux; Android 9; moto g(6) plus) AppleWebKit/537.36 (KHTML, like Gecko) Chrome/101.0.0.0 Mobile Safari/537.36" "nacaomestica.org"
179.128.186.42 - - [28/Sep/2022:17:21:39 -0700] "GET /blog4/wp-includes/js/mediaelement/wp-mediaelement.min.js?ver=5.6.9 HTTP/1.1" 200 475 "https://nacaomestica.org/blog4/?p=21142" "Mozilla/5.0 (Linux; Android 9; moto g(6) plus) AppleWebKit/537.36 (KHTML, like Gecko) Chrome/101.0.0.0 Mobile Safari/537.36" "nacaomestica.org"
179.128.186.42 - - [28/Sep/2022:17:21:39 -0700] "GET /blog4/wp-includes/js/wp-emoji-release.min.js?ver=5.6.9 HTTP/1.1" 200 4662 "https://nacaomestica.org/blog4/?p=21142" "Mozilla/5.0 (Linux; Android 9; moto g(6) plus) AppleWebKit/537.36 (KHTML, like Gecko) Chrome/101.0.0.0 Mobile Safari/537.36" "nacaomestica.org"
179.128.186.42 - - [28/Sep/2022:17:21:39 -0700] "GET /blog4/wp-content/themes/carrington-blog/img/rss-button.gif HTTP/1.1" 200 2208 "https://nacaomestica.org/blog4/?p=21142" "Mozilla/5.0 (Linux; Android 9; moto g(6) plus) AppleWebKit/537.36 (KHTML, like Gecko) Chrome/101.0.0.0 Mobile Safari/537.36" "nacaomestica.org"
179.128.186.42 - - [28/Sep/2022:17:21:39 -0700] "GET /blog4/wp-includes/js/mediaelement/renderers/vimeo.min.js?ver=4.2.16 HTTP/1.1" 200 2284 "https://nacaomestica.org/blog4/?p=21142" "Mozilla/5.0 (Linux; Android 9; moto g(6) plus) AppleWebKit/537.36 (KHTML, like Gecko) Chrome/101.0.0.0 Mobile Safari/537.36" "nacaomestica.org"
179.128.186.42 - - [28/Sep/2022:17:21:39 -0700] "GET /blog4/wp-includes/js/mediaelement/mediaelement-and-player.min.js?ver=4.2.16 HTTP/1.1" 200 38657 "https://nacaomestica.org/blog4/?p=21142" "Mozilla/5.0 (Linux; Android 9; moto g(6) plus) AppleWebKit/537.36 (KHTML, like Gecko) Chrome/101.0.0.0 Mobile Safari/537.36" "nacaomestica.org"
179.128.186.42 - - [28/Sep/2022:17:21:39 -0700] "GET /blog4/wp-content/themes/carrington-blog/img/header/gradient-dark.png HTTP/1.1" 200 2877 "https://nacaomestica.org/blog4/?p=21142" "Mozilla/5.0 (Linux; Android 9; moto g(6) plus) AppleWebKit/537.36 (KHTML, like Gecko) Chrome/101.0.0.0 Mobile Safari/537.36" "nacaomestica.org"
179.128.186.42 - - [28/Sep/2022:17:21:39 -0700] "GET /blog4/wp-content/uploads/2015/04/ONCA_SITE2.png HTTP/1.1" 200 296324 "https://nacaomestica.org/blog4/?p=21142" "Mozilla/5.0 (Linux; Android 9; moto g(6) plus) AppleWebKit/537.36 (KHTML, like Gecko) Chrome/101.0.0.0 Mobile Safari/537.36" "nacaomestica.org"
179.128.186.42 - - [28/Sep/2022:17:21:39 -0700] "GET /blog4/wp-content/themes/carrington-blog/img/sub-header-border-bottom.gif HTTP/1.1" 200 43 "https://nacaomestica.org/blog4/wp-content/themes/carrington-blog/css/css.php" "Mozilla/5.0 (Linux; Android 9; moto g(6) plus) AppleWebKit/537.36 (KHTML, like Gecko) Chrome/101.0.0.0 Mobile Safari/537.36" "nacaomestica.org"
179.128.186.42 - - [28/Sep/2022:17:21:40 -0700] "GET /blog4/wp-content/themes/carrington-blog/img/sidebar-background.gif HTTP/1.1" 200 1515 "https://nacaomestica.org/blog4/wp-content/themes/carrington-blog/css/css.php" "Mozilla/5.0 (Linux; Android 9; moto g(6) plus) AppleWebKit/537.36 (KHTML, like Gecko) Chrome/101.0.0.0 Mobile Safari/537.36" "nacaomestica.org"
179.128.186.42 - - [28/Sep/2022:17:21:40 -0700] "GET /blog4/wp-content/themes/carrington-blog/img/arrow-bullet.gif HTTP/1.1" 200 50 "https://nacaomestica.org/blog4/wp-content/themes/carrington-blog/css/css.php" "Mozilla/5.0 (Linux; Android 9; moto g(6) plus) AppleWebKit/537.36 (KHTML, like Gecko) Chrome/101.0.0.0 Mobile Safari/537.36" "nacaomestica.org"
179.128.186.42 - - [28/Sep/2022:17:21:40 -0700] "GET /blog4/wp-content/themes/carrington-blog/img/divider-ornament.gif HTTP/1.1" 200 778 "https://nacaomestica.org/blog4/wp-content/themes/carrington-blog/css/css.php" "Mozilla/5.0 (Linux; Android 9; moto g(6) plus) AppleWebKit/537.36 (KHTML, like Gecko) Chrome/101.0.0.0 Mobile Safari/537.36" "nacaomestica.org"
179.128.186.42 - - [28/Sep/2022:17:21:40 -0700] "GET /blog4/wp-content/themes/carrington-blog/img/watermark-light.gif HTTP/1.1" 200 31981 "https://nacaomestica.org/blog4/wp-content/themes/carrington-blog/css/css.php" "Mozilla/5.0 (Linux; Android 9; moto g(6) plus) AppleWebKit/537.36 (KHTML, like Gecko) Chrome/101.0.0.0 Mobile Safari/537.36" "nacaomestica.org"
179.128.186.42 - - [28/Sep/2022:17:21:40 -0700] "GET /blog4/wp-content/uploads/2017/03/ussr-socialist-soviet-swastika1918-5000-10000.jpg HTTP/1.1" 200 43788 "https://nacaomestica.org/blog4/?p=21142" "Mozilla/5.0 (Linux; Android 9; moto g(6) plus) AppleWebKit/537.36 (KHTML, like Gecko) Chrome/101.0.0.0 Mobile Safari/537.36" "nacaomestica.org"
179.128.186.42 - - [28/Sep/2022:17:21:40 -0700] "GET /blog4/wp-content/uploads/2017/03/ussr-socialist-swastika1917-250b.jpg HTTP/1.1" 200 114847 "https://nacaomestica.org/blog4/?p=21142" "Mozilla/5.0 (Linux; Android 9; moto g(6) plus) AppleWebKit/537.36 (KHTML, like Gecko) Chrome/101.0.0.0 Mobile Safari/537.36" "nacaomestica.org"
179.128.186.42 - - [28/Sep/2022:17:21:40 -0700] "GET /blog4/wp-content/uploads/2018/08/livro_mestico_CAPA-2peq.png HTTP/1.1" 200 35385 "https://nacaomestica.org/blog4/?p=21142" "Mozilla/5.0 (Linux; Android 9; moto g(6) plus) AppleWebKit/537.36 (KHTML, like Gecko) Chrome/101.0.0.0 Mobile Safari/537.36" "nacaomestica.org"
179.128.186.42 - - [28/Sep/2022:17:21:41 -0700] "GET /blog4/wp-includes/js/mediaelement/mejs-controls.svg HTTP/1.1" 200 1413 "https://nacaomestica.org/blog4/wp-includes/js/mediaelement/mediaelementplayer-legacy.min.css?ver=4.2.16" "Mozilla/5.0 (Linux; Android 9; moto g(6) plus) AppleWebKit/537.36 (KHTML, like Gecko) Chrome/101.0.0.0 Mobile Safari/537.36" "nacaomestica.org"
179.128.186.42 - - [28/Sep/2022:17:21:59 -0700] "GET /blog4/wp-content/themes/carrington-blog/img/comment-thread.gif HTTP/1.1" 200 236 "https://nacaomestica.org/blog4/wp-content/themes/carrington-blog/css/css.php" "Mozilla/5.0 (Linux; Android 9; moto g(6) plus) AppleWebKit/537.36 (KHTML, like Gecko) Chrome/101.0.0.0 Mobile Safari/537.36" "nacaomestica.org"
179.128.186.42 - - [28/Sep/2022:17:21:59 -0700] "GET /blog4/wp-content/themes/carrington-blog/img/comment.gif HTTP/1.1" 200 370 "https://nacaomestica.org/blog4/wp-content/themes/carrington-blog/css/css.php" "Mozilla/5.0 (Linux; Android 9; moto g(6) plus) AppleWebKit/537.36 (KHTML, like Gecko) Chrome/101.0.0.0 Mobile Safari/537.36" "nacaomestica.org"
179.128.186.42 - - [28/Sep/2022:17:21:59 -0700] "GET /blog4/wp-content/themes/carrington-blog/img/grey-to-white-gradient.png HTTP/1.1" 200 153 "https://nacaomestica.org/blog4/wp-content/themes/carrington-blog/css/css.php" "Mozilla/5.0 (Linux; Android 9; moto g(6) plus) AppleWebKit/537.36 (KHTML, like Gecko) Chrome/101.0.0.0 Mobile Safari/537.36" "nacaomestica.org"
179.128.186.42 - - [28/Sep/2022:17:21:59 -0700] "GET /blog4/wp-content/uploads/2017/03/1807_674434495f00a4cL-1024x659.jpg HTTP/1.1" 200 224984 "https://nacaomestica.org/blog4/?p=21142" "Mozilla/5.0 (Linux; Android 9; moto g(6) plus) AppleWebKit/537.36 (KHTML, like Gecko) Chrome/101.0.0.0 Mobile Safari/537.36" "nacaomestica.org"
179.128.186.42 - - [28/Sep/2022:17:21:59 -0700] "GET /blog4/wp-content/themes/carrington-blog/img/comments-divider.gif HTTP/1.1" 200 6855 "https://nacaomestica.org/blog4/wp-content/themes/carrington-blog/css/css.php" "Mozilla/5.0 (Linux; Android 9; moto g(6) plus) AppleWebKit/537.36 (KHTML, like Gecko) Chrome/101.0.0.0 Mobile Safari/537.36" "nacaomestica.org"
179.128.186.42 - - [28/Sep/2022:17:21:59 -0700] "GET /blog4/wp-content/themes/carrington-blog/img/footer/divider-ornament-wide-light.png HTTP/1.1" 200 1601 "https://nacaomestica.org/blog4/wp-content/themes/carrington-blog/css/css.php" "Mozilla/5.0 (Linux; Android 9; moto g(6) plus) AppleWebKit/537.36 (KHTML, like Gecko) Chrome/101.0.0.0 Mobile Safari/537.36" "nacaomestica.org"
179.128.186.42 - - [28/Sep/2022:17:21:59 -0700] "GET /blog4/wp-content/uploads/2017/03/5d52687934f337b9d66eb83d7fa9c728.jpg HTTP/1.1" 200 154769 "https://nacaomestica.org/blog4/?p=21142" "Mozilla/5.0 (Linux; Android 9; moto g(6) plus) AppleWebKit/537.36 (KHTML, like Gecko) Chrome/101.0.0.0 Mobile Safari/537.36" "nacaomestica.org"
179.128.186.42 - - [28/Sep/2022:17:21:59 -0700] "GET /blog4/wp-content/themes/carrington-blog/img/footer/gradient-light.png HTTP/1.1" 200 172 "https://nacaomestica.org/blog4/?p=21142" "Mozilla/5.0 (Linux; Android 9; moto g(6) plus) AppleWebKit/537.36 (KHTML, like Gecko) Chrome/101.0.0.0 Mobile Safari/537.36" "nacaomestica.org"
179.128.186.42 - - [28/Sep/2022:17:21:59 -0700] "GET /blog4/wp-content/themes/carrington-blog/img/dropdown-divider.gif HTTP/1.1" 200 144 "https://nacaomestica.org/blog4/wp-content/themes/carrington-blog/css/css.php" "Mozilla/5.0 (Linux; Android 9; moto g(6) plus) AppleWebKit/537.36 (KHTML, like Gecko) Chrome/101.0.0.0 Mobile Safari/537.36" "nacaomestica.org"
179.128.186.42 - - [28/Sep/2022:17:21:59 -0700] "GET /blog4/wp-content/themes/carrington-blog/img/footer/by-crowd-favorite-light.png HTTP/1.1" 200 2825 "https://nacaomestica.org/blog4/?p=21142" "Mozilla/5.0 (Linux; Android 9; moto g(6) plus) AppleWebKit/537.36 (KHTML, like Gecko) Chrome/101.0.0.0 Mobile Safari/537.36" "nacaomestica.org"
179.128.186.42 - - [28/Sep/2022:17:21:59 -0700] "GET /blog4/wp-content/uploads/2017/03/ussr-socialist-swastika1919-1920cav-red-army-prikaz.jpg HTTP/1.1" 200 59891 "https://nacaomestica.org/blog4/?p=21142" "Mozilla/5.0 (Linux; Android 9; moto g(6) plus) AppleWebKit/537.36 (KHTML, like Gecko) Chrome/101.0.0.0 Mobile Safari/537.36" "nacaomestica.org"
179.128.186.42 - - [28/Sep/2022:17:21:59 -0700] "GET /blog4/wp-content/themes/carrington-blog/carrington-core/lightbox/img/loadingAnimation.gif HTTP/1.1" 200 5886 "https://nacaomestica.org/blog4/?p=21142" "Mozilla/5.0 (Linux; Android 9; moto g(6) plus) AppleWebKit/537.36 (KHTML, like Gecko) Chrome/101.0.0.0 Mobile Safari/537.36" "nacaomestica.org"
179.128.186.42 - - [28/Sep/2022:17:21:59 -0700] "GET /blog4/wp-content/uploads/2017/03/suas.png HTTP/1.1" 200 651386 "https://nacaomestica.org/blog4/?p=21142" "Mozilla/5.0 (Linux; Android 9; moto g(6) plus) AppleWebKit/537.36 (KHTML, like Gecko) Chrome/101.0.0.0 Mobile Safari/537.36" "nacaomestica.org"
179.128.186.42 - - [28/Sep/2022:17:22:09 -0700] "GET /blog4/wp-content/uploads/2017/03/suastica_doc-1.png HTTP/1.1" 200 996377 "https://nacaomestica.org/blog4/?p=21142" "Mozilla/5.0 (Linux; Android 9; moto g(6) plus) AppleWebKit/537.36 (KHTML, like Gecko) Chrome/101.0.0.0 Mobile Safari/537.36" "nacaomestica.org"
40.87.9.95 - - [28/Sep/2022:17:22:07 -0700] "GET /blog4/?p=20631 HTTP/1.1" 200 93576 "-" "Mozilla/5.0 (Linux; Android 7.0; SM-G930V Build/NRD90M) AppleWebKit/537.36 (KHTML, like Gecko) Chrome/59.0.3071.125 Mobile Safari/537.36" "nacaomestica.org"
179.128.186.42 - - [28/Sep/2022:17:22:11 -0700] "GET /blog4/wp-content/uploads/2017/03/Svast1-1024x602.jpg HTTP/1.1" 200 183493 "https://nacaomestica.org/blog4/?p=21142" "Mozilla/5.0 (Linux; Android 9; moto g(6) plus) AppleWebKit/537.36 (KHTML, like Gecko) Chrome/101.0.0.0 Mobile Safari/537.36" "nacaomestica.org"
40.87.9.95 - - [28/Sep/2022:17:22:10 -0700] "GET /blog4/?cat=244 HTTP/1.1" 200 76177 "-" "Mozilla/5.0 (Linux; Android 7.0; SM-G930V Build/NRD90M) AppleWebKit/537.36 (KHTML, like Gecko) Chrome/59.0.3071.125 Mobile Safari/537.36" "nacaomestica.org"
40.87.9.95 - - [28/Sep/2022:17:22:10 -0700] "GET /blog4/?tag=mestico HTTP/1.1" 200 99297 "-" "Mozilla/5.0 (Linux; Android 7.0; SM-G930V Build/NRD90M) AppleWebKit/537.36 (KHTML, like Gecko) Chrome/59.0.3071.125 Mobile Safari/537.36" "nacaomestica.org"
179.128.186.42 - - [28/Sep/2022:17:22:20 -0700] "GET /blog4/wp-content/uploads/2017/03/foice.png HTTP/1.1" 200 466413 "https://nacaomestica.org/blog4/?p=21142" "Mozilla/5.0 (Linux; Android 9; moto g(6) plus) AppleWebKit/537.36 (KHTML, like Gecko) Chrome/101.0.0.0 Mobile Safari/537.36" "nacaomestica.org"
40.87.9.95 - - [28/Sep/2022:17:22:22 -0700] "GET /blog4/?tag=internacionalizacao HTTP/1.1" 200 74650 "-" "Mozilla/5.0 (Linux; Android 7.0; SM-G930V Build/NRD90M) AppleWebKit/537.36 (KHTML, like Gecko) Chrome/59.0.3071.125 Mobile Safari/537.36" "nacaomestica.org"
207.46.13.29 - - [28/Sep/2022:17:22:46 -0700] "GET /blog4/?p=9025 HTTP/1.1" 200 74958 "-" "Mozilla/5.0 (compatible; bingbot/2.0; +http://www.bing.com/bingbot.htm)" "nacaomestica.org"
114.119.139.66 - - [28/Sep/2022:17:23:14 -0700] "GET /blog4/?fb_comment_id=1040318862739655_1040329902738551&paged=103 HTTP/1.1" 200 97429 "-" "Mozilla/5.0 (Linux; Android 7.0;) AppleWebKit/537.36 (KHTML, like Gecko) Mobile Safari/537.36 (compatible; PetalBot;+https://webmaster.petalsearch.com/site/petalbot)" "nacaomestica.org"
10.213.116.68 - - [28/Sep/2022:17:23:15 -0700] "POST /blog4/wp-cron.php?doing_wp_cron=1664410995.2841579914093017578125 HTTP/1.1" 200 - "https://nacaomestica.org/blog4/wp-cron.php?doing_wp_cron=1664410995.2841579914093017578125" "WordPress/5.6.9; https://nacaomestica.org/blog4" "nacaomestica.org"
40.87.9.95 - - [28/Sep/2022:17:23:32 -0700] "GET /blog4/?paged=2 HTTP/1.1" 200 98885 "-" "Mozilla/5.0 (Linux; Android 7.0; SM-G930V Build/NRD90M) AppleWebKit/537.36 (KHTML, like Gecko) Chrome/59.0.3071.125 Mobile Safari/537.36" "nacaomestica.org"
185.191.171.1 - - [28/Sep/2022:17:24:13 -0700] "GET /blog4/?feed=rss2&p=10659 HTTP/1.1" 200 781 "-" "Mozilla/5.0 (compatible; SemrushBot/7~bl; +http://www.semrush.com/bot.html)" "nacaomestica.org"
170.81.107.243 - - [28/Sep/2022:17:24:30 -0700] "GET /blog4/wp-content/uploads/2019/11/GRAFICO03_RACA_MESTICO_ETNIA3.png HTTP/1.1" 200 101536 "-" "com.google.android.apps.searchlite/688505 (Linux; U; Android 10; pt_BR; SM-A013M; Build/QP1A.190711.020; Cronet/104.0.5112.46)" "nacaomestica.org"
87.250.224.75 - - [28/Sep/2022:17:24:46 -0700] "GET /robots.txt HTTP/1.1" 200 43 "-" "Mozilla/5.0 (compatible; YandexBot/3.0; +http://yandex.com/bots)" "nacaomestica.org"
95.108.213.49 - - [28/Sep/2022:17:24:50 -0700] "GET /blog4/wp-content/uploads/2015/10/aldo.jpg HTTP/1.1" 200 175950 "-" "Mozilla/5.0 (compatible; YandexImages/3.0; +http://yandex.com/bots)" "nacaomestica.org"
187.35.3.236 - - [28/Sep/2022:17:24:51 -0700] "GET /blog4/wp-content/uploads/2018/02/The_c%C3%A9l%C3%A9bration_at_Abomey1908._-_The_veteran_amazones_AHOSI__of_the_Fon_king_B%C3%A9hanzin_Son_of_Roi_G%C3%A9l%C3%A9.jpg HTTP/1.1" 200 111815 "https://www.google.com/" "Mozilla/5.0 (Windows NT 6.1; Win64; x64) AppleWebKit/537.36 (KHTML, like Gecko) Chrome/105.0.0.0 Safari/537.36" "nacaomestica.org"
187.35.3.236 - - [28/Sep/2022:17:24:55 -0700] "GET /blog4/wp-content/uploads/2018/02/dahomey-ahosi.jpg HTTP/1.1" 200 68009 "https://www.google.com/" "Mozilla/5.0 (Windows NT 6.1; Win64; x64) AppleWebKit/537.36 (KHTML, like Gecko) Chrome/105.0.0.0 Safari/537.36" "nacaomestica.org"
187.35.3.236 - - [28/Sep/2022:17:24:56 -0700] "GET /blog4/wp-content/uploads/2018/02/COLLECTIE_TROPENMUSEUM_Groepsportret_van_de_zogenaamde_Amazones_uit_Dahomey_tijdens_hun_verblijf_in_Parijs_TMnr_60038362.jpg HTTP/1.1" 200 100891 "https://www.google.com/" "Mozilla/5.0 (Windows NT 6.1; Win64; x64) AppleWebKit/537.36 (KHTML, like Gecko) Chrome/105.0.0.0 Safari/537.36" "nacaomestica.org"
132.184.131.192 - - [28/Sep/2022:17:25:06 -0700] "GET /blog4/wp-content/themes/carrington-blog/carrington-core/lightbox/css/thickbox.css HTTP/1.1" 200 975 "-" "Mozilla/5.0 (Linux; Android 12; SM-A025M) AppleWebKit/537.36 (KHTML, like Gecko) Chrome/103.0.0.0 Mobile Safari/537.36" "nacaomestica.org"
132.184.131.192 - - [28/Sep/2022:17:25:06 -0700] "GET /blog4/wp-content/themes/carrington-blog/css/css.php HTTP/1.1" 200 4963 "-" "Mozilla/5.0 (Linux; Android 12; SM-A025M) AppleWebKit/537.36 (KHTML, like Gecko) Chrome/103.0.0.0 Mobile Safari/537.36" "nacaomestica.org"
187.35.3.236 - - [28/Sep/2022:17:25:06 -0700] "GET /blog4/?p=22850 HTTP/1.1" 200 94710 "https://www.google.com/" "Mozilla/5.0 (Windows NT 6.1; Win64; x64) AppleWebKit/537.36 (KHTML, like Gecko) Chrome/105.0.0.0 Safari/537.36" "nacaomestica.org"
187.35.3.236 - - [28/Sep/2022:17:25:09 -0700] "GET /blog4/wp-includes/js/jquery/jquery-migrate.min.js?ver=3.3.2 HTTP/1.1" 200 4169 "https://nacaomestica.org/blog4/?p=22850" "Mozilla/5.0 (Windows NT 6.1; Win64; x64) AppleWebKit/537.36 (KHTML, like Gecko) Chrome/105.0.0.0 Safari/537.36" "nacaomestica.org"
187.35.3.236 - - [28/Sep/2022:17:25:09 -0700] "GET /blog4/wp-includes/js/jquery/jquery.min.js?ver=3.5.1 HTTP/1.1" 200 30916 "https://nacaomestica.org/blog4/?p=22850" "Mozilla/5.0 (Windows NT 6.1; Win64; x64) AppleWebKit/537.36 (KHTML, like Gecko) Chrome/105.0.0.0 Safari/537.36" "nacaomestica.org"
187.35.3.236 - - [28/Sep/2022:17:25:09 -0700] "GET /blog4/wp-content/themes/carrington-blog/css/css.php HTTP/1.1" 200 4963 "https://nacaomestica.org/blog4/?p=22850" "Mozilla/5.0 (Windows NT 6.1; Win64; x64) AppleWebKit/537.36 (KHTML, like Gecko) Chrome/105.0.0.0 Safari/537.36" "nacaomestica.org"
132.184.131.192 - - [28/Sep/2022:17:25:06 -0700] "GET /blog4/?p=23346 HTTP/1.1" 200 90060 "https://www.google.com/" "Mozilla/5.0 (Linux; Android 12; SM-A025M) AppleWebKit/537.36 (KHTML, like Gecko) Chrome/103.0.0.0 Mobile Safari/537.36" "nacaomestica.org"
132.184.131.192 - - [28/Sep/2022:17:25:10 -0700] "GET /blog4/wp-includes/js/jquery/jquery.min.js?ver=3.5.1 HTTP/1.1" 200 30916 "https://nacaomestica.org/blog4/?p=23346" "Mozilla/5.0 (Linux; Android 12; SM-A025M) AppleWebKit/537.36 (KHTML, like Gecko) Chrome/103.0.0.0 Mobile Safari/537.36" "nacaomestica.org"
132.184.131.192 - - [28/Sep/2022:17:25:10 -0700] "GET /blog4/wp-includes/js/jquery/jquery-migrate.min.js?ver=3.3.2 HTTP/1.1" 200 4169 "https://nacaomestica.org/blog4/?p=23346" "Mozilla/5.0 (Linux; Android 12; SM-A025M) AppleWebKit/537.36 (KHTML, like Gecko) Chrome/103.0.0.0 Mobile Safari/537.36" "nacaomestica.org"
132.184.131.192 - - [28/Sep/2022:17:25:10 -0700] "GET /blog4/wp-content/themes/carrington-blog/carrington-core/lightbox/thickbox.js?ver=1.0 HTTP/1.1" 200 3903 "https://nacaomestica.org/blog4/?p=23346" "Mozilla/5.0 (Linux; Android 12; SM-A025M) AppleWebKit/537.36 (KHTML, like Gecko) Chrome/103.0.0.0 Mobile Safari/537.36" "nacaomestica.org"
132.184.131.192 - - [28/Sep/2022:17:25:10 -0700] "GET /blog4/wp-content/themes/carrington-blog/js/carrington.js?ver=1.0 HTTP/1.1" 200 1229 "https://nacaomestica.org/blog4/?p=23346" "Mozilla/5.0 (Linux; Android 12; SM-A025M) AppleWebKit/537.36 (KHTML, like Gecko) Chrome/103.0.0.0 Mobile Safari/537.36" "nacaomestica.org"
187.35.3.236 - - [28/Sep/2022:17:25:10 -0700] "GET /blog4/wp-content/themes/carrington-blog/carrington-core/lightbox/css/thickbox.css HTTP/1.1" 200 975 "https://nacaomestica.org/blog4/?p=22850" "Mozilla/5.0 (Windows NT 6.1; Win64; x64) AppleWebKit/537.36 (KHTML, like Gecko) Chrome/105.0.0.0 Safari/537.36" "nacaomestica.org"
187.35.3.236 - - [28/Sep/2022:17:25:10 -0700] "GET /blog4/wp-content/themes/carrington-blog/js/carrington.js?ver=1.0 HTTP/1.1" 200 1229 "https://nacaomestica.org/blog4/?p=22850" "Mozilla/5.0 (Windows NT 6.1; Win64; x64) AppleWebKit/537.36 (KHTML, like Gecko) Chrome/105.0.0.0 Safari/537.36" "nacaomestica.org"
187.35.3.236 - - [28/Sep/2022:17:25:10 -0700] "GET /blog4/wp-content/themes/carrington-blog/carrington-core/lightbox/thickbox.js?ver=1.0 HTTP/1.1" 200 3903 "https://nacaomestica.org/blog4/?p=22850" "Mozilla/5.0 (Windows NT 6.1; Win64; x64) AppleWebKit/537.36 (KHTML, like Gecko) Chrome/105.0.0.0 Safari/537.36" "nacaomestica.org"
187.35.3.236 - - [28/Sep/2022:17:25:10 -0700] "GET /blog4/wp-includes/js/mediaelement/mediaelementplayer-legacy.min.css?ver=4.2.16 HTTP/1.1" 200 2592 "https://nacaomestica.org/blog4/?p=22850" "Mozilla/5.0 (Windows NT 6.1; Win64; x64) AppleWebKit/537.36 (KHTML, like Gecko) Chrome/105.0.0.0 Safari/537.36" "nacaomestica.org"
132.184.131.192 - - [28/Sep/2022:17:25:11 -0700] "GET /blog4/wp-includes/js/mediaelement/mediaelement-migrate.min.js?ver=5.6.9 HTTP/1.1" 200 544 "https://nacaomestica.org/blog4/?p=23346" "Mozilla/5.0 (Linux; Android 12; SM-A025M) AppleWebKit/537.36 (KHTML, like Gecko) Chrome/103.0.0.0 Mobile Safari/537.36" "nacaomestica.org"
132.184.131.192 - - [28/Sep/2022:17:25:11 -0700] "GET /blog4/wp-content/plugins/wp-spamshield/js/jscripts-ftr2-min.js HTTP/1.1" 200 637 "https://nacaomestica.org/blog4/?p=23346" "Mozilla/5.0 (Linux; Android 12; SM-A025M) AppleWebKit/537.36 (KHTML, like Gecko) Chrome/103.0.0.0 Mobile Safari/537.36" "nacaomestica.org"
132.184.131.192 - - [28/Sep/2022:17:25:11 -0700] "GET /blog4/wp-includes/js/mediaelement/wp-mediaelement.min.css?ver=5.6.9 HTTP/1.1" 200 1156 "https://nacaomestica.org/blog4/?p=23346" "Mozilla/5.0 (Linux; Android 12; SM-A025M) AppleWebKit/537.36 (KHTML, like Gecko) Chrome/103.0.0.0 Mobile Safari/537.36" "nacaomestica.org"
132.184.131.192 - - [28/Sep/2022:17:25:11 -0700] "GET /blog4/wp-includes/js/mediaelement/wp-mediaelement.min.js?ver=5.6.9 HTTP/1.1" 200 475 "https://nacaomestica.org/blog4/?p=23346" "Mozilla/5.0 (Linux; Android 12; SM-A025M) AppleWebKit/537.36 (KHTML, like Gecko) Chrome/103.0.0.0 Mobile Safari/537.36" "nacaomestica.org"
132.184.131.192 - - [28/Sep/2022:17:25:11 -0700] "GET /blog4/wp-includes/js/mediaelement/renderers/vimeo.min.js?ver=4.2.16 HTTP/1.1" 200 2284 "https://nacaomestica.org/blog4/?p=23346" "Mozilla/5.0 (Linux; Android 12; SM-A025M) AppleWebKit/537.36 (KHTML, like Gecko) Chrome/103.0.0.0 Mobile Safari/537.36" "nacaomestica.org"
132.184.131.192 - - [28/Sep/2022:17:25:11 -0700] "GET /blog4/wp-includes/js/wp-embed.min.js?ver=5.6.9 HTTP/1.1" 200 765 "https://nacaomestica.org/blog4/?p=23346" "Mozilla/5.0 (Linux; Android 12; SM-A025M) AppleWebKit/537.36 (KHTML, like Gecko) Chrome/103.0.0.0 Mobile Safari/537.36" "nacaomestica.org"
132.184.131.192 - - [28/Sep/2022:17:25:11 -0700] "GET /blog4/wp-includes/js/mediaelement/mediaelementplayer-legacy.min.css?ver=4.2.16 HTTP/1.1" 200 2592 "https://nacaomestica.org/blog4/?p=23346" "Mozilla/5.0 (Linux; Android 12; SM-A025M) AppleWebKit/537.36 (KHTML, like Gecko) Chrome/103.0.0.0 Mobile Safari/537.36" "nacaomestica.org"
132.184.131.192 - - [28/Sep/2022:17:25:11 -0700] "GET /blog4/wp-includes/js/mediaelement/mediaelement-and-player.min.js?ver=4.2.16 HTTP/1.1" 200 38657 "https://nacaomestica.org/blog4/?p=23346" "Mozilla/5.0 (Linux; Android 12; SM-A025M) AppleWebKit/537.36 (KHTML, like Gecko) Chrome/103.0.0.0 Mobile Safari/537.36" "nacaomestica.org"
187.35.3.236 - - [28/Sep/2022:17:25:11 -0700] "GET /blog4/wp-includes/js/mediaelement/wp-mediaelement.min.css?ver=5.6.9 HTTP/1.1" 200 1156 "https://nacaomestica.org/blog4/?p=22850" "Mozilla/5.0 (Windows NT 6.1; Win64; x64) AppleWebKit/537.36 (KHTML, like Gecko) Chrome/105.0.0.0 Safari/537.36" "nacaomestica.org"
187.35.3.236 - - [28/Sep/2022:17:25:11 -0700] "GET /blog4/wp-content/plugins/wp-spamshield/js/jscripts-ftr2-min.js HTTP/1.1" 200 637 "https://nacaomestica.org/blog4/?p=22850" "Mozilla/5.0 (Windows NT 6.1; Win64; x64) AppleWebKit/537.36 (KHTML, like Gecko) Chrome/105.0.0.0 Safari/537.36" "nacaomestica.org"
132.184.131.192 - - [28/Sep/2022:17:25:11 -0700] "GET /blog4/wp-content/uploads/2015/04/ONCA_SITE2.png HTTP/1.1" 200 296324 "https://nacaomestica.org/blog4/?p=23346" "Mozilla/5.0 (Linux; Android 12; SM-A025M) AppleWebKit/537.36 (KHTML, like Gecko) Chrome/103.0.0.0 Mobile Safari/537.36" "nacaomestica.org"
132.184.131.192 - - [28/Sep/2022:17:25:11 -0700] "GET /blog4/wp-content/themes/carrington-blog/img/header/gradient-dark.png HTTP/1.1" 200 2877 "https://nacaomestica.org/blog4/?p=23346" "Mozilla/5.0 (Linux; Android 12; SM-A025M) AppleWebKit/537.36 (KHTML, like Gecko) Chrome/103.0.0.0 Mobile Safari/537.36" "nacaomestica.org"
187.35.3.236 - - [28/Sep/2022:17:25:11 -0700] "GET /blog4/wp-includes/js/wp-embed.min.js?ver=5.6.9 HTTP/1.1" 200 765 "https://nacaomestica.org/blog4/?p=22850" "Mozilla/5.0 (Windows NT 6.1; Win64; x64) AppleWebKit/537.36 (KHTML, like Gecko) Chrome/105.0.0.0 Safari/537.36" "nacaomestica.org"
132.184.131.192 - - [28/Sep/2022:17:25:11 -0700] "GET /blog4/wp-content/themes/carrington-blog/img/rss-button.gif HTTP/1.1" 200 2208 "https://nacaomestica.org/blog4/?p=23346" "Mozilla/5.0 (Linux; Android 12; SM-A025M) AppleWebKit/537.36 (KHTML, like Gecko) Chrome/103.0.0.0 Mobile Safari/537.36" "nacaomestica.org"
132.184.131.192 - - [28/Sep/2022:17:25:11 -0700] "GET /blog4/wp-content/themes/carrington-blog/img/arrow-bullet.gif HTTP/1.1" 200 50 "https://nacaomestica.org/blog4/wp-content/themes/carrington-blog/css/css.php" "Mozilla/5.0 (Linux; Android 12; SM-A025M) AppleWebKit/537.36 (KHTML, like Gecko) Chrome/103.0.0.0 Mobile Safari/537.36" "nacaomestica.org"
132.184.131.192 - - [28/Sep/2022:17:25:11 -0700] "GET /blog4/wp-content/themes/carrington-blog/img/sub-header-border-bottom.gif HTTP/1.1" 200 43 "https://nacaomestica.org/blog4/wp-content/themes/carrington-blog/css/css.php" "Mozilla/5.0 (Linux; Android 12; SM-A025M) AppleWebKit/537.36 (KHTML, like Gecko) Chrome/103.0.0.0 Mobile Safari/537.36" "nacaomestica.org"
132.184.131.192 - - [28/Sep/2022:17:25:11 -0700] "GET /blog4/wp-content/themes/carrington-blog/img/watermark-light.gif HTTP/1.1" 200 31981 "https://nacaomestica.org/blog4/wp-content/themes/carrington-blog/css/css.php" "Mozilla/5.0 (Linux; Android 12; SM-A025M) AppleWebKit/537.36 (KHTML, like Gecko) Chrome/103.0.0.0 Mobile Safari/537.36" "nacaomestica.org"
132.184.131.192 - - [28/Sep/2022:17:25:11 -0700] "GET /blog4/wp-content/themes/carrington-blog/img/sidebar-background.gif HTTP/1.1" 200 1515 "https://nacaomestica.org/blog4/wp-content/themes/carrington-blog/css/css.php" "Mozilla/5.0 (Linux; Android 12; SM-A025M) AppleWebKit/537.36 (KHTML, like Gecko) Chrome/103.0.0.0 Mobile Safari/537.36" "nacaomestica.org"
132.184.131.192 - - [28/Sep/2022:17:25:11 -0700] "GET /blog4/wp-content/themes/carrington-blog/img/divider-ornament.gif HTTP/1.1" 200 778 "https://nacaomestica.org/blog4/wp-content/themes/carrington-blog/css/css.php" "Mozilla/5.0 (Linux; Android 12; SM-A025M) AppleWebKit/537.36 (KHTML, like Gecko) Chrome/103.0.0.0 Mobile Safari/537.36" "nacaomestica.org"
132.184.131.192 - - [28/Sep/2022:17:25:11 -0700] "GET /blog4/wp-content/uploads/2018/04/francisca-pizarro-tr.jpg HTTP/1.1" 200 45680 "https://nacaomestica.org/blog4/?p=23346" "Mozilla/5.0 (Linux; Android 12; SM-A025M) AppleWebKit/537.36 (KHTML, like Gecko) Chrome/103.0.0.0 Mobile Safari/537.36" "nacaomestica.org"
187.35.3.236 - - [28/Sep/2022:17:25:11 -0700] "GET /blog4/wp-includes/js/mediaelement/mediaelement-migrate.min.js?ver=5.6.9 HTTP/1.1" 200 544 "https://nacaomestica.org/blog4/?p=22850" "Mozilla/5.0 (Windows NT 6.1; Win64; x64) AppleWebKit/537.36 (KHTML, like Gecko) Chrome/105.0.0.0 Safari/537.36" "nacaomestica.org"
187.35.3.236 - - [28/Sep/2022:17:25:11 -0700] "GET /blog4/wp-includes/js/mediaelement/mediaelement-and-player.min.js?ver=4.2.16 HTTP/1.1" 200 38657 "https://nacaomestica.org/blog4/?p=22850" "Mozilla/5.0 (Windows NT 6.1; Win64; x64) AppleWebKit/537.36 (KHTML, like Gecko) Chrome/105.0.0.0 Safari/537.36" "nacaomestica.org"
187.35.3.236 - - [28/Sep/2022:17:25:11 -0700] "GET /blog4/wp-includes/js/mediaelement/wp-mediaelement.min.js?ver=5.6.9 HTTP/1.1" 200 475 "https://nacaomestica.org/blog4/?p=22850" "Mozilla/5.0 (Windows NT 6.1; Win64; x64) AppleWebKit/537.36 (KHTML, like Gecko) Chrome/105.0.0.0 Safari/537.36" "nacaomestica.org"
132.184.131.192 - - [28/Sep/2022:17:25:11 -0700] "GET /blog4/wp-content/uploads/2018/08/livro_mestico_CAPA-2peq.png HTTP/1.1" 200 35385 "https://nacaomestica.org/blog4/?p=23346" "Mozilla/5.0 (Linux; Android 12; SM-A025M) AppleWebKit/537.36 (KHTML, like Gecko) Chrome/103.0.0.0 Mobile Safari/537.36" "nacaomestica.org"
187.35.3.236 - - [28/Sep/2022:17:25:11 -0700] "GET /blog4/wp-includes/js/mediaelement/renderers/vimeo.min.js?ver=4.2.16 HTTP/1.1" 200 2284 "https://nacaomestica.org/blog4/?p=22850" "Mozilla/5.0 (Windows NT 6.1; Win64; x64) AppleWebKit/537.36 (KHTML, like Gecko) Chrome/105.0.0.0 Safari/537.36" "nacaomestica.org"
132.184.131.192 - - [28/Sep/2022:17:25:11 -0700] "GET /blog4/wp-includes/js/mediaelement/mejs-controls.svg HTTP/1.1" 200 1413 "https://nacaomestica.org/blog4/wp-includes/js/mediaelement/mediaelementplayer-legacy.min.css?ver=4.2.16" "Mozilla/5.0 (Linux; Android 12; SM-A025M) AppleWebKit/537.36 (KHTML, like Gecko) Chrome/103.0.0.0 Mobile Safari/537.36" "nacaomestica.org"
187.35.3.236 - - [28/Sep/2022:17:25:11 -0700] "GET /blog4/wp-content/uploads/2018/02/The_c%C3%A9l%C3%A9bration_at_Abomey1908._-_The_veteran_amazones_AHOSI__of_the_Fon_king_B%C3%A9hanzin_Son_of_Roi_G%C3%A9l%C3%A9.jpg HTTP/1.1" 200 111815 "https://nacaomestica.org/blog4/?p=22850" "Mozilla/5.0 (Windows NT 6.1; Win64; x64) AppleWebKit/537.36 (KHTML, like Gecko) Chrome/105.0.0.0 Safari/537.36" "nacaomestica.org"
187.35.3.236 - - [28/Sep/2022:17:25:11 -0700] "GET /blog4/wp-content/uploads/2018/02/320px-Royaume_du_Danhom%C3%A8_1894-pt.svg_.png HTTP/1.1" 200 135122 "https://nacaomestica.org/blog4/?p=22850" "Mozilla/5.0 (Windows NT 6.1; Win64; x64) AppleWebKit/537.36 (KHTML, like Gecko) Chrome/105.0.0.0 Safari/537.36" "nacaomestica.org"
187.35.3.236 - - [28/Sep/2022:17:25:11 -0700] "GET /blog4/wp-content/uploads/2018/02/COLLECTIE_TROPENMUSEUM_Groepsportret_van_de_zogenaamde_Amazones_uit_Dahomey_tijdens_hun_verblijf_in_Parijs_TMnr_60038362.jpg HTTP/1.1" 200 100891 "https://nacaomestica.org/blog4/?p=22850" "Mozilla/5.0 (Windows NT 6.1; Win64; x64) AppleWebKit/537.36 (KHTML, like Gecko) Chrome/105.0.0.0 Safari/537.36" "nacaomestica.org"
187.35.3.236 - - [28/Sep/2022:17:25:12 -0700] "GET /blog4/wp-content/themes/carrington-blog/img/header/gradient-dark.png HTTP/1.1" 200 2877 "https://nacaomestica.org/blog4/?p=22850" "Mozilla/5.0 (Windows NT 6.1; Win64; x64) AppleWebKit/537.36 (KHTML, like Gecko) Chrome/105.0.0.0 Safari/537.36" "nacaomestica.org"
187.35.3.236 - - [28/Sep/2022:17:25:13 -0700] "GET /blog4/wp-content/themes/carrington-blog/img/sidebar-background.gif HTTP/1.1" 200 1515 "https://nacaomestica.org/blog4/wp-content/themes/carrington-blog/css/css.php" "Mozilla/5.0 (Windows NT 6.1; Win64; x64) AppleWebKit/537.36 (KHTML, like Gecko) Chrome/105.0.0.0 Safari/537.36" "nacaomestica.org"
187.35.3.236 - - [28/Sep/2022:17:25:14 -0700] "GET /blog4/wp-content/themes/carrington-blog/img/divider-ornament.gif HTTP/1.1" 200 778 "https://nacaomestica.org/blog4/wp-content/themes/carrington-blog/css/css.php" "Mozilla/5.0 (Windows NT 6.1; Win64; x64) AppleWebKit/537.36 (KHTML, like Gecko) Chrome/105.0.0.0 Safari/537.36" "nacaomestica.org"
187.35.3.236 - - [28/Sep/2022:17:25:14 -0700] "GET /blog4/wp-content/uploads/2015/04/ONCA_SITE2.png HTTP/1.1" 200 296324 "https://nacaomestica.org/blog4/?p=22850" "Mozilla/5.0 (Windows NT 6.1; Win64; x64) AppleWebKit/537.36 (KHTML, like Gecko) Chrome/105.0.0.0 Safari/537.36" "nacaomestica.org"
