52.188.211.122 - - [29/Sep/2022:04:09:54 -0700] "GET /blog4/?tag=mestico HTTP/1.1" 500 2609 "-" "Mozilla/5.0 (Linux; Android 7.0; SM-G930V Build/NRD90M) AppleWebKit/537.36 (KHTML, like Gecko) Chrome/59.0.3071.125 Mobile Safari/537.36" "nacaomestica.org"
52.188.211.122 - - [29/Sep/2022:04:09:54 -0700] "GET /blog4/?cat=244 HTTP/1.1" 500 2609 "-" "Mozilla/5.0 (Linux; Android 7.0; SM-G930V Build/NRD90M) AppleWebKit/537.36 (KHTML, like Gecko) Chrome/59.0.3071.125 Mobile Safari/537.36" "nacaomestica.org"
157.90.181.151 - - [29/Sep/2022:04:09:58 -0700] "GET /blog4/wp-trackback.php?p=18372 HTTP/1.1" 500 2609 "-" "Mozilla/5.0 (compatible; BLEXBot/1.0; +http://webmeup-crawler.com/)" "nacaomestica.org"
52.188.211.122 - - [29/Sep/2022:04:10:20 -0700] "GET /blog4/?tag=internacionalizacao HTTP/1.1" 500 2609 "-" "Mozilla/5.0 (Linux; Android 7.0; SM-G930V Build/NRD90M) AppleWebKit/537.36 (KHTML, like Gecko) Chrome/59.0.3071.125 Mobile Safari/537.36" "nacaomestica.org"
52.188.211.122 - - [29/Sep/2022:04:10:21 -0700] "GET /blog4/?tag=internacionalizacao HTTP/1.1" 500 2609 "-" "Mozilla/5.0 (Linux; Android 7.0; SM-G930V Build/NRD90M) AppleWebKit/537.36 (KHTML, like Gecko) Chrome/59.0.3071.125 Mobile Safari/537.36" "nacaomestica.org"
157.90.181.151 - - [29/Sep/2022:04:10:21 -0700] "GET /blog4/wp-trackback.php?p=1842 HTTP/1.1" 500 2609 "-" "Mozilla/5.0 (compatible; BLEXBot/1.0; +http://webmeup-crawler.com/)" "nacaomestica.org"
191.9.58.7 - - [29/Sep/2022:04:10:24 -0700] "GET /blog4/wp-content/uploads/2018/01/DUTG4f9WsAEJSzb.jpg HTTP/1.1" 200 32012 "https://www.google.com.br/" "Mozilla/5.0 (Windows NT 6.1; Win64; x64) AppleWebKit/537.36 (KHTML, like Gecko) Chrome/105.0.0.0 Safari/537.36" "nacaomestica.org"
157.90.181.151 - - [29/Sep/2022:04:10:43 -0700] "GET /blog4/wp-trackback.php?p=18420 HTTP/1.1" 500 2609 "-" "Mozilla/5.0 (compatible; BLEXBot/1.0; +http://webmeup-crawler.com/)" "nacaomestica.org"
157.90.181.151 - - [29/Sep/2022:04:11:06 -0700] "GET /blog4/wp-trackback.php?p=18439 HTTP/1.1" 500 2609 "-" "Mozilla/5.0 (compatible; BLEXBot/1.0; +http://webmeup-crawler.com/)" "nacaomestica.org"
161.230.205.148 - - [29/Sep/2022:04:11:15 -0700] "GET /blog4/wp-content/uploads/2016/06/4845989787_ac5608ced7_b.jpg HTTP/1.1" 200 302118 "https://www.google.com/" "Mozilla/5.0 (Windows NT 10.0; Win64; x64) AppleWebKit/537.36 (KHTML, like Gecko) Chrome/105.0.0.0 Safari/537.36" "nacaomestica.org"
157.90.181.151 - - [29/Sep/2022:04:11:28 -0700] "GET /blog4/wp-trackback.php?p=18442 HTTP/1.1" 500 2609 "-" "Mozilla/5.0 (compatible; BLEXBot/1.0; +http://webmeup-crawler.com/)" "nacaomestica.org"
207.46.13.71 - - [29/Sep/2022:04:11:32 -0700] "GET /blog4/index.php/cotas-deputado-negro-defende-exclusao-mesticos-de-aparencia-branca/ HTTP/1.1" 500 2609 "-" "Mozilla/5.0 (compatible; bingbot/2.0; +http://www.bing.com/bingbot.htm)" "nacaomestica.org"
20.85.215.177 - - [29/Sep/2022:04:11:44 -0700] "GET /blog4/?cat=269 HTTP/1.1" 500 2609 "-" "Mozilla/5.0 (Linux; Android 7.0; SM-G930V Build/NRD90M) AppleWebKit/537.36 (KHTML, like Gecko) Chrome/59.0.3071.125 Mobile Safari/537.36" "nacaomestica.org"
20.85.215.177 - - [29/Sep/2022:04:11:44 -0700] "GET /blog4/?p=30917 HTTP/1.1" 500 2609 "-" "Mozilla/5.0 (Linux; Android 7.0; SM-G930V Build/NRD90M) AppleWebKit/537.36 (KHTML, like Gecko) Chrome/59.0.3071.125 Mobile Safari/537.36" "nacaomestica.org"
20.85.215.177 - - [29/Sep/2022:04:11:45 -0700] "GET /blog4/?p=30917 HTTP/1.1" 500 2609 "-" "Mozilla/5.0 (Linux; Android 7.0; SM-G930V Build/NRD90M) AppleWebKit/537.36 (KHTML, like Gecko) Chrome/59.0.3071.125 Mobile Safari/537.36" "nacaomestica.org"
20.85.215.177 - - [29/Sep/2022:04:11:45 -0700] "GET /blog4/?cat=269 HTTP/1.1" 500 2609 "-" "Mozilla/5.0 (Linux; Android 7.0; SM-G930V Build/NRD90M) AppleWebKit/537.36 (KHTML, like Gecko) Chrome/59.0.3071.125 Mobile Safari/537.36" "nacaomestica.org"
157.90.181.151 - - [29/Sep/2022:04:11:51 -0700] "GET /blog4/wp-trackback.php?p=18459 HTTP/1.1" 500 2609 "-" "Mozilla/5.0 (compatible; BLEXBot/1.0; +http://webmeup-crawler.com/)" "nacaomestica.org"
20.85.215.177 - - [29/Sep/2022:04:11:55 -0700] "GET /blog4/?cat=102 HTTP/1.1" 500 2609 "-" "Mozilla/5.0 (Linux; Android 7.0; SM-G930V Build/NRD90M) AppleWebKit/537.36 (KHTML, like Gecko) Chrome/59.0.3071.125 Mobile Safari/537.36" "nacaomestica.org"
20.85.215.177 - - [29/Sep/2022:04:11:56 -0700] "GET /blog4/?cat=102 HTTP/1.1" 500 2609 "-" "Mozilla/5.0 (Linux; Android 7.0; SM-G930V Build/NRD90M) AppleWebKit/537.36 (KHTML, like Gecko) Chrome/59.0.3071.125 Mobile Safari/537.36" "nacaomestica.org"
20.85.215.177 - - [29/Sep/2022:04:11:57 -0700] "GET /blog4/?tag=soberania HTTP/1.1" 500 2609 "-" "Mozilla/5.0 (Linux; Android 7.0; SM-G930V Build/NRD90M) AppleWebKit/537.36 (KHTML, like Gecko) Chrome/59.0.3071.125 Mobile Safari/537.36" "nacaomestica.org"
20.85.215.177 - - [29/Sep/2022:04:11:58 -0700] "GET /blog4/?tag=soberania HTTP/1.1" 500 2609 "-" "Mozilla/5.0 (Linux; Android 7.0; SM-G930V Build/NRD90M) AppleWebKit/537.36 (KHTML, like Gecko) Chrome/59.0.3071.125 Mobile Safari/537.36" "nacaomestica.org"
40.87.9.95 - - [29/Sep/2022:04:12:02 -0700] "GET /blog4/?p=30937 HTTP/1.1" 500 2609 "-" "Mozilla/5.0 (Linux; Android 7.0; SM-G930V Build/NRD90M) AppleWebKit/537.36 (KHTML, like Gecko) Chrome/59.0.3071.125 Mobile Safari/537.36" "nacaomestica.org"
40.87.9.95 - - [29/Sep/2022:04:12:03 -0700] "GET /blog4/?p=30937 HTTP/1.1" 500 2609 "-" "Mozilla/5.0 (Linux; Android 7.0; SM-G930V Build/NRD90M) AppleWebKit/537.36 (KHTML, like Gecko) Chrome/59.0.3071.125 Mobile Safari/537.36" "nacaomestica.org"
85.242.14.105 - - [29/Sep/2022:04:12:04 -0700] "GET /bobadela.htm HTTP/1.1" 200 3139 "https://www.google.pt/" "Mozilla/5.0 (iPad; CPU OS 9_3_6 like Mac OS X) AppleWebKit/601.1.46 (KHTML, like Gecko) Version/9.0 Mobile/13G37 Safari/601.1" "www.nacaomestica.org"
85.242.14.105 - - [29/Sep/2022:04:12:05 -0700] "GET /estatuto_racial.jpg HTTP/1.1" 200 26082 "https://www.nacaomestica.org/bobadela.htm" "Mozilla/5.0 (iPad; CPU OS 9_3_6 like Mac OS X) AppleWebKit/601.1.46 (KHTML, like Gecko) Version/9.0 Mobile/13G37 Safari/601.1" "www.nacaomestica.org"
20.85.215.177 - - [29/Sep/2022:04:12:05 -0700] "GET /blog4/?p=8326 HTTP/1.1" 500 2609 "-" "Mozilla/5.0 (Linux; Android 7.0; SM-G930V Build/NRD90M) AppleWebKit/537.36 (KHTML, like Gecko) Chrome/59.0.3071.125 Mobile Safari/537.36" "nacaomestica.org"
20.85.215.177 - - [29/Sep/2022:04:12:06 -0700] "GET /blog4/?p=8326 HTTP/1.1" 500 2609 "-" "Mozilla/5.0 (Linux; Android 7.0; SM-G930V Build/NRD90M) AppleWebKit/537.36 (KHTML, like Gecko) Chrome/59.0.3071.125 Mobile Safari/537.36" "nacaomestica.org"
52.188.211.122 - - [29/Sep/2022:04:12:11 -0700] "GET /blog4/?paged=2 HTTP/1.1" 500 2609 "-" "Mozilla/5.0 (Linux; Android 7.0; SM-G930V Build/NRD90M) AppleWebKit/537.36 (KHTML, like Gecko) Chrome/59.0.3071.125 Mobile Safari/537.36" "nacaomestica.org"
52.188.211.122 - - [29/Sep/2022:04:12:12 -0700] "GET /blog4/?paged=2 HTTP/1.1" 500 2609 "-" "Mozilla/5.0 (Linux; Android 7.0; SM-G930V Build/NRD90M) AppleWebKit/537.36 (KHTML, like Gecko) Chrome/59.0.3071.125 Mobile Safari/537.36" "nacaomestica.org"
157.90.181.151 - - [29/Sep/2022:04:12:13 -0700] "GET /blog4/wp-trackback.php?p=18474 HTTP/1.1" 500 2609 "-" "Mozilla/5.0 (compatible; BLEXBot/1.0; +http://webmeup-crawler.com/)" "nacaomestica.org"
20.85.215.177 - - [29/Sep/2022:04:12:19 -0700] "GET /blog4/?tag=eventos HTTP/1.1" 500 2609 "-" "Mozilla/5.0 (Linux; Android 7.0; SM-G930V Build/NRD90M) AppleWebKit/537.36 (KHTML, like Gecko) Chrome/59.0.3071.125 Mobile Safari/537.36" "nacaomestica.org"
20.85.215.177 - - [29/Sep/2022:04:12:20 -0700] "GET /blog4/?tag=eventos HTTP/1.1" 500 2609 "-" "Mozilla/5.0 (Linux; Android 7.0; SM-G930V Build/NRD90M) AppleWebKit/537.36 (KHTML, like Gecko) Chrome/59.0.3071.125 Mobile Safari/537.36" "nacaomestica.org"
20.85.215.177 - - [29/Sep/2022:04:12:34 -0700] "GET /blog4/?cat=118 HTTP/1.1" 500 2609 "-" "Mozilla/5.0 (Linux; Android 7.0; SM-G930V Build/NRD90M) AppleWebKit/537.36 (KHTML, like Gecko) Chrome/59.0.3071.125 Mobile Safari/537.36" "nacaomestica.org"
20.85.215.177 - - [29/Sep/2022:04:12:35 -0700] "GET /blog4/?cat=118 HTTP/1.1" 500 2609 "-" "Mozilla/5.0 (Linux; Android 7.0; SM-G930V Build/NRD90M) AppleWebKit/537.36 (KHTML, like Gecko) Chrome/59.0.3071.125 Mobile Safari/537.36" "nacaomestica.org"
157.90.181.151 - - [29/Sep/2022:04:12:36 -0700] "GET /blog4/wp-trackback.php?p=18498 HTTP/1.1" 500 2609 "-" "Mozilla/5.0 (compatible; BLEXBot/1.0; +http://webmeup-crawler.com/)" "nacaomestica.org"
20.85.215.177 - - [29/Sep/2022:04:12:36 -0700] "GET /blog4/?cat=157 HTTP/1.1" 500 2609 "-" "Mozilla/5.0 (Linux; Android 7.0; SM-G930V Build/NRD90M) AppleWebKit/537.36 (KHTML, like Gecko) Chrome/59.0.3071.125 Mobile Safari/537.36" "nacaomestica.org"
20.85.215.177 - - [29/Sep/2022:04:12:36 -0700] "GET /blog4/?cat=157 HTTP/1.1" 500 2609 "-" "Mozilla/5.0 (Linux; Android 7.0; SM-G930V Build/NRD90M) AppleWebKit/537.36 (KHTML, like Gecko) Chrome/59.0.3071.125 Mobile Safari/537.36" "nacaomestica.org"
20.85.215.177 - - [29/Sep/2022:04:12:37 -0700] "GET /blog4/?cat=252 HTTP/1.1" 500 2609 "-" "Mozilla/5.0 (Linux; Android 7.0; SM-G930V Build/NRD90M) AppleWebKit/537.36 (KHTML, like Gecko) Chrome/59.0.3071.125 Mobile Safari/537.36" "nacaomestica.org"
20.85.215.177 - - [29/Sep/2022:04:12:37 -0700] "GET /blog4/?cat=252 HTTP/1.1" 500 2609 "-" "Mozilla/5.0 (Linux; Android 7.0; SM-G930V Build/NRD90M) AppleWebKit/537.36 (KHTML, like Gecko) Chrome/59.0.3071.125 Mobile Safari/537.36" "nacaomestica.org"
20.85.215.177 - - [29/Sep/2022:04:12:38 -0700] "GET /blog4/?cat=143 HTTP/1.1" 500 2609 "-" "Mozilla/5.0 (Linux; Android 7.0; SM-G930V Build/NRD90M) AppleWebKit/537.36 (KHTML, like Gecko) Chrome/59.0.3071.125 Mobile Safari/537.36" "nacaomestica.org"
20.85.215.177 - - [29/Sep/2022:04:12:39 -0700] "GET /blog4/?cat=143 HTTP/1.1" 500 2609 "-" "Mozilla/5.0 (Linux; Android 7.0; SM-G930V Build/NRD90M) AppleWebKit/537.36 (KHTML, like Gecko) Chrome/59.0.3071.125 Mobile Safari/537.36" "nacaomestica.org"
20.85.215.177 - - [29/Sep/2022:04:12:43 -0700] "GET /blog4/?cat=86 HTTP/1.1" 500 2609 "-" "Mozilla/5.0 (Linux; Android 7.0; SM-G930V Build/NRD90M) AppleWebKit/537.36 (KHTML, like Gecko) Chrome/59.0.3071.125 Mobile Safari/537.36" "nacaomestica.org"
20.85.215.177 - - [29/Sep/2022:04:12:44 -0700] "GET /blog4/?cat=86 HTTP/1.1" 500 2609 "-" "Mozilla/5.0 (Linux; Android 7.0; SM-G930V Build/NRD90M) AppleWebKit/537.36 (KHTML, like Gecko) Chrome/59.0.3071.125 Mobile Safari/537.36" "nacaomestica.org"
20.85.215.177 - - [29/Sep/2022:04:12:44 -0700] "GET /blog4/?tag=indigenismo HTTP/1.1" 500 2609 "-" "Mozilla/5.0 (Linux; Android 7.0; SM-G930V Build/NRD90M) AppleWebKit/537.36 (KHTML, like Gecko) Chrome/59.0.3071.125 Mobile Safari/537.36" "nacaomestica.org"
20.85.215.177 - - [29/Sep/2022:04:12:44 -0700] "GET /blog4/?tag=indigenismo HTTP/1.1" 500 2609 "-" "Mozilla/5.0 (Linux; Android 7.0; SM-G930V Build/NRD90M) AppleWebKit/537.36 (KHTML, like Gecko) Chrome/59.0.3071.125 Mobile Safari/537.36" "nacaomestica.org"
20.85.215.177 - - [29/Sep/2022:04:12:50 -0700] "GET /blog4/?p=30960 HTTP/1.1" 500 2609 "-" "Mozilla/5.0 (Linux; Android 7.0; SM-G930V Build/NRD90M) AppleWebKit/537.36 (KHTML, like Gecko) Chrome/59.0.3071.125 Mobile Safari/537.36" "nacaomestica.org"
40.87.9.95 - - [29/Sep/2022:04:12:51 -0700] "GET /blog4/?tag=direitos-humanos HTTP/1.1" 500 2609 "-" "Mozilla/5.0 (Linux; Android 7.0; SM-G930V Build/NRD90M) AppleWebKit/537.36 (KHTML, like Gecko) Chrome/59.0.3071.125 Mobile Safari/537.36" "nacaomestica.org"
20.85.215.177 - - [29/Sep/2022:04:12:51 -0700] "GET /blog4/?p=30960 HTTP/1.1" 500 2609 "-" "Mozilla/5.0 (Linux; Android 7.0; SM-G930V Build/NRD90M) AppleWebKit/537.36 (KHTML, like Gecko) Chrome/59.0.3071.125 Mobile Safari/537.36" "nacaomestica.org"
40.87.9.95 - - [29/Sep/2022:04:12:52 -0700] "GET /blog4/?tag=direitos-humanos HTTP/1.1" 500 2609 "-" "Mozilla/5.0 (Linux; Android 7.0; SM-G930V Build/NRD90M) AppleWebKit/537.36 (KHTML, like Gecko) Chrome/59.0.3071.125 Mobile Safari/537.36" "nacaomestica.org"
20.85.215.177 - - [29/Sep/2022:04:12:54 -0700] "GET /blog4/?cat=115 HTTP/1.1" 500 2609 "-" "Mozilla/5.0 (Linux; Android 7.0; SM-G930V Build/NRD90M) AppleWebKit/537.36 (KHTML, like Gecko) Chrome/59.0.3071.125 Mobile Safari/537.36" "nacaomestica.org"
20.85.215.177 - - [29/Sep/2022:04:12:55 -0700] "GET /blog4/?cat=115 HTTP/1.1" 500 2609 "-" "Mozilla/5.0 (Linux; Android 7.0; SM-G930V Build/NRD90M) AppleWebKit/537.36 (KHTML, like Gecko) Chrome/59.0.3071.125 Mobile Safari/537.36" "nacaomestica.org"
20.85.215.177 - - [29/Sep/2022:04:12:55 -0700] "GET /blog4/?cat=129 HTTP/1.1" 500 2609 "-" "Mozilla/5.0 (Linux; Android 7.0; SM-G930V Build/NRD90M) AppleWebKit/537.36 (KHTML, like Gecko) Chrome/59.0.3071.125 Mobile Safari/537.36" "nacaomestica.org"
20.85.215.177 - - [29/Sep/2022:04:12:56 -0700] "GET /blog4/?cat=129 HTTP/1.1" 500 2609 "-" "Mozilla/5.0 (Linux; Android 7.0; SM-G930V Build/NRD90M) AppleWebKit/537.36 (KHTML, like Gecko) Chrome/59.0.3071.125 Mobile Safari/537.36" "nacaomestica.org"
20.85.215.177 - - [29/Sep/2022:04:12:56 -0700] "GET /blog4/?p=23009 HTTP/1.1" 500 2609 "-" "Mozilla/5.0 (Linux; Android 7.0; SM-G930V Build/NRD90M) AppleWebKit/537.36 (KHTML, like Gecko) Chrome/59.0.3071.125 Mobile Safari/537.36" "nacaomestica.org"
20.85.215.177 - - [29/Sep/2022:04:12:57 -0700] "GET /blog4/?p=23009 HTTP/1.1" 500 2609 "-" "Mozilla/5.0 (Linux; Android 7.0; SM-G930V Build/NRD90M) AppleWebKit/537.36 (KHTML, like Gecko) Chrome/59.0.3071.125 Mobile Safari/537.36" "nacaomestica.org"
157.90.181.151 - - [29/Sep/2022:04:12:58 -0700] "GET /blog4/wp-trackback.php?p=18555 HTTP/1.1" 500 2609 "-" "Mozilla/5.0 (compatible; BLEXBot/1.0; +http://webmeup-crawler.com/)" "nacaomestica.org"
177.66.79.217 - - [29/Sep/2022:04:13:03 -0700] "GET /blog4/?p=2252 HTTP/1.1" 500 2609 "https://www.google.com/" "Mozilla/5.0 (Windows NT 10.0; Win64; x64) AppleWebKit/537.36 (KHTML, like Gecko) Chrome/105.0.0.0 Safari/537.36" "nacaomestica.org"
177.66.79.217 - - [29/Sep/2022:04:13:04 -0700] "GET /favicon.ico HTTP/1.1" 200 676 "https://nacaomestica.org/blog4/?p=2252" "Mozilla/5.0 (Windows NT 10.0; Win64; x64) AppleWebKit/537.36 (KHTML, like Gecko) Chrome/105.0.0.0 Safari/537.36" "nacaomestica.org"
40.87.9.95 - - [29/Sep/2022:04:13:11 -0700] "GET /blog4/?cat=122 HTTP/1.1" 500 2609 "-" "Mozilla/5.0 (Linux; Android 7.0; SM-G930V Build/NRD90M) AppleWebKit/537.36 (KHTML, like Gecko) Chrome/59.0.3071.125 Mobile Safari/537.36" "nacaomestica.org"
40.87.9.95 - - [29/Sep/2022:04:13:12 -0700] "GET /blog4/?cat=122 HTTP/1.1" 500 2609 "-" "Mozilla/5.0 (Linux; Android 7.0; SM-G930V Build/NRD90M) AppleWebKit/537.36 (KHTML, like Gecko) Chrome/59.0.3071.125 Mobile Safari/537.36" "nacaomestica.org"
40.87.9.95 - - [29/Sep/2022:04:13:18 -0700] "GET /blog4/?tag=preto HTTP/1.1" 500 2609 "-" "Mozilla/5.0 (Linux; Android 7.0; SM-G930V Build/NRD90M) AppleWebKit/537.36 (KHTML, like Gecko) Chrome/59.0.3071.125 Mobile Safari/537.36" "nacaomestica.org"
40.87.9.95 - - [29/Sep/2022:04:13:18 -0700] "GET /blog4/?tag=preto HTTP/1.1" 500 2609 "-" "Mozilla/5.0 (Linux; Android 7.0; SM-G930V Build/NRD90M) AppleWebKit/537.36 (KHTML, like Gecko) Chrome/59.0.3071.125 Mobile Safari/537.36" "nacaomestica.org"
20.85.215.177 - - [29/Sep/2022:04:13:19 -0700] "GET /blog4/?tag=supremacismo HTTP/1.1" 500 2609 "-" "Mozilla/5.0 (Linux; Android 7.0; SM-G930V Build/NRD90M) AppleWebKit/537.36 (KHTML, like Gecko) Chrome/59.0.3071.125 Mobile Safari/537.36" "nacaomestica.org"
20.85.215.177 - - [29/Sep/2022:04:13:19 -0700] "GET /blog4/?tag=supremacismo HTTP/1.1" 500 2609 "-" "Mozilla/5.0 (Linux; Android 7.0; SM-G930V Build/NRD90M) AppleWebKit/537.36 (KHTML, like Gecko) Chrome/59.0.3071.125 Mobile Safari/537.36" "nacaomestica.org"
40.87.9.95 - - [29/Sep/2022:04:13:19 -0700] "GET /blog4/?cat=30 HTTP/1.1" 500 2609 "-" "Mozilla/5.0 (Linux; Android 7.0; SM-G930V Build/NRD90M) AppleWebKit/537.36 (KHTML, like Gecko) Chrome/59.0.3071.125 Mobile Safari/537.36" "nacaomestica.org"
157.90.181.151 - - [29/Sep/2022:04:13:21 -0700] "GET /blog4/wp-trackback.php?p=18563 HTTP/1.1" 500 2609 "-" "Mozilla/5.0 (compatible; BLEXBot/1.0; +http://webmeup-crawler.com/)" "nacaomestica.org"
40.87.9.95 - - [29/Sep/2022:04:13:21 -0700] "GET /blog4/?cat=30 HTTP/1.1" 500 2609 "-" "Mozilla/5.0 (Linux; Android 7.0; SM-G930V Build/NRD90M) AppleWebKit/537.36 (KHTML, like Gecko) Chrome/59.0.3071.125 Mobile Safari/537.36" "nacaomestica.org"
20.85.215.177 - - [29/Sep/2022:04:13:22 -0700] "GET /blog4/?tag=mensagem-mestica HTTP/1.1" 500 2609 "-" "Mozilla/5.0 (Linux; Android 7.0; SM-G930V Build/NRD90M) AppleWebKit/537.36 (KHTML, like Gecko) Chrome/59.0.3071.125 Mobile Safari/537.36" "nacaomestica.org"
20.85.215.177 - - [29/Sep/2022:04:13:22 -0700] "GET /blog4/?tag=mensagem-mestica HTTP/1.1" 500 2609 "-" "Mozilla/5.0 (Linux; Android 7.0; SM-G930V Build/NRD90M) AppleWebKit/537.36 (KHTML, like Gecko) Chrome/59.0.3071.125 Mobile Safari/537.36" "nacaomestica.org"
157.90.181.151 - - [29/Sep/2022:04:13:43 -0700] "GET /blog4/wp-trackback.php?p=18616 HTTP/1.1" 500 2609 "-" "Mozilla/5.0 (compatible; BLEXBot/1.0; +http://webmeup-crawler.com/)" "nacaomestica.org"
20.85.215.177 - - [29/Sep/2022:04:13:45 -0700] "GET /blog4/?p=30966 HTTP/1.1" 500 2609 "-" "Mozilla/5.0 (Linux; Android 7.0; SM-G930V Build/NRD90M) AppleWebKit/537.36 (KHTML, like Gecko) Chrome/59.0.3071.125 Mobile Safari/537.36" "nacaomestica.org"
20.85.215.177 - - [29/Sep/2022:04:13:46 -0700] "GET /blog4/?p=30966 HTTP/1.1" 500 2609 "-" "Mozilla/5.0 (Linux; Android 7.0; SM-G930V Build/NRD90M) AppleWebKit/537.36 (KHTML, like Gecko) Chrome/59.0.3071.125 Mobile Safari/537.36" "nacaomestica.org"
40.87.9.95 - - [29/Sep/2022:04:13:51 -0700] "GET /blog4/?tag=escravos HTTP/1.1" 500 2609 "-" "Mozilla/5.0 (Linux; Android 7.0; SM-G930V Build/NRD90M) AppleWebKit/537.36 (KHTML, like Gecko) Chrome/59.0.3071.125 Mobile Safari/537.36" "nacaomestica.org"
40.87.9.95 - - [29/Sep/2022:04:13:52 -0700] "GET /blog4/?tag=escravos HTTP/1.1" 500 2609 "-" "Mozilla/5.0 (Linux; Android 7.0; SM-G930V Build/NRD90M) AppleWebKit/537.36 (KHTML, like Gecko) Chrome/59.0.3071.125 Mobile Safari/537.36" "nacaomestica.org"
157.90.181.151 - - [29/Sep/2022:04:14:06 -0700] "GET /blog4/wp-trackback.php?p=18623 HTTP/1.1" 500 2609 "-" "Mozilla/5.0 (compatible; BLEXBot/1.0; +http://webmeup-crawler.com/)" "nacaomestica.org"
40.87.9.95 - - [29/Sep/2022:04:14:14 -0700] "GET /blog4/?cat=253 HTTP/1.1" 500 2609 "-" "Mozilla/5.0 (Linux; Android 7.0; SM-G930V Build/NRD90M) AppleWebKit/537.36 (KHTML, like Gecko) Chrome/59.0.3071.125 Mobile Safari/537.36" "nacaomestica.org"
40.87.9.95 - - [29/Sep/2022:04:14:15 -0700] "GET /blog4/?cat=253 HTTP/1.1" 500 2609 "-" "Mozilla/5.0 (Linux; Android 7.0; SM-G930V Build/NRD90M) AppleWebKit/537.36 (KHTML, like Gecko) Chrome/59.0.3071.125 Mobile Safari/537.36" "nacaomestica.org"
157.90.181.151 - - [29/Sep/2022:04:14:28 -0700] "GET /blog4/wp-trackback.php?p=18674 HTTP/1.1" 500 2609 "-" "Mozilla/5.0 (compatible; BLEXBot/1.0; +http://webmeup-crawler.com/)" "nacaomestica.org"
20.85.215.177 - - [29/Sep/2022:04:14:45 -0700] "GET /blog4/?cat=119 HTTP/1.1" 500 2609 "-" "Mozilla/5.0 (Linux; Android 7.0; SM-G930V Build/NRD90M) AppleWebKit/537.36 (KHTML, like Gecko) Chrome/59.0.3071.125 Mobile Safari/537.36" "nacaomestica.org"
20.85.215.177 - - [29/Sep/2022:04:14:45 -0700] "GET /blog4/?cat=119 HTTP/1.1" 500 2609 "-" "Mozilla/5.0 (Linux; Android 7.0; SM-G930V Build/NRD90M) AppleWebKit/537.36 (KHTML, like Gecko) Chrome/59.0.3071.125 Mobile Safari/537.36" "nacaomestica.org"
157.90.181.151 - - [29/Sep/2022:04:14:50 -0700] "GET /blog4/wp-trackback.php?p=18704 HTTP/1.1" 500 2609 "-" "Mozilla/5.0 (compatible; BLEXBot/1.0; +http://webmeup-crawler.com/)" "nacaomestica.org"
85.208.98.23 - - [29/Sep/2022:04:15:03 -0700] "GET /robots.txt HTTP/1.1" 200 59 "http://nacaomestica.org/robots.txt" "Mozilla/5.0 (compatible; SemrushBot-BA; +http://www.semrush.com/bot.html)" "nacaomestica.org"
157.90.181.151 - - [29/Sep/2022:04:15:13 -0700] "GET /blog4/wp-trackback.php?p=18742 HTTP/1.1" 500 2609 "-" "Mozilla/5.0 (compatible; BLEXBot/1.0; +http://webmeup-crawler.com/)" "nacaomestica.org"
40.87.9.95 - - [29/Sep/2022:04:15:17 -0700] "GET /blog4/?cat=81 HTTP/1.1" 500 2609 "-" "Mozilla/5.0 (Linux; Android 7.0; SM-G930V Build/NRD90M) AppleWebKit/537.36 (KHTML, like Gecko) Chrome/59.0.3071.125 Mobile Safari/537.36" "nacaomestica.org"
40.87.9.95 - - [29/Sep/2022:04:15:19 -0700] "GET /blog4/?cat=81 HTTP/1.1" 500 2609 "-" "Mozilla/5.0 (Linux; Android 7.0; SM-G930V Build/NRD90M) AppleWebKit/537.36 (KHTML, like Gecko) Chrome/59.0.3071.125 Mobile Safari/537.36" "nacaomestica.org"
85.208.98.16 - - [29/Sep/2022:04:15:20 -0700] "GET /blog4/?p=5675 HTTP/1.1" 500 2609 "-" "Mozilla/5.0 (compatible; SemrushBot-BA; +http://www.semrush.com/bot.html)" "nacaomestica.org"
40.87.9.95 - - [29/Sep/2022:04:15:24 -0700] "GET /blog4/?cat=1 HTTP/1.1" 500 2609 "-" "Mozilla/5.0 (Linux; Android 7.0; SM-G930V Build/NRD90M) AppleWebKit/537.36 (KHTML, like Gecko) Chrome/59.0.3071.125 Mobile Safari/537.36" "nacaomestica.org"
40.87.9.95 - - [29/Sep/2022:04:15:26 -0700] "GET /blog4/?cat=1 HTTP/1.1" 500 2609 "-" "Mozilla/5.0 (Linux; Android 7.0; SM-G930V Build/NRD90M) AppleWebKit/537.36 (KHTML, like Gecko) Chrome/59.0.3071.125 Mobile Safari/537.36" "nacaomestica.org"
20.85.215.177 - - [29/Sep/2022:04:15:35 -0700] "GET /blog4/?cat=195 HTTP/1.1" 500 2609 "-" "Mozilla/5.0 (Linux; Android 7.0; SM-G930V Build/NRD90M) AppleWebKit/537.36 (KHTML, like Gecko) Chrome/59.0.3071.125 Mobile Safari/537.36" "nacaomestica.org"
157.90.181.151 - - [29/Sep/2022:04:15:35 -0700] "GET /blog4/wp-trackback.php?p=18757 HTTP/1.1" 500 2609 "-" "Mozilla/5.0 (compatible; BLEXBot/1.0; +http://webmeup-crawler.com/)" "nacaomestica.org"
20.85.215.177 - - [29/Sep/2022:04:15:36 -0700] "GET /blog4/?cat=195 HTTP/1.1" 500 2609 "-" "Mozilla/5.0 (Linux; Android 7.0; SM-G930V Build/NRD90M) AppleWebKit/537.36 (KHTML, like Gecko) Chrome/59.0.3071.125 Mobile Safari/537.36" "nacaomestica.org"
40.87.9.95 - - [29/Sep/2022:04:15:47 -0700] "GET /blog4/?tag=discriminacao HTTP/1.1" 500 2609 "-" "Mozilla/5.0 (Linux; Android 7.0; SM-G930V Build/NRD90M) AppleWebKit/537.36 (KHTML, like Gecko) Chrome/59.0.3071.125 Mobile Safari/537.36" "nacaomestica.org"
40.87.9.95 - - [29/Sep/2022:04:15:48 -0700] "GET /blog4/?tag=discriminacao HTTP/1.1" 500 2609 "-" "Mozilla/5.0 (Linux; Android 7.0; SM-G930V Build/NRD90M) AppleWebKit/537.36 (KHTML, like Gecko) Chrome/59.0.3071.125 Mobile Safari/537.36" "nacaomestica.org"
20.85.215.177 - - [29/Sep/2022:04:15:52 -0700] "GET /blog4/?cat=229 HTTP/1.1" 500 2609 "-" "Mozilla/5.0 (Linux; Android 7.0; SM-G930V Build/NRD90M) AppleWebKit/537.36 (KHTML, like Gecko) Chrome/59.0.3071.125 Mobile Safari/537.36" "nacaomestica.org"
20.85.215.177 - - [29/Sep/2022:04:15:53 -0700] "GET /blog4/?cat=229 HTTP/1.1" 500 2609 "-" "Mozilla/5.0 (Linux; Android 7.0; SM-G930V Build/NRD90M) AppleWebKit/537.36 (KHTML, like Gecko) Chrome/59.0.3071.125 Mobile Safari/537.36" "nacaomestica.org"
20.85.215.177 - - [29/Sep/2022:04:15:55 -0700] "GET /blog4/?cat=141 HTTP/1.1" 500 2609 "-" "Mozilla/5.0 (Linux; Android 7.0; SM-G930V Build/NRD90M) AppleWebKit/537.36 (KHTML, like Gecko) Chrome/59.0.3071.125 Mobile Safari/537.36" "nacaomestica.org"
20.85.215.177 - - [29/Sep/2022:04:15:56 -0700] "GET /blog4/?cat=141 HTTP/1.1" 500 2609 "-" "Mozilla/5.0 (Linux; Android 7.0; SM-G930V Build/NRD90M) AppleWebKit/537.36 (KHTML, like Gecko) Chrome/59.0.3071.125 Mobile Safari/537.36" "nacaomestica.org"
157.90.181.151 - - [29/Sep/2022:04:15:58 -0700] "GET /blog4/wp-trackback.php?p=18849 HTTP/1.1" 500 2609 "-" "Mozilla/5.0 (compatible; BLEXBot/1.0; +http://webmeup-crawler.com/)" "nacaomestica.org"
20.85.215.177 - - [29/Sep/2022:04:16:03 -0700] "GET /blog4/?tag=funai HTTP/1.1" 500 2609 "-" "Mozilla/5.0 (Linux; Android 7.0; SM-G930V Build/NRD90M) AppleWebKit/537.36 (KHTML, like Gecko) Chrome/59.0.3071.125 Mobile Safari/537.36" "nacaomestica.org"
20.85.215.177 - - [29/Sep/2022:04:16:04 -0700] "GET /blog4/?tag=funai HTTP/1.1" 500 2609 "-" "Mozilla/5.0 (Linux; Android 7.0; SM-G930V Build/NRD90M) AppleWebKit/537.36 (KHTML, like Gecko) Chrome/59.0.3071.125 Mobile Safari/537.36" "nacaomestica.org"
20.85.215.177 - - [29/Sep/2022:04:16:05 -0700] "GET /blog4/?tag=espanol HTTP/1.1" 500 2609 "-" "Mozilla/5.0 (Linux; Android 7.0; SM-G930V Build/NRD90M) AppleWebKit/537.36 (KHTML, like Gecko) Chrome/59.0.3071.125 Mobile Safari/537.36" "nacaomestica.org"
20.85.215.177 - - [29/Sep/2022:04:16:06 -0700] "GET /blog4/?tag=espanol HTTP/1.1" 500 2609 "-" "Mozilla/5.0 (Linux; Android 7.0; SM-G930V Build/NRD90M) AppleWebKit/537.36 (KHTML, like Gecko) Chrome/59.0.3071.125 Mobile Safari/537.36" "nacaomestica.org"
114.119.139.66 - - [29/Sep/2022:04:16:08 -0700] "GET /blog4/wp-content/uploads/2017/comissao_igualdade_racial_comissao_geral.pdf HTTP/1.1" 404 88 "-" "Mozilla/5.0 (Linux; Android 7.0;) AppleWebKit/537.36 (KHTML, like Gecko) Mobile Safari/537.36 (compatible; PetalBot;+https://webmaster.petalsearch.com/site/petalbot)" "nacaomestica.org"
20.85.215.177 - - [29/Sep/2022:04:16:10 -0700] "GET /blog4/?cat=123 HTTP/1.1" 500 2609 "-" "Mozilla/5.0 (Linux; Android 7.0; SM-G930V Build/NRD90M) AppleWebKit/537.36 (KHTML, like Gecko) Chrome/59.0.3071.125 Mobile Safari/537.36" "nacaomestica.org"
20.85.215.177 - - [29/Sep/2022:04:16:11 -0700] "GET /blog4/?cat=123 HTTP/1.1" 500 2609 "-" "Mozilla/5.0 (Linux; Android 7.0; SM-G930V Build/NRD90M) AppleWebKit/537.36 (KHTML, like Gecko) Chrome/59.0.3071.125 Mobile Safari/537.36" "nacaomestica.org"
45.70.145.66 - - [29/Sep/2022:04:16:13 -0700] "GET /blog4/wp-content/uploads/2015/04/guilhotina.png HTTP/1.1" 200 359206 "https://www.google.com.br/" "Mozilla/5.0 (Windows NT 10.0; Win64; x64) AppleWebKit/537.36 (KHTML, like Gecko) Chrome/106.0.0.0 Safari/537.36" "nacaomestica.org"
40.87.9.95 - - [29/Sep/2022:04:16:18 -0700] "GET /blog4/?cat=220 HTTP/1.1" 500 2609 "-" "Mozilla/5.0 (Linux; Android 7.0; SM-G930V Build/NRD90M) AppleWebKit/537.36 (KHTML, like Gecko) Chrome/59.0.3071.125 Mobile Safari/537.36" "nacaomestica.org"
40.87.9.95 - - [29/Sep/2022:04:16:19 -0700] "GET /blog4/?cat=220 HTTP/1.1" 500 2609 "-" "Mozilla/5.0 (Linux; Android 7.0; SM-G930V Build/NRD90M) AppleWebKit/537.36 (KHTML, like Gecko) Chrome/59.0.3071.125 Mobile Safari/537.36" "nacaomestica.org"
157.90.181.151 - - [29/Sep/2022:04:16:21 -0700] "GET /blog4/wp-trackback.php?p=18863 HTTP/1.1" 500 2609 "-" "Mozilla/5.0 (compatible; BLEXBot/1.0; +http://webmeup-crawler.com/)" "nacaomestica.org"
20.85.215.177 - - [29/Sep/2022:04:16:29 -0700] "GET /blog4/?p=8456 HTTP/1.1" 500 2609 "-" "Mozilla/5.0 (Linux; Android 7.0; SM-G930V Build/NRD90M) AppleWebKit/537.36 (KHTML, like Gecko) Chrome/59.0.3071.125 Mobile Safari/537.36" "nacaomestica.org"
20.85.215.177 - - [29/Sep/2022:04:16:29 -0700] "GET /blog4/?p=8456 HTTP/1.1" 500 2609 "-" "Mozilla/5.0 (Linux; Android 7.0; SM-G930V Build/NRD90M) AppleWebKit/537.36 (KHTML, like Gecko) Chrome/59.0.3071.125 Mobile Safari/537.36" "nacaomestica.org"
20.85.215.177 - - [29/Sep/2022:04:16:31 -0700] "GET /blog4/?tag=escravidao HTTP/1.1" 500 2609 "-" "Mozilla/5.0 (Linux; Android 7.0; SM-G930V Build/NRD90M) AppleWebKit/537.36 (KHTML, like Gecko) Chrome/59.0.3071.125 Mobile Safari/537.36" "nacaomestica.org"
20.85.215.177 - - [29/Sep/2022:04:16:32 -0700] "GET /blog4/?tag=escravidao HTTP/1.1" 500 2609 "-" "Mozilla/5.0 (Linux; Android 7.0; SM-G930V Build/NRD90M) AppleWebKit/537.36 (KHTML, like Gecko) Chrome/59.0.3071.125 Mobile Safari/537.36" "nacaomestica.org"
20.85.215.177 - - [29/Sep/2022:04:16:39 -0700] "GET /blog4/?p=30905 HTTP/1.1" 500 2609 "-" "Mozilla/5.0 (Linux; Android 7.0; SM-G930V Build/NRD90M) AppleWebKit/537.36 (KHTML, like Gecko) Chrome/59.0.3071.125 Mobile Safari/537.36" "nacaomestica.org"
20.85.215.177 - - [29/Sep/2022:04:16:39 -0700] "GET /blog4/?p=30905 HTTP/1.1" 500 2609 "-" "Mozilla/5.0 (Linux; Android 7.0; SM-G930V Build/NRD90M) AppleWebKit/537.36 (KHTML, like Gecko) Chrome/59.0.3071.125 Mobile Safari/537.36" "nacaomestica.org"
157.90.181.151 - - [29/Sep/2022:04:16:43 -0700] "GET /blog4/wp-trackback.php?p=1892 HTTP/1.1" 500 2609 "-" "Mozilla/5.0 (compatible; BLEXBot/1.0; +http://webmeup-crawler.com/)" "nacaomestica.org"
157.90.181.151 - - [29/Sep/2022:04:17:06 -0700] "GET /blog4/wp-trackback.php?p=18931 HTTP/1.1" 500 2609 "-" "Mozilla/5.0 (compatible; BLEXBot/1.0; +http://webmeup-crawler.com/)" "nacaomestica.org"
40.87.9.95 - - [29/Sep/2022:04:17:22 -0700] "GET /blog4/?cat=199 HTTP/1.1" 500 2609 "-" "Mozilla/5.0 (Linux; Android 7.0; SM-G930V Build/NRD90M) AppleWebKit/537.36 (KHTML, like Gecko) Chrome/59.0.3071.125 Mobile Safari/537.36" "nacaomestica.org"
207.46.13.71 - - [29/Sep/2022:04:17:23 -0700] "GET /blog4/wp-content/uploads/2014/03/praciano.jpg HTTP/1.1" 200 56274 "-" "Mozilla/5.0 (compatible; bingbot/2.0; +http://www.bing.com/bingbot.htm)" "nacaomestica.org"
40.87.9.95 - - [29/Sep/2022:04:17:23 -0700] "GET /blog4/?cat=199 HTTP/1.1" 500 2609 "-" "Mozilla/5.0 (Linux; Android 7.0; SM-G930V Build/NRD90M) AppleWebKit/537.36 (KHTML, like Gecko) Chrome/59.0.3071.125 Mobile Safari/537.36" "nacaomestica.org"
157.90.181.151 - - [29/Sep/2022:04:17:28 -0700] "GET /blog4/wp-trackback.php?p=18970 HTTP/1.1" 500 2609 "-" "Mozilla/5.0 (compatible; BLEXBot/1.0; +http://webmeup-crawler.com/)" "nacaomestica.org"
190.115.176.101 - - [29/Sep/2022:04:17:30 -0700] "GET /blog4/wp-content/themes/carrington-blog/carrington-core/lightbox/css/thickbox.css HTTP/1.1" 200 975 "-" "Mozilla/5.0 (Linux; Android 9; LG-H931) AppleWebKit/537.36 (KHTML, like Gecko) Chrome/90.0.4430.66 Mobile Safari/537.36" "nacaomestica.org"
190.115.176.101 - - [29/Sep/2022:04:17:30 -0700] "GET /blog4/wp-content/themes/carrington-blog/css/css.php HTTP/1.1" 200 4963 "-" "Mozilla/5.0 (Linux; Android 9; LG-H931) AppleWebKit/537.36 (KHTML, like Gecko) Chrome/90.0.4430.66 Mobile Safari/537.36" "nacaomestica.org"
190.115.176.101 - - [29/Sep/2022:04:17:30 -0700] "GET /blog4/?p=23809 HTTP/1.1" 500 2609 "https://www.google.com/" "Mozilla/5.0 (Linux; Android 9; LG-H931) AppleWebKit/537.36 (KHTML, like Gecko) Chrome/90.0.4430.66 Mobile Safari/537.36" "nacaomestica.org"
40.87.9.95 - - [29/Sep/2022:04:17:30 -0700] "GET /blog4/?cat=24 HTTP/1.1" 500 2609 "-" "Mozilla/5.0 (Linux; Android 7.0; SM-G930V Build/NRD90M) AppleWebKit/537.36 (KHTML, like Gecko) Chrome/59.0.3071.125 Mobile Safari/537.36" "nacaomestica.org"
190.115.176.101 - - [29/Sep/2022:04:17:31 -0700] "GET /favicon.ico HTTP/1.1" 200 676 "https://nacaomestica.org/blog4/?p=23809" "Mozilla/5.0 (Linux; Android 9; LG-H931) AppleWebKit/537.36 (KHTML, like Gecko) Chrome/90.0.4430.66 Mobile Safari/537.36" "nacaomestica.org"
177.70.128.50 - - [29/Sep/2022:04:17:32 -0700] "GET /blog4/wp-content/uploads/2017/04/24153476.jpg HTTP/1.1" 200 38092 "https://www.google.com/" "Mozilla/5.0 (Windows NT 6.1; Win64; x64) AppleWebKit/537.36 (KHTML, like Gecko) Chrome/105.0.0.0 Safari/537.36" "nacaomestica.org"
40.87.9.95 - - [29/Sep/2022:04:17:32 -0700] "GET /blog4/?cat=24 HTTP/1.1" 500 2609 "-" "Mozilla/5.0 (Linux; Android 7.0; SM-G930V Build/NRD90M) AppleWebKit/537.36 (KHTML, like Gecko) Chrome/59.0.3071.125 Mobile Safari/537.36" "nacaomestica.org"
40.87.9.95 - - [29/Sep/2022:04:17:37 -0700] "GET /blog4/?cat=248 HTTP/1.1" 500 2609 "-" "Mozilla/5.0 (Linux; Android 7.0; SM-G930V Build/NRD90M) AppleWebKit/537.36 (KHTML, like Gecko) Chrome/59.0.3071.125 Mobile Safari/537.36" "nacaomestica.org"
66.249.68.80 - - [29/Sep/2022:04:17:38 -0700] "GET /blog4/?p=25363 HTTP/1.1" 500 2609 "-" "Googlebot-Image/1.0" "nacaomestica.org"
40.87.9.95 - - [29/Sep/2022:04:17:38 -0700] "GET /blog4/?cat=248 HTTP/1.1" 500 2609 "-" "Mozilla/5.0 (Linux; Android 7.0; SM-G930V Build/NRD90M) AppleWebKit/537.36 (KHTML, like Gecko) Chrome/59.0.3071.125 Mobile Safari/537.36" "nacaomestica.org"
207.46.13.187 - - [29/Sep/2022:04:17:45 -0700] "GET /blog4/?p=22632 HTTP/1.1" 500 2609 "-" "Mozilla/5.0 (compatible; bingbot/2.0; +http://www.bing.com/bingbot.htm)" "nacaomestica.org"
157.90.181.151 - - [29/Sep/2022:04:17:51 -0700] "GET /blog4/wp-trackback.php?p=19005 HTTP/1.1" 500 2609 "-" "Mozilla/5.0 (compatible; BLEXBot/1.0; +http://webmeup-crawler.com/)" "nacaomestica.org"
114.119.139.86 - - [29/Sep/2022:04:18:05 -0700] "GET /blog4/?fb_comment_id=1229241883828686_1229243050495236&paged=87 HTTP/1.1" 500 2609 "-" "Mozilla/5.0 (Linux; Android 7.0;) AppleWebKit/537.36 (KHTML, like Gecko) Mobile Safari/537.36 (compatible; PetalBot;+https://webmaster.petalsearch.com/site/petalbot)" "nacaomestica.org"
157.90.181.151 - - [29/Sep/2022:04:18:13 -0700] "GET /blog4/wp-trackback.php?p=19009 HTTP/1.1" 500 2609 "-" "Mozilla/5.0 (compatible; BLEXBot/1.0; +http://webmeup-crawler.com/)" "nacaomestica.org"
179.125.94.52 - - [29/Sep/2022:04:18:26 -0700] "GET /blog4/wp-content/uploads/2016/02/mesticos_sombra-2.png HTTP/1.1" 200 191787 "https://www.google.com/" "Mozilla/5.0 (Linux; Android 11; moto g(9) plus Build/RPAS31.Q2-59-17-4-3-9; wv) AppleWebKit/537.36 (KHTML, like Gecko) Version/4.0 Chrome/105.0.5195.136 Mobile Safari/537.36 GoogleApp/13.37.11.26.arm64" "nacaomestica.org"
157.90.181.151 - - [29/Sep/2022:04:18:36 -0700] "GET /blog4/wp-trackback.php?p=19016 HTTP/1.1" 500 2609 "-" "Mozilla/5.0 (compatible; BLEXBot/1.0; +http://webmeup-crawler.com/)" "nacaomestica.org"
179.125.94.52 - - [29/Sep/2022:04:18:41 -0700] "GET /blog4/wp-content/uploads/2016/12/Emmeline-Pankhurst.jpg HTTP/1.1" 200 51938 "https://www.google.com/" "Mozilla/5.0 (Linux; Android 11; moto g(9) plus Build/RPAS31.Q2-59-17-4-3-9; wv) AppleWebKit/537.36 (KHTML, like Gecko) Version/4.0 Chrome/105.0.5195.136 Mobile Safari/537.36 GoogleApp/13.37.11.26.arm64" "nacaomestica.org"
66.249.68.80 - - [29/Sep/2022:04:18:45 -0700] "GET /blog4/?p=15871 HTTP/1.1" 500 2609 "-" "Googlebot-Image/1.0" "nacaomestica.org"
179.125.94.52 - - [29/Sep/2022:04:18:53 -0700] "GET /blog4/wp-content/uploads/2018/08/livro_mestico_CAPA-2peq.png HTTP/1.1" 200 35385 "https://www.google.com/" "Mozilla/5.0 (Linux; Android 11; moto g(9) plus Build/RPAS31.Q2-59-17-4-3-9; wv) AppleWebKit/537.36 (KHTML, like Gecko) Version/4.0 Chrome/105.0.5195.136 Mobile Safari/537.36 GoogleApp/13.37.11.26.arm64" "nacaomestica.org"
40.87.9.95 - - [29/Sep/2022:04:18:58 -0700] "GET /blog4/?cat=246 HTTP/1.1" 500 2609 "-" "Mozilla/5.0 (Linux; Android 7.0; SM-G930V Build/NRD90M) AppleWebKit/537.36 (KHTML, like Gecko) Chrome/59.0.3071.125 Mobile Safari/537.36" "nacaomestica.org"
157.90.181.151 - - [29/Sep/2022:04:18:58 -0700] "GET /blog4/wp-trackback.php?p=19022 HTTP/1.1" 500 2609 "-" "Mozilla/5.0 (compatible; BLEXBot/1.0; +http://webmeup-crawler.com/)" "nacaomestica.org"
40.87.9.95 - - [29/Sep/2022:04:18:59 -0700] "GET /blog4/?cat=246 HTTP/1.1" 500 2609 "-" "Mozilla/5.0 (Linux; Android 7.0; SM-G930V Build/NRD90M) AppleWebKit/537.36 (KHTML, like Gecko) Chrome/59.0.3071.125 Mobile Safari/537.36" "nacaomestica.org"
157.90.181.151 - - [29/Sep/2022:04:19:21 -0700] "GET /blog4/wp-trackback.php?p=1903 HTTP/1.1" 500 2609 "-" "Mozilla/5.0 (compatible; BLEXBot/1.0; +http://webmeup-crawler.com/)" "nacaomestica.org"
191.190.69.129 - - [29/Sep/2022:04:19:26 -0700] "GET /ceara_historia_marcos.htm HTTP/1.1" 200 6618 "https://www.google.com/" "Mozilla/5.0 (Windows NT 10.0; Win64; x64) AppleWebKit/537.36 (KHTML, like Gecko) Chrome/105.0.0.0 Safari/537.36" "www.nacaomestica.org"
191.190.69.129 - - [29/Sep/2022:04:19:26 -0700] "GET /favicon.ico HTTP/1.1" 200 676 "https://www.nacaomestica.org/ceara_historia_marcos.htm" "Mozilla/5.0 (Windows NT 10.0; Win64; x64) AppleWebKit/537.36 (KHTML, like Gecko) Chrome/105.0.0.0 Safari/537.36" "www.nacaomestica.org"
179.125.94.52 - - [29/Sep/2022:04:19:36 -0700] "GET /blog4/wp-content/themes/carrington-blog/carrington-core/lightbox/css/thickbox.css HTTP/1.1" 200 975 "-" "Mozilla/5.0 (Linux; Android 11; moto g(9) plus) AppleWebKit/537.36 (KHTML, like Gecko) Chrome/105.0.0.0 Mobile Safari/537.36" "nacaomestica.org"
179.125.94.52 - - [29/Sep/2022:04:19:36 -0700] "GET /blog4/wp-content/themes/carrington-blog/css/css.php HTTP/1.1" 200 4963 "-" "Mozilla/5.0 (Linux; Android 11; moto g(9) plus) AppleWebKit/537.36 (KHTML, like Gecko) Chrome/105.0.0.0 Mobile Safari/537.36" "nacaomestica.org"
179.125.94.52 - - [29/Sep/2022:04:19:36 -0700] "GET /blog4/?p=2252 HTTP/1.1" 500 2609 "-" "Mozilla/5.0 (Linux; Android 11; moto g(9) plus) AppleWebKit/537.36 (KHTML, like Gecko) Chrome/105.0.0.0 Mobile Safari/537.36" "nacaomestica.org"
179.125.94.52 - - [29/Sep/2022:04:19:37 -0700] "GET /favicon.ico HTTP/1.1" 200 676 "https://nacaomestica.org/blog4/?p=2252" "Mozilla/5.0 (Linux; Android 11; moto g(9) plus) AppleWebKit/537.36 (KHTML, like Gecko) Chrome/105.0.0.0 Mobile Safari/537.36" "nacaomestica.org"
20.124.25.29 - - [29/Sep/2022:04:19:39 -0700] "GET /blog4/?feed=rss2 HTTP/1.1" 500 2609 "-" "Mozilla/5.0 (Linux; Android 7.0; SM-G930V Build/NRD90M) AppleWebKit/537.36 (KHTML, like Gecko) Chrome/59.0.3071.125 Mobile Safari/537.36" "nacaomestica.org"
20.124.25.29 - - [29/Sep/2022:04:19:40 -0700] "GET /blog4/?feed=rss2 HTTP/1.1" 500 2609 "-" "Mozilla/5.0 (Linux; Android 7.0; SM-G930V Build/NRD90M) AppleWebKit/537.36 (KHTML, like Gecko) Chrome/59.0.3071.125 Mobile Safari/537.36" "nacaomestica.org"
157.90.181.151 - - [29/Sep/2022:04:19:43 -0700] "GET /blog4/wp-trackback.php?p=19041 HTTP/1.1" 500 2609 "-" "Mozilla/5.0 (compatible; BLEXBot/1.0; +http://webmeup-crawler.com/)" "nacaomestica.org"
40.87.9.95 - - [29/Sep/2022:04:19:54 -0700] "GET /blog4/?cat=216 HTTP/1.1" 500 2609 "-" "Mozilla/5.0 (Linux; Android 7.0; SM-G930V Build/NRD90M) AppleWebKit/537.36 (KHTML, like Gecko) Chrome/59.0.3071.125 Mobile Safari/537.36" "nacaomestica.org"
40.87.9.95 - - [29/Sep/2022:04:19:54 -0700] "GET /blog4/?cat=216 HTTP/1.1" 500 2609 "-" "Mozilla/5.0 (Linux; Android 7.0; SM-G930V Build/NRD90M) AppleWebKit/537.36 (KHTML, like Gecko) Chrome/59.0.3071.125 Mobile Safari/537.36" "nacaomestica.org"
40.87.9.95 - - [29/Sep/2022:04:19:59 -0700] "GET /blog4/?cat=193 HTTP/1.1" 500 2609 "-" "Mozilla/5.0 (Linux; Android 7.0; SM-G930V Build/NRD90M) AppleWebKit/537.36 (KHTML, like Gecko) Chrome/59.0.3071.125 Mobile Safari/537.36" "nacaomestica.org"
40.87.9.95 - - [29/Sep/2022:04:19:59 -0700] "GET /blog4/?cat=193 HTTP/1.1" 500 2609 "-" "Mozilla/5.0 (Linux; Android 7.0; SM-G930V Build/NRD90M) AppleWebKit/537.36 (KHTML, like Gecko) Chrome/59.0.3071.125 Mobile Safari/537.36" "nacaomestica.org"
114.119.139.86 - - [29/Sep/2022:04:20:02 -0700] "GET /FR_la_041101_censura_a_vai_vai.htm HTTP/1.1" 404 88 "-" "Mozilla/5.0 (Linux; Android 7.0;) AppleWebKit/537.36 (KHTML, like Gecko) Mobile Safari/537.36 (compatible; PetalBot;+https://webmaster.petalsearch.com/site/petalbot)" "nacaomestica.org"
157.90.181.151 - - [29/Sep/2022:04:20:06 -0700] "GET /blog4/wp-trackback.php?p=19075 HTTP/1.1" 500 2609 "-" "Mozilla/5.0 (compatible; BLEXBot/1.0; +http://webmeup-crawler.com/)" "nacaomestica.org"
40.87.9.95 - - [29/Sep/2022:04:20:09 -0700] "GET /blog4/?tag=anti-conservadorismo HTTP/1.1" 500 2609 "-" "Mozilla/5.0 (Linux; Android 7.0; SM-G930V Build/NRD90M) AppleWebKit/537.36 (KHTML, like Gecko) Chrome/59.0.3071.125 Mobile Safari/537.36" "nacaomestica.org"
40.87.9.95 - - [29/Sep/2022:04:20:10 -0700] "GET /blog4/?tag=anti-conservadorismo HTTP/1.1" 500 2609 "-" "Mozilla/5.0 (Linux; Android 7.0; SM-G930V Build/NRD90M) AppleWebKit/537.36 (KHTML, like Gecko) Chrome/59.0.3071.125 Mobile Safari/537.36" "nacaomestica.org"
207.46.13.27 - - [29/Sep/2022:04:20:10 -0700] "GET /blog4/wp-content/uploads/2017/10/2.jpg HTTP/1.1" 200 30502 "-" "Mozilla/5.0 (compatible; bingbot/2.0; +http://www.bing.com/bingbot.htm)" "nacaomestica.org"
40.87.9.95 - - [29/Sep/2022:04:20:13 -0700] "GET /blog4/?cat=240 HTTP/1.1" 500 2609 "-" "Mozilla/5.0 (Linux; Android 7.0; SM-G930V Build/NRD90M) AppleWebKit/537.36 (KHTML, like Gecko) Chrome/59.0.3071.125 Mobile Safari/537.36" "nacaomestica.org"
40.87.9.95 - - [29/Sep/2022:04:20:13 -0700] "GET /blog4/?cat=240 HTTP/1.1" 500 2609 "-" "Mozilla/5.0 (Linux; Android 7.0; SM-G930V Build/NRD90M) AppleWebKit/537.36 (KHTML, like Gecko) Chrome/59.0.3071.125 Mobile Safari/537.36" "nacaomestica.org"
40.87.9.95 - - [29/Sep/2022:04:20:15 -0700] "GET /blog4/?cat=230 HTTP/1.1" 500 2609 "-" "Mozilla/5.0 (Linux; Android 7.0; SM-G930V Build/NRD90M) AppleWebKit/537.36 (KHTML, like Gecko) Chrome/59.0.3071.125 Mobile Safari/537.36" "nacaomestica.org"
40.87.9.95 - - [29/Sep/2022:04:20:16 -0700] "GET /blog4/?cat=230 HTTP/1.1" 500 2609 "-" "Mozilla/5.0 (Linux; Android 7.0; SM-G930V Build/NRD90M) AppleWebKit/537.36 (KHTML, like Gecko) Chrome/59.0.3071.125 Mobile Safari/537.36" "nacaomestica.org"
35.206.85.255 - - [29/Sep/2022:04:20:18 -0700] "HEAD / HTTP/1.1" 500 - "-" "scalaj-http/2.4.2" "nacaomestica.org"
35.206.85.255 - - [29/Sep/2022:04:20:19 -0700] "HEAD / HTTP/1.1" 500 - "-" "scalaj-http/2.4.2" "www.nacaomestica.org"
35.206.85.255 - - [29/Sep/2022:04:20:20 -0700] "GET / HTTP/1.1" 500 2609 "-" "Buck/2.3.2; (+https://app.hypefactors.com/media-monitoring/about.html)" "nacaomestica.org"
35.206.85.255 - - [29/Sep/2022:04:20:21 -0700] "GET /robots.txt HTTP/1.1" 200 59 "-" "Buck/2.3.2; (+https://app.hypefactors.com/media-monitoring/about.html)" "nacaomestica.org"
35.206.85.255 - - [29/Sep/2022:04:20:21 -0700] "GET /sitemap.xml HTTP/1.1" 200 170 "-" "Buck/2.3.2; (+https://app.hypefactors.com/media-monitoring/about.html)" "nacaomestica.org"
157.90.181.151 - - [29/Sep/2022:04:20:28 -0700] "GET /blog4/wp-trackback.php?p=19118 HTTP/1.1" 500 2609 "-" "Mozilla/5.0 (compatible; BLEXBot/1.0; +http://webmeup-crawler.com/)" "nacaomestica.org"
189.96.230.130 - - [29/Sep/2022:04:20:34 -0700] "GET /blog4/wp-content/uploads/2016/02/pardo_preto1.png HTTP/1.1" 200 331753 "https://www.google.com.br/" "Mozilla/5.0 (iPhone; CPU iPhone OS 15_6_1 like Mac OS X) AppleWebKit/605.1.15 (KHTML, like Gecko) Version/15.6.1 Mobile/15E148 Safari/604.1" "nacaomestica.org"
52.188.211.122 - - [29/Sep/2022:04:20:46 -0700] "GET /blog4/?cat=90 HTTP/1.1" 500 2609 "-" "Mozilla/5.0 (Linux; Android 7.0; SM-G930V Build/NRD90M) AppleWebKit/537.36 (KHTML, like Gecko) Chrome/59.0.3071.125 Mobile Safari/537.36" "nacaomestica.org"
52.188.211.122 - - [29/Sep/2022:04:20:47 -0700] "GET /blog4/?cat=90 HTTP/1.1" 500 2609 "-" "Mozilla/5.0 (Linux; Android 7.0; SM-G930V Build/NRD90M) AppleWebKit/537.36 (KHTML, like Gecko) Chrome/59.0.3071.125 Mobile Safari/537.36" "nacaomestica.org"
157.90.181.151 - - [29/Sep/2022:04:20:51 -0700] "GET /blog4/wp-trackback.php?p=19122 HTTP/1.1" 500 2609 "-" "Mozilla/5.0 (compatible; BLEXBot/1.0; +http://webmeup-crawler.com/)" "nacaomestica.org"
40.87.9.95 - - [29/Sep/2022:04:21:01 -0700] "GET /blog4/?cat=237 HTTP/1.1" 500 2609 "-" "Mozilla/5.0 (Linux; Android 7.0; SM-G930V Build/NRD90M) AppleWebKit/537.36 (KHTML, like Gecko) Chrome/59.0.3071.125 Mobile Safari/537.36" "nacaomestica.org"
40.87.9.95 - - [29/Sep/2022:04:21:02 -0700] "GET /blog4/?cat=237 HTTP/1.1" 500 2609 "-" "Mozilla/5.0 (Linux; Android 7.0; SM-G930V Build/NRD90M) AppleWebKit/537.36 (KHTML, like Gecko) Chrome/59.0.3071.125 Mobile Safari/537.36" "nacaomestica.org"
40.87.9.95 - - [29/Sep/2022:04:21:04 -0700] "GET /blog4/?cat=132 HTTP/1.1" 500 2609 "-" "Mozilla/5.0 (Linux; Android 7.0; SM-G930V Build/NRD90M) AppleWebKit/537.36 (KHTML, like Gecko) Chrome/59.0.3071.125 Mobile Safari/537.36" "nacaomestica.org"
40.87.9.95 - - [29/Sep/2022:04:21:05 -0700] "GET /blog4/?cat=132 HTTP/1.1" 500 2609 "-" "Mozilla/5.0 (Linux; Android 7.0; SM-G930V Build/NRD90M) AppleWebKit/537.36 (KHTML, like Gecko) Chrome/59.0.3071.125 Mobile Safari/537.36" "nacaomestica.org"
157.90.181.151 - - [29/Sep/2022:04:21:14 -0700] "GET /blog4/wp-trackback.php?p=19162 HTTP/1.1" 500 2609 "-" "Mozilla/5.0 (compatible; BLEXBot/1.0; +http://webmeup-crawler.com/)" "nacaomestica.org"
40.87.9.95 - - [29/Sep/2022:04:21:14 -0700] "GET /blog4/?cat=126 HTTP/1.1" 500 2609 "-" "Mozilla/5.0 (Linux; Android 7.0; SM-G930V Build/NRD90M) AppleWebKit/537.36 (KHTML, like Gecko) Chrome/59.0.3071.125 Mobile Safari/537.36" "nacaomestica.org"
40.87.9.95 - - [29/Sep/2022:04:21:15 -0700] "GET /blog4/?cat=126 HTTP/1.1" 500 2609 "-" "Mozilla/5.0 (Linux; Android 7.0; SM-G930V Build/NRD90M) AppleWebKit/537.36 (KHTML, like Gecko) Chrome/59.0.3071.125 Mobile Safari/537.36" "nacaomestica.org"
189.96.230.130 - - [29/Sep/2022:04:21:21 -0700] "GET /blog4/wp-content/uploads/2017/03/COTAS-PARA-MESTI%C3%87OS-1.png HTTP/1.1" 200 307625 "https://www.google.com.br/" "Mozilla/5.0 (iPhone; CPU iPhone OS 15_6_1 like Mac OS X) AppleWebKit/605.1.15 (KHTML, like Gecko) Version/15.6.1 Mobile/15E148 Safari/604.1" "nacaomestica.org"
40.87.9.95 - - [29/Sep/2022:04:21:28 -0700] "GET /blog4/?tag=pardo HTTP/1.1" 500 2609 "-" "Mozilla/5.0 (Linux; Android 7.0; SM-G930V Build/NRD90M) AppleWebKit/537.36 (KHTML, like Gecko) Chrome/59.0.3071.125 Mobile Safari/537.36" "nacaomestica.org"
40.87.9.95 - - [29/Sep/2022:04:21:29 -0700] "GET /blog4/?tag=pardo HTTP/1.1" 500 2609 "-" "Mozilla/5.0 (Linux; Android 7.0; SM-G930V Build/NRD90M) AppleWebKit/537.36 (KHTML, like Gecko) Chrome/59.0.3071.125 Mobile Safari/537.36" "nacaomestica.org"
40.87.9.95 - - [29/Sep/2022:04:21:32 -0700] "GET /blog4/?p=30914 HTTP/1.1" 500 2609 "-" "Mozilla/5.0 (Linux; Android 7.0; SM-G930V Build/NRD90M) AppleWebKit/537.36 (KHTML, like Gecko) Chrome/59.0.3071.125 Mobile Safari/537.36" "nacaomestica.org"
40.87.9.95 - - [29/Sep/2022:04:21:32 -0700] "GET /blog4/?cat=124 HTTP/1.1" 500 2609 "-" "Mozilla/5.0 (Linux; Android 7.0; SM-G930V Build/NRD90M) AppleWebKit/537.36 (KHTML, like Gecko) Chrome/59.0.3071.125 Mobile Safari/537.36" "nacaomestica.org"
40.87.9.95 - - [29/Sep/2022:04:21:33 -0700] "GET /blog4/?cat=124 HTTP/1.1" 500 2609 "-" "Mozilla/5.0 (Linux; Android 7.0; SM-G930V Build/NRD90M) AppleWebKit/537.36 (KHTML, like Gecko) Chrome/59.0.3071.125 Mobile Safari/537.36" "nacaomestica.org"
40.87.9.95 - - [29/Sep/2022:04:21:33 -0700] "GET /blog4/?p=30914 HTTP/1.1" 500 2609 "-" "Mozilla/5.0 (Linux; Android 7.0; SM-G930V Build/NRD90M) AppleWebKit/537.36 (KHTML, like Gecko) Chrome/59.0.3071.125 Mobile Safari/537.36" "nacaomestica.org"
157.90.181.151 - - [29/Sep/2022:04:21:36 -0700] "GET /blog4/wp-trackback.php?p=19169 HTTP/1.1" 500 2609 "-" "Mozilla/5.0 (compatible; BLEXBot/1.0; +http://webmeup-crawler.com/)" "nacaomestica.org"
114.119.139.86 - - [29/Sep/2022:04:21:56 -0700] "GET /blog4/index.php/www.comvest.ufam.edu.br HTTP/1.1" 500 2609 "-" "Mozilla/5.0 (Linux; Android 7.0;) AppleWebKit/537.36 (KHTML, like Gecko) Mobile Safari/537.36 (compatible; PetalBot;+https://webmaster.petalsearch.com/site/petalbot)" "nacaomestica.org"
157.90.181.151 - - [29/Sep/2022:04:21:59 -0700] "GET /blog4/wp-trackback.php?p=19173 HTTP/1.1" 500 2609 "-" "Mozilla/5.0 (compatible; BLEXBot/1.0; +http://webmeup-crawler.com/)" "nacaomestica.org"
207.46.13.184 - - [29/Sep/2022:04:22:07 -0700] "GET /blog4/?p=18616 HTTP/1.1" 500 2609 "-" "Mozilla/5.0 (compatible; bingbot/2.0; +http://www.bing.com/bingbot.htm)" "nacaomestica.org"
157.90.181.151 - - [29/Sep/2022:04:22:21 -0700] "GET /blog4/wp-trackback.php?p=19189 HTTP/1.1" 500 2609 "-" "Mozilla/5.0 (compatible; BLEXBot/1.0; +http://webmeup-crawler.com/)" "nacaomestica.org"
40.87.9.95 - - [29/Sep/2022:04:22:25 -0700] "GET /blog4/?tag=noticias HTTP/1.1" 500 2609 "-" "Mozilla/5.0 (Linux; Android 7.0; SM-G930V Build/NRD90M) AppleWebKit/537.36 (KHTML, like Gecko) Chrome/59.0.3071.125 Mobile Safari/537.36" "nacaomestica.org"
40.87.9.95 - - [29/Sep/2022:04:22:26 -0700] "GET /blog4/?tag=noticias HTTP/1.1" 500 2609 "-" "Mozilla/5.0 (Linux; Android 7.0; SM-G930V Build/NRD90M) AppleWebKit/537.36 (KHTML, like Gecko) Chrome/59.0.3071.125 Mobile Safari/537.36" "nacaomestica.org"
52.188.211.122 - - [29/Sep/2022:04:22:27 -0700] "GET /blog4/?cat=116 HTTP/1.1" 500 2609 "-" "Mozilla/5.0 (Linux; Android 7.0; SM-G930V Build/NRD90M) AppleWebKit/537.36 (KHTML, like Gecko) Chrome/59.0.3071.125 Mobile Safari/537.36" "nacaomestica.org"
52.188.211.122 - - [29/Sep/2022:04:22:28 -0700] "GET /blog4/?cat=116 HTTP/1.1" 500 2609 "-" "Mozilla/5.0 (Linux; Android 7.0; SM-G930V Build/NRD90M) AppleWebKit/537.36 (KHTML, like Gecko) Chrome/59.0.3071.125 Mobile Safari/537.36" "nacaomestica.org"
52.188.211.122 - - [29/Sep/2022:04:22:33 -0700] "GET /blog4/?tag=limpeza-etnica HTTP/1.1" 500 2609 "-" "Mozilla/5.0 (Linux; Android 7.0; SM-G930V Build/NRD90M) AppleWebKit/537.36 (KHTML, like Gecko) Chrome/59.0.3071.125 Mobile Safari/537.36" "nacaomestica.org"
52.188.211.122 - - [29/Sep/2022:04:22:36 -0700] "GET /blog4/?tag=limpeza-etnica HTTP/1.1" 500 2609 "-" "Mozilla/5.0 (Linux; Android 7.0; SM-G930V Build/NRD90M) AppleWebKit/537.36 (KHTML, like Gecko) Chrome/59.0.3071.125 Mobile Safari/537.36" "nacaomestica.org"
52.188.211.122 - - [29/Sep/2022:04:22:36 -0700] "GET /blog4/?cat=266 HTTP/1.1" 500 2609 "-" "Mozilla/5.0 (Linux; Android 7.0; SM-G930V Build/NRD90M) AppleWebKit/537.36 (KHTML, like Gecko) Chrome/59.0.3071.125 Mobile Safari/537.36" "nacaomestica.org"
52.188.211.122 - - [29/Sep/2022:04:22:37 -0700] "GET /blog4/?cat=266 HTTP/1.1" 500 2609 "-" "Mozilla/5.0 (Linux; Android 7.0; SM-G930V Build/NRD90M) AppleWebKit/537.36 (KHTML, like Gecko) Chrome/59.0.3071.125 Mobile Safari/537.36" "nacaomestica.org"
40.87.9.95 - - [29/Sep/2022:04:22:38 -0700] "GET /blog4/?tag=negro HTTP/1.1" 500 2609 "-" "Mozilla/5.0 (Linux; Android 7.0; SM-G930V Build/NRD90M) AppleWebKit/537.36 (KHTML, like Gecko) Chrome/59.0.3071.125 Mobile Safari/537.36" "nacaomestica.org"
40.87.9.95 - - [29/Sep/2022:04:22:40 -0700] "GET /blog4/?tag=negro HTTP/1.1" 500 2609 "-" "Mozilla/5.0 (Linux; Android 7.0; SM-G930V Build/NRD90M) AppleWebKit/537.36 (KHTML, like Gecko) Chrome/59.0.3071.125 Mobile Safari/537.36" "nacaomestica.org"
40.87.9.95 - - [29/Sep/2022:04:22:41 -0700] "GET /blog4/?p=20146 HTTP/1.1" 500 2609 "-" "Mozilla/5.0 (Linux; Android 7.0; SM-G930V Build/NRD90M) AppleWebKit/537.36 (KHTML, like Gecko) Chrome/59.0.3071.125 Mobile Safari/537.36" "nacaomestica.org"
