157.90.181.151 - - [29/Sep/2022:03:30:35 -0700] "GET /blog4/wp-trackback.php?p=11953 HTTP/1.1" 500 2609 "-" "Mozilla/5.0 (compatible; BLEXBot/1.0; +http://webmeup-crawler.com/)" "nacaomestica.org"
157.90.181.151 - - [29/Sep/2022:03:30:57 -0700] "GET /blog4/wp-trackback.php?p=11987 HTTP/1.1" 500 2609 "-" "Mozilla/5.0 (compatible; BLEXBot/1.0; +http://webmeup-crawler.com/)" "nacaomestica.org"
157.90.181.151 - - [29/Sep/2022:03:31:19 -0700] "GET /blog4/wp-trackback.php?p=12027 HTTP/1.1" 500 2609 "-" "Mozilla/5.0 (compatible; BLEXBot/1.0; +http://webmeup-crawler.com/)" "nacaomestica.org"
157.90.181.151 - - [29/Sep/2022:03:31:41 -0700] "GET /blog4/wp-trackback.php?p=12046 HTTP/1.1" 500 2609 "-" "Mozilla/5.0 (compatible; BLEXBot/1.0; +http://webmeup-crawler.com/)" "nacaomestica.org"
157.90.181.151 - - [29/Sep/2022:03:32:04 -0700] "GET /blog4/wp-trackback.php?p=12110 HTTP/1.1" 500 2609 "-" "Mozilla/5.0 (compatible; BLEXBot/1.0; +http://webmeup-crawler.com/)" "nacaomestica.org"
157.90.181.151 - - [29/Sep/2022:03:32:26 -0700] "GET /blog4/wp-trackback.php?p=12113 HTTP/1.1" 500 2609 "-" "Mozilla/5.0 (compatible; BLEXBot/1.0; +http://webmeup-crawler.com/)" "nacaomestica.org"
157.90.181.151 - - [29/Sep/2022:03:32:48 -0700] "GET /blog4/wp-trackback.php?p=12156 HTTP/1.1" 500 2609 "-" "Mozilla/5.0 (compatible; BLEXBot/1.0; +http://webmeup-crawler.com/)" "nacaomestica.org"
157.90.181.151 - - [29/Sep/2022:03:33:10 -0700] "GET /blog4/wp-trackback.php?p=12171 HTTP/1.1" 500 2609 "-" "Mozilla/5.0 (compatible; BLEXBot/1.0; +http://webmeup-crawler.com/)" "nacaomestica.org"
157.90.181.151 - - [29/Sep/2022:03:33:32 -0700] "GET /blog4/wp-trackback.php?p=1219 HTTP/1.1" 500 2609 "-" "Mozilla/5.0 (compatible; BLEXBot/1.0; +http://webmeup-crawler.com/)" "nacaomestica.org"
157.90.181.151 - - [29/Sep/2022:03:33:54 -0700] "GET /blog4/wp-trackback.php?p=12294 HTTP/1.1" 500 2609 "-" "Mozilla/5.0 (compatible; BLEXBot/1.0; +http://webmeup-crawler.com/)" "nacaomestica.org"
157.90.181.151 - - [29/Sep/2022:03:34:17 -0700] "GET /blog4/wp-trackback.php?p=12309 HTTP/1.1" 500 2609 "-" "Mozilla/5.0 (compatible; BLEXBot/1.0; +http://webmeup-crawler.com/)" "nacaomestica.org"
157.90.181.151 - - [29/Sep/2022:03:34:39 -0700] "GET /blog4/wp-trackback.php?p=12335 HTTP/1.1" 500 2609 "-" "Mozilla/5.0 (compatible; BLEXBot/1.0; +http://webmeup-crawler.com/)" "nacaomestica.org"
157.90.181.151 - - [29/Sep/2022:03:35:01 -0700] "GET /blog4/wp-trackback.php?p=12355 HTTP/1.1" 500 2609 "-" "Mozilla/5.0 (compatible; BLEXBot/1.0; +http://webmeup-crawler.com/)" "nacaomestica.org"
207.46.13.184 - - [29/Sep/2022:03:35:13 -0700] "GET /blog4/?feed=rss2&p=17556 HTTP/1.1" 500 2609 "-" "Mozilla/5.0 (compatible; bingbot/2.0; +http://www.bing.com/bingbot.htm)" "www.nacaomestica.org"
157.90.181.151 - - [29/Sep/2022:03:35:23 -0700] "GET /blog4/wp-trackback.php?p=12410 HTTP/1.1" 500 2609 "-" "Mozilla/5.0 (compatible; BLEXBot/1.0; +http://webmeup-crawler.com/)" "nacaomestica.org"
157.90.181.151 - - [29/Sep/2022:03:35:44 -0700] "GET /blog4/wp-trackback.php?p=12426 HTTP/1.1" 500 2609 "-" "Mozilla/5.0 (compatible; BLEXBot/1.0; +http://webmeup-crawler.com/)" "nacaomestica.org"
157.90.181.151 - - [29/Sep/2022:03:36:07 -0700] "GET /blog4/wp-trackback.php?p=12459 HTTP/1.1" 500 2609 "-" "Mozilla/5.0 (compatible; BLEXBot/1.0; +http://webmeup-crawler.com/)" "nacaomestica.org"
157.90.181.151 - - [29/Sep/2022:03:36:29 -0700] "GET /blog4/wp-trackback.php?p=12471 HTTP/1.1" 500 2609 "-" "Mozilla/5.0 (compatible; BLEXBot/1.0; +http://webmeup-crawler.com/)" "nacaomestica.org"
157.90.181.151 - - [29/Sep/2022:03:36:51 -0700] "GET /blog4/wp-trackback.php?p=1252 HTTP/1.1" 500 2609 "-" "Mozilla/5.0 (compatible; BLEXBot/1.0; +http://webmeup-crawler.com/)" "nacaomestica.org"
51.161.84.125 - - [29/Sep/2022:03:36:56 -0700] "GET /blog4/?p=21142 HTTP/1.1" 500 2609 "https://t.co/" "Mozilla/5.0 (Macintosh; Intel Mac OS X 12_0_1) AppleWebKit/537.36 (KHTML, like Gecko) Chrome/103.0.0.0 Safari/537.36" "nacaomestica.org"
157.90.181.151 - - [29/Sep/2022:03:37:13 -0700] "GET /blog4/wp-trackback.php?p=12535 HTTP/1.1" 500 2609 "-" "Mozilla/5.0 (compatible; BLEXBot/1.0; +http://webmeup-crawler.com/)" "nacaomestica.org"
157.90.181.151 - - [29/Sep/2022:03:37:35 -0700] "GET /blog4/wp-trackback.php?p=12559 HTTP/1.1" 500 2609 "-" "Mozilla/5.0 (compatible; BLEXBot/1.0; +http://webmeup-crawler.com/)" "nacaomestica.org"
178.158.19.181 - - [29/Sep/2022:03:37:38 -0700] "GET /blog4/?p=1782 HTTP/1.1" 500 2609 "-" "Mozilla/5.0 (X11; Ubuntu; Linux x86_64; rv:102.0) Gecko/20100101 Firefox/102.0" "nacaomestica.org"
157.90.181.151 - - [29/Sep/2022:03:37:57 -0700] "GET /blog4/wp-trackback.php?p=12581 HTTP/1.1" 500 2609 "-" "Mozilla/5.0 (compatible; BLEXBot/1.0; +http://webmeup-crawler.com/)" "nacaomestica.org"
157.90.181.151 - - [29/Sep/2022:03:38:19 -0700] "GET /blog4/wp-trackback.php?p=12713 HTTP/1.1" 500 2609 "-" "Mozilla/5.0 (compatible; BLEXBot/1.0; +http://webmeup-crawler.com/)" "nacaomestica.org"
157.90.181.151 - - [29/Sep/2022:03:38:41 -0700] "GET /blog4/wp-trackback.php?p=12721 HTTP/1.1" 500 2609 "-" "Mozilla/5.0 (compatible; BLEXBot/1.0; +http://webmeup-crawler.com/)" "nacaomestica.org"
157.90.181.151 - - [29/Sep/2022:03:39:03 -0700] "GET /blog4/wp-trackback.php?p=12729 HTTP/1.1" 500 2609 "-" "Mozilla/5.0 (compatible; BLEXBot/1.0; +http://webmeup-crawler.com/)" "nacaomestica.org"
157.90.181.151 - - [29/Sep/2022:03:39:25 -0700] "GET /blog4/wp-trackback.php?p=12732 HTTP/1.1" 500 2609 "-" "Mozilla/5.0 (compatible; BLEXBot/1.0; +http://webmeup-crawler.com/)" "nacaomestica.org"
157.90.181.151 - - [29/Sep/2022:03:39:48 -0700] "GET /blog4/wp-trackback.php?p=12773 HTTP/1.1" 500 2609 "-" "Mozilla/5.0 (compatible; BLEXBot/1.0; +http://webmeup-crawler.com/)" "nacaomestica.org"
157.90.181.151 - - [29/Sep/2022:03:40:11 -0700] "GET /blog4/wp-trackback.php?p=12801 HTTP/1.1" 500 2609 "-" "Mozilla/5.0 (compatible; BLEXBot/1.0; +http://webmeup-crawler.com/)" "nacaomestica.org"
157.90.181.151 - - [29/Sep/2022:03:40:33 -0700] "GET /blog4/wp-trackback.php?p=12882 HTTP/1.1" 500 2609 "-" "Mozilla/5.0 (compatible; BLEXBot/1.0; +http://webmeup-crawler.com/)" "nacaomestica.org"
157.90.181.151 - - [29/Sep/2022:03:40:55 -0700] "GET /blog4/wp-trackback.php?p=1303 HTTP/1.1" 500 2609 "-" "Mozilla/5.0 (compatible; BLEXBot/1.0; +http://webmeup-crawler.com/)" "nacaomestica.org"
73.222.48.63 - - [29/Sep/2022:03:41:03 -0700] "GET /blog4/?feed=rss2&p=4715 HTTP/1.1" 500 2609 "-" "-" "nacaomestica.org"
157.90.181.151 - - [29/Sep/2022:03:41:17 -0700] "GET /blog4/wp-trackback.php?p=1306 HTTP/1.1" 500 2609 "-" "Mozilla/5.0 (compatible; BLEXBot/1.0; +http://webmeup-crawler.com/)" "nacaomestica.org"
189.107.10.82 - - [29/Sep/2022:03:41:21 -0700] "GET /blog4/?p=20146 HTTP/1.1" 500 2609 "https://www.google.com/" "Mozilla/5.0 (Linux; Android 12; M2101K7BG) AppleWebKit/537.36 (KHTML, like Gecko) Chrome/105.0.0.0 Mobile Safari/537.36" "nacaomestica.org"
189.107.10.82 - - [29/Sep/2022:03:41:22 -0700] "GET /favicon.ico HTTP/1.1" 200 676 "https://nacaomestica.org/blog4/?p=20146" "Mozilla/5.0 (Linux; Android 12; M2101K7BG) AppleWebKit/537.36 (KHTML, like Gecko) Chrome/105.0.0.0 Mobile Safari/537.36" "nacaomestica.org"
189.107.10.82 - - [29/Sep/2022:03:41:27 -0700] "GET /blog4/?p=20146 HTTP/1.1" 500 2609 "https://www.google.com/" "Mozilla/5.0 (Linux; Android 12; M2101K7BG) AppleWebKit/537.36 (KHTML, like Gecko) Chrome/105.0.0.0 Mobile Safari/537.36" "nacaomestica.org"
157.90.181.151 - - [29/Sep/2022:03:41:39 -0700] "GET /blog4/wp-trackback.php?p=1319 HTTP/1.1" 500 2609 "-" "Mozilla/5.0 (compatible; BLEXBot/1.0; +http://webmeup-crawler.com/)" "nacaomestica.org"
5.255.253.138 - - [29/Sep/2022:03:41:48 -0700] "GET /blog4/?p=30448 HTTP/1.1" 500 2609 "-" "Mozilla/5.0 (compatible; YandexBot/3.0; +http://yandex.com/bots)" "nacaomestica.org"
193.186.4.201 - - [29/Sep/2022:03:41:56 -0700] "GET /blog4/?p=23803 HTTP/1.1" 500 2609 "-" "Mozilla/5.0 (Linux; Android 10; K) AppleWebKit/537.36 (KHTML, like Gecko) Chrome/105.0.0.0 Mobile Safari/537.36" "nacaomestica.org"
157.90.181.151 - - [29/Sep/2022:03:42:01 -0700] "GET /blog4/wp-trackback.php?p=13228 HTTP/1.1" 500 2609 "-" "Mozilla/5.0 (compatible; BLEXBot/1.0; +http://webmeup-crawler.com/)" "nacaomestica.org"
157.90.181.151 - - [29/Sep/2022:03:42:23 -0700] "GET /blog4/wp-trackback.php?p=1328 HTTP/1.1" 500 2609 "-" "Mozilla/5.0 (compatible; BLEXBot/1.0; +http://webmeup-crawler.com/)" "nacaomestica.org"
157.90.181.151 - - [29/Sep/2022:03:42:45 -0700] "GET /blog4/wp-trackback.php?p=134 HTTP/1.1" 500 2609 "-" "Mozilla/5.0 (compatible; BLEXBot/1.0; +http://webmeup-crawler.com/)" "nacaomestica.org"
157.90.181.151 - - [29/Sep/2022:03:43:07 -0700] "GET /blog4/wp-trackback.php?p=13589 HTTP/1.1" 500 2609 "-" "Mozilla/5.0 (compatible; BLEXBot/1.0; +http://webmeup-crawler.com/)" "nacaomestica.org"
157.90.181.151 - - [29/Sep/2022:03:43:29 -0700] "GET /blog4/wp-trackback.php?p=13675 HTTP/1.1" 500 2609 "-" "Mozilla/5.0 (compatible; BLEXBot/1.0; +http://webmeup-crawler.com/)" "nacaomestica.org"
157.90.181.151 - - [29/Sep/2022:03:43:52 -0700] "GET /blog4/wp-trackback.php?p=1369 HTTP/1.1" 500 2609 "-" "Mozilla/5.0 (compatible; BLEXBot/1.0; +http://webmeup-crawler.com/)" "nacaomestica.org"
157.90.181.151 - - [29/Sep/2022:03:44:14 -0700] "GET /blog4/wp-trackback.php?p=13706 HTTP/1.1" 500 2609 "-" "Mozilla/5.0 (compatible; BLEXBot/1.0; +http://webmeup-crawler.com/)" "nacaomestica.org"
177.129.178.120 - - [29/Sep/2022:03:44:15 -0700] "GET /blog4/wp-content/uploads/2016/02/mesticos_sombra-2.png HTTP/1.1" 200 191787 "https://www.google.com/" "Mozilla/5.0 (Windows NT 10.0; Win64; x64) AppleWebKit/537.36 (KHTML, like Gecko) Chrome/105.0.0.0 Safari/537.36" "nacaomestica.org"
177.129.178.120 - - [29/Sep/2022:03:44:20 -0700] "GET /blog4/wp-content/uploads/2018/08/livro_mestico_CAPA-2.png HTTP/1.1" 200 86653 "https://www.google.com/" "Mozilla/5.0 (Windows NT 10.0; Win64; x64) AppleWebKit/537.36 (KHTML, like Gecko) Chrome/105.0.0.0 Safari/537.36" "nacaomestica.org"
157.90.181.151 - - [29/Sep/2022:03:44:36 -0700] "GET /blog4/wp-trackback.php?p=13772 HTTP/1.1" 500 2609 "-" "Mozilla/5.0 (compatible; BLEXBot/1.0; +http://webmeup-crawler.com/)" "nacaomestica.org"
152.67.33.138 - - [29/Sep/2022:03:44:42 -0700] "GET /blog4/?feed=rss2 HTTP/1.1" 500 2609 "-" "Mozilla/5.0 (X11; Linux i686) AppleWebKit/536.5 (KHTML, like Gecko) Chrome/19.0.1084.41 Safari/536.5" "nacaomestica.org"
3.81.73.34 - - [29/Sep/2022:03:44:57 -0700] "GET /sitemap.xml HTTP/1.1" 304 - "https://www.google.com/" "Mozilla/5.0 (Windows NT 6.1; Win64; x64) AppleWebKit/537.36 (KHTML, like Gecko) Chrome/80.0.3987.122 Safari/537.36" "www.nacaomestica.org"
157.90.181.151 - - [29/Sep/2022:03:44:58 -0700] "GET /blog4/wp-trackback.php?p=13882 HTTP/1.1" 500 2609 "-" "Mozilla/5.0 (compatible; BLEXBot/1.0; +http://webmeup-crawler.com/)" "nacaomestica.org"
157.90.181.151 - - [29/Sep/2022:03:45:20 -0700] "GET /blog4/wp-trackback.php?p=1414 HTTP/1.1" 500 2609 "-" "Mozilla/5.0 (compatible; BLEXBot/1.0; +http://webmeup-crawler.com/)" "nacaomestica.org"
157.90.181.151 - - [29/Sep/2022:03:45:43 -0700] "GET /blog4/wp-trackback.php?p=14870 HTTP/1.1" 500 2609 "-" "Mozilla/5.0 (compatible; BLEXBot/1.0; +http://webmeup-crawler.com/)" "nacaomestica.org"
157.90.181.151 - - [29/Sep/2022:03:46:05 -0700] "GET /blog4/wp-trackback.php?p=14903 HTTP/1.1" 500 2609 "-" "Mozilla/5.0 (compatible; BLEXBot/1.0; +http://webmeup-crawler.com/)" "nacaomestica.org"
187.90.196.18 - - [29/Sep/2022:03:46:22 -0700] "GET /blog4/wp-content/uploads/2016/07/%C3%93TIMO-O-INDIGENISMO-TEM-SIDO-UM-GRANDE.png HTTP/1.1" 200 258108 "https://www.google.com/" "Mozilla/5.0 (Linux; Android 9; moto e6s Build/POBS29.288-60-6-1-29; wv) AppleWebKit/537.36 (KHTML, like Gecko) Version/4.0 Chrome/105.0.5195.136 Mobile Safari/537.36 GoogleApp/13.37.10.26.arm" "nacaomestica.org"
157.90.181.151 - - [29/Sep/2022:03:46:27 -0700] "GET /blog4/wp-trackback.php?p=1491 HTTP/1.1" 500 2609 "-" "Mozilla/5.0 (compatible; BLEXBot/1.0; +http://webmeup-crawler.com/)" "nacaomestica.org"
187.90.196.18 - - [29/Sep/2022:03:46:47 -0700] "GET /blog4/wp-content/uploads/2018/01/DUTG4f9WsAEJSzb.jpg HTTP/1.1" 200 32012 "https://www.google.com/" "Mozilla/5.0 (Linux; Android 9; moto e6s Build/POBS29.288-60-6-1-29; wv) AppleWebKit/537.36 (KHTML, like Gecko) Version/4.0 Chrome/105.0.5195.136 Mobile Safari/537.36 GoogleApp/13.37.10.26.arm" "nacaomestica.org"
157.90.181.151 - - [29/Sep/2022:03:46:51 -0700] "GET /blog4/wp-trackback.php?p=14922 HTTP/1.1" 500 2609 "-" "Mozilla/5.0 (compatible; BLEXBot/1.0; +http://webmeup-crawler.com/)" "nacaomestica.org"
157.90.181.151 - - [29/Sep/2022:03:47:13 -0700] "GET /blog4/wp-trackback.php?p=14936 HTTP/1.1" 500 2609 "-" "Mozilla/5.0 (compatible; BLEXBot/1.0; +http://webmeup-crawler.com/)" "nacaomestica.org"
157.90.181.151 - - [29/Sep/2022:03:47:35 -0700] "GET /blog4/wp-trackback.php?p=1498 HTTP/1.1" 500 2609 "-" "Mozilla/5.0 (compatible; BLEXBot/1.0; +http://webmeup-crawler.com/)" "nacaomestica.org"
157.90.181.151 - - [29/Sep/2022:03:47:57 -0700] "GET /blog4/wp-trackback.php?p=15007 HTTP/1.1" 500 2609 "-" "Mozilla/5.0 (compatible; BLEXBot/1.0; +http://webmeup-crawler.com/)" "nacaomestica.org"
157.90.181.151 - - [29/Sep/2022:03:48:19 -0700] "GET /blog4/wp-trackback.php?p=15079 HTTP/1.1" 500 2609 "-" "Mozilla/5.0 (compatible; BLEXBot/1.0; +http://webmeup-crawler.com/)" "nacaomestica.org"
157.90.181.151 - - [29/Sep/2022:03:48:42 -0700] "GET /blog4/wp-trackback.php?p=1525 HTTP/1.1" 500 2609 "-" "Mozilla/5.0 (compatible; BLEXBot/1.0; +http://webmeup-crawler.com/)" "nacaomestica.org"
157.90.181.151 - - [29/Sep/2022:03:49:04 -0700] "GET /blog4/wp-trackback.php?p=15428 HTTP/1.1" 500 2609 "-" "Mozilla/5.0 (compatible; BLEXBot/1.0; +http://webmeup-crawler.com/)" "nacaomestica.org"
72.14.201.203 - - [29/Sep/2022:03:49:18 -0700] "GET /blog4/?p=20146 HTTP/1.1" 500 2609 "-" "Mozilla/5.0 (Linux; Android 10; K) AppleWebKit/537.36 (KHTML, like Gecko) Chrome/105.0.0.0 Mobile Safari/537.36" "nacaomestica.org"
157.90.181.151 - - [29/Sep/2022:03:49:26 -0700] "GET /blog4/wp-trackback.php?p=1573 HTTP/1.1" 500 2609 "-" "Mozilla/5.0 (compatible; BLEXBot/1.0; +http://webmeup-crawler.com/)" "nacaomestica.org"
157.90.181.151 - - [29/Sep/2022:03:49:48 -0700] "GET /blog4/wp-trackback.php?p=15742 HTTP/1.1" 500 2609 "-" "Mozilla/5.0 (compatible; BLEXBot/1.0; +http://webmeup-crawler.com/)" "nacaomestica.org"
157.90.181.151 - - [29/Sep/2022:03:50:10 -0700] "GET /blog4/wp-trackback.php?p=16018 HTTP/1.1" 500 2609 "-" "Mozilla/5.0 (compatible; BLEXBot/1.0; +http://webmeup-crawler.com/)" "nacaomestica.org"
157.90.181.151 - - [29/Sep/2022:03:50:32 -0700] "GET /blog4/wp-trackback.php?p=16027 HTTP/1.1" 500 2609 "-" "Mozilla/5.0 (compatible; BLEXBot/1.0; +http://webmeup-crawler.com/)" "nacaomestica.org"
157.90.181.151 - - [29/Sep/2022:03:50:55 -0700] "GET /blog4/wp-trackback.php?p=16161 HTTP/1.1" 500 2609 "-" "Mozilla/5.0 (compatible; BLEXBot/1.0; +http://webmeup-crawler.com/)" "nacaomestica.org"
157.90.181.151 - - [29/Sep/2022:03:51:17 -0700] "GET /blog4/wp-trackback.php?p=1627 HTTP/1.1" 500 2609 "-" "Mozilla/5.0 (compatible; BLEXBot/1.0; +http://webmeup-crawler.com/)" "nacaomestica.org"
177.37.132.80 - - [29/Sep/2022:03:51:27 -0700] "GET /blog4/wp-content/themes/carrington-blog/carrington-core/lightbox/css/thickbox.css HTTP/1.1" 200 975 "-" "Mozilla/5.0 (Linux; Android 10; SM-M105M) AppleWebKit/537.36 (KHTML, like Gecko) Chrome/105.0.0.0 Mobile Safari/537.36" "nacaomestica.org"
177.37.132.80 - - [29/Sep/2022:03:51:27 -0700] "GET /blog4/?p=22850 HTTP/1.1" 500 2609 "https://www.google.com.br/" "Mozilla/5.0 (Linux; Android 10; SM-M105M) AppleWebKit/537.36 (KHTML, like Gecko) Chrome/105.0.0.0 Mobile Safari/537.36" "nacaomestica.org"
177.37.132.80 - - [29/Sep/2022:03:51:27 -0700] "GET /blog4/wp-content/themes/carrington-blog/css/css.php HTTP/1.1" 200 4963 "-" "Mozilla/5.0 (Linux; Android 10; SM-M105M) AppleWebKit/537.36 (KHTML, like Gecko) Chrome/105.0.0.0 Mobile Safari/537.36" "nacaomestica.org"
177.37.132.80 - - [29/Sep/2022:03:51:28 -0700] "GET /favicon.ico HTTP/1.1" 200 676 "https://nacaomestica.org/blog4/?p=22850" "Mozilla/5.0 (Linux; Android 10; SM-M105M) AppleWebKit/537.36 (KHTML, like Gecko) Chrome/105.0.0.0 Mobile Safari/537.36" "nacaomestica.org"
157.90.181.151 - - [29/Sep/2022:03:51:39 -0700] "GET /blog4/wp-trackback.php?p=16526 HTTP/1.1" 500 2609 "-" "Mozilla/5.0 (compatible; BLEXBot/1.0; +http://webmeup-crawler.com/)" "nacaomestica.org"
177.37.132.80 - - [29/Sep/2022:03:51:43 -0700] "GET /blog4/?p=22850 HTTP/1.1" 500 2609 "https://www.google.com.br/" "Mozilla/5.0 (Linux; Android 10; SM-M105M) AppleWebKit/537.36 (KHTML, like Gecko) Chrome/105.0.0.0 Mobile Safari/537.36" "nacaomestica.org"
207.46.13.184 - - [29/Sep/2022:03:51:54 -0700] "GET /blog4/?p=2983 HTTP/1.1" 500 2609 "-" "Mozilla/5.0 AppleWebKit/537.36 (KHTML, like Gecko; compatible; bingbot/2.0; +http://www.bing.com/bingbot.htm) Chrome/103.0.5060.134 Safari/537.36" "nacaomestica.org"
157.90.181.151 - - [29/Sep/2022:03:52:01 -0700] "GET /blog4/wp-trackback.php?p=1656 HTTP/1.1" 500 2609 "-" "Mozilla/5.0 (compatible; BLEXBot/1.0; +http://webmeup-crawler.com/)" "nacaomestica.org"
201.55.31.205 - - [29/Sep/2022:03:52:08 -0700] "GET /blog4/wp-content/uploads/2016/02/pardo_preto1.png HTTP/1.1" 200 331753 "https://www.google.com/" "Mozilla/5.0 (Windows NT 10.0; Win64; x64) AppleWebKit/537.36 (KHTML, like Gecko) Chrome/106.0.0.0 Safari/537.36" "nacaomestica.org"
157.90.181.151 - - [29/Sep/2022:03:52:24 -0700] "GET /blog4/wp-trackback.php?p=1660 HTTP/1.1" 500 2609 "-" "Mozilla/5.0 (compatible; BLEXBot/1.0; +http://webmeup-crawler.com/)" "nacaomestica.org"
131.255.23.178 - - [29/Sep/2022:03:52:42 -0700] "GET /costa_rica_cb24.jpg HTTP/1.1" 200 80539 "-" "AndroidDownloadManager/10 (Linux; U; Android 10; M2003J15SC Build/QP1A.190711.020)" "nacaomestica.org"
157.90.181.151 - - [29/Sep/2022:03:52:46 -0700] "GET /blog4/wp-trackback.php?p=1670 HTTP/1.1" 500 2609 "-" "Mozilla/5.0 (compatible; BLEXBot/1.0; +http://webmeup-crawler.com/)" "nacaomestica.org"
157.90.181.151 - - [29/Sep/2022:03:53:08 -0700] "GET /blog4/wp-trackback.php?p=16737 HTTP/1.1" 500 2609 "-" "Mozilla/5.0 (compatible; BLEXBot/1.0; +http://webmeup-crawler.com/)" "nacaomestica.org"
157.90.181.151 - - [29/Sep/2022:03:53:30 -0700] "GET /blog4/wp-trackback.php?p=16759 HTTP/1.1" 500 2609 "-" "Mozilla/5.0 (compatible; BLEXBot/1.0; +http://webmeup-crawler.com/)" "nacaomestica.org"
157.90.181.151 - - [29/Sep/2022:03:53:52 -0700] "GET /blog4/wp-trackback.php?p=1681 HTTP/1.1" 500 2609 "-" "Mozilla/5.0 (compatible; BLEXBot/1.0; +http://webmeup-crawler.com/)" "nacaomestica.org"
178.158.19.181 - - [29/Sep/2022:03:53:53 -0700] "GET /blog4/?p=1782 HTTP/1.1" 500 2609 "-" "Mozilla/5.0 (X11; Ubuntu; Linux x86_64; rv:102.0) Gecko/20100101 Firefox/102.0" "nacaomestica.org"
157.90.181.151 - - [29/Sep/2022:03:54:15 -0700] "GET /blog4/wp-trackback.php?p=16831 HTTP/1.1" 500 2609 "-" "Mozilla/5.0 (compatible; BLEXBot/1.0; +http://webmeup-crawler.com/)" "nacaomestica.org"
192.178.9.31 - - [29/Sep/2022:03:54:25 -0700] "GET /blog4/wp-content/uploads/2016/02/mesticos_sombra-2.png HTTP/1.1" 200 191787 "-" "Mozilla/5.0 (Windows NT 5.1; rv:11.0) Gecko Firefox/11.0 (via ggpht.com GoogleImageProxy)" "nacaomestica.org"
157.90.181.151 - - [29/Sep/2022:03:54:37 -0700] "GET /blog4/wp-trackback.php?p=1692 HTTP/1.1" 500 2609 "-" "Mozilla/5.0 (compatible; BLEXBot/1.0; +http://webmeup-crawler.com/)" "nacaomestica.org"
114.119.156.31 - - [29/Sep/2022:03:54:49 -0700] "GET /robots.txt HTTP/1.1" 200 59 "-" "Mozilla/5.0 (compatible;PetalBot;+https://webmaster.petalsearch.com/site/petalbot)" "nacaomestica.org"
157.90.181.151 - - [29/Sep/2022:03:54:59 -0700] "GET /blog4/wp-trackback.php?p=16967 HTTP/1.1" 500 2609 "-" "Mozilla/5.0 (compatible; BLEXBot/1.0; +http://webmeup-crawler.com/)" "nacaomestica.org"
157.90.181.151 - - [29/Sep/2022:03:55:21 -0700] "GET /blog4/wp-trackback.php?p=16977 HTTP/1.1" 500 2609 "-" "Mozilla/5.0 (compatible; BLEXBot/1.0; +http://webmeup-crawler.com/)" "nacaomestica.org"
157.90.181.151 - - [29/Sep/2022:03:55:44 -0700] "GET /blog4/wp-trackback.php?p=17004 HTTP/1.1" 500 2609 "-" "Mozilla/5.0 (compatible; BLEXBot/1.0; +http://webmeup-crawler.com/)" "nacaomestica.org"
157.90.181.151 - - [29/Sep/2022:03:56:06 -0700] "GET /blog4/wp-trackback.php?p=17065 HTTP/1.1" 500 2609 "-" "Mozilla/5.0 (compatible; BLEXBot/1.0; +http://webmeup-crawler.com/)" "nacaomestica.org"
31.13.103.5 - - [29/Sep/2022:03:56:27 -0700] "GET /blog4/wp-content/uploads/2019/07/41680743_303.jpg HTTP/1.1" 200 32899 "-" "facebookexternalhit/1.1 (+http://www.facebook.com/externalhit_uatext.php)" "nacaomestica.org"
157.90.181.151 - - [29/Sep/2022:03:56:28 -0700] "GET /blog4/wp-trackback.php?p=1714 HTTP/1.1" 500 2609 "-" "Mozilla/5.0 (compatible; BLEXBot/1.0; +http://webmeup-crawler.com/)" "nacaomestica.org"
157.90.181.151 - - [29/Sep/2022:03:56:51 -0700] "GET /blog4/wp-trackback.php?p=17140 HTTP/1.1" 500 2609 "-" "Mozilla/5.0 (compatible; BLEXBot/1.0; +http://webmeup-crawler.com/)" "nacaomestica.org"
157.90.181.151 - - [29/Sep/2022:03:57:13 -0700] "GET /blog4/wp-trackback.php?p=17185 HTTP/1.1" 500 2609 "-" "Mozilla/5.0 (compatible; BLEXBot/1.0; +http://webmeup-crawler.com/)" "nacaomestica.org"
157.90.181.151 - - [29/Sep/2022:03:57:35 -0700] "GET /blog4/wp-trackback.php?p=17208 HTTP/1.1" 500 2609 "-" "Mozilla/5.0 (compatible; BLEXBot/1.0; +http://webmeup-crawler.com/)" "nacaomestica.org"
157.90.181.151 - - [29/Sep/2022:03:57:58 -0700] "GET /blog4/wp-trackback.php?p=17275 HTTP/1.1" 500 2609 "-" "Mozilla/5.0 (compatible; BLEXBot/1.0; +http://webmeup-crawler.com/)" "nacaomestica.org"
157.90.181.151 - - [29/Sep/2022:03:58:20 -0700] "GET /blog4/wp-trackback.php?p=17556 HTTP/1.1" 500 2609 "-" "Mozilla/5.0 (compatible; BLEXBot/1.0; +http://webmeup-crawler.com/)" "nacaomestica.org"
157.90.181.151 - - [29/Sep/2022:03:58:42 -0700] "GET /blog4/wp-trackback.php?p=17560 HTTP/1.1" 500 2609 "-" "Mozilla/5.0 (compatible; BLEXBot/1.0; +http://webmeup-crawler.com/)" "nacaomestica.org"
157.90.181.151 - - [29/Sep/2022:03:59:05 -0700] "GET /blog4/wp-trackback.php?p=17628 HTTP/1.1" 500 2609 "-" "Mozilla/5.0 (compatible; BLEXBot/1.0; +http://webmeup-crawler.com/)" "nacaomestica.org"
52.188.211.122 - - [29/Sep/2022:03:59:15 -0700] "GET /blog4/?cat=136 HTTP/1.1" 500 2609 "-" "Mozilla/5.0 (Linux; Android 7.0; SM-G930V Build/NRD90M) AppleWebKit/537.36 (KHTML, like Gecko) Chrome/59.0.3071.125 Mobile Safari/537.36" "nacaomestica.org"
52.188.211.122 - - [29/Sep/2022:03:59:16 -0700] "GET /blog4/?cat=136 HTTP/1.1" 500 2609 "-" "Mozilla/5.0 (Linux; Android 7.0; SM-G930V Build/NRD90M) AppleWebKit/537.36 (KHTML, like Gecko) Chrome/59.0.3071.125 Mobile Safari/537.36" "nacaomestica.org"
157.90.181.151 - - [29/Sep/2022:03:59:27 -0700] "GET /blog4/wp-trackback.php?p=17652 HTTP/1.1" 500 2609 "-" "Mozilla/5.0 (compatible; BLEXBot/1.0; +http://webmeup-crawler.com/)" "nacaomestica.org"
52.188.211.122 - - [29/Sep/2022:03:59:35 -0700] "GET /blog4/?tag=separatismo HTTP/1.1" 500 2609 "-" "Mozilla/5.0 (Linux; Android 7.0; SM-G930V Build/NRD90M) AppleWebKit/537.36 (KHTML, like Gecko) Chrome/59.0.3071.125 Mobile Safari/537.36" "nacaomestica.org"
52.188.211.122 - - [29/Sep/2022:03:59:37 -0700] "GET /blog4/?tag=separatismo HTTP/1.1" 500 2609 "-" "Mozilla/5.0 (Linux; Android 7.0; SM-G930V Build/NRD90M) AppleWebKit/537.36 (KHTML, like Gecko) Chrome/59.0.3071.125 Mobile Safari/537.36" "nacaomestica.org"
52.188.211.122 - - [29/Sep/2022:03:59:39 -0700] "GET /blog4/?tag=globalismo HTTP/1.1" 500 2609 "-" "Mozilla/5.0 (Linux; Android 7.0; SM-G930V Build/NRD90M) AppleWebKit/537.36 (KHTML, like Gecko) Chrome/59.0.3071.125 Mobile Safari/537.36" "nacaomestica.org"
52.188.211.122 - - [29/Sep/2022:03:59:40 -0700] "GET /blog4/?tag=globalismo HTTP/1.1" 500 2609 "-" "Mozilla/5.0 (Linux; Android 7.0; SM-G930V Build/NRD90M) AppleWebKit/537.36 (KHTML, like Gecko) Chrome/59.0.3071.125 Mobile Safari/537.36" "nacaomestica.org"
157.90.181.151 - - [29/Sep/2022:03:59:49 -0700] "GET /blog4/wp-trackback.php?p=17659 HTTP/1.1" 500 2609 "-" "Mozilla/5.0 (compatible; BLEXBot/1.0; +http://webmeup-crawler.com/)" "nacaomestica.org"
157.90.181.151 - - [29/Sep/2022:04:00:12 -0700] "GET /blog4/wp-trackback.php?p=1769 HTTP/1.1" 500 2609 "-" "Mozilla/5.0 (compatible; BLEXBot/1.0; +http://webmeup-crawler.com/)" "nacaomestica.org"
52.188.211.122 - - [29/Sep/2022:04:00:27 -0700] "GET /blog4/?cat=106 HTTP/1.1" 500 2609 "-" "Mozilla/5.0 (Linux; Android 7.0; SM-G930V Build/NRD90M) AppleWebKit/537.36 (KHTML, like Gecko) Chrome/59.0.3071.125 Mobile Safari/537.36" "nacaomestica.org"
52.188.211.122 - - [29/Sep/2022:04:00:28 -0700] "GET /blog4/?cat=106 HTTP/1.1" 500 2609 "-" "Mozilla/5.0 (Linux; Android 7.0; SM-G930V Build/NRD90M) AppleWebKit/537.36 (KHTML, like Gecko) Chrome/59.0.3071.125 Mobile Safari/537.36" "nacaomestica.org"
157.90.181.151 - - [29/Sep/2022:04:00:34 -0700] "GET /blog4/wp-trackback.php?p=17752 HTTP/1.1" 500 2609 "-" "Mozilla/5.0 (compatible; BLEXBot/1.0; +http://webmeup-crawler.com/)" "nacaomestica.org"
207.46.13.187 - - [29/Sep/2022:04:00:56 -0700] "GET /blog4/wp-content/uploads/2016/06/13501662_654723181347793_5181469008823907624_n-150x150.jpg HTTP/1.1" 200 4578 "-" "Mozilla/5.0 (compatible; bingbot/2.0; +http://www.bing.com/bingbot.htm)" "nacaomestica.org"
157.90.181.151 - - [29/Sep/2022:04:00:57 -0700] "GET /blog4/wp-trackback.php?p=17786 HTTP/1.1" 500 2609 "-" "Mozilla/5.0 (compatible; BLEXBot/1.0; +http://webmeup-crawler.com/)" "nacaomestica.org"
52.188.211.122 - - [29/Sep/2022:04:01:11 -0700] "GET /blog4/?tag=dia-do-mestico HTTP/1.1" 500 2609 "-" "Mozilla/5.0 (Linux; Android 7.0; SM-G930V Build/NRD90M) AppleWebKit/537.36 (KHTML, like Gecko) Chrome/59.0.3071.125 Mobile Safari/537.36" "nacaomestica.org"
52.188.211.122 - - [29/Sep/2022:04:01:13 -0700] "GET /blog4/?tag=dia-do-mestico HTTP/1.1" 500 2609 "-" "Mozilla/5.0 (Linux; Android 7.0; SM-G930V Build/NRD90M) AppleWebKit/537.36 (KHTML, like Gecko) Chrome/59.0.3071.125 Mobile Safari/537.36" "nacaomestica.org"
52.188.211.122 - - [29/Sep/2022:04:01:15 -0700] "GET /blog4/?cat=60 HTTP/1.1" 500 2609 "-" "Mozilla/5.0 (Linux; Android 7.0; SM-G930V Build/NRD90M) AppleWebKit/537.36 (KHTML, like Gecko) Chrome/59.0.3071.125 Mobile Safari/537.36" "nacaomestica.org"
52.188.211.122 - - [29/Sep/2022:04:01:17 -0700] "GET /blog4/?cat=60 HTTP/1.1" 500 2609 "-" "Mozilla/5.0 (Linux; Android 7.0; SM-G930V Build/NRD90M) AppleWebKit/537.36 (KHTML, like Gecko) Chrome/59.0.3071.125 Mobile Safari/537.36" "nacaomestica.org"
157.90.181.151 - - [29/Sep/2022:04:01:19 -0700] "GET /blog4/wp-trackback.php?p=17808 HTTP/1.1" 500 2609 "-" "Mozilla/5.0 (compatible; BLEXBot/1.0; +http://webmeup-crawler.com/)" "nacaomestica.org"
52.188.211.122 - - [29/Sep/2022:04:01:33 -0700] "GET /blog4/?tag=censura HTTP/1.1" 500 2609 "-" "Mozilla/5.0 (Linux; Android 7.0; SM-G930V Build/NRD90M) AppleWebKit/537.36 (KHTML, like Gecko) Chrome/59.0.3071.125 Mobile Safari/537.36" "nacaomestica.org"
52.188.211.122 - - [29/Sep/2022:04:01:34 -0700] "GET /blog4/?tag=censura HTTP/1.1" 500 2609 "-" "Mozilla/5.0 (Linux; Android 7.0; SM-G930V Build/NRD90M) AppleWebKit/537.36 (KHTML, like Gecko) Chrome/59.0.3071.125 Mobile Safari/537.36" "nacaomestica.org"
52.188.211.122 - - [29/Sep/2022:04:01:36 -0700] "GET /blog4/?tag=acoes-afirmativas HTTP/1.1" 500 2609 "-" "Mozilla/5.0 (Linux; Android 7.0; SM-G930V Build/NRD90M) AppleWebKit/537.36 (KHTML, like Gecko) Chrome/59.0.3071.125 Mobile Safari/537.36" "nacaomestica.org"
52.188.211.122 - - [29/Sep/2022:04:01:37 -0700] "GET /blog4/?tag=acoes-afirmativas HTTP/1.1" 500 2609 "-" "Mozilla/5.0 (Linux; Android 7.0; SM-G930V Build/NRD90M) AppleWebKit/537.36 (KHTML, like Gecko) Chrome/59.0.3071.125 Mobile Safari/537.36" "nacaomestica.org"
157.90.181.151 - - [29/Sep/2022:04:01:42 -0700] "GET /blog4/wp-trackback.php?p=1782 HTTP/1.1" 500 2609 "-" "Mozilla/5.0 (compatible; BLEXBot/1.0; +http://webmeup-crawler.com/)" "nacaomestica.org"
157.90.181.151 - - [29/Sep/2022:04:02:04 -0700] "GET /blog4/wp-trackback.php?p=17826 HTTP/1.1" 500 2609 "-" "Mozilla/5.0 (compatible; BLEXBot/1.0; +http://webmeup-crawler.com/)" "nacaomestica.org"
52.188.211.122 - - [29/Sep/2022:04:02:16 -0700] "GET /blog4/?cat=267 HTTP/1.1" 500 2609 "-" "Mozilla/5.0 (Linux; Android 7.0; SM-G930V Build/NRD90M) AppleWebKit/537.36 (KHTML, like Gecko) Chrome/59.0.3071.125 Mobile Safari/537.36" "nacaomestica.org"
52.188.211.122 - - [29/Sep/2022:04:02:16 -0700] "GET /blog4/?cat=267 HTTP/1.1" 500 2609 "-" "Mozilla/5.0 (Linux; Android 7.0; SM-G930V Build/NRD90M) AppleWebKit/537.36 (KHTML, like Gecko) Chrome/59.0.3071.125 Mobile Safari/537.36" "nacaomestica.org"
52.188.211.122 - - [29/Sep/2022:04:02:24 -0700] "GET /blog4/?tag=racism HTTP/1.1" 500 2609 "-" "Mozilla/5.0 (Linux; Android 7.0; SM-G930V Build/NRD90M) AppleWebKit/537.36 (KHTML, like Gecko) Chrome/59.0.3071.125 Mobile Safari/537.36" "nacaomestica.org"
52.188.211.122 - - [29/Sep/2022:04:02:25 -0700] "GET /blog4/?tag=racism HTTP/1.1" 500 2609 "-" "Mozilla/5.0 (Linux; Android 7.0; SM-G930V Build/NRD90M) AppleWebKit/537.36 (KHTML, like Gecko) Chrome/59.0.3071.125 Mobile Safari/537.36" "nacaomestica.org"
157.90.181.151 - - [29/Sep/2022:04:02:26 -0700] "GET /blog4/wp-trackback.php?p=17838 HTTP/1.1" 500 2609 "-" "Mozilla/5.0 (compatible; BLEXBot/1.0; +http://webmeup-crawler.com/)" "nacaomestica.org"
52.188.211.122 - - [29/Sep/2022:04:02:30 -0700] "GET /blog4/?cat=223 HTTP/1.1" 500 2609 "-" "Mozilla/5.0 (Linux; Android 7.0; SM-G930V Build/NRD90M) AppleWebKit/537.36 (KHTML, like Gecko) Chrome/59.0.3071.125 Mobile Safari/537.36" "nacaomestica.org"
52.188.211.122 - - [29/Sep/2022:04:02:32 -0700] "GET /blog4/?cat=223 HTTP/1.1" 500 2609 "-" "Mozilla/5.0 (Linux; Android 7.0; SM-G930V Build/NRD90M) AppleWebKit/537.36 (KHTML, like Gecko) Chrome/59.0.3071.125 Mobile Safari/537.36" "nacaomestica.org"
52.188.211.122 - - [29/Sep/2022:04:02:35 -0700] "GET /blog4/?p=20922 HTTP/1.1" 500 2609 "-" "Mozilla/5.0 (Linux; Android 7.0; SM-G930V Build/NRD90M) AppleWebKit/537.36 (KHTML, like Gecko) Chrome/59.0.3071.125 Mobile Safari/537.36" "nacaomestica.org"
52.188.211.122 - - [29/Sep/2022:04:02:36 -0700] "GET /blog4/?p=20922 HTTP/1.1" 500 2609 "-" "Mozilla/5.0 (Linux; Android 7.0; SM-G930V Build/NRD90M) AppleWebKit/537.36 (KHTML, like Gecko) Chrome/59.0.3071.125 Mobile Safari/537.36" "nacaomestica.org"
52.188.211.122 - - [29/Sep/2022:04:02:42 -0700] "GET /blog4/?tag=branco HTTP/1.1" 500 2609 "-" "Mozilla/5.0 (Linux; Android 7.0; SM-G930V Build/NRD90M) AppleWebKit/537.36 (KHTML, like Gecko) Chrome/59.0.3071.125 Mobile Safari/537.36" "nacaomestica.org"
52.188.211.122 - - [29/Sep/2022:04:02:43 -0700] "GET /blog4/?tag=branco HTTP/1.1" 500 2609 "-" "Mozilla/5.0 (Linux; Android 7.0; SM-G930V Build/NRD90M) AppleWebKit/537.36 (KHTML, like Gecko) Chrome/59.0.3071.125 Mobile Safari/537.36" "nacaomestica.org"
157.90.181.151 - - [29/Sep/2022:04:02:49 -0700] "GET /blog4/wp-trackback.php?p=17845 HTTP/1.1" 500 2609 "-" "Mozilla/5.0 (compatible; BLEXBot/1.0; +http://webmeup-crawler.com/)" "nacaomestica.org"
72.14.201.200 - - [29/Sep/2022:04:03:03 -0700] "GET /blog4/?p=2252 HTTP/1.1" 500 2609 "-" "Mozilla/5.0 (Linux; Android 10; K) AppleWebKit/537.36 (KHTML, like Gecko) Chrome/105.0.0.0 Mobile Safari/537.36" "nacaomestica.org"
157.90.181.151 - - [29/Sep/2022:04:03:11 -0700] "GET /blog4/wp-trackback.php?p=17862 HTTP/1.1" 500 2609 "-" "Mozilla/5.0 (compatible; BLEXBot/1.0; +http://webmeup-crawler.com/)" "nacaomestica.org"
157.90.181.151 - - [29/Sep/2022:04:03:33 -0700] "GET /blog4/wp-trackback.php?p=17870 HTTP/1.1" 500 2609 "-" "Mozilla/5.0 (compatible; BLEXBot/1.0; +http://webmeup-crawler.com/)" "nacaomestica.org"
52.188.211.122 - - [29/Sep/2022:04:03:33 -0700] "GET /blog4/?tag=indio HTTP/1.1" 500 2609 "-" "Mozilla/5.0 (Linux; Android 7.0; SM-G930V Build/NRD90M) AppleWebKit/537.36 (KHTML, like Gecko) Chrome/59.0.3071.125 Mobile Safari/537.36" "nacaomestica.org"
52.188.211.122 - - [29/Sep/2022:04:03:35 -0700] "GET /blog4/?tag=indio HTTP/1.1" 500 2609 "-" "Mozilla/5.0 (Linux; Android 7.0; SM-G930V Build/NRD90M) AppleWebKit/537.36 (KHTML, like Gecko) Chrome/59.0.3071.125 Mobile Safari/537.36" "nacaomestica.org"
52.188.211.122 - - [29/Sep/2022:04:03:43 -0700] "GET /blog4/?tag=english-texts HTTP/1.1" 500 2609 "-" "Mozilla/5.0 (Linux; Android 7.0; SM-G930V Build/NRD90M) AppleWebKit/537.36 (KHTML, like Gecko) Chrome/59.0.3071.125 Mobile Safari/537.36" "nacaomestica.org"
52.188.211.122 - - [29/Sep/2022:04:03:44 -0700] "GET /blog4/?tag=english-texts HTTP/1.1" 500 2609 "-" "Mozilla/5.0 (Linux; Android 7.0; SM-G930V Build/NRD90M) AppleWebKit/537.36 (KHTML, like Gecko) Chrome/59.0.3071.125 Mobile Safari/537.36" "nacaomestica.org"
52.188.211.122 - - [29/Sep/2022:04:03:45 -0700] "GET /blog4/?cat=203 HTTP/1.1" 500 2609 "-" "Mozilla/5.0 (Linux; Android 7.0; SM-G930V Build/NRD90M) AppleWebKit/537.36 (KHTML, like Gecko) Chrome/59.0.3071.125 Mobile Safari/537.36" "nacaomestica.org"
52.188.211.122 - - [29/Sep/2022:04:03:45 -0700] "GET /blog4/?cat=203 HTTP/1.1" 500 2609 "-" "Mozilla/5.0 (Linux; Android 7.0; SM-G930V Build/NRD90M) AppleWebKit/537.36 (KHTML, like Gecko) Chrome/59.0.3071.125 Mobile Safari/537.36" "nacaomestica.org"
207.46.13.29 - - [29/Sep/2022:04:03:49 -0700] "GET /blog4/?p=22610 HTTP/1.1" 500 2609 "-" "Mozilla/5.0 (compatible; bingbot/2.0; +http://www.bing.com/bingbot.htm)" "nacaomestica.org"
157.90.181.151 - - [29/Sep/2022:04:03:56 -0700] "GET /blog4/wp-trackback.php?p=17921 HTTP/1.1" 500 2609 "-" "Mozilla/5.0 (compatible; BLEXBot/1.0; +http://webmeup-crawler.com/)" "nacaomestica.org"
157.90.181.151 - - [29/Sep/2022:04:04:18 -0700] "GET /blog4/wp-trackback.php?p=17941 HTTP/1.1" 500 2609 "-" "Mozilla/5.0 (compatible; BLEXBot/1.0; +http://webmeup-crawler.com/)" "nacaomestica.org"
52.188.211.122 - - [29/Sep/2022:04:04:20 -0700] "GET /blog4/?cat=134 HTTP/1.1" 500 2609 "-" "Mozilla/5.0 (Linux; Android 7.0; SM-G930V Build/NRD90M) AppleWebKit/537.36 (KHTML, like Gecko) Chrome/59.0.3071.125 Mobile Safari/537.36" "nacaomestica.org"
52.188.211.122 - - [29/Sep/2022:04:04:20 -0700] "GET /blog4/?cat=134 HTTP/1.1" 500 2609 "-" "Mozilla/5.0 (Linux; Android 7.0; SM-G930V Build/NRD90M) AppleWebKit/537.36 (KHTML, like Gecko) Chrome/59.0.3071.125 Mobile Safari/537.36" "nacaomestica.org"
52.188.211.122 - - [29/Sep/2022:04:04:21 -0700] "GET /blog4/?cat=28 HTTP/1.1" 500 2609 "-" "Mozilla/5.0 (Linux; Android 7.0; SM-G930V Build/NRD90M) AppleWebKit/537.36 (KHTML, like Gecko) Chrome/59.0.3071.125 Mobile Safari/537.36" "nacaomestica.org"
52.188.211.122 - - [29/Sep/2022:04:04:22 -0700] "GET /blog4/?cat=28 HTTP/1.1" 500 2609 "-" "Mozilla/5.0 (Linux; Android 7.0; SM-G930V Build/NRD90M) AppleWebKit/537.36 (KHTML, like Gecko) Chrome/59.0.3071.125 Mobile Safari/537.36" "nacaomestica.org"
52.188.211.122 - - [29/Sep/2022:04:04:23 -0700] "GET /blog4/?cat=241 HTTP/1.1" 500 2609 "-" "Mozilla/5.0 (Linux; Android 7.0; SM-G930V Build/NRD90M) AppleWebKit/537.36 (KHTML, like Gecko) Chrome/59.0.3071.125 Mobile Safari/537.36" "nacaomestica.org"
52.188.211.122 - - [29/Sep/2022:04:04:24 -0700] "GET /blog4/?cat=241 HTTP/1.1" 500 2609 "-" "Mozilla/5.0 (Linux; Android 7.0; SM-G930V Build/NRD90M) AppleWebKit/537.36 (KHTML, like Gecko) Chrome/59.0.3071.125 Mobile Safari/537.36" "nacaomestica.org"
52.188.211.122 - - [29/Sep/2022:04:04:26 -0700] "GET /blog4/?tag=gilberto-freyre HTTP/1.1" 500 2609 "-" "Mozilla/5.0 (Linux; Android 7.0; SM-G930V Build/NRD90M) AppleWebKit/537.36 (KHTML, like Gecko) Chrome/59.0.3071.125 Mobile Safari/537.36" "nacaomestica.org"
52.188.211.122 - - [29/Sep/2022:04:04:27 -0700] "GET /blog4/?tag=gilberto-freyre HTTP/1.1" 500 2609 "-" "Mozilla/5.0 (Linux; Android 7.0; SM-G930V Build/NRD90M) AppleWebKit/537.36 (KHTML, like Gecko) Chrome/59.0.3071.125 Mobile Safari/537.36" "nacaomestica.org"
52.188.211.122 - - [29/Sep/2022:04:04:33 -0700] "GET /blog4/?cat=259 HTTP/1.1" 500 2609 "-" "Mozilla/5.0 (Linux; Android 7.0; SM-G930V Build/NRD90M) AppleWebKit/537.36 (KHTML, like Gecko) Chrome/59.0.3071.125 Mobile Safari/537.36" "nacaomestica.org"
157.90.181.151 - - [29/Sep/2022:04:04:41 -0700] "GET /blog4/wp-trackback.php?p=17988 HTTP/1.1" 500 2609 "-" "Mozilla/5.0 (compatible; BLEXBot/1.0; +http://webmeup-crawler.com/)" "nacaomestica.org"
179.250.244.235 - - [29/Sep/2022:04:04:53 -0700] "GET /blog4/wp-content/themes/carrington-blog/carrington-core/lightbox/css/thickbox.css HTTP/1.1" 200 975 "-" "Mozilla/5.0 (Linux; Android 11; M2003J15SC) AppleWebKit/537.36 (KHTML, like Gecko) Chrome/105.0.0.0 Mobile Safari/537.36" "nacaomestica.org"
179.250.244.235 - - [29/Sep/2022:04:04:53 -0700] "GET /blog4/wp-content/themes/carrington-blog/css/css.php HTTP/1.1" 200 4963 "-" "Mozilla/5.0 (Linux; Android 11; M2003J15SC) AppleWebKit/537.36 (KHTML, like Gecko) Chrome/105.0.0.0 Mobile Safari/537.36" "nacaomestica.org"
179.250.244.235 - - [29/Sep/2022:04:04:53 -0700] "GET /blog4/?p=21142 HTTP/1.1" 500 2609 "https://t.co/" "Mozilla/5.0 (Linux; Android 11; M2003J15SC) AppleWebKit/537.36 (KHTML, like Gecko) Chrome/105.0.0.0 Mobile Safari/537.36" "nacaomestica.org"
179.250.244.235 - - [29/Sep/2022:04:04:54 -0700] "GET /favicon.ico HTTP/1.1" 200 676 "https://nacaomestica.org/blog4/?p=21142" "Mozilla/5.0 (Linux; Android 11; M2003J15SC) AppleWebKit/537.36 (KHTML, like Gecko) Chrome/105.0.0.0 Mobile Safari/537.36" "nacaomestica.org"
52.188.211.122 - - [29/Sep/2022:04:04:56 -0700] "GET /blog4/?cat=259 HTTP/1.1" 500 2609 "-" "Mozilla/5.0 (Linux; Android 7.0; SM-G930V Build/NRD90M) AppleWebKit/537.36 (KHTML, like Gecko) Chrome/59.0.3071.125 Mobile Safari/537.36" "nacaomestica.org"
179.250.244.235 - - [29/Sep/2022:04:04:57 -0700] "GET /blog4/?p=21142 HTTP/1.1" 500 2609 "https://t.co/" "Mozilla/5.0 (Linux; Android 11; M2003J15SC) AppleWebKit/537.36 (KHTML, like Gecko) Chrome/105.0.0.0 Mobile Safari/537.36" "nacaomestica.org"
157.90.181.151 - - [29/Sep/2022:04:05:03 -0700] "GET /blog4/wp-trackback.php?p=1800 HTTP/1.1" 500 2609 "-" "Mozilla/5.0 (compatible; BLEXBot/1.0; +http://webmeup-crawler.com/)" "nacaomestica.org"
157.90.181.151 - - [29/Sep/2022:04:05:25 -0700] "GET /blog4/wp-trackback.php?p=18028 HTTP/1.1" 500 2609 "-" "Mozilla/5.0 (compatible; BLEXBot/1.0; +http://webmeup-crawler.com/)" "nacaomestica.org"
52.188.211.122 - - [29/Sep/2022:04:05:40 -0700] "GET /blog4/?tag=antologia HTTP/1.1" 500 2609 "-" "Mozilla/5.0 (Linux; Android 7.0; SM-G930V Build/NRD90M) AppleWebKit/537.36 (KHTML, like Gecko) Chrome/59.0.3071.125 Mobile Safari/537.36" "nacaomestica.org"
157.90.181.151 - - [29/Sep/2022:04:05:48 -0700] "GET /blog4/wp-trackback.php?p=18111 HTTP/1.1" 500 2609 "-" "Mozilla/5.0 (compatible; BLEXBot/1.0; +http://webmeup-crawler.com/)" "nacaomestica.org"
52.188.211.122 - - [29/Sep/2022:04:06:09 -0700] "GET /blog4/?tag=racismo HTTP/1.1" 500 2609 "-" "Mozilla/5.0 (Linux; Android 7.0; SM-G930V Build/NRD90M) AppleWebKit/537.36 (KHTML, like Gecko) Chrome/59.0.3071.125 Mobile Safari/537.36" "nacaomestica.org"
157.90.181.151 - - [29/Sep/2022:04:06:10 -0700] "GET /blog4/wp-trackback.php?p=18128 HTTP/1.1" 500 2609 "-" "Mozilla/5.0 (compatible; BLEXBot/1.0; +http://webmeup-crawler.com/)" "nacaomestica.org"
52.188.211.122 - - [29/Sep/2022:04:06:23 -0700] "GET /blog4/?tag=dignidade-humana HTTP/1.1" 500 2609 "-" "Mozilla/5.0 (Linux; Android 7.0; SM-G930V Build/NRD90M) AppleWebKit/537.36 (KHTML, like Gecko) Chrome/59.0.3071.125 Mobile Safari/537.36" "nacaomestica.org"
52.188.211.122 - - [29/Sep/2022:04:06:24 -0700] "GET /blog4/?tag=dignidade-humana HTTP/1.1" 500 2609 "-" "Mozilla/5.0 (Linux; Android 7.0; SM-G930V Build/NRD90M) AppleWebKit/537.36 (KHTML, like Gecko) Chrome/59.0.3071.125 Mobile Safari/537.36" "nacaomestica.org"
187.49.208.143 - - [29/Sep/2022:04:06:25 -0700] "GET /blog4/?p=20146 HTTP/1.1" 500 2609 "https://www.google.com/" "Mozilla/5.0 (Windows NT 6.1) AppleWebKit/537.36 (KHTML, like Gecko) Chrome/105.0.0.0 Safari/537.36" "nacaomestica.org"
187.49.208.143 - - [29/Sep/2022:04:06:26 -0700] "GET /favicon.ico HTTP/1.1" 200 676 "https://nacaomestica.org/blog4/?p=20146" "Mozilla/5.0 (Windows NT 6.1) AppleWebKit/537.36 (KHTML, like Gecko) Chrome/105.0.0.0 Safari/537.36" "nacaomestica.org"
157.90.181.151 - - [29/Sep/2022:04:06:32 -0700] "GET /blog4/wp-trackback.php?p=1813 HTTP/1.1" 500 2609 "-" "Mozilla/5.0 (compatible; BLEXBot/1.0; +http://webmeup-crawler.com/)" "nacaomestica.org"
52.188.211.122 - - [29/Sep/2022:04:06:42 -0700] "GET /blog4/?cat=236 HTTP/1.1" 500 2609 "-" "Mozilla/5.0 (Linux; Android 7.0; SM-G930V Build/NRD90M) AppleWebKit/537.36 (KHTML, like Gecko) Chrome/59.0.3071.125 Mobile Safari/537.36" "nacaomestica.org"
52.188.211.122 - - [29/Sep/2022:04:06:42 -0700] "GET /blog4/?cat=236 HTTP/1.1" 500 2609 "-" "Mozilla/5.0 (Linux; Android 7.0; SM-G930V Build/NRD90M) AppleWebKit/537.36 (KHTML, like Gecko) Chrome/59.0.3071.125 Mobile Safari/537.36" "nacaomestica.org"
52.188.211.122 - - [29/Sep/2022:04:06:47 -0700] "GET /blog4/?p=30944 HTTP/1.1" 500 2609 "-" "Mozilla/5.0 (Linux; Android 7.0; SM-G930V Build/NRD90M) AppleWebKit/537.36 (KHTML, like Gecko) Chrome/59.0.3071.125 Mobile Safari/537.36" "nacaomestica.org"
52.188.211.122 - - [29/Sep/2022:04:06:47 -0700] "GET /blog4/?p=30944 HTTP/1.1" 500 2609 "-" "Mozilla/5.0 (Linux; Android 7.0; SM-G930V Build/NRD90M) AppleWebKit/537.36 (KHTML, like Gecko) Chrome/59.0.3071.125 Mobile Safari/537.36" "nacaomestica.org"
52.188.211.122 - - [29/Sep/2022:04:06:52 -0700] "GET /blog4/?cat=49 HTTP/1.1" 500 2609 "-" "Mozilla/5.0 (Linux; Android 7.0; SM-G930V Build/NRD90M) AppleWebKit/537.36 (KHTML, like Gecko) Chrome/59.0.3071.125 Mobile Safari/537.36" "nacaomestica.org"
52.188.211.122 - - [29/Sep/2022:04:06:53 -0700] "GET /blog4/?cat=49 HTTP/1.1" 500 2609 "-" "Mozilla/5.0 (Linux; Android 7.0; SM-G930V Build/NRD90M) AppleWebKit/537.36 (KHTML, like Gecko) Chrome/59.0.3071.125 Mobile Safari/537.36" "nacaomestica.org"
157.90.181.151 - - [29/Sep/2022:04:06:55 -0700] "GET /blog4/wp-trackback.php?p=18159 HTTP/1.1" 500 2609 "-" "Mozilla/5.0 (compatible; BLEXBot/1.0; +http://webmeup-crawler.com/)" "nacaomestica.org"
52.188.211.122 - - [29/Sep/2022:04:06:58 -0700] "GET /blog4/?author=1 HTTP/1.1" 500 2609 "-" "Mozilla/5.0 (Linux; Android 7.0; SM-G930V Build/NRD90M) AppleWebKit/537.36 (KHTML, like Gecko) Chrome/59.0.3071.125 Mobile Safari/537.36" "nacaomestica.org"
52.188.211.122 - - [29/Sep/2022:04:06:58 -0700] "GET /blog4/?author=1 HTTP/1.1" 500 2609 "-" "Mozilla/5.0 (Linux; Android 7.0; SM-G930V Build/NRD90M) AppleWebKit/537.36 (KHTML, like Gecko) Chrome/59.0.3071.125 Mobile Safari/537.36" "nacaomestica.org"
157.90.181.151 - - [29/Sep/2022:04:07:17 -0700] "GET /blog4/wp-trackback.php?p=18258 HTTP/1.1" 500 2609 "-" "Mozilla/5.0 (compatible; BLEXBot/1.0; +http://webmeup-crawler.com/)" "nacaomestica.org"
52.188.211.122 - - [29/Sep/2022:04:07:28 -0700] "GET /blog4/?tag=comunismo HTTP/1.1" 500 2609 "-" "Mozilla/5.0 (Linux; Android 7.0; SM-G930V Build/NRD90M) AppleWebKit/537.36 (KHTML, like Gecko) Chrome/59.0.3071.125 Mobile Safari/537.36" "nacaomestica.org"
52.188.211.122 - - [29/Sep/2022:04:07:29 -0700] "GET /blog4/?tag=comunismo HTTP/1.1" 500 2609 "-" "Mozilla/5.0 (Linux; Android 7.0; SM-G930V Build/NRD90M) AppleWebKit/537.36 (KHTML, like Gecko) Chrome/59.0.3071.125 Mobile Safari/537.36" "nacaomestica.org"
72.14.201.203 - - [29/Sep/2022:04:07:37 -0700] "GET /blog4/?p=2252 HTTP/1.1" 500 2609 "-" "Mozilla/5.0 (Linux; Android 10; K) AppleWebKit/537.36 (KHTML, like Gecko) Chrome/105.0.0.0 Mobile Safari/537.36" "nacaomestica.org"
157.90.181.151 - - [29/Sep/2022:04:07:40 -0700] "GET /blog4/wp-trackback.php?p=1826 HTTP/1.1" 500 2609 "-" "Mozilla/5.0 (compatible; BLEXBot/1.0; +http://webmeup-crawler.com/)" "nacaomestica.org"
52.188.211.122 - - [29/Sep/2022:04:07:59 -0700] "GET /blog4/?tag=poder-branco HTTP/1.1" 500 2609 "-" "Mozilla/5.0 (Linux; Android 7.0; SM-G930V Build/NRD90M) AppleWebKit/537.36 (KHTML, like Gecko) Chrome/59.0.3071.125 Mobile Safari/537.36" "nacaomestica.org"
52.188.211.122 - - [29/Sep/2022:04:08:00 -0700] "GET /blog4/?tag=poder-branco HTTP/1.1" 500 2609 "-" "Mozilla/5.0 (Linux; Android 7.0; SM-G930V Build/NRD90M) AppleWebKit/537.36 (KHTML, like Gecko) Chrome/59.0.3071.125 Mobile Safari/537.36" "nacaomestica.org"
52.188.211.122 - - [29/Sep/2022:04:08:00 -0700] "GET /blog4/?cat=231 HTTP/1.1" 500 2609 "-" "Mozilla/5.0 (Linux; Android 7.0; SM-G930V Build/NRD90M) AppleWebKit/537.36 (KHTML, like Gecko) Chrome/59.0.3071.125 Mobile Safari/537.36" "nacaomestica.org"
52.188.211.122 - - [29/Sep/2022:04:08:01 -0700] "GET /blog4/?cat=231 HTTP/1.1" 500 2609 "-" "Mozilla/5.0 (Linux; Android 7.0; SM-G930V Build/NRD90M) AppleWebKit/537.36 (KHTML, like Gecko) Chrome/59.0.3071.125 Mobile Safari/537.36" "nacaomestica.org"
52.188.211.122 - - [29/Sep/2022:04:08:02 -0700] "GET /blog4/?cat=20 HTTP/1.1" 500 2609 "-" "Mozilla/5.0 (Linux; Android 7.0; SM-G930V Build/NRD90M) AppleWebKit/537.36 (KHTML, like Gecko) Chrome/59.0.3071.125 Mobile Safari/537.36" "nacaomestica.org"
157.90.181.151 - - [29/Sep/2022:04:08:02 -0700] "GET /blog4/wp-trackback.php?p=18276 HTTP/1.1" 500 2609 "-" "Mozilla/5.0 (compatible; BLEXBot/1.0; +http://webmeup-crawler.com/)" "nacaomestica.org"
52.188.211.122 - - [29/Sep/2022:04:08:03 -0700] "GET /blog4/?cat=20 HTTP/1.1" 500 2609 "-" "Mozilla/5.0 (Linux; Android 7.0; SM-G930V Build/NRD90M) AppleWebKit/537.36 (KHTML, like Gecko) Chrome/59.0.3071.125 Mobile Safari/537.36" "nacaomestica.org"
187.18.137.89 - - [29/Sep/2022:04:08:19 -0700] "GET /blog4/wp-content/uploads/2016/02/pardo_preto1.png HTTP/1.1" 200 331753 "https://www.google.com/" "Mozilla/5.0 (Windows NT 10.0; Win64; x64) AppleWebKit/537.36 (KHTML, like Gecko) Chrome/105.0.0.0 Safari/537.36" "nacaomestica.org"
52.188.211.122 - - [29/Sep/2022:04:08:22 -0700] "GET /blog4/?tag=identidade-nacional HTTP/1.1" 500 2609 "-" "Mozilla/5.0 (Linux; Android 7.0; SM-G930V Build/NRD90M) AppleWebKit/537.36 (KHTML, like Gecko) Chrome/59.0.3071.125 Mobile Safari/537.36" "nacaomestica.org"
52.188.211.122 - - [29/Sep/2022:04:08:23 -0700] "GET /blog4/?tag=identidade-nacional HTTP/1.1" 500 2609 "-" "Mozilla/5.0 (Linux; Android 7.0; SM-G930V Build/NRD90M) AppleWebKit/537.36 (KHTML, like Gecko) Chrome/59.0.3071.125 Mobile Safari/537.36" "nacaomestica.org"
52.188.211.122 - - [29/Sep/2022:04:08:24 -0700] "GET /blog4/?cat=221 HTTP/1.1" 500 2609 "-" "Mozilla/5.0 (Linux; Android 7.0; SM-G930V Build/NRD90M) AppleWebKit/537.36 (KHTML, like Gecko) Chrome/59.0.3071.125 Mobile Safari/537.36" "nacaomestica.org"
52.188.211.122 - - [29/Sep/2022:04:08:24 -0700] "GET /blog4/?cat=221 HTTP/1.1" 500 2609 "-" "Mozilla/5.0 (Linux; Android 7.0; SM-G930V Build/NRD90M) AppleWebKit/537.36 (KHTML, like Gecko) Chrome/59.0.3071.125 Mobile Safari/537.36" "nacaomestica.org"
157.90.181.151 - - [29/Sep/2022:04:08:25 -0700] "GET /blog4/wp-trackback.php?p=18297 HTTP/1.1" 500 2609 "-" "Mozilla/5.0 (compatible; BLEXBot/1.0; +http://webmeup-crawler.com/)" "nacaomestica.org"
81.193.55.247 - - [29/Sep/2022:04:08:29 -0700] "GET /blog4/?p=29811 HTTP/1.1" 500 2609 "-" "Mozilla/5.0 (Macintosh; Intel Mac OS X 10_15_7) AppleWebKit/537.36 (KHTML, like Gecko) Chrome/104.0.0.0 Safari/537.36" "nacaomestica.org"
66.249.93.105 - - [29/Sep/2022:04:08:29 -0700] "GET /blog4/?p=29811 HTTP/1.1" 500 2609 "-" "Mozilla/5.0 (Macintosh; Intel Mac OS X 10_15_7) AppleWebKit/537.36 (KHTML, like Gecko) Chrome/104.0.0.0 Safari/537.36,gzip(gfe)" "nacaomestica.org"
81.193.55.247 - - [29/Sep/2022:04:08:29 -0700] "GET /blog4/?p=29811 HTTP/1.1" 500 2609 "-" "Mozilla/5.0 (Macintosh; Intel Mac OS X 10_15_7) AppleWebKit/537.36 (KHTML, like Gecko) Chrome/104.0.0.0 Safari/537.36" "nacaomestica.org"
157.90.181.151 - - [29/Sep/2022:04:08:48 -0700] "GET /blog4/wp-trackback.php?p=18345 HTTP/1.1" 500 2609 "-" "Mozilla/5.0 (compatible; BLEXBot/1.0; +http://webmeup-crawler.com/)" "nacaomestica.org"
177.19.106.161 - - [29/Sep/2022:04:09:07 -0700] "GET /blog4/wp-content/uploads/2013/09/8C81F.jpg HTTP/1.1" 200 130499 "https://www.google.com/" "Mozilla/5.0 (Windows NT 10.0; Win64; x64) AppleWebKit/537.36 (KHTML, like Gecko) Chrome/105.0.0.0 Safari/537.36" "nacaomestica.org"
157.90.181.151 - - [29/Sep/2022:04:09:14 -0700] "GET /blog4/wp-trackback.php?p=18348 HTTP/1.1" 500 2609 "-" "Mozilla/5.0 (compatible; BLEXBot/1.0; +http://webmeup-crawler.com/)" "nacaomestica.org"
186.251.203.230 - - [29/Sep/2022:04:09:28 -0700] "GET /blog4/wp-content/uploads/2016/02/mesticos_sombra-2.png HTTP/1.1" 200 191787 "https://www.google.com/" "Mozilla/5.0 (Windows NT 10.0; Win64; x64) AppleWebKit/537.36 (KHTML, like Gecko) Chrome/105.0.0.0 Safari/537.36" "nacaomestica.org"
178.158.19.181 - - [29/Sep/2022:04:09:34 -0700] "GET /blog4/?p=1782 HTTP/1.1" 500 2609 "-" "Mozilla/5.0 (X11; Ubuntu; Linux x86_64; rv:102.0) Gecko/20100101 Firefox/102.0" "nacaomestica.org"
157.90.181.151 - - [29/Sep/2022:04:09:36 -0700] "GET /blog4/wp-trackback.php?p=18362 HTTP/1.1" 500 2609 "-" "Mozilla/5.0 (compatible; BLEXBot/1.0; +http://webmeup-crawler.com/)" "nacaomestica.org"
52.188.211.122 - - [29/Sep/2022:04:09:49 -0700] "GET /blog4/?p=20631 HTTP/1.1" 500 2609 "-" "Mozilla/5.0 (Linux; Android 7.0; SM-G930V Build/NRD90M) AppleWebKit/537.36 (KHTML, like Gecko) Chrome/59.0.3071.125 Mobile Safari/537.36" "nacaomestica.org"
52.188.211.122 - - [29/Sep/2022:04:09:50 -0700] "GET /blog4/?p=20631 HTTP/1.1" 500 2609 "-" "Mozilla/5.0 (Linux; Android 7.0; SM-G930V Build/NRD90M) AppleWebKit/537.36 (KHTML, like Gecko) Chrome/59.0.3071.125 Mobile Safari/537.36" "nacaomestica.org"
52.188.211.122 - - [29/Sep/2022:04:09:53 -0700] "GET /blog4/?cat=244 HTTP/1.1" 500 2609 "-" "Mozilla/5.0 (Linux; Android 7.0; SM-G930V Build/NRD90M) AppleWebKit/537.36 (KHTML, like Gecko) Chrome/59.0.3071.125 Mobile Safari/537.36" "nacaomestica.org"
52.188.211.122 - - [29/Sep/2022:04:09:54 -0700] "GET /blog4/?tag=mestico HTTP/1.1" 500 2609 "-" "Mozilla/5.0 (Linux; Android 7.0; SM-G930V Build/NRD90M) AppleWebKit/537.36 (KHTML, like Gecko) Chrome/59.0.3071.125 Mobile Safari/537.36" "nacaomestica.org"
