104.211.48.53 - - [28/Sep/2022:20:13:22 -0700] "GET /blog4/?tag=dignidade-humana HTTP/1.1" 200 74560 "-" "Mozilla/5.0 (Linux; Android 7.0; SM-G930V Build/NRD90M) AppleWebKit/537.36 (KHTML, like Gecko) Chrome/59.0.3071.125 Mobile Safari/537.36" "nacaomestica.org"
10.213.116.68 - - [28/Sep/2022:20:13:23 -0700] "POST /blog4/wp-cron.php?doing_wp_cron=1664421203.8164410591125488281250 HTTP/1.1" 500 2609 "https://nacaomestica.org/blog4/wp-cron.php?doing_wp_cron=1664421203.8164410591125488281250" "WordPress/5.6.9; https://nacaomestica.org/blog4" "nacaomestica.org"
10.213.116.70 - - [28/Sep/2022:20:13:49 -0700] "POST /blog4/wp-cron.php?doing_wp_cron=1664421229.9257030487060546875000 HTTP/1.1" 200 - "https://nacaomestica.org/blog4/wp-cron.php?doing_wp_cron=1664421229.9257030487060546875000" "WordPress/5.6.9; https://nacaomestica.org/blog4" "nacaomestica.org"
104.211.48.53 - - [28/Sep/2022:20:13:48 -0700] "GET /blog4/?cat=236 HTTP/1.1" 200 72243 "-" "Mozilla/5.0 (Linux; Android 7.0; SM-G930V Build/NRD90M) AppleWebKit/537.36 (KHTML, like Gecko) Chrome/59.0.3071.125 Mobile Safari/537.36" "nacaomestica.org"
10.213.116.69 - - [28/Sep/2022:20:13:57 -0700] "POST /blog4/wp-cron.php?doing_wp_cron=1664421237.1783270835876464843750 HTTP/1.1" 200 - "https://nacaomestica.org/blog4/wp-cron.php?doing_wp_cron=1664421237.1783270835876464843750" "WordPress/5.6.9; https://nacaomestica.org/blog4" "nacaomestica.org"
104.211.48.53 - - [28/Sep/2022:20:13:55 -0700] "GET /blog4/?p=30944 HTTP/1.1" 200 77496 "-" "Mozilla/5.0 (Linux; Android 7.0; SM-G930V Build/NRD90M) AppleWebKit/537.36 (KHTML, like Gecko) Chrome/59.0.3071.125 Mobile Safari/537.36" "nacaomestica.org"
10.213.116.70 - - [28/Sep/2022:20:14:00 -0700] "POST /blog4/wp-cron.php?doing_wp_cron=1664421240.2173309326171875000000 HTTP/1.1" 200 - "https://nacaomestica.org/blog4/wp-cron.php?doing_wp_cron=1664421240.2173309326171875000000" "WordPress/5.6.9; https://nacaomestica.org/blog4" "nacaomestica.org"
104.211.48.53 - - [28/Sep/2022:20:13:59 -0700] "GET /blog4/?cat=49 HTTP/1.1" 200 88412 "-" "Mozilla/5.0 (Linux; Android 7.0; SM-G930V Build/NRD90M) AppleWebKit/537.36 (KHTML, like Gecko) Chrome/59.0.3071.125 Mobile Safari/537.36" "nacaomestica.org"
189.40.106.36 - - [28/Sep/2022:20:14:07 -0700] "GET /blog4/wp-content/uploads/2020/03/gobineau.jpg HTTP/1.1" 200 173529 "https://myactivity.google.com/" "Mozilla/5.0 (Linux; Android 11; SM-A307GT Build/RP1A.200720.012; wv) AppleWebKit/537.36 (KHTML, like Gecko) Version/4.0 Chrome/104.0.5112.97 Mobile Safari/537.36 OcIdWebView ({\"os\":\"Android\",\"osVersion\":\"30\",\"app\":\"com.google.android.gms\",\"appVersion\":\"219\",\"style\":2,\"isDarkTheme\":true})" "nacaomestica.org"
10.213.116.70 - - [28/Sep/2022:20:14:07 -0700] "POST /blog4/wp-cron.php?doing_wp_cron=1664421247.4397749900817871093750 HTTP/1.1" 200 - "https://nacaomestica.org/blog4/wp-cron.php?doing_wp_cron=1664421247.4397749900817871093750" "WordPress/5.6.9; https://nacaomestica.org/blog4" "nacaomestica.org"
104.211.48.53 - - [28/Sep/2022:20:14:06 -0700] "GET /blog4/?author=1 HTTP/1.1" 200 91696 "-" "Mozilla/5.0 (Linux; Android 7.0; SM-G930V Build/NRD90M) AppleWebKit/537.36 (KHTML, like Gecko) Chrome/59.0.3071.125 Mobile Safari/537.36" "nacaomestica.org"
10.213.116.68 - - [28/Sep/2022:20:14:47 -0700] "POST /blog4/wp-cron.php?doing_wp_cron=1664421287.4993989467620849609375 HTTP/1.1" 200 - "https://nacaomestica.org/blog4/wp-cron.php?doing_wp_cron=1664421287.4993989467620849609375" "WordPress/5.6.9; https://nacaomestica.org/blog4" "nacaomestica.org"
10.213.116.68 - - [28/Sep/2022:20:15:02 -0700] "POST /blog4/wp-cron.php?doing_wp_cron=1664421302.7849159240722656250000 HTTP/1.1" 200 - "https://nacaomestica.org/blog4/wp-cron.php?doing_wp_cron=1664421302.7849159240722656250000" "WordPress/5.6.9; https://nacaomestica.org/blog4" "nacaomestica.org"
104.211.48.53 - - [28/Sep/2022:20:15:01 -0700] "GET /blog4/?tag=comunismo HTTP/1.1" 200 74545 "-" "Mozilla/5.0 (Linux; Android 7.0; SM-G930V Build/NRD90M) AppleWebKit/537.36 (KHTML, like Gecko) Chrome/59.0.3071.125 Mobile Safari/537.36" "nacaomestica.org"
10.213.116.69 - - [28/Sep/2022:20:15:54 -0700] "POST /blog4/wp-cron.php?doing_wp_cron=1664421354.7744569778442382812500 HTTP/1.1" 200 - "https://nacaomestica.org/blog4/wp-cron.php?doing_wp_cron=1664421354.7744569778442382812500" "WordPress/5.6.9; https://nacaomestica.org/blog4" "nacaomestica.org"
104.211.48.53 - - [28/Sep/2022:20:15:53 -0700] "GET /blog4/?tag=poder-branco HTTP/1.1" 200 94185 "-" "Mozilla/5.0 (Linux; Android 7.0; SM-G930V Build/NRD90M) AppleWebKit/537.36 (KHTML, like Gecko) Chrome/59.0.3071.125 Mobile Safari/537.36" "nacaomestica.org"
10.213.116.68 - - [28/Sep/2022:20:15:57 -0700] "POST /blog4/wp-cron.php?doing_wp_cron=1664421357.4401230812072753906250 HTTP/1.1" 200 - "https://nacaomestica.org/blog4/wp-cron.php?doing_wp_cron=1664421357.4401230812072753906250" "WordPress/5.6.9; https://nacaomestica.org/blog4" "nacaomestica.org"
104.211.48.53 - - [28/Sep/2022:20:15:55 -0700] "GET /blog4/?cat=231 HTTP/1.1" 200 72365 "-" "Mozilla/5.0 (Linux; Android 7.0; SM-G930V Build/NRD90M) AppleWebKit/537.36 (KHTML, like Gecko) Chrome/59.0.3071.125 Mobile Safari/537.36" "nacaomestica.org"
10.213.116.69 - - [28/Sep/2022:20:15:59 -0700] "POST /blog4/wp-cron.php?doing_wp_cron=1664421359.8109340667724609375000 HTTP/1.1" 200 - "https://nacaomestica.org/blog4/wp-cron.php?doing_wp_cron=1664421359.8109340667724609375000" "WordPress/5.6.9; https://nacaomestica.org/blog4" "nacaomestica.org"
104.211.48.53 - - [28/Sep/2022:20:15:58 -0700] "GET /blog4/?cat=20 HTTP/1.1" 200 95736 "-" "Mozilla/5.0 (Linux; Android 7.0; SM-G930V Build/NRD90M) AppleWebKit/537.36 (KHTML, like Gecko) Chrome/59.0.3071.125 Mobile Safari/537.36" "nacaomestica.org"
207.46.13.187 - - [28/Sep/2022:20:15:58 -0700] "GET /blog4/?p=21265 HTTP/1.1" 200 72573 "-" "Mozilla/5.0 (compatible; bingbot/2.0; +http://www.bing.com/bingbot.htm)" "nacaomestica.org"
136.147.165.58 - - [28/Sep/2022:20:16:07 -0700] "GET /robots.txt HTTP/1.1" 200 59 "-" "R6_CommentReader(www.radian6.com/crawler)" "nacaomestica.org"
10.213.116.70 - - [28/Sep/2022:20:16:08 -0700] "POST /blog4/wp-cron.php?doing_wp_cron=1664421368.8675110340118408203125 HTTP/1.1" 200 - "https://nacaomestica.org/blog4/wp-cron.php?doing_wp_cron=1664421368.8675110340118408203125" "WordPress/5.6.9; https://nacaomestica.org/blog4" "nacaomestica.org"
136.147.165.58 - - [28/Sep/2022:20:16:07 -0700] "GET /blog4/?feed=rss2 HTTP/1.1" 200 11978 "-" "R6_FeedFetcher(www.radian6.com/crawler)" "nacaomestica.org"
44.228.64.221 - - [28/Sep/2022:20:16:28 -0700] "HEAD /blog4/?p=25308 HTTP/1.1" 200 - "-" "python-requests/2.22.0" "nacaomestica.org"
10.213.116.68 - - [28/Sep/2022:20:16:30 -0700] "POST /blog4/wp-cron.php?doing_wp_cron=1664421390.0678350925445556640625 HTTP/1.1" 200 - "https://nacaomestica.org/blog4/wp-cron.php?doing_wp_cron=1664421390.0678350925445556640625" "WordPress/5.6.9; https://nacaomestica.org/blog4" "nacaomestica.org"
10.213.116.70 - - [28/Sep/2022:20:16:31 -0700] "POST /blog4/wp-cron.php?doing_wp_cron=1664421391.5292549133300781250000 HTTP/1.1" 200 - "https://nacaomestica.org/blog4/wp-cron.php?doing_wp_cron=1664421391.5292549133300781250000" "WordPress/5.6.9; https://nacaomestica.org/blog4" "nacaomestica.org"
104.211.48.53 - - [28/Sep/2022:20:16:31 -0700] "GET /blog4/?cat=221 HTTP/1.1" 200 84060 "-" "Mozilla/5.0 (Linux; Android 7.0; SM-G930V Build/NRD90M) AppleWebKit/537.36 (KHTML, like Gecko) Chrome/59.0.3071.125 Mobile Safari/537.36" "nacaomestica.org"
104.211.48.53 - - [28/Sep/2022:20:16:30 -0700] "GET /blog4/?tag=identidade-nacional HTTP/1.1" 200 90104 "-" "Mozilla/5.0 (Linux; Android 7.0; SM-G930V Build/NRD90M) AppleWebKit/537.36 (KHTML, like Gecko) Chrome/59.0.3071.125 Mobile Safari/537.36" "nacaomestica.org"
44.228.64.221 - - [28/Sep/2022:20:16:31 -0700] "GET /blog4/?p=25308 HTTP/1.1" 200 73741 "-" "python-requests/2.22.0" "nacaomestica.org"
44.228.64.221 - - [28/Sep/2022:20:16:34 -0700] "GET /blog4/wp-content/uploads/2018/08/livro_mestico_CAPA-2peq.png HTTP/1.1" 200 35385 "-" "Python/3.8 aiohttp/3.8.3" "nacaomestica.org"
44.228.64.221 - - [28/Sep/2022:20:16:34 -0700] "GET /blog4/wp-content/themes/carrington-blog/img/rss-button.gif HTTP/1.1" 200 2208 "-" "Python/3.8 aiohttp/3.8.3" "nacaomestica.org"
44.228.64.221 - - [28/Sep/2022:20:16:34 -0700] "GET /blog4/wp-content/uploads/2019/02/EMOJI_07b.png HTTP/1.1" 200 622886 "-" "Python/3.8 aiohttp/3.8.3" "nacaomestica.org"
170.79.220.62 - - [28/Sep/2022:20:17:05 -0700] "GET /blog4/wp-content/uploads/2017/04/24153476.jpg HTTP/1.1" 200 38092 "https://www.google.com/" "Mozilla/5.0 (Windows NT 10.0; Win64; x64) AppleWebKit/537.36 (KHTML, like Gecko) Chrome/105.0.0.0 Safari/537.36" "nacaomestica.org"
10.213.116.69 - - [28/Sep/2022:20:17:16 -0700] "POST /blog4/wp-cron.php?doing_wp_cron=1664421436.2733941078186035156250 HTTP/1.1" 200 - "https://nacaomestica.org/blog4/wp-cron.php?doing_wp_cron=1664421436.2733941078186035156250" "WordPress/5.6.9; https://nacaomestica.org/blog4" "nacaomestica.org"
173.252.107.7 - - [28/Sep/2022:20:17:15 -0700] "GET /blog4/?p=22331 HTTP/1.1" 200 142496 "-" "facebookexternalhit/1.1 (+http://www.facebook.com/externalhit_uatext.php)" "nacaomestica.org"
74.125.150.81 - - [28/Sep/2022:20:17:57 -0700] "GET /blog4/?feed=rss2 HTTP/1.1" 500 2609 "-" "FeedFetcher-Google; (+http://www.google.com/feedfetcher.html)" "nacaomestica.org"
10.213.116.68 - - [28/Sep/2022:20:19:05 -0700] "POST /blog4/wp-cron.php?doing_wp_cron=1664421545.5724968910217285156250 HTTP/1.1" 200 - "https://nacaomestica.org/blog4/wp-cron.php?doing_wp_cron=1664421545.5724968910217285156250" "WordPress/5.6.9; https://nacaomestica.org/blog4" "nacaomestica.org"
173.252.95.21 - - [28/Sep/2022:20:19:07 -0700] "GET /blog4/wp-content/uploads/2017/11/miscigenacao_e_genocidio04.png HTTP/1.1" 200 1438104 "-" "facebookexternalhit/1.1 (+http://www.facebook.com/externalhit_uatext.php)" "nacaomestica.org"
104.211.48.53 - - [28/Sep/2022:20:19:03 -0700] "GET /blog4/?p=20631 HTTP/1.1" 200 93576 "-" "Mozilla/5.0 (Linux; Android 7.0; SM-G930V Build/NRD90M) AppleWebKit/537.36 (KHTML, like Gecko) Chrome/59.0.3071.125 Mobile Safari/537.36" "nacaomestica.org"
10.213.116.69 - - [28/Sep/2022:20:19:12 -0700] "POST /blog4/wp-cron.php?doing_wp_cron=1664421552.0108981132507324218750 HTTP/1.1" 200 - "https://nacaomestica.org/blog4/wp-cron.php?doing_wp_cron=1664421552.0108981132507324218750" "WordPress/5.6.9; https://nacaomestica.org/blog4" "nacaomestica.org"
104.211.48.53 - - [28/Sep/2022:20:19:10 -0700] "GET /blog4/?cat=244 HTTP/1.1" 200 76177 "-" "Mozilla/5.0 (Linux; Android 7.0; SM-G930V Build/NRD90M) AppleWebKit/537.36 (KHTML, like Gecko) Chrome/59.0.3071.125 Mobile Safari/537.36" "nacaomestica.org"
104.211.48.53 - - [28/Sep/2022:20:19:13 -0700] "GET /blog4/?tag=mestico HTTP/1.1" 200 99297 "-" "Mozilla/5.0 (Linux; Android 7.0; SM-G930V Build/NRD90M) AppleWebKit/537.36 (KHTML, like Gecko) Chrome/59.0.3071.125 Mobile Safari/537.36" "nacaomestica.org"
10.213.116.69 - - [28/Sep/2022:20:19:14 -0700] "POST /blog4/wp-cron.php?doing_wp_cron=1664421554.4957311153411865234375 HTTP/1.1" 200 - "https://nacaomestica.org/blog4/wp-cron.php?doing_wp_cron=1664421554.4957311153411865234375" "WordPress/5.6.9; https://nacaomestica.org/blog4" "nacaomestica.org"
177.64.29.21 - - [28/Sep/2022:20:19:20 -0700] "GET /blog4/wp-content/uploads/2016/02/pardo_preto1.png HTTP/1.1" 200 331753 "https://www.google.com.br/" "Mozilla/5.0 (iPhone; CPU iPhone OS 15_6_1 like Mac OS X) AppleWebKit/605.1.15 (KHTML, like Gecko) Version/15.6.1 Mobile/15E148 Safari/604.1" "nacaomestica.org"
10.213.116.69 - - [28/Sep/2022:20:19:31 -0700] "POST /blog4/wp-cron.php?doing_wp_cron=1664421571.9343628883361816406250 HTTP/1.1" 200 - "https://nacaomestica.org/blog4/wp-cron.php?doing_wp_cron=1664421571.9343628883361816406250" "WordPress/5.6.9; https://nacaomestica.org/blog4" "nacaomestica.org"
189.0.148.234 - - [28/Sep/2022:20:19:30 -0700] "GET /blog4/?p=2252 HTTP/1.1" 200 27576 "https://www.google.com.br/" "Mozilla/5.0 (iPhone; CPU iPhone OS 16_0_2 like Mac OS X) AppleWebKit/605.1.15 (KHTML, like Gecko) Version/16.0 Mobile/15E148 Safari/604.1" "nacaomestica.org"
10.213.116.68 - - [28/Sep/2022:20:19:34 -0700] "POST /blog4/wp-cron.php?doing_wp_cron=1664421574.2346200942993164062500 HTTP/1.1" 200 - "https://nacaomestica.org/blog4/wp-cron.php?doing_wp_cron=1664421574.2346200942993164062500" "WordPress/5.6.9; https://nacaomestica.org/blog4" "nacaomestica.org"
189.0.148.234 - - [28/Sep/2022:20:19:32 -0700] "GET /blog4/?p=2252 HTTP/1.1" 200 112382 "https://www.google.com.br/" "Mozilla/5.0 (iPhone; CPU iPhone OS 16_0_2 like Mac OS X) AppleWebKit/605.1.15 (KHTML, like Gecko) Version/16.0 Mobile/15E148 Safari/604.1" "nacaomestica.org"
189.0.148.234 - - [28/Sep/2022:20:19:37 -0700] "GET /blog4/wp-content/themes/carrington-blog/css/css.php HTTP/1.1" 200 4963 "https://nacaomestica.org/blog4/?p=2252" "Mozilla/5.0 (iPhone; CPU iPhone OS 16_0_2 like Mac OS X) AppleWebKit/605.1.15 (KHTML, like Gecko) Version/16.0 Mobile/15E148 Safari/604.1" "nacaomestica.org"
189.0.148.234 - - [28/Sep/2022:20:19:37 -0700] "GET /blog4/wp-includes/js/jquery/jquery-migrate.min.js?ver=3.3.2 HTTP/1.1" 200 4169 "https://nacaomestica.org/blog4/?p=2252" "Mozilla/5.0 (iPhone; CPU iPhone OS 16_0_2 like Mac OS X) AppleWebKit/605.1.15 (KHTML, like Gecko) Version/16.0 Mobile/15E148 Safari/604.1" "nacaomestica.org"
189.0.148.234 - - [28/Sep/2022:20:19:37 -0700] "GET /blog4/wp-content/themes/carrington-blog/js/carrington.js?ver=1.0 HTTP/1.1" 200 1229 "https://nacaomestica.org/blog4/?p=2252" "Mozilla/5.0 (iPhone; CPU iPhone OS 16_0_2 like Mac OS X) AppleWebKit/605.1.15 (KHTML, like Gecko) Version/16.0 Mobile/15E148 Safari/604.1" "nacaomestica.org"
189.0.148.234 - - [28/Sep/2022:20:19:37 -0700] "GET /blog4/wp-includes/js/jquery/jquery.min.js?ver=3.5.1 HTTP/1.1" 200 30916 "https://nacaomestica.org/blog4/?p=2252" "Mozilla/5.0 (iPhone; CPU iPhone OS 16_0_2 like Mac OS X) AppleWebKit/605.1.15 (KHTML, like Gecko) Version/16.0 Mobile/15E148 Safari/604.1" "nacaomestica.org"
189.0.148.234 - - [28/Sep/2022:20:19:37 -0700] "GET /blog4/wp-content/themes/carrington-blog/carrington-core/lightbox/thickbox.js?ver=1.0 HTTP/1.1" 200 3903 "https://nacaomestica.org/blog4/?p=2252" "Mozilla/5.0 (iPhone; CPU iPhone OS 16_0_2 like Mac OS X) AppleWebKit/605.1.15 (KHTML, like Gecko) Version/16.0 Mobile/15E148 Safari/604.1" "nacaomestica.org"
189.0.148.234 - - [28/Sep/2022:20:19:37 -0700] "GET /blog4/wp-content/themes/carrington-blog/carrington-core/lightbox/css/thickbox.css HTTP/1.1" 200 975 "https://nacaomestica.org/blog4/?p=2252" "Mozilla/5.0 (iPhone; CPU iPhone OS 16_0_2 like Mac OS X) AppleWebKit/605.1.15 (KHTML, like Gecko) Version/16.0 Mobile/15E148 Safari/604.1" "nacaomestica.org"
189.0.148.234 - - [28/Sep/2022:20:19:38 -0700] "GET /blog4/wp-includes/js/wp-embed.min.js?ver=5.6.9 HTTP/1.1" 200 765 "https://nacaomestica.org/blog4/?p=2252" "Mozilla/5.0 (iPhone; CPU iPhone OS 16_0_2 like Mac OS X) AppleWebKit/605.1.15 (KHTML, like Gecko) Version/16.0 Mobile/15E148 Safari/604.1" "nacaomestica.org"
189.0.148.234 - - [28/Sep/2022:20:19:38 -0700] "GET /blog4/wp-content/plugins/wp-spamshield/js/jscripts-ftr2-min.js HTTP/1.1" 200 637 "https://nacaomestica.org/blog4/?p=2252" "Mozilla/5.0 (iPhone; CPU iPhone OS 16_0_2 like Mac OS X) AppleWebKit/605.1.15 (KHTML, like Gecko) Version/16.0 Mobile/15E148 Safari/604.1" "nacaomestica.org"
189.0.148.234 - - [28/Sep/2022:20:19:38 -0700] "GET /blog4/wp-includes/js/mediaelement/mediaelementplayer-legacy.min.css?ver=4.2.16 HTTP/1.1" 200 2592 "https://nacaomestica.org/blog4/?p=2252" "Mozilla/5.0 (iPhone; CPU iPhone OS 16_0_2 like Mac OS X) AppleWebKit/605.1.15 (KHTML, like Gecko) Version/16.0 Mobile/15E148 Safari/604.1" "nacaomestica.org"
189.0.148.234 - - [28/Sep/2022:20:19:38 -0700] "GET /blog4/wp-includes/js/mediaelement/wp-mediaelement.min.css?ver=5.6.9 HTTP/1.1" 200 1156 "https://nacaomestica.org/blog4/?p=2252" "Mozilla/5.0 (iPhone; CPU iPhone OS 16_0_2 like Mac OS X) AppleWebKit/605.1.15 (KHTML, like Gecko) Version/16.0 Mobile/15E148 Safari/604.1" "nacaomestica.org"
189.0.148.234 - - [28/Sep/2022:20:19:38 -0700] "GET /blog4/wp-includes/js/mediaelement/mediaelement-migrate.min.js?ver=5.6.9 HTTP/1.1" 200 544 "https://nacaomestica.org/blog4/?p=2252" "Mozilla/5.0 (iPhone; CPU iPhone OS 16_0_2 like Mac OS X) AppleWebKit/605.1.15 (KHTML, like Gecko) Version/16.0 Mobile/15E148 Safari/604.1" "nacaomestica.org"
189.0.148.234 - - [28/Sep/2022:20:19:38 -0700] "GET /blog4/wp-includes/js/mediaelement/wp-mediaelement.min.js?ver=5.6.9 HTTP/1.1" 200 475 "https://nacaomestica.org/blog4/?p=2252" "Mozilla/5.0 (iPhone; CPU iPhone OS 16_0_2 like Mac OS X) AppleWebKit/605.1.15 (KHTML, like Gecko) Version/16.0 Mobile/15E148 Safari/604.1" "nacaomestica.org"
189.0.148.234 - - [28/Sep/2022:20:19:38 -0700] "GET /blog4/wp-includes/js/mediaelement/mediaelement-and-player.min.js?ver=4.2.16 HTTP/1.1" 200 38657 "https://nacaomestica.org/blog4/?p=2252" "Mozilla/5.0 (iPhone; CPU iPhone OS 16_0_2 like Mac OS X) AppleWebKit/605.1.15 (KHTML, like Gecko) Version/16.0 Mobile/15E148 Safari/604.1" "nacaomestica.org"
189.0.148.234 - - [28/Sep/2022:20:19:38 -0700] "GET /blog4/wp-includes/js/mediaelement/renderers/vimeo.min.js?ver=4.2.16 HTTP/1.1" 200 2284 "https://nacaomestica.org/blog4/?p=2252" "Mozilla/5.0 (iPhone; CPU iPhone OS 16_0_2 like Mac OS X) AppleWebKit/605.1.15 (KHTML, like Gecko) Version/16.0 Mobile/15E148 Safari/604.1" "nacaomestica.org"
189.0.148.234 - - [28/Sep/2022:20:19:38 -0700] "GET /blog4/wp-includes/js/wp-emoji-release.min.js?ver=5.6.9 HTTP/1.1" 200 4662 "https://nacaomestica.org/blog4/?p=2252" "Mozilla/5.0 (iPhone; CPU iPhone OS 16_0_2 like Mac OS X) AppleWebKit/605.1.15 (KHTML, like Gecko) Version/16.0 Mobile/15E148 Safari/604.1" "nacaomestica.org"
189.0.148.234 - - [28/Sep/2022:20:19:39 -0700] "GET /blog4/wp-content/uploads/2018/08/livro_mestico_CAPA-2peq.png HTTP/1.1" 200 35385 "https://nacaomestica.org/blog4/?p=2252" "Mozilla/5.0 (iPhone; CPU iPhone OS 16_0_2 like Mac OS X) AppleWebKit/605.1.15 (KHTML, like Gecko) Version/16.0 Mobile/15E148 Safari/604.1" "nacaomestica.org"
189.0.148.234 - - [28/Sep/2022:20:19:39 -0700] "GET /blog4/wp-content/themes/carrington-blog/img/watermark-light.gif HTTP/1.1" 200 31981 "https://nacaomestica.org/blog4/?p=2252" "Mozilla/5.0 (iPhone; CPU iPhone OS 16_0_2 like Mac OS X) AppleWebKit/605.1.15 (KHTML, like Gecko) Version/16.0 Mobile/15E148 Safari/604.1" "nacaomestica.org"
189.0.148.234 - - [28/Sep/2022:20:19:39 -0700] "GET /blog4/wp-content/themes/carrington-blog/img/rss-button.gif HTTP/1.1" 200 2208 "https://nacaomestica.org/blog4/?p=2252" "Mozilla/5.0 (iPhone; CPU iPhone OS 16_0_2 like Mac OS X) AppleWebKit/605.1.15 (KHTML, like Gecko) Version/16.0 Mobile/15E148 Safari/604.1" "nacaomestica.org"
189.0.148.234 - - [28/Sep/2022:20:19:39 -0700] "GET /blog4/wp-content/themes/carrington-blog/img/sidebar-background.gif HTTP/1.1" 200 1515 "https://nacaomestica.org/blog4/?p=2252" "Mozilla/5.0 (iPhone; CPU iPhone OS 16_0_2 like Mac OS X) AppleWebKit/605.1.15 (KHTML, like Gecko) Version/16.0 Mobile/15E148 Safari/604.1" "nacaomestica.org"
189.0.148.234 - - [28/Sep/2022:20:19:39 -0700] "GET /blog4/wp-content/themes/carrington-blog/img/divider-ornament.gif HTTP/1.1" 200 778 "https://nacaomestica.org/blog4/?p=2252" "Mozilla/5.0 (iPhone; CPU iPhone OS 16_0_2 like Mac OS X) AppleWebKit/605.1.15 (KHTML, like Gecko) Version/16.0 Mobile/15E148 Safari/604.1" "nacaomestica.org"
189.0.148.234 - - [28/Sep/2022:20:19:39 -0700] "GET /blog4/wp-content/uploads/2015/04/ONCA_SITE2.png HTTP/1.1" 200 296324 "https://nacaomestica.org/blog4/?p=2252" "Mozilla/5.0 (iPhone; CPU iPhone OS 16_0_2 like Mac OS X) AppleWebKit/605.1.15 (KHTML, like Gecko) Version/16.0 Mobile/15E148 Safari/604.1" "nacaomestica.org"
189.0.148.234 - - [28/Sep/2022:20:19:39 -0700] "GET /blog4/wp-content/uploads/2010/08/bartira_joao_ramalho2.jpg HTTP/1.1" 200 92028 "https://nacaomestica.org/blog4/?p=2252" "Mozilla/5.0 (iPhone; CPU iPhone OS 16_0_2 like Mac OS X) AppleWebKit/605.1.15 (KHTML, like Gecko) Version/16.0 Mobile/15E148 Safari/604.1" "nacaomestica.org"
189.0.148.234 - - [28/Sep/2022:20:19:39 -0700] "GET /blog4/wp-content/themes/carrington-blog/img/arrow-bullet.gif HTTP/1.1" 200 50 "https://nacaomestica.org/blog4/?p=2252" "Mozilla/5.0 (iPhone; CPU iPhone OS 16_0_2 like Mac OS X) AppleWebKit/605.1.15 (KHTML, like Gecko) Version/16.0 Mobile/15E148 Safari/604.1" "nacaomestica.org"
189.0.148.234 - - [28/Sep/2022:20:19:39 -0700] "GET /blog4/wp-content/themes/carrington-blog/img/sub-header-border-bottom.gif HTTP/1.1" 200 43 "https://nacaomestica.org/blog4/?p=2252" "Mozilla/5.0 (iPhone; CPU iPhone OS 16_0_2 like Mac OS X) AppleWebKit/605.1.15 (KHTML, like Gecko) Version/16.0 Mobile/15E148 Safari/604.1" "nacaomestica.org"
189.0.148.234 - - [28/Sep/2022:20:19:39 -0700] "GET /blog4/wp-content/uploads/2016/02/mesticos_sombra-2.png HTTP/1.1" 200 191787 "https://nacaomestica.org/blog4/?p=2252" "Mozilla/5.0 (iPhone; CPU iPhone OS 16_0_2 like Mac OS X) AppleWebKit/605.1.15 (KHTML, like Gecko) Version/16.0 Mobile/15E148 Safari/604.1" "nacaomestica.org"
189.0.148.234 - - [28/Sep/2022:20:19:39 -0700] "GET /blog4/wp-content/themes/carrington-blog/img/header/gradient-dark.png HTTP/1.1" 200 2877 "https://nacaomestica.org/blog4/?p=2252" "Mozilla/5.0 (iPhone; CPU iPhone OS 16_0_2 like Mac OS X) AppleWebKit/605.1.15 (KHTML, like Gecko) Version/16.0 Mobile/15E148 Safari/604.1" "nacaomestica.org"
189.0.148.234 - - [28/Sep/2022:20:19:39 -0700] "GET /blog4/wp-includes/js/mediaelement/mejs-controls.svg HTTP/1.1" 200 1413 "https://nacaomestica.org/blog4/?p=2252" "Mozilla/5.0 (iPhone; CPU iPhone OS 16_0_2 like Mac OS X) AppleWebKit/605.1.15 (KHTML, like Gecko) Version/16.0 Mobile/15E148 Safari/604.1" "nacaomestica.org"
189.0.148.234 - - [28/Sep/2022:20:19:43 -0700] "GET /blog4/wp-content/themes/carrington-blog/img/dropdown-divider.gif HTTP/1.1" 200 144 "https://nacaomestica.org/blog4/?p=2252" "Mozilla/5.0 (iPhone; CPU iPhone OS 16_0_2 like Mac OS X) AppleWebKit/605.1.15 (KHTML, like Gecko) Version/16.0 Mobile/15E148 Safari/604.1" "nacaomestica.org"
189.0.148.234 - - [28/Sep/2022:20:19:43 -0700] "GET /blog4/wp-content/themes/carrington-blog/img/grey-to-white-gradient.png HTTP/1.1" 200 153 "https://nacaomestica.org/blog4/?p=2252" "Mozilla/5.0 (iPhone; CPU iPhone OS 16_0_2 like Mac OS X) AppleWebKit/605.1.15 (KHTML, like Gecko) Version/16.0 Mobile/15E148 Safari/604.1" "nacaomestica.org"
189.0.148.234 - - [28/Sep/2022:20:19:43 -0700] "GET /blog4/wp-content/themes/carrington-blog/img/comment.gif HTTP/1.1" 200 370 "https://nacaomestica.org/blog4/?p=2252" "Mozilla/5.0 (iPhone; CPU iPhone OS 16_0_2 like Mac OS X) AppleWebKit/605.1.15 (KHTML, like Gecko) Version/16.0 Mobile/15E148 Safari/604.1" "nacaomestica.org"
189.0.148.234 - - [28/Sep/2022:20:19:43 -0700] "GET /blog4/wp-content/themes/carrington-blog/img/comments-divider.gif HTTP/1.1" 200 6855 "https://nacaomestica.org/blog4/?p=2252" "Mozilla/5.0 (iPhone; CPU iPhone OS 16_0_2 like Mac OS X) AppleWebKit/605.1.15 (KHTML, like Gecko) Version/16.0 Mobile/15E148 Safari/604.1" "nacaomestica.org"
189.0.148.234 - - [28/Sep/2022:20:19:43 -0700] "GET /blog4/wp-content/themes/carrington-blog/img/footer/by-crowd-favorite-light.png HTTP/1.1" 200 2825 "https://nacaomestica.org/blog4/?p=2252" "Mozilla/5.0 (iPhone; CPU iPhone OS 16_0_2 like Mac OS X) AppleWebKit/605.1.15 (KHTML, like Gecko) Version/16.0 Mobile/15E148 Safari/604.1" "nacaomestica.org"
189.0.148.234 - - [28/Sep/2022:20:19:43 -0700] "GET /blog4/wp-content/themes/carrington-blog/img/footer/divider-ornament-wide-light.png HTTP/1.1" 200 1601 "https://nacaomestica.org/blog4/?p=2252" "Mozilla/5.0 (iPhone; CPU iPhone OS 16_0_2 like Mac OS X) AppleWebKit/605.1.15 (KHTML, like Gecko) Version/16.0 Mobile/15E148 Safari/604.1" "nacaomestica.org"
189.0.148.234 - - [28/Sep/2022:20:19:43 -0700] "GET /blog4/wp-content/themes/carrington-blog/img/footer/gradient-light.png HTTP/1.1" 200 172 "https://nacaomestica.org/blog4/?p=2252" "Mozilla/5.0 (iPhone; CPU iPhone OS 16_0_2 like Mac OS X) AppleWebKit/605.1.15 (KHTML, like Gecko) Version/16.0 Mobile/15E148 Safari/604.1" "nacaomestica.org"
189.0.148.234 - - [28/Sep/2022:20:19:43 -0700] "GET /blog4/wp-content/themes/carrington-blog/carrington-core/lightbox/img/loadingAnimation.gif HTTP/1.1" 200 5886 "https://nacaomestica.org/blog4/?p=2252" "Mozilla/5.0 (iPhone; CPU iPhone OS 16_0_2 like Mac OS X) AppleWebKit/605.1.15 (KHTML, like Gecko) Version/16.0 Mobile/15E148 Safari/604.1" "nacaomestica.org"
189.0.148.234 - - [28/Sep/2022:20:19:44 -0700] "GET /favicon.ico HTTP/1.1" 200 676 "https://nacaomestica.org/blog4/?p=2252" "Mozilla/5.0 (iPhone; CPU iPhone OS 16_0_2 like Mac OS X) AppleWebKit/605.1.15 (KHTML, like Gecko) Version/16.0 Mobile/15E148 Safari/604.1" "nacaomestica.org"
185.191.171.44 - - [28/Sep/2022:20:19:44 -0700] "GET /robots.txt HTTP/1.1" 200 59 "-" "Mozilla/5.0 (compatible; SemrushBot/7~bl; +http://www.semrush.com/bot.html)" "nacaomestica.org"
185.191.171.19 - - [28/Sep/2022:20:19:45 -0700] "GET /blog4/?feed=rss2&p=7138 HTTP/1.1" 200 843 "-" "Mozilla/5.0 (compatible; SemrushBot/7~bl; +http://www.semrush.com/bot.html)" "nacaomestica.org"
10.213.116.69 - - [28/Sep/2022:20:19:46 -0700] "POST /blog4/wp-cron.php?doing_wp_cron=1664421586.8398740291595458984375 HTTP/1.1" 200 - "https://nacaomestica.org/blog4/wp-cron.php?doing_wp_cron=1664421586.8398740291595458984375" "WordPress/5.6.9; https://nacaomestica.org/blog4" "nacaomestica.org"
10.213.116.70 - - [28/Sep/2022:20:19:50 -0700] "POST /blog4/wp-cron.php?doing_wp_cron=1664421590.2807400226593017578125 HTTP/1.1" 200 - "https://nacaomestica.org/blog4/wp-cron.php?doing_wp_cron=1664421590.2807400226593017578125" "WordPress/5.6.9; https://nacaomestica.org/blog4" "nacaomestica.org"
104.211.48.53 - - [28/Sep/2022:20:19:47 -0700] "GET /blog4/?tag=internacionalizacao HTTP/1.1" 200 74650 "-" "Mozilla/5.0 (Linux; Android 7.0; SM-G930V Build/NRD90M) AppleWebKit/537.36 (KHTML, like Gecko) Chrome/59.0.3071.125 Mobile Safari/537.36" "nacaomestica.org"
10.213.116.69 - - [28/Sep/2022:20:20:33 -0700] "POST /blog4/wp-cron.php?doing_wp_cron=1664421633.4352290630340576171875 HTTP/1.1" 200 - "https://nacaomestica.org/blog4/wp-cron.php?doing_wp_cron=1664421633.4352290630340576171875" "WordPress/5.6.9; https://nacaomestica.org/blog4" "nacaomestica.org"
104.211.48.53 - - [28/Sep/2022:20:20:32 -0700] "GET /blog4/?tag=internacionalizacao HTTP/1.1" 200 74650 "-" "Mozilla/5.0 (Linux; Android 7.0; SM-G930V Build/NRD90M) AppleWebKit/537.36 (KHTML, like Gecko) Chrome/59.0.3071.125 Mobile Safari/537.36" "nacaomestica.org"
10.213.116.68 - - [28/Sep/2022:20:21:17 -0700] "POST /blog4/wp-cron.php?doing_wp_cron=1664421677.6628348827362060546875 HTTP/1.1" 200 - "https://nacaomestica.org/blog4/wp-cron.php?doing_wp_cron=1664421677.6628348827362060546875" "WordPress/5.6.9; https://nacaomestica.org/blog4" "nacaomestica.org"
189.0.148.234 - - [28/Sep/2022:20:21:16 -0700] "GET /blog4/?p=2252 HTTP/1.1" 200 112382 "-" "Mozilla/5.0 (iPhone; CPU iPhone OS 16_0_2 like Mac OS X) AppleWebKit/605.1.15 (KHTML, like Gecko) Version/16.0 Mobile/15E148 Safari/604.1" "nacaomestica.org"
189.0.148.234 - - [28/Sep/2022:20:21:22 -0700] "GET /apple-touch-icon-120x120-precomposed.png HTTP/1.1" 404 88 "-" "MobileSafari/8614.1.25.0.31 CFNetwork/1390 Darwin/22.0.0" "nacaomestica.org"
189.0.148.234 - - [28/Sep/2022:20:21:23 -0700] "GET /apple-touch-icon-120x120.png HTTP/1.1" 404 88 "-" "MobileSafari/8614.1.25.0.31 CFNetwork/1390 Darwin/22.0.0" "nacaomestica.org"
189.0.148.234 - - [28/Sep/2022:20:21:23 -0700] "GET /apple-touch-icon-precomposed.png HTTP/1.1" 404 88 "-" "MobileSafari/8614.1.25.0.31 CFNetwork/1390 Darwin/22.0.0" "nacaomestica.org"
189.0.148.234 - - [28/Sep/2022:20:21:23 -0700] "GET /apple-touch-icon.png HTTP/1.1" 404 88 "-" "MobileSafari/8614.1.25.0.31 CFNetwork/1390 Darwin/22.0.0" "nacaomestica.org"
189.0.148.234 - - [28/Sep/2022:20:21:23 -0700] "GET /favicon.ico HTTP/1.1" 200 676 "-" "MobileSafari/8614.1.25.0.31 CFNetwork/1390 Darwin/22.0.0" "nacaomestica.org"
104.211.48.53 - - [28/Sep/2022:20:22:48 -0700] "GET /blog4/?paged=2 HTTP/1.1" 500 2609 "-" "Mozilla/5.0 (Linux; Android 7.0; SM-G930V Build/NRD90M) AppleWebKit/537.36 (KHTML, like Gecko) Chrome/59.0.3071.125 Mobile Safari/537.36" "nacaomestica.org"
104.211.48.53 - - [28/Sep/2022:20:22:53 -0700] "GET /blog4/?paged=2 HTTP/1.1" 500 2609 "-" "Mozilla/5.0 (Linux; Android 7.0; SM-G930V Build/NRD90M) AppleWebKit/537.36 (KHTML, like Gecko) Chrome/59.0.3071.125 Mobile Safari/537.36" "nacaomestica.org"
17.121.113.199 - - [28/Sep/2022:20:24:10 -0700] "GET /blog4/?p=30084 HTTP/1.1" 500 2609 "-" "Mozilla/5.0 (Macintosh; Intel Mac OS X 10_15_5) AppleWebKit/605.1.15 (KHTML, like Gecko) Version/13.1.1 Safari/605.1.15 (Applebot/0.1; +http://www.apple.com/go/applebot)" "nacaomestica.org"
54.236.1.11 - - [28/Sep/2022:20:24:35 -0700] "GET /robots.txt HTTP/1.1" 200 59 "-" "Mozilla/5.0 (compatible; Pinterestbot/1.0; +http://www.pinterest.com/bot.html)" "nacaomestica.org"
54.236.1.11 - - [28/Sep/2022:20:24:36 -0700] "GET /blog4/wp-content/uploads/2017/11/97466.jpg HTTP/1.1" 200 81226 "-" "Mozilla/5.0 (compatible; Pinterestbot/1.0; +http://www.pinterest.com/bot.html)" "nacaomestica.org"
20.124.25.29 - - [28/Sep/2022:20:26:05 -0700] "GET /blog4/?cat=90 HTTP/1.1" 500 2609 "-" "Mozilla/5.0 (Linux; Android 7.0; SM-G930V Build/NRD90M) AppleWebKit/537.36 (KHTML, like Gecko) Chrome/59.0.3071.125 Mobile Safari/537.36" "nacaomestica.org"
20.124.25.29 - - [28/Sep/2022:20:26:07 -0700] "GET /blog4/?cat=90 HTTP/1.1" 500 2609 "-" "Mozilla/5.0 (Linux; Android 7.0; SM-G930V Build/NRD90M) AppleWebKit/537.36 (KHTML, like Gecko) Chrome/59.0.3071.125 Mobile Safari/537.36" "nacaomestica.org"
111.231.80.51 - - [28/Sep/2022:20:26:31 -0700] "GET /xmlrpc.php HTTP/1.1" 404 88 "-" "Mozilla/5.0 (Windows NT 6.1; WOW64; rv:45.0) Gecko/20100101 Firefox/45.0" "nacaomestica.org"
193.186.4.203 - - [28/Sep/2022:20:26:43 -0700] "GET /blog4/?p=17752 HTTP/1.1" 500 2609 "-" "Mozilla/5.0 (Linux; Android 10; K) AppleWebKit/537.36 (KHTML, like Gecko) Chrome/105.0.0.0 Mobile Safari/537.36" "nacaomestica.org"
177.67.25.32 - - [28/Sep/2022:20:26:50 -0700] "GET /blog4/wp-content/uploads/2018/02/The_c%C3%A9l%C3%A9bration_at_Abomey1908._-_The_veteran_amazones_AHOSI__of_the_Fon_king_B%C3%A9hanzin_Son_of_Roi_G%C3%A9l%C3%A9.jpg HTTP/1.1" 200 111815 "https://www.google.com.br/" "Mozilla/5.0 (iPhone; CPU iPhone OS 16_0 like Mac OS X) AppleWebKit/605.1.15 (KHTML, like Gecko) Version/16.0 Mobile/15E148 Safari/604.1" "nacaomestica.org"
177.67.25.32 - - [28/Sep/2022:20:26:53 -0700] "GET /blog4/wp-content/uploads/2018/02/The_c%C3%A9l%C3%A9bration_at_Abomey1908._-_The_veteran_amazones_AHOSI__of_the_Fon_king_B%C3%A9hanzin_Son_of_Roi_G%C3%A9l%C3%A9.jpg HTTP/1.1" 200 111815 "https://www.google.com.br/" "Mozilla/5.0 (iPhone; CPU iPhone OS 16_0 like Mac OS X) AppleWebKit/605.1.15 (KHTML, like Gecko) Version/16.0 Mobile/15E148 Safari/604.1" "nacaomestica.org"
177.67.25.32 - - [28/Sep/2022:20:27:11 -0700] "GET /blog4/wp-content/uploads/2018/02/COLLECTIE_TROPENMUSEUM_Groepsportret_van_de_zogenaamde_Amazones_uit_Dahomey_tijdens_hun_verblijf_in_Parijs_TMnr_60038362.jpg HTTP/1.1" 200 100891 "https://www.google.com.br/" "Mozilla/5.0 (iPhone; CPU iPhone OS 16_0 like Mac OS X) AppleWebKit/605.1.15 (KHTML, like Gecko) Version/16.0 Mobile/15E148 Safari/604.1" "nacaomestica.org"
177.67.25.32 - - [28/Sep/2022:20:27:13 -0700] "GET /blog4/wp-content/uploads/2018/02/COLLECTIE_TROPENMUSEUM_Groepsportret_van_de_zogenaamde_Amazones_uit_Dahomey_tijdens_hun_verblijf_in_Parijs_TMnr_60038362.jpg HTTP/1.1" 200 100891 "https://www.google.com.br/" "Mozilla/5.0 (iPhone; CPU iPhone OS 16_0 like Mac OS X) AppleWebKit/605.1.15 (KHTML, like Gecko) Version/16.0 Mobile/15E148 Safari/604.1" "nacaomestica.org"
178.158.19.181 - - [28/Sep/2022:20:27:36 -0700] "GET /blog4/?p=1782 HTTP/1.1" 500 2609 "-" "Mozilla/5.0 (X11; Ubuntu; Linux x86_64; rv:102.0) Gecko/20100101 Firefox/102.0" "nacaomestica.org"
20.124.25.29 - - [28/Sep/2022:20:27:48 -0700] "GET /blog4/?cat=116 HTTP/1.1" 500 2609 "-" "Mozilla/5.0 (Linux; Android 7.0; SM-G930V Build/NRD90M) AppleWebKit/537.36 (KHTML, like Gecko) Chrome/59.0.3071.125 Mobile Safari/537.36" "nacaomestica.org"
20.124.25.29 - - [28/Sep/2022:20:27:50 -0700] "GET /blog4/?cat=116 HTTP/1.1" 500 2609 "-" "Mozilla/5.0 (Linux; Android 7.0; SM-G930V Build/NRD90M) AppleWebKit/537.36 (KHTML, like Gecko) Chrome/59.0.3071.125 Mobile Safari/537.36" "nacaomestica.org"
20.124.25.29 - - [28/Sep/2022:20:27:55 -0700] "GET /blog4/?tag=limpeza-etnica HTTP/1.1" 500 2609 "-" "Mozilla/5.0 (Linux; Android 7.0; SM-G930V Build/NRD90M) AppleWebKit/537.36 (KHTML, like Gecko) Chrome/59.0.3071.125 Mobile Safari/537.36" "nacaomestica.org"
20.124.25.29 - - [28/Sep/2022:20:27:57 -0700] "GET /blog4/?tag=limpeza-etnica HTTP/1.1" 500 2609 "-" "Mozilla/5.0 (Linux; Android 7.0; SM-G930V Build/NRD90M) AppleWebKit/537.36 (KHTML, like Gecko) Chrome/59.0.3071.125 Mobile Safari/537.36" "nacaomestica.org"
20.124.25.29 - - [28/Sep/2022:20:27:57 -0700] "GET /blog4/?cat=266 HTTP/1.1" 500 2609 "-" "Mozilla/5.0 (Linux; Android 7.0; SM-G930V Build/NRD90M) AppleWebKit/537.36 (KHTML, like Gecko) Chrome/59.0.3071.125 Mobile Safari/537.36" "nacaomestica.org"
20.124.25.29 - - [28/Sep/2022:20:27:58 -0700] "GET /blog4/?cat=266 HTTP/1.1" 500 2609 "-" "Mozilla/5.0 (Linux; Android 7.0; SM-G930V Build/NRD90M) AppleWebKit/537.36 (KHTML, like Gecko) Chrome/59.0.3071.125 Mobile Safari/537.36" "nacaomestica.org"
177.136.34.76 - - [28/Sep/2022:20:28:25 -0700] "GET /blog4/wp-content/uploads/2016/02/pardo_preto1.png HTTP/1.1" 200 331753 "https://www.google.com/" "Mozilla/5.0 (Linux; Android 9; SM-J730G Build/PPR1.180610.011; wv) AppleWebKit/537.36 (KHTML, like Gecko) Version/4.0 Chrome/105.0.5195.136 Mobile Safari/537.36 GoogleApp/13.37.10.26.arm" "nacaomestica.org"
20.124.25.29 - - [28/Sep/2022:20:28:29 -0700] "GET /blog4/?cat=268 HTTP/1.1" 500 2609 "-" "Mozilla/5.0 (Linux; Android 7.0; SM-G930V Build/NRD90M) AppleWebKit/537.36 (KHTML, like Gecko) Chrome/59.0.3071.125 Mobile Safari/537.36" "nacaomestica.org"
20.124.25.29 - - [28/Sep/2022:20:28:30 -0700] "GET /blog4/?cat=268 HTTP/1.1" 500 2609 "-" "Mozilla/5.0 (Linux; Android 7.0; SM-G930V Build/NRD90M) AppleWebKit/537.36 (KHTML, like Gecko) Chrome/59.0.3071.125 Mobile Safari/537.36" "nacaomestica.org"
179.232.100.126 - - [28/Sep/2022:20:28:55 -0700] "GET /blog4/wp-content/uploads/2017/01/African_slave_trade-600x499.png HTTP/1.1" 200 319532 "https://www.google.com/" "Mozilla/5.0 (Windows NT 10.0; Win64; x64) AppleWebKit/537.36 (KHTML, like Gecko) Chrome/105.0.0.0 Safari/537.36" "nacaomestica.org"
179.235.95.45 - - [28/Sep/2022:20:29:25 -0700] "GET /blog4/wp-content/uploads/2019/02/NEGRISMO10.png HTTP/1.1" 200 298814 "https://www.google.com/" "Mozilla/5.0 (Linux; Android 9) AppleWebKit/537.36 (KHTML, like Gecko) Chrome/105.0.0.0 Mobile Safari/537.36" "nacaomestica.org"
177.136.34.76 - - [28/Sep/2022:20:29:49 -0700] "GET /blog4/wp-content/uploads/2018/08/01candidatospres.jpg HTTP/1.1" 200 160293 "https://www.google.com/" "Mozilla/5.0 (Linux; Android 9; SM-J730G Build/PPR1.180610.011; wv) AppleWebKit/537.36 (KHTML, like Gecko) Version/4.0 Chrome/105.0.5195.136 Mobile Safari/537.36 GoogleApp/13.37.10.26.arm" "nacaomestica.org"
168.195.26.174 - - [28/Sep/2022:20:29:57 -0700] "GET /blog4/wp-content/uploads/2016/07/%C3%93TIMO-O-INDIGENISMO-TEM-SIDO-UM-GRANDE.png HTTP/1.1" 200 258108 "https://www.google.com/" "Mozilla/5.0 (Windows NT 10.0; Win64; x64) AppleWebKit/537.36 (KHTML, like Gecko) Chrome/105.0.0.0 Safari/537.36" "nacaomestica.org"
20.124.25.29 - - [28/Sep/2022:20:30:18 -0700] "GET /blog4/?cat=263 HTTP/1.1" 500 2609 "-" "Mozilla/5.0 (Linux; Android 7.0; SM-G930V Build/NRD90M) AppleWebKit/537.36 (KHTML, like Gecko) Chrome/59.0.3071.125 Mobile Safari/537.36" "nacaomestica.org"
20.124.25.29 - - [28/Sep/2022:20:30:20 -0700] "GET /blog4/?cat=263 HTTP/1.1" 500 2609 "-" "Mozilla/5.0 (Linux; Android 7.0; SM-G930V Build/NRD90M) AppleWebKit/537.36 (KHTML, like Gecko) Chrome/59.0.3071.125 Mobile Safari/537.36" "nacaomestica.org"
177.222.62.56 - - [28/Sep/2022:20:30:24 -0700] "GET /blog4/wp-content/uploads/2013/08/image_thumb114.png HTTP/1.1" 200 259021 "https://www.servindi.org/" "Mozilla/5.0 (Windows NT 10.0; Win64; x64) AppleWebKit/537.36 (KHTML, like Gecko) Chrome/106.0.0.0 Safari/537.36" "nacaomestica.org"
20.124.25.29 - - [28/Sep/2022:20:30:58 -0700] "GET /blog4/ HTTP/1.1" 500 2609 "-" "Mozilla/5.0 (Linux; Android 7.0; SM-G930V Build/NRD90M) AppleWebKit/537.36 (KHTML, like Gecko) Chrome/59.0.3071.125 Mobile Safari/537.36" "nacaomestica.org"
74.125.215.115 - - [28/Sep/2022:20:30:59 -0700] "GET /blog4/?feed=rss2 HTTP/1.1" 500 2609 "-" "FeedFetcher-Google; (+http://www.google.com/feedfetcher.html)" "nacaomestica.org"
20.124.25.29 - - [28/Sep/2022:20:30:59 -0700] "GET /blog4/ HTTP/1.1" 500 2609 "-" "Mozilla/5.0 (Linux; Android 7.0; SM-G930V Build/NRD90M) AppleWebKit/537.36 (KHTML, like Gecko) Chrome/59.0.3071.125 Mobile Safari/537.36" "nacaomestica.org"
20.124.25.29 - - [28/Sep/2022:20:31:01 -0700] "GET /blog4/?tag=amarelo HTTP/1.1" 500 2609 "-" "Mozilla/5.0 (Linux; Android 7.0; SM-G930V Build/NRD90M) AppleWebKit/537.36 (KHTML, like Gecko) Chrome/59.0.3071.125 Mobile Safari/537.36" "nacaomestica.org"
20.124.25.29 - - [28/Sep/2022:20:31:01 -0700] "GET /blog4/?tag=amarelo HTTP/1.1" 500 2609 "-" "Mozilla/5.0 (Linux; Android 7.0; SM-G930V Build/NRD90M) AppleWebKit/537.36 (KHTML, like Gecko) Chrome/59.0.3071.125 Mobile Safari/537.36" "nacaomestica.org"
20.124.25.29 - - [28/Sep/2022:20:31:28 -0700] "GET /blog4/?cat=182 HTTP/1.1" 500 2609 "-" "Mozilla/5.0 (Linux; Android 7.0; SM-G930V Build/NRD90M) AppleWebKit/537.36 (KHTML, like Gecko) Chrome/59.0.3071.125 Mobile Safari/537.36" "nacaomestica.org"
20.124.25.29 - - [28/Sep/2022:20:31:29 -0700] "GET /blog4/?cat=182 HTTP/1.1" 500 2609 "-" "Mozilla/5.0 (Linux; Android 7.0; SM-G930V Build/NRD90M) AppleWebKit/537.36 (KHTML, like Gecko) Chrome/59.0.3071.125 Mobile Safari/537.36" "nacaomestica.org"
190.107.200.98 - - [28/Sep/2022:20:32:20 -0700] "GET /blog4/wp-content/uploads/2016/12/Emmeline-Pankhurst.jpg HTTP/1.1" 200 51938 "https://www.google.com/" "Mozilla/5.0 (Windows NT 10.0; Win64; x64) AppleWebKit/537.36 (KHTML, like Gecko) Chrome/104.0.5112.102 Safari/537.36 OPR/90.0.4480.117" "nacaomestica.org"
20.124.25.29 - - [28/Sep/2022:20:32:23 -0700] "GET /blog4/?p=30980 HTTP/1.1" 500 2609 "-" "Mozilla/5.0 (Linux; Android 7.0; SM-G930V Build/NRD90M) AppleWebKit/537.36 (KHTML, like Gecko) Chrome/59.0.3071.125 Mobile Safari/537.36" "nacaomestica.org"
20.124.25.29 - - [28/Sep/2022:20:32:24 -0700] "GET /blog4/?p=30980 HTTP/1.1" 500 2609 "-" "Mozilla/5.0 (Linux; Android 7.0; SM-G930V Build/NRD90M) AppleWebKit/537.36 (KHTML, like Gecko) Chrome/59.0.3071.125 Mobile Safari/537.36" "nacaomestica.org"
20.124.25.29 - - [28/Sep/2022:20:33:12 -0700] "GET /blog4/?tag=anti-cristianismo HTTP/1.1" 500 2609 "-" "Mozilla/5.0 (Linux; Android 7.0; SM-G930V Build/NRD90M) AppleWebKit/537.36 (KHTML, like Gecko) Chrome/59.0.3071.125 Mobile Safari/537.36" "nacaomestica.org"
20.124.25.29 - - [28/Sep/2022:20:33:13 -0700] "GET /blog4/?tag=anti-cristianismo HTTP/1.1" 500 2609 "-" "Mozilla/5.0 (Linux; Android 7.0; SM-G930V Build/NRD90M) AppleWebKit/537.36 (KHTML, like Gecko) Chrome/59.0.3071.125 Mobile Safari/537.36" "nacaomestica.org"
177.221.7.112 - - [28/Sep/2022:20:33:15 -0700] "GET /blog4/index.php/%3Fp%3D14527 HTTP/1.1" 500 2609 "-" "Mozilla/5.0 (Windows NT 10.0; WOW64) AppleWebKit/537.36 (KHTML, like Gecko) Chrome/90.0.4430.93 Safari/537.36" "nacaomestica.org"
20.124.25.29 - - [28/Sep/2022:20:33:24 -0700] "GET /blog4/?cat=131 HTTP/1.1" 500 2609 "-" "Mozilla/5.0 (Linux; Android 7.0; SM-G930V Build/NRD90M) AppleWebKit/537.36 (KHTML, like Gecko) Chrome/59.0.3071.125 Mobile Safari/537.36" "nacaomestica.org"
20.124.25.29 - - [28/Sep/2022:20:33:25 -0700] "GET /blog4/?cat=131 HTTP/1.1" 500 2609 "-" "Mozilla/5.0 (Linux; Android 7.0; SM-G930V Build/NRD90M) AppleWebKit/537.36 (KHTML, like Gecko) Chrome/59.0.3071.125 Mobile Safari/537.36" "nacaomestica.org"
20.124.25.29 - - [28/Sep/2022:20:33:27 -0700] "GET /blog4/?cat=125 HTTP/1.1" 500 2609 "-" "Mozilla/5.0 (Linux; Android 7.0; SM-G930V Build/NRD90M) AppleWebKit/537.36 (KHTML, like Gecko) Chrome/59.0.3071.125 Mobile Safari/537.36" "nacaomestica.org"
20.124.25.29 - - [28/Sep/2022:20:33:29 -0700] "GET /blog4/?cat=125 HTTP/1.1" 500 2609 "-" "Mozilla/5.0 (Linux; Android 7.0; SM-G930V Build/NRD90M) AppleWebKit/537.36 (KHTML, like Gecko) Chrome/59.0.3071.125 Mobile Safari/537.36" "nacaomestica.org"
20.124.25.29 - - [28/Sep/2022:20:33:39 -0700] "GET /blog4/?tag=charge HTTP/1.1" 500 2609 "-" "Mozilla/5.0 (Linux; Android 7.0; SM-G930V Build/NRD90M) AppleWebKit/537.36 (KHTML, like Gecko) Chrome/59.0.3071.125 Mobile Safari/537.36" "nacaomestica.org"
20.124.25.29 - - [28/Sep/2022:20:33:39 -0700] "GET /blog4/?tag=charge HTTP/1.1" 500 2609 "-" "Mozilla/5.0 (Linux; Android 7.0; SM-G930V Build/NRD90M) AppleWebKit/537.36 (KHTML, like Gecko) Chrome/59.0.3071.125 Mobile Safari/537.36" "nacaomestica.org"
45.162.53.214 - - [28/Sep/2022:20:33:48 -0700] "GET /blog4/wp-content/uploads/2018/03/mf.jpg HTTP/1.1" 200 50270 "https://www.google.com/" "Mozilla/5.0 (Linux; Android 10; SM-J600GT) AppleWebKit/537.36 (KHTML, like Gecko) Chrome/105.0.0.0 Mobile Safari/537.36" "nacaomestica.org"
20.124.25.29 - - [28/Sep/2022:20:33:50 -0700] "GET /blog4/?cat=128 HTTP/1.1" 500 2609 "-" "Mozilla/5.0 (Linux; Android 7.0; SM-G930V Build/NRD90M) AppleWebKit/537.36 (KHTML, like Gecko) Chrome/59.0.3071.125 Mobile Safari/537.36" "nacaomestica.org"
20.124.25.29 - - [28/Sep/2022:20:33:51 -0700] "GET /blog4/?tag=bantustao HTTP/1.1" 500 2609 "-" "Mozilla/5.0 (Linux; Android 7.0; SM-G930V Build/NRD90M) AppleWebKit/537.36 (KHTML, like Gecko) Chrome/59.0.3071.125 Mobile Safari/537.36" "nacaomestica.org"
20.124.25.29 - - [28/Sep/2022:20:33:52 -0700] "GET /blog4/?tag=bantustao HTTP/1.1" 500 2609 "-" "Mozilla/5.0 (Linux; Android 7.0; SM-G930V Build/NRD90M) AppleWebKit/537.36 (KHTML, like Gecko) Chrome/59.0.3071.125 Mobile Safari/537.36" "nacaomestica.org"
20.124.25.29 - - [28/Sep/2022:20:33:52 -0700] "GET /blog4/?cat=128 HTTP/1.1" 500 2609 "-" "Mozilla/5.0 (Linux; Android 7.0; SM-G930V Build/NRD90M) AppleWebKit/537.36 (KHTML, like Gecko) Chrome/59.0.3071.125 Mobile Safari/537.36" "nacaomestica.org"
17.121.115.134 - - [28/Sep/2022:20:34:18 -0700] "GET / HTTP/1.1" 500 2609 "-" "Mozilla/5.0 (Macintosh; Intel Mac OS X 10_15_5) AppleWebKit/605.1.15 (KHTML, like Gecko) Version/13.1.1 Safari/605.1.15 (Applebot/0.1; +http://www.apple.com/go/applebot)" "nacaomestica.org"
20.124.25.29 - - [28/Sep/2022:20:34:35 -0700] "GET /blog4/?tag=mesticagem-miscigenacao HTTP/1.1" 500 2609 "-" "Mozilla/5.0 (Linux; Android 7.0; SM-G930V Build/NRD90M) AppleWebKit/537.36 (KHTML, like Gecko) Chrome/59.0.3071.125 Mobile Safari/537.36" "nacaomestica.org"
20.124.25.29 - - [28/Sep/2022:20:34:35 -0700] "GET /blog4/?tag=mesticagem-miscigenacao HTTP/1.1" 500 2609 "-" "Mozilla/5.0 (Linux; Android 7.0; SM-G930V Build/NRD90M) AppleWebKit/537.36 (KHTML, like Gecko) Chrome/59.0.3071.125 Mobile Safari/537.36" "nacaomestica.org"
177.26.252.184 - - [28/Sep/2022:20:34:37 -0700] "GET /blog4/wp-content/uploads/2016/02/mesticos_sombra-2.png HTTP/1.1" 200 191787 "https://www.google.com/" "Mozilla/5.0 (Linux; Android 11; M2007J20CG) AppleWebKit/537.36 (KHTML, like Gecko) Chrome/105.0.0.0 Mobile Safari/537.36" "nacaomestica.org"
20.124.25.29 - - [28/Sep/2022:20:34:42 -0700] "GET /blog4/?tag=direitos-originarios HTTP/1.1" 500 2609 "-" "Mozilla/5.0 (Linux; Android 7.0; SM-G930V Build/NRD90M) AppleWebKit/537.36 (KHTML, like Gecko) Chrome/59.0.3071.125 Mobile Safari/537.36" "nacaomestica.org"
20.124.25.29 - - [28/Sep/2022:20:34:43 -0700] "GET /blog4/?tag=direitos-originarios HTTP/1.1" 500 2609 "-" "Mozilla/5.0 (Linux; Android 7.0; SM-G930V Build/NRD90M) AppleWebKit/537.36 (KHTML, like Gecko) Chrome/59.0.3071.125 Mobile Safari/537.36" "nacaomestica.org"
20.124.25.29 - - [28/Sep/2022:20:35:34 -0700] "GET /blog4/?cat=262 HTTP/1.1" 500 2609 "-" "Mozilla/5.0 (Linux; Android 7.0; SM-G930V Build/NRD90M) AppleWebKit/537.36 (KHTML, like Gecko) Chrome/59.0.3071.125 Mobile Safari/537.36" "nacaomestica.org"
20.124.25.29 - - [28/Sep/2022:20:35:35 -0700] "GET /blog4/?cat=245 HTTP/1.1" 500 2609 "-" "Mozilla/5.0 (Linux; Android 7.0; SM-G930V Build/NRD90M) AppleWebKit/537.36 (KHTML, like Gecko) Chrome/59.0.3071.125 Mobile Safari/537.36" "nacaomestica.org"
20.124.25.29 - - [28/Sep/2022:20:35:35 -0700] "GET /blog4/?cat=262 HTTP/1.1" 500 2609 "-" "Mozilla/5.0 (Linux; Android 7.0; SM-G930V Build/NRD90M) AppleWebKit/537.36 (KHTML, like Gecko) Chrome/59.0.3071.125 Mobile Safari/537.36" "nacaomestica.org"
20.124.25.29 - - [28/Sep/2022:20:35:36 -0700] "GET /blog4/?cat=245 HTTP/1.1" 500 2609 "-" "Mozilla/5.0 (Linux; Android 7.0; SM-G930V Build/NRD90M) AppleWebKit/537.36 (KHTML, like Gecko) Chrome/59.0.3071.125 Mobile Safari/537.36" "nacaomestica.org"
20.124.25.29 - - [28/Sep/2022:20:35:37 -0700] "GET /blog4/?cat=181 HTTP/1.1" 500 2609 "-" "Mozilla/5.0 (Linux; Android 7.0; SM-G930V Build/NRD90M) AppleWebKit/537.36 (KHTML, like Gecko) Chrome/59.0.3071.125 Mobile Safari/537.36" "nacaomestica.org"
20.124.25.29 - - [28/Sep/2022:20:35:39 -0700] "GET /blog4/?cat=219 HTTP/1.1" 500 2609 "-" "Mozilla/5.0 (Linux; Android 7.0; SM-G930V Build/NRD90M) AppleWebKit/537.36 (KHTML, like Gecko) Chrome/59.0.3071.125 Mobile Safari/537.36" "nacaomestica.org"
20.124.25.29 - - [28/Sep/2022:20:35:39 -0700] "GET /blog4/?cat=181 HTTP/1.1" 500 2609 "-" "Mozilla/5.0 (Linux; Android 7.0; SM-G930V Build/NRD90M) AppleWebKit/537.36 (KHTML, like Gecko) Chrome/59.0.3071.125 Mobile Safari/537.36" "nacaomestica.org"
20.124.25.29 - - [28/Sep/2022:20:35:39 -0700] "GET /blog4/?cat=219 HTTP/1.1" 500 2609 "-" "Mozilla/5.0 (Linux; Android 7.0; SM-G930V Build/NRD90M) AppleWebKit/537.36 (KHTML, like Gecko) Chrome/59.0.3071.125 Mobile Safari/537.36" "nacaomestica.org"
104.211.53.213 - - [28/Sep/2022:20:35:48 -0700] "GET /blog4/?feed=rss2 HTTP/1.1" 500 2609 "-" "Mozilla/5.0 (Linux; Android 7.0; SM-G930V Build/NRD90M) AppleWebKit/537.36 (KHTML, like Gecko) Chrome/59.0.3071.125 Mobile Safari/537.36" "nacaomestica.org"
104.211.53.213 - - [28/Sep/2022:20:35:50 -0700] "GET /blog4/?feed=rss2 HTTP/1.1" 500 2609 "-" "Mozilla/5.0 (Linux; Android 7.0; SM-G930V Build/NRD90M) AppleWebKit/537.36 (KHTML, like Gecko) Chrome/59.0.3071.125 Mobile Safari/537.36" "nacaomestica.org"
199.16.157.182 - - [28/Sep/2022:20:36:01 -0700] "GET /blog4/wp-content/uploads/2021/12/helderli.jpeg HTTP/1.1" 200 49993 "-" "Twitterbot/1.0" "nacaomestica.org"
199.16.157.182 - - [28/Sep/2022:20:36:02 -0700] "GET /blog4/wp-content/uploads/2021/12/helderli.jpeg HTTP/1.1" 200 49993 "-" "Twitterbot/1.0" "nacaomestica.org"
199.16.157.180 - - [28/Sep/2022:20:36:01 -0700] "GET /blog4/?p=31242 HTTP/1.1" 500 2609 "-" "Twitterbot/1.0" "nacaomestica.org"
20.124.25.29 - - [28/Sep/2022:20:36:37 -0700] "GET /blog4/?tag=mesticofobia HTTP/1.1" 500 2609 "-" "Mozilla/5.0 (Linux; Android 7.0; SM-G930V Build/NRD90M) AppleWebKit/537.36 (KHTML, like Gecko) Chrome/59.0.3071.125 Mobile Safari/537.36" "nacaomestica.org"
20.124.25.29 - - [28/Sep/2022:20:36:38 -0700] "GET /blog4/?p=30970 HTTP/1.1" 500 2609 "-" "Mozilla/5.0 (Linux; Android 7.0; SM-G930V Build/NRD90M) AppleWebKit/537.36 (KHTML, like Gecko) Chrome/59.0.3071.125 Mobile Safari/537.36" "nacaomestica.org"
20.124.25.29 - - [28/Sep/2022:20:36:39 -0700] "GET /blog4/?tag=mesticofobia HTTP/1.1" 500 2609 "-" "Mozilla/5.0 (Linux; Android 7.0; SM-G930V Build/NRD90M) AppleWebKit/537.36 (KHTML, like Gecko) Chrome/59.0.3071.125 Mobile Safari/537.36" "nacaomestica.org"
20.124.25.29 - - [28/Sep/2022:20:36:39 -0700] "GET /blog4/?p=30970 HTTP/1.1" 500 2609 "-" "Mozilla/5.0 (Linux; Android 7.0; SM-G930V Build/NRD90M) AppleWebKit/537.36 (KHTML, like Gecko) Chrome/59.0.3071.125 Mobile Safari/537.36" "nacaomestica.org"
20.124.25.29 - - [28/Sep/2022:20:36:44 -0700] "GET /blog4/?cat=217 HTTP/1.1" 500 2609 "-" "Mozilla/5.0 (Linux; Android 7.0; SM-G930V Build/NRD90M) AppleWebKit/537.36 (KHTML, like Gecko) Chrome/59.0.3071.125 Mobile Safari/537.36" "nacaomestica.org"
69.171.249.7 - - [28/Sep/2022:20:36:55 -0700] "GET /blog4/?p=16324 HTTP/1.1" 500 2609 "-" "facebookexternalhit/1.1 (+http://www.facebook.com/externalhit_uatext.php)" "nacaomestica.org"
66.220.149.4 - - [28/Sep/2022:20:36:56 -0700] "GET /blog4/wp-content/uploads/2015/09/crusader-5_06.jpg HTTP/1.1" 200 548289 "-" "facebookexternalhit/1.1 (+http://www.facebook.com/externalhit_uatext.php)" "nacaomestica.org"
72.14.201.200 - - [28/Sep/2022:20:36:58 -0700] "GET /blog4/?p=29811 HTTP/1.1" 500 2609 "-" "Mozilla/5.0 (Linux; Android 10; K) AppleWebKit/537.36 (KHTML, like Gecko) Chrome/105.0.0.0 Mobile Safari/537.36" "nacaomestica.org"
20.124.25.29 - - [28/Sep/2022:20:37:07 -0700] "GET /blog4/?cat=217 HTTP/1.1" 500 2609 "-" "Mozilla/5.0 (Linux; Android 7.0; SM-G930V Build/NRD90M) AppleWebKit/537.36 (KHTML, like Gecko) Chrome/59.0.3071.125 Mobile Safari/537.36" "nacaomestica.org"
20.124.25.29 - - [28/Sep/2022:20:37:17 -0700] "GET /blog4/?cat=69 HTTP/1.1" 500 2609 "-" "Mozilla/5.0 (Linux; Android 7.0; SM-G930V Build/NRD90M) AppleWebKit/537.36 (KHTML, like Gecko) Chrome/59.0.3071.125 Mobile Safari/537.36" "nacaomestica.org"
20.124.25.29 - - [28/Sep/2022:20:37:18 -0700] "GET /blog4/?cat=69 HTTP/1.1" 500 2609 "-" "Mozilla/5.0 (Linux; Android 7.0; SM-G930V Build/NRD90M) AppleWebKit/537.36 (KHTML, like Gecko) Chrome/59.0.3071.125 Mobile Safari/537.36" "nacaomestica.org"
