177.26.77.165 - - [28/Sep/2022:19:07:32 -0700] "GET /favicon.ico HTTP/1.1" 200 676 "https://nacaomestica.org/blog4/?p=8456" "Mozilla/5.0 (Linux; Android 10; moto g(7) play) AppleWebKit/537.36 (KHTML, like Gecko) Chrome/106.0.0.0 Mobile Safari/537.36" "nacaomestica.org"
10.213.116.70 - - [28/Sep/2022:19:07:32 -0700] "POST /blog4/wp-cron.php?doing_wp_cron=1664417252.3701848983764648437500 HTTP/1.1" 200 - "https://nacaomestica.org/blog4/wp-cron.php?doing_wp_cron=1664417252.3701848983764648437500" "WordPress/5.6.9; https://nacaomestica.org/blog4" "nacaomestica.org"
109.108.49.59 - - [28/Sep/2022:19:07:30 -0700] "GET /blog4/ HTTP/1.1" 200 88399 "https://nacaomestica.org/blog4/" "Mozilla/5.0 (Windows NT 6.3; Win64; x64) AppleWebKit/537.36 (KHTML, like Gecko) Chrome/90.0.4430.85 Safari/537.36" "nacaomestica.org"
177.192.253.191 - - [28/Sep/2022:19:07:35 -0700] "GET /blog4/wp-content/uploads/2017/03/swast_haken-1.png HTTP/1.1" 200 21361 "https://nacaomestica.org/blog4/?p=21142" "Mozilla/5.0 (Linux; Android 10; SM-G9650) AppleWebKit/537.36 (KHTML, like Gecko) Chrome/105.0.0.0 Mobile Safari/537.36" "nacaomestica.org"
109.108.49.59 - - [28/Sep/2022:19:07:35 -0700] "GET /blog4/wp-login.php HTTP/1.1" 200 9227 "https://nacaomestica.org/blog4/wp-login.php" "Mozilla/5.0 (Windows NT 6.3; Win64; x64) AppleWebKit/537.36 (KHTML, like Gecko) Chrome/90.0.4430.85 Safari/537.36" "nacaomestica.org"
109.108.49.59 - - [28/Sep/2022:19:07:38 -0700] "POST /blog4/wp-login.php HTTP/1.1" 200 9524 "https://nacaomestica.org/blog4/wp-login.php" "Mozilla/5.0 (Windows NT 6.3; Win64; x64) AppleWebKit/537.36 (KHTML, like Gecko) Chrome/90.0.4430.85 Safari/537.36" "nacaomestica.org"
177.26.77.165 - - [28/Sep/2022:19:07:44 -0700] "GET /blog4/wp-content/uploads/2013/01/che_almeida.jpg HTTP/1.1" 200 13761 "https://nacaomestica.org/blog4/?p=8456" "Mozilla/5.0 (Linux; Android 10; moto g(7) play) AppleWebKit/537.36 (KHTML, like Gecko) Chrome/106.0.0.0 Mobile Safari/537.36" "nacaomestica.org"
177.26.77.165 - - [28/Sep/2022:19:07:44 -0700] "GET /blog4/wp-content/uploads/2013/01/videoplayback-2.mp4?_=1 HTTP/1.1" 206 1414347 "https://nacaomestica.org/blog4/?p=8456" "Mozilla/5.0 (Linux; Android 10; moto g(7) play) AppleWebKit/537.36 (KHTML, like Gecko) Chrome/106.0.0.0 Mobile Safari/537.36" "nacaomestica.org"
109.108.49.59 - - [28/Sep/2022:19:07:41 -0700] "GET /blog4/ HTTP/1.1" 200 88399 "https://nacaomestica.org/blog4/" "Mozilla/5.0 (Windows NT 6.3; Win64; x64) AppleWebKit/537.36 (KHTML, like Gecko) Chrome/90.0.4430.85 Safari/537.36" "nacaomestica.org"
191.219.60.192 - - [28/Sep/2022:19:07:49 -0700] "GET /blog4/wp-content/uploads/2018/08/01candidatospres.jpg HTTP/1.1" 200 160293 "-" "com.google.android.apps.searchlite/243348 (Linux; U; Android 8.1.0; pt_BR; SM-J410G; Build/M1AJB; Cronet/104.0.5112.46)" "nacaomestica.org"
177.192.253.191 - - [28/Sep/2022:19:08:14 -0700] "GET /blog4/wp-content/uploads/2017/03/1453942828_4.jpg HTTP/1.1" 200 140994 "https://nacaomestica.org/blog4/?p=21142" "Mozilla/5.0 (Linux; Android 10; SM-G9650) AppleWebKit/537.36 (KHTML, like Gecko) Chrome/105.0.0.0 Mobile Safari/537.36" "nacaomestica.org"
131.0.47.68 - - [28/Sep/2022:19:09:00 -0700] "GET /HitlerMFP.htm HTTP/1.1" 200 13837 "https://www.google.com/" "Mozilla/5.0 (Linux; Android 11; moto e20) AppleWebKit/537.36 (KHTML, like Gecko) Chrome/105.0.0.0 Mobile Safari/537.36" "www.nacaomestica.org"
177.192.253.191 - - [28/Sep/2022:19:09:00 -0700] "GET /blog4/wp-content/uploads/2017/03/desfile.png HTTP/1.1" 200 255568 "https://nacaomestica.org/blog4/?p=21142" "Mozilla/5.0 (Linux; Android 10; SM-G9650) AppleWebKit/537.36 (KHTML, like Gecko) Chrome/105.0.0.0 Mobile Safari/537.36" "nacaomestica.org"
131.0.47.68 - - [28/Sep/2022:19:09:01 -0700] "GET /fundo_hitler.jpg HTTP/1.1" 404 88 "https://www.nacaomestica.org/HitlerMFP.htm" "Mozilla/5.0 (Linux; Android 11; moto e20) AppleWebKit/537.36 (KHTML, like Gecko) Chrome/105.0.0.0 Mobile Safari/537.36" "www.nacaomestica.org"
131.0.47.68 - - [28/Sep/2022:19:09:01 -0700] "GET /favicon.ico HTTP/1.1" 200 676 "https://www.nacaomestica.org/HitlerMFP.htm" "Mozilla/5.0 (Linux; Android 11; moto e20) AppleWebKit/537.36 (KHTML, like Gecko) Chrome/105.0.0.0 Mobile Safari/537.36" "www.nacaomestica.org"
10.213.116.70 - - [28/Sep/2022:19:09:00 -0700] "POST /blog4/wp-cron.php?doing_wp_cron=1664417340.7312040328979492187500 HTTP/1.1" 200 - "https://nacaomestica.org/blog4/wp-cron.php?doing_wp_cron=1664417340.7312040328979492187500" "WordPress/5.6.9; https://nacaomestica.org/blog4" "nacaomestica.org"
17.121.113.216 - - [28/Sep/2022:19:08:59 -0700] "GET /blog4/?p=7011 HTTP/1.1" 200 89343 "-" "Mozilla/5.0 (Macintosh; Intel Mac OS X 10_15_5) AppleWebKit/605.1.15 (KHTML, like Gecko) Version/13.1.1 Safari/605.1.15 (Applebot/0.1; +http://www.apple.com/go/applebot)" "nacaomestica.org"
20.85.215.177 - - [28/Sep/2022:19:09:25 -0700] "GET /blog4/?p=30937 HTTP/1.1" 200 77729 "-" "Mozilla/5.0 (Linux; Android 7.0; SM-G930V Build/NRD90M) AppleWebKit/537.36 (KHTML, like Gecko) Chrome/59.0.3071.125 Mobile Safari/537.36" "nacaomestica.org"
156.59.237.150 - - [28/Sep/2022:19:09:37 -0700] "GET /blog4/wp-content/uploads/2017/01/African_slave_trade-600x499.png HTTP/1.1" 200 319532 "-" "Mozilla/5.0 (X11; Ubuntu; Linux x86_64; rv:72.0) Gecko/20100101 Firefox/72.0" "nacaomestica.org"
10.213.116.68 - - [28/Sep/2022:19:09:47 -0700] "POST /blog4/wp-cron.php?doing_wp_cron=1664417387.1675710678100585937500 HTTP/1.1" 200 - "https://nacaomestica.org/blog4/wp-cron.php?doing_wp_cron=1664417387.1675710678100585937500" "WordPress/5.6.9; https://nacaomestica.org/blog4" "nacaomestica.org"
20.85.215.177 - - [28/Sep/2022:19:09:45 -0700] "GET /blog4/?tag=direitos-humanos HTTP/1.1" 200 80335 "-" "Mozilla/5.0 (Linux; Android 7.0; SM-G930V Build/NRD90M) AppleWebKit/537.36 (KHTML, like Gecko) Chrome/59.0.3071.125 Mobile Safari/537.36" "nacaomestica.org"
20.85.215.177 - - [28/Sep/2022:19:09:53 -0700] "GET /blog4/?cat=122 HTTP/1.1" 200 77438 "-" "Mozilla/5.0 (Linux; Android 7.0; SM-G930V Build/NRD90M) AppleWebKit/537.36 (KHTML, like Gecko) Chrome/59.0.3071.125 Mobile Safari/537.36" "nacaomestica.org"
168.0.149.114 - - [28/Sep/2022:19:09:56 -0700] "GET /blog4/?p=24053 HTTP/1.1" 200 78577 "-" "Mozilla/5.0 (Linux; Android 10; Mi A2 Lite) AppleWebKit/537.36 (KHTML, like Gecko) Chrome/105.0.0.0 Mobile Safari/537.36" "nacaomestica.org"
20.85.215.177 - - [28/Sep/2022:19:09:57 -0700] "GET /blog4/?tag=preto HTTP/1.1" 200 93149 "-" "Mozilla/5.0 (Linux; Android 7.0; SM-G930V Build/NRD90M) AppleWebKit/537.36 (KHTML, like Gecko) Chrome/59.0.3071.125 Mobile Safari/537.36" "nacaomestica.org"
20.85.215.177 - - [28/Sep/2022:19:09:58 -0700] "GET /blog4/?cat=30 HTTP/1.1" 200 70559 "-" "Mozilla/5.0 (Linux; Android 7.0; SM-G930V Build/NRD90M) AppleWebKit/537.36 (KHTML, like Gecko) Chrome/59.0.3071.125 Mobile Safari/537.36" "nacaomestica.org"
20.85.215.177 - - [28/Sep/2022:19:10:09 -0700] "GET /blog4/?tag=escravos HTTP/1.1" 200 84936 "-" "Mozilla/5.0 (Linux; Android 7.0; SM-G930V Build/NRD90M) AppleWebKit/537.36 (KHTML, like Gecko) Chrome/59.0.3071.125 Mobile Safari/537.36" "nacaomestica.org"
20.85.215.177 - - [28/Sep/2022:19:10:17 -0700] "GET /blog4/?cat=253 HTTP/1.1" 200 90623 "-" "Mozilla/5.0 (Linux; Android 7.0; SM-G930V Build/NRD90M) AppleWebKit/537.36 (KHTML, like Gecko) Chrome/59.0.3071.125 Mobile Safari/537.36" "nacaomestica.org"
207.46.13.184 - - [28/Sep/2022:19:10:23 -0700] "GET /blog4/wp-content/uploads/2015/11/jihad1.jpg HTTP/1.1" 200 185643 "-" "Mozilla/5.0 (compatible; bingbot/2.0; +http://www.bing.com/bingbot.htm)" "nacaomestica.org"
45.228.238.193 - - [28/Sep/2022:19:10:30 -0700] "GET /blog4/?p=17752 HTTP/1.1" 200 150042 "https://www.google.com/" "Mozilla/5.0 (Linux; Android 12; M2101K7AI) AppleWebKit/537.36 (KHTML, like Gecko) Chrome/105.0.0.0 Mobile Safari/537.36" "nacaomestica.org"
45.228.238.193 - - [28/Sep/2022:19:10:33 -0700] "GET /blog4/wp-includes/js/jquery/jquery-migrate.min.js?ver=3.3.2 HTTP/1.1" 200 4169 "https://nacaomestica.org/blog4/?p=17752" "Mozilla/5.0 (Linux; Android 12; M2101K7AI) AppleWebKit/537.36 (KHTML, like Gecko) Chrome/105.0.0.0 Mobile Safari/537.36" "nacaomestica.org"
45.228.238.193 - - [28/Sep/2022:19:10:33 -0700] "GET /blog4/wp-content/themes/carrington-blog/carrington-core/lightbox/thickbox.js?ver=1.0 HTTP/1.1" 200 3903 "https://nacaomestica.org/blog4/?p=17752" "Mozilla/5.0 (Linux; Android 12; M2101K7AI) AppleWebKit/537.36 (KHTML, like Gecko) Chrome/105.0.0.0 Mobile Safari/537.36" "nacaomestica.org"
45.228.238.193 - - [28/Sep/2022:19:10:33 -0700] "GET /blog4/wp-content/themes/carrington-blog/js/carrington.js?ver=1.0 HTTP/1.1" 200 1229 "https://nacaomestica.org/blog4/?p=17752" "Mozilla/5.0 (Linux; Android 12; M2101K7AI) AppleWebKit/537.36 (KHTML, like Gecko) Chrome/105.0.0.0 Mobile Safari/537.36" "nacaomestica.org"
45.228.238.193 - - [28/Sep/2022:19:10:33 -0700] "GET /blog4/wp-includes/js/jquery/jquery.min.js?ver=3.5.1 HTTP/1.1" 200 30916 "https://nacaomestica.org/blog4/?p=17752" "Mozilla/5.0 (Linux; Android 12; M2101K7AI) AppleWebKit/537.36 (KHTML, like Gecko) Chrome/105.0.0.0 Mobile Safari/537.36" "nacaomestica.org"
45.228.238.193 - - [28/Sep/2022:19:10:33 -0700] "GET /blog4/wp-content/themes/carrington-blog/carrington-core/lightbox/css/thickbox.css HTTP/1.1" 200 975 "https://nacaomestica.org/blog4/?p=17752" "Mozilla/5.0 (Linux; Android 12; M2101K7AI) AppleWebKit/537.36 (KHTML, like Gecko) Chrome/105.0.0.0 Mobile Safari/537.36" "nacaomestica.org"
45.228.238.193 - - [28/Sep/2022:19:10:33 -0700] "GET /blog4/wp-content/themes/carrington-blog/css/css.php HTTP/1.1" 200 4963 "https://nacaomestica.org/blog4/?p=17752" "Mozilla/5.0 (Linux; Android 12; M2101K7AI) AppleWebKit/537.36 (KHTML, like Gecko) Chrome/105.0.0.0 Mobile Safari/537.36" "nacaomestica.org"
177.188.242.152 - - [28/Sep/2022:19:10:40 -0700] "GET /blog4/?p=17752 HTTP/1.1" 200 150042 "https://www.google.com.br/" "Mozilla/5.0 (iPhone; CPU iPhone OS 14_8_1 like Mac OS X) AppleWebKit/605.1.15 (KHTML, like Gecko) Version/14.1.2 Mobile/15E148 Safari/604.1" "nacaomestica.org"
177.188.242.152 - - [28/Sep/2022:19:10:44 -0700] "GET /blog4/wp-content/themes/carrington-blog/js/carrington.js?ver=1.0 HTTP/1.1" 200 1229 "https://nacaomestica.org/blog4/?p=17752" "Mozilla/5.0 (iPhone; CPU iPhone OS 14_8_1 like Mac OS X) AppleWebKit/605.1.15 (KHTML, like Gecko) Version/14.1.2 Mobile/15E148 Safari/604.1" "nacaomestica.org"
177.188.242.152 - - [28/Sep/2022:19:10:44 -0700] "GET /blog4/wp-includes/js/jquery/jquery-migrate.min.js?ver=3.3.2 HTTP/1.1" 200 4169 "https://nacaomestica.org/blog4/?p=17752" "Mozilla/5.0 (iPhone; CPU iPhone OS 14_8_1 like Mac OS X) AppleWebKit/605.1.15 (KHTML, like Gecko) Version/14.1.2 Mobile/15E148 Safari/604.1" "nacaomestica.org"
177.188.242.152 - - [28/Sep/2022:19:10:44 -0700] "GET /blog4/wp-content/themes/carrington-blog/carrington-core/lightbox/thickbox.js?ver=1.0 HTTP/1.1" 200 3903 "https://nacaomestica.org/blog4/?p=17752" "Mozilla/5.0 (iPhone; CPU iPhone OS 14_8_1 like Mac OS X) AppleWebKit/605.1.15 (KHTML, like Gecko) Version/14.1.2 Mobile/15E148 Safari/604.1" "nacaomestica.org"
177.188.242.152 - - [28/Sep/2022:19:10:44 -0700] "GET /blog4/wp-content/themes/carrington-blog/carrington-core/lightbox/css/thickbox.css HTTP/1.1" 200 975 "https://nacaomestica.org/blog4/?p=17752" "Mozilla/5.0 (iPhone; CPU iPhone OS 14_8_1 like Mac OS X) AppleWebKit/605.1.15 (KHTML, like Gecko) Version/14.1.2 Mobile/15E148 Safari/604.1" "nacaomestica.org"
177.188.242.152 - - [28/Sep/2022:19:10:44 -0700] "GET /blog4/wp-includes/js/jquery/jquery.min.js?ver=3.5.1 HTTP/1.1" 200 30916 "https://nacaomestica.org/blog4/?p=17752" "Mozilla/5.0 (iPhone; CPU iPhone OS 14_8_1 like Mac OS X) AppleWebKit/605.1.15 (KHTML, like Gecko) Version/14.1.2 Mobile/15E148 Safari/604.1" "nacaomestica.org"
177.188.242.152 - - [28/Sep/2022:19:10:44 -0700] "GET /blog4/wp-content/themes/carrington-blog/css/css.php HTTP/1.1" 200 4963 "https://nacaomestica.org/blog4/?p=17752" "Mozilla/5.0 (iPhone; CPU iPhone OS 14_8_1 like Mac OS X) AppleWebKit/605.1.15 (KHTML, like Gecko) Version/14.1.2 Mobile/15E148 Safari/604.1" "nacaomestica.org"
177.188.242.152 - - [28/Sep/2022:19:10:44 -0700] "GET /blog4/wp-content/uploads/2016/02/leopardo.png HTTP/1.1" 200 520833 "https://nacaomestica.org/blog4/?p=17752" "Mozilla/5.0 (iPhone; CPU iPhone OS 14_8_1 like Mac OS X) AppleWebKit/605.1.15 (KHTML, like Gecko) Version/14.1.2 Mobile/15E148 Safari/604.1" "nacaomestica.org"
177.188.242.152 - - [28/Sep/2022:19:10:44 -0700] "GET /blog4/wp-content/uploads/2016/02/pardo_preto1.png HTTP/1.1" 200 331753 "https://nacaomestica.org/blog4/?p=17752" "Mozilla/5.0 (iPhone; CPU iPhone OS 14_8_1 like Mac OS X) AppleWebKit/605.1.15 (KHTML, like Gecko) Version/14.1.2 Mobile/15E148 Safari/604.1" "nacaomestica.org"
177.188.242.152 - - [28/Sep/2022:19:10:44 -0700] "GET /blog4/wp-content/uploads/2016/02/EVOLUCAO_COR_CENSOS-1024x440.png HTTP/1.1" 200 193709 "https://nacaomestica.org/blog4/?p=17752" "Mozilla/5.0 (iPhone; CPU iPhone OS 14_8_1 like Mac OS X) AppleWebKit/605.1.15 (KHTML, like Gecko) Version/14.1.2 Mobile/15E148 Safari/604.1" "nacaomestica.org"
177.188.242.152 - - [28/Sep/2022:19:10:44 -0700] "GET /blog4/wp-content/uploads/2016/02/mesticos_sombra-2.png HTTP/1.1" 200 191787 "https://nacaomestica.org/blog4/?p=17752" "Mozilla/5.0 (iPhone; CPU iPhone OS 14_8_1 like Mac OS X) AppleWebKit/605.1.15 (KHTML, like Gecko) Version/14.1.2 Mobile/15E148 Safari/604.1" "nacaomestica.org"
177.188.242.152 - - [28/Sep/2022:19:10:44 -0700] "GET /blog4/wp-content/uploads/2016/02/mouro.jpg HTTP/1.1" 200 123760 "https://nacaomestica.org/blog4/?p=17752" "Mozilla/5.0 (iPhone; CPU iPhone OS 14_8_1 like Mac OS X) AppleWebKit/605.1.15 (KHTML, like Gecko) Version/14.1.2 Mobile/15E148 Safari/604.1" "nacaomestica.org"
177.188.242.152 - - [28/Sep/2022:19:10:44 -0700] "GET /blog4/wp-content/uploads/2016/02/nem_raca_nem_cor1.png HTTP/1.1" 200 1041615 "https://nacaomestica.org/blog4/?p=17752" "Mozilla/5.0 (iPhone; CPU iPhone OS 14_8_1 like Mac OS X) AppleWebKit/605.1.15 (KHTML, like Gecko) Version/14.1.2 Mobile/15E148 Safari/604.1" "nacaomestica.org"
177.188.242.152 - - [28/Sep/2022:19:10:45 -0700] "GET /blog4/wp-content/themes/carrington-blog/img/rss-button.gif HTTP/1.1" 200 2208 "https://nacaomestica.org/blog4/?p=17752" "Mozilla/5.0 (iPhone; CPU iPhone OS 14_8_1 like Mac OS X) AppleWebKit/605.1.15 (KHTML, like Gecko) Version/14.1.2 Mobile/15E148 Safari/604.1" "nacaomestica.org"
177.188.242.152 - - [28/Sep/2022:19:10:45 -0700] "GET /blog4/wp-content/uploads/2018/08/livro_mestico_CAPA-2peq.png HTTP/1.1" 200 35385 "https://nacaomestica.org/blog4/?p=17752" "Mozilla/5.0 (iPhone; CPU iPhone OS 14_8_1 like Mac OS X) AppleWebKit/605.1.15 (KHTML, like Gecko) Version/14.1.2 Mobile/15E148 Safari/604.1" "nacaomestica.org"
177.188.242.152 - - [28/Sep/2022:19:10:45 -0700] "GET /blog4/wp-includes/js/mediaelement/mediaelementplayer-legacy.min.css?ver=4.2.16 HTTP/1.1" 200 2592 "https://nacaomestica.org/blog4/?p=17752" "Mozilla/5.0 (iPhone; CPU iPhone OS 14_8_1 like Mac OS X) AppleWebKit/605.1.15 (KHTML, like Gecko) Version/14.1.2 Mobile/15E148 Safari/604.1" "nacaomestica.org"
177.188.242.152 - - [28/Sep/2022:19:10:45 -0700] "GET /blog4/wp-includes/js/wp-embed.min.js?ver=5.6.9 HTTP/1.1" 200 765 "https://nacaomestica.org/blog4/?p=17752" "Mozilla/5.0 (iPhone; CPU iPhone OS 14_8_1 like Mac OS X) AppleWebKit/605.1.15 (KHTML, like Gecko) Version/14.1.2 Mobile/15E148 Safari/604.1" "nacaomestica.org"
177.188.242.152 - - [28/Sep/2022:19:10:45 -0700] "GET /blog4/wp-includes/js/mediaelement/wp-mediaelement.min.js?ver=5.6.9 HTTP/1.1" 200 475 "https://nacaomestica.org/blog4/?p=17752" "Mozilla/5.0 (iPhone; CPU iPhone OS 14_8_1 like Mac OS X) AppleWebKit/605.1.15 (KHTML, like Gecko) Version/14.1.2 Mobile/15E148 Safari/604.1" "nacaomestica.org"
177.188.242.152 - - [28/Sep/2022:19:10:45 -0700] "GET /blog4/wp-includes/js/mediaelement/wp-mediaelement.min.css?ver=5.6.9 HTTP/1.1" 200 1156 "https://nacaomestica.org/blog4/?p=17752" "Mozilla/5.0 (iPhone; CPU iPhone OS 14_8_1 like Mac OS X) AppleWebKit/605.1.15 (KHTML, like Gecko) Version/14.1.2 Mobile/15E148 Safari/604.1" "nacaomestica.org"
177.188.242.152 - - [28/Sep/2022:19:10:45 -0700] "GET /blog4/wp-includes/js/mediaelement/mediaelement-migrate.min.js?ver=5.6.9 HTTP/1.1" 200 544 "https://nacaomestica.org/blog4/?p=17752" "Mozilla/5.0 (iPhone; CPU iPhone OS 14_8_1 like Mac OS X) AppleWebKit/605.1.15 (KHTML, like Gecko) Version/14.1.2 Mobile/15E148 Safari/604.1" "nacaomestica.org"
177.188.242.152 - - [28/Sep/2022:19:10:45 -0700] "GET /blog4/wp-content/plugins/wp-spamshield/js/jscripts-ftr2-min.js HTTP/1.1" 200 637 "https://nacaomestica.org/blog4/?p=17752" "Mozilla/5.0 (iPhone; CPU iPhone OS 14_8_1 like Mac OS X) AppleWebKit/605.1.15 (KHTML, like Gecko) Version/14.1.2 Mobile/15E148 Safari/604.1" "nacaomestica.org"
177.188.242.152 - - [28/Sep/2022:19:10:45 -0700] "GET /blog4/wp-includes/js/mediaelement/renderers/vimeo.min.js?ver=4.2.16 HTTP/1.1" 200 2284 "https://nacaomestica.org/blog4/?p=17752" "Mozilla/5.0 (iPhone; CPU iPhone OS 14_8_1 like Mac OS X) AppleWebKit/605.1.15 (KHTML, like Gecko) Version/14.1.2 Mobile/15E148 Safari/604.1" "nacaomestica.org"
177.188.242.152 - - [28/Sep/2022:19:10:45 -0700] "GET /blog4/wp-includes/js/mediaelement/mediaelement-and-player.min.js?ver=4.2.16 HTTP/1.1" 200 38657 "https://nacaomestica.org/blog4/?p=17752" "Mozilla/5.0 (iPhone; CPU iPhone OS 14_8_1 like Mac OS X) AppleWebKit/605.1.15 (KHTML, like Gecko) Version/14.1.2 Mobile/15E148 Safari/604.1" "nacaomestica.org"
177.188.242.152 - - [28/Sep/2022:19:10:46 -0700] "GET /blog4/wp-includes/js/wp-emoji-release.min.js?ver=5.6.9 HTTP/1.1" 200 4662 "https://nacaomestica.org/blog4/?p=17752" "Mozilla/5.0 (iPhone; CPU iPhone OS 14_8_1 like Mac OS X) AppleWebKit/605.1.15 (KHTML, like Gecko) Version/14.1.2 Mobile/15E148 Safari/604.1" "nacaomestica.org"
177.188.242.152 - - [28/Sep/2022:19:10:46 -0700] "GET /blog4/wp-content/themes/carrington-blog/img/sub-header-border-bottom.gif HTTP/1.1" 200 43 "https://nacaomestica.org/blog4/?p=17752" "Mozilla/5.0 (iPhone; CPU iPhone OS 14_8_1 like Mac OS X) AppleWebKit/605.1.15 (KHTML, like Gecko) Version/14.1.2 Mobile/15E148 Safari/604.1" "nacaomestica.org"
177.188.242.152 - - [28/Sep/2022:19:10:46 -0700] "GET /blog4/wp-content/themes/carrington-blog/img/comments-divider.gif HTTP/1.1" 200 6855 "https://nacaomestica.org/blog4/?p=17752" "Mozilla/5.0 (iPhone; CPU iPhone OS 14_8_1 like Mac OS X) AppleWebKit/605.1.15 (KHTML, like Gecko) Version/14.1.2 Mobile/15E148 Safari/604.1" "nacaomestica.org"
177.188.242.152 - - [28/Sep/2022:19:10:46 -0700] "GET /blog4/wp-content/themes/carrington-blog/img/sidebar-background.gif HTTP/1.1" 200 1515 "https://nacaomestica.org/blog4/?p=17752" "Mozilla/5.0 (iPhone; CPU iPhone OS 14_8_1 like Mac OS X) AppleWebKit/605.1.15 (KHTML, like Gecko) Version/14.1.2 Mobile/15E148 Safari/604.1" "nacaomestica.org"
177.188.242.152 - - [28/Sep/2022:19:10:46 -0700] "GET /blog4/wp-content/uploads/2015/04/ONCA_SITE2.png HTTP/1.1" 200 296324 "https://nacaomestica.org/blog4/?p=17752" "Mozilla/5.0 (iPhone; CPU iPhone OS 14_8_1 like Mac OS X) AppleWebKit/605.1.15 (KHTML, like Gecko) Version/14.1.2 Mobile/15E148 Safari/604.1" "nacaomestica.org"
177.188.242.152 - - [28/Sep/2022:19:10:46 -0700] "GET /blog4/wp-content/themes/carrington-blog/img/watermark-light.gif HTTP/1.1" 200 31981 "https://nacaomestica.org/blog4/?p=17752" "Mozilla/5.0 (iPhone; CPU iPhone OS 14_8_1 like Mac OS X) AppleWebKit/605.1.15 (KHTML, like Gecko) Version/14.1.2 Mobile/15E148 Safari/604.1" "nacaomestica.org"
177.188.242.152 - - [28/Sep/2022:19:10:46 -0700] "GET /blog4/wp-content/themes/carrington-blog/img/grey-to-white-gradient.png HTTP/1.1" 200 153 "https://nacaomestica.org/blog4/?p=17752" "Mozilla/5.0 (iPhone; CPU iPhone OS 14_8_1 like Mac OS X) AppleWebKit/605.1.15 (KHTML, like Gecko) Version/14.1.2 Mobile/15E148 Safari/604.1" "nacaomestica.org"
177.188.242.152 - - [28/Sep/2022:19:10:46 -0700] "GET /blog4/wp-content/themes/carrington-blog/img/comment-thread.gif HTTP/1.1" 200 236 "https://nacaomestica.org/blog4/?p=17752" "Mozilla/5.0 (iPhone; CPU iPhone OS 14_8_1 like Mac OS X) AppleWebKit/605.1.15 (KHTML, like Gecko) Version/14.1.2 Mobile/15E148 Safari/604.1" "nacaomestica.org"
177.188.242.152 - - [28/Sep/2022:19:10:46 -0700] "GET /blog4/wp-content/themes/carrington-blog/img/dropdown-divider.gif HTTP/1.1" 200 144 "https://nacaomestica.org/blog4/?p=17752" "Mozilla/5.0 (iPhone; CPU iPhone OS 14_8_1 like Mac OS X) AppleWebKit/605.1.15 (KHTML, like Gecko) Version/14.1.2 Mobile/15E148 Safari/604.1" "nacaomestica.org"
177.188.242.152 - - [28/Sep/2022:19:10:46 -0700] "GET /blog4/wp-content/themes/carrington-blog/img/comment.gif HTTP/1.1" 200 370 "https://nacaomestica.org/blog4/?p=17752" "Mozilla/5.0 (iPhone; CPU iPhone OS 14_8_1 like Mac OS X) AppleWebKit/605.1.15 (KHTML, like Gecko) Version/14.1.2 Mobile/15E148 Safari/604.1" "nacaomestica.org"
177.188.242.152 - - [28/Sep/2022:19:10:46 -0700] "GET /blog4/wp-content/themes/carrington-blog/img/divider-ornament.gif HTTP/1.1" 200 778 "https://nacaomestica.org/blog4/?p=17752" "Mozilla/5.0 (iPhone; CPU iPhone OS 14_8_1 like Mac OS X) AppleWebKit/605.1.15 (KHTML, like Gecko) Version/14.1.2 Mobile/15E148 Safari/604.1" "nacaomestica.org"
177.188.242.152 - - [28/Sep/2022:19:10:46 -0700] "GET /blog4/wp-content/themes/carrington-blog/img/arrow-bullet.gif HTTP/1.1" 200 50 "https://nacaomestica.org/blog4/?p=17752" "Mozilla/5.0 (iPhone; CPU iPhone OS 14_8_1 like Mac OS X) AppleWebKit/605.1.15 (KHTML, like Gecko) Version/14.1.2 Mobile/15E148 Safari/604.1" "nacaomestica.org"
177.188.242.152 - - [28/Sep/2022:19:10:46 -0700] "GET /blog4/wp-content/themes/carrington-blog/img/header/gradient-dark.png HTTP/1.1" 200 2877 "https://nacaomestica.org/blog4/?p=17752" "Mozilla/5.0 (iPhone; CPU iPhone OS 14_8_1 like Mac OS X) AppleWebKit/605.1.15 (KHTML, like Gecko) Version/14.1.2 Mobile/15E148 Safari/604.1" "nacaomestica.org"
177.188.242.152 - - [28/Sep/2022:19:10:46 -0700] "GET /blog4/wp-content/themes/carrington-blog/img/footer/by-crowd-favorite-light.png HTTP/1.1" 200 2825 "https://nacaomestica.org/blog4/?p=17752" "Mozilla/5.0 (iPhone; CPU iPhone OS 14_8_1 like Mac OS X) AppleWebKit/605.1.15 (KHTML, like Gecko) Version/14.1.2 Mobile/15E148 Safari/604.1" "nacaomestica.org"
177.188.242.152 - - [28/Sep/2022:19:10:46 -0700] "GET /blog4/wp-content/themes/carrington-blog/img/footer/divider-ornament-wide-light.png HTTP/1.1" 200 1601 "https://nacaomestica.org/blog4/?p=17752" "Mozilla/5.0 (iPhone; CPU iPhone OS 14_8_1 like Mac OS X) AppleWebKit/605.1.15 (KHTML, like Gecko) Version/14.1.2 Mobile/15E148 Safari/604.1" "nacaomestica.org"
177.188.242.152 - - [28/Sep/2022:19:10:46 -0700] "GET /blog4/wp-content/themes/carrington-blog/img/footer/gradient-light.png HTTP/1.1" 200 172 "https://nacaomestica.org/blog4/?p=17752" "Mozilla/5.0 (iPhone; CPU iPhone OS 14_8_1 like Mac OS X) AppleWebKit/605.1.15 (KHTML, like Gecko) Version/14.1.2 Mobile/15E148 Safari/604.1" "nacaomestica.org"
177.188.242.152 - - [28/Sep/2022:19:10:57 -0700] "GET /blog4/wp-content/themes/carrington-blog/carrington-core/lightbox/img/loadingAnimation.gif HTTP/1.1" 200 5886 "https://nacaomestica.org/blog4/?p=17752" "Mozilla/5.0 (iPhone; CPU iPhone OS 14_8_1 like Mac OS X) AppleWebKit/605.1.15 (KHTML, like Gecko) Version/14.1.2 Mobile/15E148 Safari/604.1" "nacaomestica.org"
177.188.242.152 - - [28/Sep/2022:19:10:57 -0700] "GET /blog4/wp-includes/js/mediaelement/mejs-controls.svg HTTP/1.1" 200 1413 "https://nacaomestica.org/blog4/?p=17752" "Mozilla/5.0 (iPhone; CPU iPhone OS 14_8_1 like Mac OS X) AppleWebKit/605.1.15 (KHTML, like Gecko) Version/14.1.2 Mobile/15E148 Safari/604.1" "nacaomestica.org"
199.16.157.181 - - [28/Sep/2022:19:10:58 -0700] "GET /robots.txt HTTP/1.1" 200 43 "-" "Twitterbot/1.0" "nacaomestica.org"
20.85.215.177 - - [28/Sep/2022:19:10:57 -0700] "GET /blog4/?cat=81 HTTP/1.1" 200 73991 "-" "Mozilla/5.0 (Linux; Android 7.0; SM-G930V Build/NRD90M) AppleWebKit/537.36 (KHTML, like Gecko) Chrome/59.0.3071.125 Mobile Safari/537.36" "nacaomestica.org"
199.16.157.183 - - [28/Sep/2022:19:10:59 -0700] "GET /robots.txt HTTP/1.1" 200 43 "-" "Twitterbot/1.0" "nacaomestica.org"
199.16.157.183 - - [28/Sep/2022:19:10:59 -0700] "GET /blog4/wp-content/uploads/2017/03/ussr-socialist-swastika1917-250b.jpg HTTP/1.1" 200 114847 "-" "Twitterbot/1.0" "nacaomestica.org"
177.188.242.152 - - [28/Sep/2022:19:10:59 -0700] "GET /favicon.ico HTTP/1.1" 200 676 "https://nacaomestica.org/blog4/?p=17752" "Mozilla/5.0 (iPhone; CPU iPhone OS 14_8_1 like Mac OS X) AppleWebKit/605.1.15 (KHTML, like Gecko) Version/14.1.2 Mobile/15E148 Safari/604.1" "nacaomestica.org"
178.158.19.181 - - [28/Sep/2022:19:10:58 -0700] "GET /blog4/?p=1782 HTTP/1.1" 200 80214 "https://nacaomestica.org/" "Mozilla/5.0 (Windows NT 10.0; WOW64) AppleWebKit/537.36 (KHTML, like Gecko) Chrome/103.0.0.0 YaBrowser/22.7.0 Yowser/2.5 Safari/537.36" "nacaomestica.org"
199.59.150.180 - - [28/Sep/2022:19:11:00 -0700] "GET /blog4/wp-content/uploads/2017/03/ussr-socialist-swastika1917-250b.jpg HTTP/1.1" 200 114847 "-" "Twitterbot/1.0" "nacaomestica.org"
199.16.157.181 - - [28/Sep/2022:19:11:00 -0700] "GET /blog4/wp-content/uploads/2017/03/ussr-socialist-swastika1917-250b.jpg HTTP/1.1" 200 114847 "-" "Twitterbot/1.0" "nacaomestica.org"
199.59.150.182 - - [28/Sep/2022:19:11:00 -0700] "GET /blog4/wp-content/uploads/2017/03/ussr-socialist-swastika1917-250b.jpg HTTP/1.1" 200 114847 "-" "Twitterbot/1.0" "nacaomestica.org"
199.16.157.181 - - [28/Sep/2022:19:11:00 -0700] "GET /blog4/wp-content/uploads/2017/03/ussr-socialist-swastika1917-250b.jpg HTTP/1.1" 200 114847 "-" "Twitterbot/1.0" "nacaomestica.org"
199.59.150.180 - - [28/Sep/2022:19:11:00 -0700] "GET /blog4/wp-content/uploads/2017/03/ussr-socialist-swastika1917-250b.jpg HTTP/1.1" 200 114847 "-" "Twitterbot/1.0" "nacaomestica.org"
192.133.77.16 - - [28/Sep/2022:19:11:00 -0700] "GET /blog4/wp-content/uploads/2017/03/ussr-socialist-swastika1917-250b.jpg HTTP/1.1" 200 114847 "-" "Twitterbot/1.0" "nacaomestica.org"
199.16.157.182 - - [28/Sep/2022:19:11:01 -0700] "GET /blog4/wp-content/uploads/2017/03/ussr-socialist-swastika1917-250b.jpg HTTP/1.1" 200 114847 "-" "Twitterbot/1.0" "nacaomestica.org"
192.133.77.15 - - [28/Sep/2022:19:11:01 -0700] "GET /blog4/wp-content/uploads/2017/03/ussr-socialist-swastika1917-250b.jpg HTTP/1.1" 200 114847 "-" "Twitterbot/1.0" "nacaomestica.org"
192.133.77.18 - - [28/Sep/2022:19:11:01 -0700] "GET /blog4/wp-content/uploads/2017/03/ussr-socialist-swastika1917-250b.jpg HTTP/1.1" 200 114847 "-" "Twitterbot/1.0" "nacaomestica.org"
199.16.157.181 - - [28/Sep/2022:19:10:58 -0700] "GET /blog4/?p=21142 HTTP/1.1" 200 158582 "-" "Twitterbot/1.0" "nacaomestica.org"
199.16.157.181 - - [28/Sep/2022:19:11:01 -0700] "GET /blog4/wp-content/uploads/2017/03/ussr-socialist-swastika1917-250b.jpg HTTP/1.1" 200 114847 "-" "Twitterbot/1.0" "nacaomestica.org"
20.85.215.177 - - [28/Sep/2022:19:11:00 -0700] "GET /blog4/?cat=1 HTTP/1.1" 200 90008 "-" "Mozilla/5.0 (Linux; Android 7.0; SM-G930V Build/NRD90M) AppleWebKit/537.36 (KHTML, like Gecko) Chrome/59.0.3071.125 Mobile Safari/537.36" "nacaomestica.org"
199.59.150.183 - - [28/Sep/2022:19:11:02 -0700] "GET /blog4/wp-content/uploads/2017/03/ussr-socialist-swastika1917-250b.jpg HTTP/1.1" 200 114847 "-" "Twitterbot/1.0" "nacaomestica.org"
199.59.150.180 - - [28/Sep/2022:19:11:02 -0700] "GET /blog4/wp-content/uploads/2017/03/ussr-socialist-swastika1917-250b.jpg HTTP/1.1" 200 114847 "-" "Twitterbot/1.0" "nacaomestica.org"
192.133.77.16 - - [28/Sep/2022:19:11:02 -0700] "GET /blog4/wp-content/uploads/2017/03/ussr-socialist-swastika1917-250b.jpg HTTP/1.1" 200 114847 "-" "Twitterbot/1.0" "nacaomestica.org"
45.228.238.193 - - [28/Sep/2022:19:11:06 -0700] "GET /blog4/wp-includes/js/mediaelement/wp-mediaelement.min.css?ver=5.6.9 HTTP/1.1" 200 1156 "https://nacaomestica.org/blog4/?p=17752" "Mozilla/5.0 (Linux; Android 12; M2101K7AI) AppleWebKit/537.36 (KHTML, like Gecko) Chrome/105.0.0.0 Mobile Safari/537.36" "nacaomestica.org"
45.228.238.193 - - [28/Sep/2022:19:11:06 -0700] "GET /blog4/wp-includes/js/mediaelement/mediaelementplayer-legacy.min.css?ver=4.2.16 HTTP/1.1" 200 2592 "https://nacaomestica.org/blog4/?p=17752" "Mozilla/5.0 (Linux; Android 12; M2101K7AI) AppleWebKit/537.36 (KHTML, like Gecko) Chrome/105.0.0.0 Mobile Safari/537.36" "nacaomestica.org"
45.228.238.193 - - [28/Sep/2022:19:11:07 -0700] "GET /blog4/wp-content/plugins/wp-spamshield/js/jscripts-ftr2-min.js HTTP/1.1" 200 637 "https://nacaomestica.org/blog4/?p=17752" "Mozilla/5.0 (Linux; Android 12; M2101K7AI) AppleWebKit/537.36 (KHTML, like Gecko) Chrome/105.0.0.0 Mobile Safari/537.36" "nacaomestica.org"
45.228.238.193 - - [28/Sep/2022:19:11:07 -0700] "GET /blog4/wp-includes/js/wp-embed.min.js?ver=5.6.9 HTTP/1.1" 200 765 "https://nacaomestica.org/blog4/?p=17752" "Mozilla/5.0 (Linux; Android 12; M2101K7AI) AppleWebKit/537.36 (KHTML, like Gecko) Chrome/105.0.0.0 Mobile Safari/537.36" "nacaomestica.org"
45.228.238.193 - - [28/Sep/2022:19:11:07 -0700] "GET /blog4/wp-includes/js/mediaelement/mediaelement-and-player.min.js?ver=4.2.16 HTTP/1.1" 200 38657 "https://nacaomestica.org/blog4/?p=17752" "Mozilla/5.0 (Linux; Android 12; M2101K7AI) AppleWebKit/537.36 (KHTML, like Gecko) Chrome/105.0.0.0 Mobile Safari/537.36" "nacaomestica.org"
45.228.238.193 - - [28/Sep/2022:19:11:07 -0700] "GET /blog4/wp-includes/js/mediaelement/mediaelement-migrate.min.js?ver=5.6.9 HTTP/1.1" 200 544 "https://nacaomestica.org/blog4/?p=17752" "Mozilla/5.0 (Linux; Android 12; M2101K7AI) AppleWebKit/537.36 (KHTML, like Gecko) Chrome/105.0.0.0 Mobile Safari/537.36" "nacaomestica.org"
45.228.238.193 - - [28/Sep/2022:19:11:07 -0700] "GET /blog4/wp-includes/js/mediaelement/wp-mediaelement.min.js?ver=5.6.9 HTTP/1.1" 200 475 "https://nacaomestica.org/blog4/?p=17752" "Mozilla/5.0 (Linux; Android 12; M2101K7AI) AppleWebKit/537.36 (KHTML, like Gecko) Chrome/105.0.0.0 Mobile Safari/537.36" "nacaomestica.org"
45.228.238.193 - - [28/Sep/2022:19:11:07 -0700] "GET /blog4/wp-includes/js/mediaelement/renderers/vimeo.min.js?ver=4.2.16 HTTP/1.1" 200 2284 "https://nacaomestica.org/blog4/?p=17752" "Mozilla/5.0 (Linux; Android 12; M2101K7AI) AppleWebKit/537.36 (KHTML, like Gecko) Chrome/105.0.0.0 Mobile Safari/537.36" "nacaomestica.org"
45.228.238.193 - - [28/Sep/2022:19:11:07 -0700] "GET /blog4/wp-content/themes/carrington-blog/img/rss-button.gif HTTP/1.1" 200 2208 "https://nacaomestica.org/blog4/?p=17752" "Mozilla/5.0 (Linux; Android 12; M2101K7AI) AppleWebKit/537.36 (KHTML, like Gecko) Chrome/105.0.0.0 Mobile Safari/537.36" "nacaomestica.org"
45.228.238.193 - - [28/Sep/2022:19:11:07 -0700] "GET /blog4/wp-includes/js/wp-emoji-release.min.js?ver=5.6.9 HTTP/1.1" 200 4662 "https://nacaomestica.org/blog4/?p=17752" "Mozilla/5.0 (Linux; Android 12; M2101K7AI) AppleWebKit/537.36 (KHTML, like Gecko) Chrome/105.0.0.0 Mobile Safari/537.36" "nacaomestica.org"
136.243.80.152 - - [28/Sep/2022:19:11:06 -0700] "GET /blog4/ HTTP/1.1" 200 88399 "-" "Mozilla/5.0 (compatible; TrendsmapResolver/0.1)" "nacaomestica.org"
45.228.238.193 - - [28/Sep/2022:19:11:08 -0700] "GET /blog4/wp-content/uploads/2016/02/pardo_preto1.png HTTP/1.1" 200 331753 "https://nacaomestica.org/blog4/?p=17752" "Mozilla/5.0 (Linux; Android 12; M2101K7AI) AppleWebKit/537.36 (KHTML, like Gecko) Chrome/105.0.0.0 Mobile Safari/537.36" "nacaomestica.org"
45.228.238.193 - - [28/Sep/2022:19:11:08 -0700] "GET /blog4/wp-content/uploads/2016/02/leopardo.png HTTP/1.1" 200 520833 "https://nacaomestica.org/blog4/?p=17752" "Mozilla/5.0 (Linux; Android 12; M2101K7AI) AppleWebKit/537.36 (KHTML, like Gecko) Chrome/105.0.0.0 Mobile Safari/537.36" "nacaomestica.org"
45.228.238.193 - - [28/Sep/2022:19:11:08 -0700] "GET /blog4/wp-content/themes/carrington-blog/img/sidebar-background.gif HTTP/1.1" 200 1515 "https://nacaomestica.org/blog4/wp-content/themes/carrington-blog/css/css.php" "Mozilla/5.0 (Linux; Android 12; M2101K7AI) AppleWebKit/537.36 (KHTML, like Gecko) Chrome/105.0.0.0 Mobile Safari/537.36" "nacaomestica.org"
136.243.80.152 - - [28/Sep/2022:19:11:06 -0700] "GET /blog4/ HTTP/1.1" 200 88399 "-" "Mozilla/5.0 (compatible; TrendsmapResolver/0.1)" "nacaomestica.org"
45.228.238.193 - - [28/Sep/2022:19:11:10 -0700] "GET /blog4/wp-content/themes/carrington-blog/img/header/gradient-dark.png HTTP/1.1" 200 2877 "https://nacaomestica.org/blog4/?p=17752" "Mozilla/5.0 (Linux; Android 12; M2101K7AI) AppleWebKit/537.36 (KHTML, like Gecko) Chrome/105.0.0.0 Mobile Safari/537.36" "nacaomestica.org"
45.228.238.193 - - [28/Sep/2022:19:11:10 -0700] "GET /blog4/wp-content/themes/carrington-blog/img/divider-ornament.gif HTTP/1.1" 200 778 "https://nacaomestica.org/blog4/wp-content/themes/carrington-blog/css/css.php" "Mozilla/5.0 (Linux; Android 12; M2101K7AI) AppleWebKit/537.36 (KHTML, like Gecko) Chrome/105.0.0.0 Mobile Safari/537.36" "nacaomestica.org"
45.228.238.193 - - [28/Sep/2022:19:11:10 -0700] "GET /blog4/wp-content/uploads/2018/08/livro_mestico_CAPA-2peq.png HTTP/1.1" 200 35385 "https://nacaomestica.org/blog4/?p=17752" "Mozilla/5.0 (Linux; Android 12; M2101K7AI) AppleWebKit/537.36 (KHTML, like Gecko) Chrome/105.0.0.0 Mobile Safari/537.36" "nacaomestica.org"
45.228.238.193 - - [28/Sep/2022:19:11:10 -0700] "GET /blog4/wp-includes/js/mediaelement/mejs-controls.svg HTTP/1.1" 200 1413 "https://nacaomestica.org/blog4/wp-includes/js/mediaelement/mediaelementplayer-legacy.min.css?ver=4.2.16" "Mozilla/5.0 (Linux; Android 12; M2101K7AI) AppleWebKit/537.36 (KHTML, like Gecko) Chrome/105.0.0.0 Mobile Safari/537.36" "nacaomestica.org"
45.228.238.193 - - [28/Sep/2022:19:11:10 -0700] "GET /blog4/wp-content/uploads/2015/04/ONCA_SITE2.png HTTP/1.1" 200 296324 "https://nacaomestica.org/blog4/?p=17752" "Mozilla/5.0 (Linux; Android 12; M2101K7AI) AppleWebKit/537.36 (KHTML, like Gecko) Chrome/105.0.0.0 Mobile Safari/537.36" "nacaomestica.org"
45.228.238.193 - - [28/Sep/2022:19:11:10 -0700] "GET /blog4/wp-content/themes/carrington-blog/img/arrow-bullet.gif HTTP/1.1" 200 50 "https://nacaomestica.org/blog4/wp-content/themes/carrington-blog/css/css.php" "Mozilla/5.0 (Linux; Android 12; M2101K7AI) AppleWebKit/537.36 (KHTML, like Gecko) Chrome/105.0.0.0 Mobile Safari/537.36" "nacaomestica.org"
45.228.238.193 - - [28/Sep/2022:19:11:10 -0700] "GET /blog4/wp-content/themes/carrington-blog/img/sub-header-border-bottom.gif HTTP/1.1" 200 43 "https://nacaomestica.org/blog4/wp-content/themes/carrington-blog/css/css.php" "Mozilla/5.0 (Linux; Android 12; M2101K7AI) AppleWebKit/537.36 (KHTML, like Gecko) Chrome/105.0.0.0 Mobile Safari/537.36" "nacaomestica.org"
45.228.238.193 - - [28/Sep/2022:19:11:10 -0700] "GET /blog4/wp-content/themes/carrington-blog/img/watermark-light.gif HTTP/1.1" 200 31981 "https://nacaomestica.org/blog4/wp-content/themes/carrington-blog/css/css.php" "Mozilla/5.0 (Linux; Android 12; M2101K7AI) AppleWebKit/537.36 (KHTML, like Gecko) Chrome/105.0.0.0 Mobile Safari/537.36" "nacaomestica.org"
45.228.238.193 - - [28/Sep/2022:19:11:10 -0700] "GET /blog4/wp-content/uploads/2016/02/mesticos_sombra-2.png HTTP/1.1" 200 191787 "https://nacaomestica.org/blog4/?p=17752" "Mozilla/5.0 (Linux; Android 12; M2101K7AI) AppleWebKit/537.36 (KHTML, like Gecko) Chrome/105.0.0.0 Mobile Safari/537.36" "nacaomestica.org"
45.228.238.193 - - [28/Sep/2022:19:11:10 -0700] "GET /blog4/wp-content/uploads/2016/02/EVOLUCAO_COR_CENSOS.png HTTP/1.1" 200 28612 "https://nacaomestica.org/blog4/?p=17752" "Mozilla/5.0 (Linux; Android 12; M2101K7AI) AppleWebKit/537.36 (KHTML, like Gecko) Chrome/105.0.0.0 Mobile Safari/537.36" "nacaomestica.org"
45.228.238.193 - - [28/Sep/2022:19:11:10 -0700] "GET /blog4/wp-content/themes/carrington-blog/img/comments-divider.gif HTTP/1.1" 200 6855 "https://nacaomestica.org/blog4/wp-content/themes/carrington-blog/css/css.php" "Mozilla/5.0 (Linux; Android 12; M2101K7AI) AppleWebKit/537.36 (KHTML, like Gecko) Chrome/105.0.0.0 Mobile Safari/537.36" "nacaomestica.org"
45.228.238.193 - - [28/Sep/2022:19:11:10 -0700] "GET /blog4/wp-content/themes/carrington-blog/img/dropdown-divider.gif HTTP/1.1" 200 144 "https://nacaomestica.org/blog4/wp-content/themes/carrington-blog/css/css.php" "Mozilla/5.0 (Linux; Android 12; M2101K7AI) AppleWebKit/537.36 (KHTML, like Gecko) Chrome/105.0.0.0 Mobile Safari/537.36" "nacaomestica.org"
45.228.238.193 - - [28/Sep/2022:19:11:10 -0700] "GET /blog4/wp-content/uploads/2016/02/mouro.jpg HTTP/1.1" 200 123760 "https://nacaomestica.org/blog4/?p=17752" "Mozilla/5.0 (Linux; Android 12; M2101K7AI) AppleWebKit/537.36 (KHTML, like Gecko) Chrome/105.0.0.0 Mobile Safari/537.36" "nacaomestica.org"
45.228.238.193 - - [28/Sep/2022:19:11:10 -0700] "GET /blog4/wp-content/themes/carrington-blog/img/comment-thread.gif HTTP/1.1" 200 236 "https://nacaomestica.org/blog4/wp-content/themes/carrington-blog/css/css.php" "Mozilla/5.0 (Linux; Android 12; M2101K7AI) AppleWebKit/537.36 (KHTML, like Gecko) Chrome/105.0.0.0 Mobile Safari/537.36" "nacaomestica.org"
45.228.238.193 - - [28/Sep/2022:19:11:10 -0700] "GET /blog4/wp-content/themes/carrington-blog/img/footer/gradient-light.png HTTP/1.1" 200 172 "https://nacaomestica.org/blog4/?p=17752" "Mozilla/5.0 (Linux; Android 12; M2101K7AI) AppleWebKit/537.36 (KHTML, like Gecko) Chrome/105.0.0.0 Mobile Safari/537.36" "nacaomestica.org"
45.228.238.193 - - [28/Sep/2022:19:11:10 -0700] "GET /blog4/wp-content/themes/carrington-blog/img/footer/by-crowd-favorite-light.png HTTP/1.1" 200 2825 "https://nacaomestica.org/blog4/?p=17752" "Mozilla/5.0 (Linux; Android 12; M2101K7AI) AppleWebKit/537.36 (KHTML, like Gecko) Chrome/105.0.0.0 Mobile Safari/537.36" "nacaomestica.org"
45.228.238.193 - - [28/Sep/2022:19:11:10 -0700] "GET /blog4/wp-content/themes/carrington-blog/carrington-core/lightbox/img/loadingAnimation.gif HTTP/1.1" 200 5886 "https://nacaomestica.org/blog4/?p=17752" "Mozilla/5.0 (Linux; Android 12; M2101K7AI) AppleWebKit/537.36 (KHTML, like Gecko) Chrome/105.0.0.0 Mobile Safari/537.36" "nacaomestica.org"
45.228.238.193 - - [28/Sep/2022:19:11:10 -0700] "GET /blog4/wp-content/themes/carrington-blog/img/grey-to-white-gradient.png HTTP/1.1" 200 153 "https://nacaomestica.org/blog4/wp-content/themes/carrington-blog/css/css.php" "Mozilla/5.0 (Linux; Android 12; M2101K7AI) AppleWebKit/537.36 (KHTML, like Gecko) Chrome/105.0.0.0 Mobile Safari/537.36" "nacaomestica.org"
45.228.238.193 - - [28/Sep/2022:19:11:10 -0700] "GET /blog4/wp-content/themes/carrington-blog/img/footer/divider-ornament-wide-light.png HTTP/1.1" 200 1601 "https://nacaomestica.org/blog4/wp-content/themes/carrington-blog/css/css.php" "Mozilla/5.0 (Linux; Android 12; M2101K7AI) AppleWebKit/537.36 (KHTML, like Gecko) Chrome/105.0.0.0 Mobile Safari/537.36" "nacaomestica.org"
45.228.238.193 - - [28/Sep/2022:19:11:10 -0700] "GET /blog4/wp-content/themes/carrington-blog/img/comment.gif HTTP/1.1" 200 370 "https://nacaomestica.org/blog4/wp-content/themes/carrington-blog/css/css.php" "Mozilla/5.0 (Linux; Android 12; M2101K7AI) AppleWebKit/537.36 (KHTML, like Gecko) Chrome/105.0.0.0 Mobile Safari/537.36" "nacaomestica.org"
45.228.238.193 - - [28/Sep/2022:19:11:10 -0700] "GET /blog4/wp-content/uploads/2016/02/nem_raca_nem_cor1.png HTTP/1.1" 200 1041615 "https://nacaomestica.org/blog4/?p=17752" "Mozilla/5.0 (Linux; Android 12; M2101K7AI) AppleWebKit/537.36 (KHTML, like Gecko) Chrome/105.0.0.0 Mobile Safari/537.36" "nacaomestica.org"
20.85.215.177 - - [28/Sep/2022:19:11:08 -0700] "GET /blog4/?tag=discriminacao HTTP/1.1" 200 85992 "-" "Mozilla/5.0 (Linux; Android 7.0; SM-G930V Build/NRD90M) AppleWebKit/537.36 (KHTML, like Gecko) Chrome/59.0.3071.125 Mobile Safari/537.36" "nacaomestica.org"
95.217.8.152 - - [28/Sep/2022:19:11:10 -0700] "GET /blog4/?p=21142 HTTP/1.1" 200 158582 "-" "Mozilla/5.0 (Macintosh; Intel Mac OS X 10.12; rv:60.0) Gecko/20100101 Firefox/60.0" "nacaomestica.org"
35.203.135.20 - - [28/Sep/2022:19:11:14 -0700] "HEAD /blog4/?p=21142 HTTP/1.1" 200 - "-" "Mozilla/5.0 (Macintosh; Intel Mac OS X 10_14_5) AppleWebKit/537.36 (KHTML, like Gecko) Chrome/78.0.3904.108 Safari/537.36" "nacaomestica.org"
35.203.135.20 - - [28/Sep/2022:19:11:14 -0700] "HEAD /blog4/?p=21142 HTTP/1.1" 200 - "-" "-" "nacaomestica.org"
35.203.135.20 - - [28/Sep/2022:19:11:14 -0700] "HEAD /blog4/?p=21142 HTTP/1.1" 200 - "-" "Mozilla/5.0 (iPhone; CPU iPhone OS 12_2 like Mac OS X) AppleWebKit/605.1.15 (KHTML, like Gecko) Version/12.1 Mobile/15E148 Safari/604.1" "nacaomestica.org"
20.85.215.177 - - [28/Sep/2022:19:11:19 -0700] "GET /blog4/?cat=220 HTTP/1.1" 200 75763 "-" "Mozilla/5.0 (Linux; Android 7.0; SM-G930V Build/NRD90M) AppleWebKit/537.36 (KHTML, like Gecko) Chrome/59.0.3071.125 Mobile Safari/537.36" "nacaomestica.org"
45.228.238.193 - - [28/Sep/2022:19:11:23 -0700] "GET /favicon.ico HTTP/1.1" 200 676 "https://nacaomestica.org/blog4/?p=17752" "Mozilla/5.0 (Linux; Android 12; M2101K7AI) AppleWebKit/537.36 (KHTML, like Gecko) Chrome/105.0.0.0 Mobile Safari/537.36" "nacaomestica.org"
179.67.145.17 - - [28/Sep/2022:19:11:24 -0700] "GET /blog4/?p=22557 HTTP/1.1" 200 73309 "https://www.google.com/" "Mozilla/5.0 (Macintosh; Intel Mac OS X 10_15_7) AppleWebKit/537.36 (KHTML, like Gecko) Chrome/105.0.0.0 Safari/537.36" "nacaomestica.org"
144.76.22.135 - - [28/Sep/2022:19:11:29 -0700] "GET /robots.txt HTTP/1.1" 200 59 "-" "Mozilla/5.0 (X11; U; Linux x86_64; en-US; rv:1.9.2) Gecko/20100222 Ubuntu/10.04 (lucid) Firefox/52.7.4" "nacaomestica.org"
199.59.150.181 - - [28/Sep/2022:19:11:28 -0700] "GET /blog4/?p=21142 HTTP/1.1" 200 158582 "-" "Twitterbot/1.0" "nacaomestica.org"
192.133.77.14 - - [28/Sep/2022:19:11:28 -0700] "GET /blog4/?p=21142 HTTP/1.1" 200 158582 "-" "Twitterbot/1.0" "nacaomestica.org"
135.181.214.38 - - [28/Sep/2022:19:11:31 -0700] "GET /blog4/wp-content/uploads/2017/03/ussr-socialist-soviet-swastika1918-5000-10000-300x181.jpg HTTP/1.1" 200 19856 "-" "Mozilla/5.0 (Windows NT 10.0; Win64; x64; rv:57.0) Gecko/20100101 Firefox/57.0" "nacaomestica.org"
95.217.32.126 - - [28/Sep/2022:19:11:32 -0700] "GET /blog4/wp-content/uploads/2017/03/Svast1-300x176.jpg HTTP/1.1" 200 15583 "-" "Mozilla/5.0 (Windows NT 10.0; WOW64; rv:56.0) Gecko/20100101 Firefox/57.0" "nacaomestica.org"
65.21.178.68 - - [28/Sep/2022:19:11:32 -0700] "GET /blog4/wp-content/uploads/2017/03/swast_haken-1.png HTTP/1.1" 200 21361 "-" "Mozilla/5.0 (Macintosh; Intel Mac OS X 10.12; rv:58.0) Gecko/20100101 Firefox/58.0" "nacaomestica.org"
144.76.22.135 - - [28/Sep/2022:19:11:30 -0700] "GET /blog4/?p=21142 HTTP/1.1" 200 158582 "-" "Mozilla/5.0 (X11; U; Linux x86_64; en-US; rv:1.9.2) Gecko/20100222 Ubuntu/10.04 (lucid) Firefox/52.7.4" "nacaomestica.org"
178.158.19.181 - - [28/Sep/2022:19:11:31 -0700] "POST /blog4/wp-comments-post.php HTTP/1.1" 403 3072 "https://nacaomestica.org/blog4/?p=1782" "Mozilla/5.0 (Windows NT 10.0; WOW64) AppleWebKit/537.36 (KHTML, like Gecko) Chrome/103.0.0.0 YaBrowser/22.7.0 Yowser/2.5 Safari/537.36" "nacaomestica.org"
66.70.151.131 - - [28/Sep/2022:19:11:34 -0700] "GET /blog4/wp-content/uploads/2017/03/Svast1-1024x602.jpg HTTP/1.1" 200 183493 "-" "Mozilla/5.0 (Windows NT 10.0; Win64; x64; rv:52.0) Gecko/20100101 Firefox/59.0" "nacaomestica.org"
95.217.32.126 - - [28/Sep/2022:19:11:34 -0700] "GET /blog4/wp-content/uploads/2017/03/1807_674434495f00a4cL-1024x659.jpg HTTP/1.1" 200 224984 "-" "Mozilla/5.0 (Windows NT 10.0; rv:50.0) Gecko/20100101 Firefox/50.0" "nacaomestica.org"
65.21.178.68 - - [28/Sep/2022:19:11:35 -0700] "GET /blog4/wp-content/uploads/2017/03/1453942828_4-231x300.jpg HTTP/1.1" 200 17342 "-" "Mozilla/5.0 (Macintosh; Intel Mac OS X 10.12; rv:58.0) Gecko/20100101 Firefox/58.0" "nacaomestica.org"
199.59.150.182 - - [28/Sep/2022:19:11:36 -0700] "GET /blog4/wp-content/uploads/2017/03/ussr-socialist-swastika1917-250b.jpg HTTP/1.1" 200 114847 "-" "Twitterbot/1.0" "nacaomestica.org"
178.158.19.181 - - [28/Sep/2022:19:11:34 -0700] "POST /blog4/wp-comments-post.php HTTP/1.1" 403 3072 "https://nacaomestica.org/blog4/?p=1782" "Mozilla/5.0 (Windows NT 10.0; WOW64) AppleWebKit/537.36 (KHTML, like Gecko) Chrome/103.0.0.0 YaBrowser/22.7.0 Yowser/2.5 Safari/537.36" "nacaomestica.org"
95.217.9.35 - - [28/Sep/2022:19:11:36 -0700] "GET /blog4/wp-content/uploads/2017/03/5d52687934f337b9d66eb83d7fa9c728.jpg HTTP/1.1" 200 154769 "-" "Mozilla/5.0 (Windows NT 6.1) AppleWebKit/537.36 (KHTML, like Gecko) Chrome/71.0.3578.98 Safari/537.36" "nacaomestica.org"
95.217.5.33 - - [28/Sep/2022:19:11:37 -0700] "GET /blog4/wp-content/uploads/2017/03/foice.png HTTP/1.1" 200 466413 "-" "Mozilla/5.0 (Windows NT 6.1; Win64; x64) AppleWebKit/537.36 (KHTML, like Gecko) Chrome/71.0.3578.98 Safari/537.36" "nacaomestica.org"
198.100.144.147 - - [28/Sep/2022:19:11:37 -0700] "GET /blog4/wp-content/uploads/2017/03/5d52687934f337b9d66eb83d7fa9c728-300x264.jpg HTTP/1.1" 200 21141 "-" "Mozilla/5.0 (Windows NT 10.0; WOW64; rv:51.0) Gecko/20100101 Firefox/47.0" "nacaomestica.org"
95.217.32.126 - - [28/Sep/2022:19:11:38 -0700] "GET /blog4/wp-content/uploads/2017/03/desfile.png HTTP/1.1" 200 255568 "-" "Mozilla/5.0 (Windows NT 10.0; WOW64; rv:56.0) Gecko/20100101 Firefox/57.0" "nacaomestica.org"
178.158.19.181 - - [28/Sep/2022:19:11:36 -0700] "POST /blog4/wp-comments-post.php HTTP/1.1" 403 3072 "https://nacaomestica.org/blog4/?p=1782" "Mozilla/5.0 (Windows NT 10.0; WOW64) AppleWebKit/537.36 (KHTML, like Gecko) Chrome/103.0.0.0 YaBrowser/22.7.0 Yowser/2.5 Safari/537.36" "nacaomestica.org"
135.181.214.38 - - [28/Sep/2022:19:11:39 -0700] "GET /blog4/wp-content/uploads/2017/03/foice-300x147.png HTTP/1.1" 200 88878 "-" "Mozilla/5.0 (Macintosh; Intel Mac OS X 10.13; rv:59.0) Gecko/20100101 Firefox/59.0" "nacaomestica.org"
178.158.19.181 - - [28/Sep/2022:19:11:39 -0700] "POST /blog4/wp-comments-post.php HTTP/1.1" 403 3072 "https://nacaomestica.org/blog4/?p=1782" "Mozilla/5.0 (Windows NT 10.0; WOW64) AppleWebKit/537.36 (KHTML, like Gecko) Chrome/103.0.0.0 YaBrowser/22.7.0 Yowser/2.5 Safari/537.36" "nacaomestica.org"
135.181.214.38 - - [28/Sep/2022:19:11:42 -0700] "GET /blog4/wp-content/uploads/2017/03/suastica_doc-1-300x225.png HTTP/1.1" 200 100156 "-" "Mozilla/5.0 (Macintosh; Intel Mac OS X 10.13; rv:59.0) Gecko/20100101 Firefox/59.0" "nacaomestica.org"
135.181.214.38 - - [28/Sep/2022:19:11:42 -0700] "GET /blog4/wp-content/uploads/2017/03/ussr-socialist-swastika1917-250b-289x300.jpg HTTP/1.1" 200 29331 "-" "Mozilla/5.0 (Macintosh; U; Intel Mac OS X 10.13; rv:59.0) Gecko/20100101 Firefox/59.0" "nacaomestica.org"
20.85.215.177 - - [28/Sep/2022:19:11:43 -0700] "GET /blog4/?cat=199 HTTP/1.1" 200 100395 "-" "Mozilla/5.0 (Linux; Android 7.0; SM-G930V Build/NRD90M) AppleWebKit/537.36 (KHTML, like Gecko) Chrome/59.0.3071.125 Mobile Safari/537.36" "nacaomestica.org"
178.158.19.181 - - [28/Sep/2022:19:11:42 -0700] "GET /blog4/?p=1782 HTTP/1.1" 200 80214 "-" "Mozilla/5.0 (Windows NT 10.0; WOW64) AppleWebKit/537.36 (KHTML, like Gecko) Chrome/103.0.0.0 YaBrowser/22.7.0 Yowser/2.5 Safari/537.36" "nacaomestica.org"
65.109.8.145 - - [28/Sep/2022:19:11:45 -0700] "GET /blog4/wp-content/uploads/2017/03/ussr-socialist-swastika1919-1920cav-red-army-prikaz.jpg HTTP/1.1" 200 59891 "-" "Mozilla/5.0 (Windows NT 10.0; Win64; x64; rv:53.0) Gecko/20100101 Firefox/53.0" "nacaomestica.org"
65.108.219.170 - - [28/Sep/2022:19:11:46 -0700] "GET /blog4/wp-content/uploads/2017/03/desfile-276x300.png HTTP/1.1" 200 118194 "-" "Mozilla/5.0 (Windows NT 10.0; Win64; x64; rv:52.9) Gecko/20100101 Goanna/4.1 Firefox/52.9 PaleMoon/28.0.0" "nacaomestica.org"
20.85.215.177 - - [28/Sep/2022:19:11:44 -0700] "GET /blog4/?cat=24 HTTP/1.1" 200 97887 "-" "Mozilla/5.0 (Linux; Android 7.0; SM-G930V Build/NRD90M) AppleWebKit/537.36 (KHTML, like Gecko) Chrome/59.0.3071.125 Mobile Safari/537.36" "nacaomestica.org"
135.181.214.38 - - [28/Sep/2022:19:11:47 -0700] "GET /blog4/wp-content/uploads/2017/03/Svast1-768x451.jpg HTTP/1.1" 200 102599 "-" "Mozilla/5.0 (Macintosh; U; Intel Mac OS X 10.13; rv:59.0) Gecko/20100101 Firefox/59.0" "nacaomestica.org"
135.181.31.125 - - [28/Sep/2022:19:11:48 -0700] "GET /blog4/wp-content/uploads/2017/03/1453942828_4.jpg HTTP/1.1" 200 140994 "-" "Mozilla/5.0 (Windows NT 10.0; WOW64; rv:46.0) Gecko/20100101 Firefox/46.0" "nacaomestica.org"
95.217.32.126 - - [28/Sep/2022:19:11:49 -0700] "GET /blog4/wp-content/uploads/2017/03/Svast1.jpg HTTP/1.1" 200 595009 "-" "Mozilla/5.0 (Macintosh; Intel Mac OS X 10.13; rv:56.0) Gecko/20100101 Firefox/56.0" "nacaomestica.org"
135.181.214.38 - - [28/Sep/2022:19:11:49 -0700] "GET /blog4/wp-content/uploads/2017/03/1807_674434495f00a4cL-768x495.jpg HTTP/1.1" 200 123261 "-" "Mozilla/5.0 (Windows NT 10.0; Win64; x64; rv:57.0) Gecko/20100101 Firefox/57.0" "nacaomestica.org"
10.213.116.70 - - [28/Sep/2022:19:11:49 -0700] "POST /blog4/wp-cron.php?doing_wp_cron=1664417509.4248480796813964843750 HTTP/1.1" 200 - "https://nacaomestica.org/blog4/wp-cron.php?doing_wp_cron=1664417509.4248480796813964843750" "WordPress/5.6.9; https://nacaomestica.org/blog4" "nacaomestica.org"
20.85.215.177 - - [28/Sep/2022:19:11:48 -0700] "GET /blog4/?cat=248 HTTP/1.1" 200 81566 "-" "Mozilla/5.0 (Linux; Android 7.0; SM-G930V Build/NRD90M) AppleWebKit/537.36 (KHTML, like Gecko) Chrome/59.0.3071.125 Mobile Safari/537.36" "nacaomestica.org"
95.217.32.126 - - [28/Sep/2022:19:11:52 -0700] "GET /blog4/wp-content/uploads/2017/03/ussr-socialist-soviet-swastika1918-5000-10000.jpg HTTP/1.1" 200 43788 "-" "Mozilla/5.0 (Macintosh; Intel Mac OS X 10.14; rv:52.0) Gecko/20100101 Firefox/52.0 SeaMonkey/2.49.2" "nacaomestica.org"
95.217.32.126 - - [28/Sep/2022:19:11:52 -0700] "GET /blog4/wp-content/uploads/2017/03/foice-768x377.png HTTP/1.1" 200 491613 "-" "Mozilla/5.0 (Windows NT 10.0; WOW64; rv:56.0) Gecko/20100101 Firefox/57.0" "nacaomestica.org"
66.70.151.131 - - [28/Sep/2022:19:11:53 -0700] "GET /blog4/wp-content/uploads/2017/03/1807_674434495f00a4cL-300x193.jpg HTTP/1.1" 200 16872 "-" "Mozilla/5.0 (Windows NT 10.0; Win64; x64; rv:52.0) Gecko/20100101 Firefox/59.0" "nacaomestica.org"
