207.46.13.184 - - [29/Sep/2022:03:11:20 -0700] "GET /blog4/?p=12923 HTTP/1.1" 500 2609 "-" "Mozilla/5.0 (compatible; bingbot/2.0; +http://www.bing.com/bingbot.htm)" "nacaomestica.org"
207.46.13.187 - - [29/Sep/2022:03:11:20 -0700] "GET /blog4/?p=20146 HTTP/1.1" 500 2609 "-" "Mozilla/5.0 AppleWebKit/537.36 (KHTML, like Gecko; compatible; bingbot/2.0; +http://www.bing.com/bingbot.htm) Chrome/103.0.5060.134 Safari/537.36" "nacaomestica.org"
207.46.13.187 - - [29/Sep/2022:03:11:21 -0700] "GET /hemero_090411_o_globo_parda_excluida_ufsm.htm HTTP/1.1" 200 3401 "-" "Mozilla/5.0 (compatible; bingbot/2.0; +http://www.bing.com/bingbot.htm)" "nacaomestica.org"
207.46.13.187 - - [29/Sep/2022:03:11:21 -0700] "GET /blog4/?cat=131 HTTP/1.1" 500 2609 "-" "Mozilla/5.0 (compatible; bingbot/2.0; +http://www.bing.com/bingbot.htm)" "nacaomestica.org"
157.90.181.151 - - [29/Sep/2022:03:11:21 -0700] "GET /blog4/wp-trackback.php?p=1007 HTTP/1.1" 500 2609 "-" "Mozilla/5.0 (compatible; BLEXBot/1.0; +http://webmeup-crawler.com/)" "nacaomestica.org"
207.46.13.187 - - [29/Sep/2022:03:11:21 -0700] "GET /blog4/?p=12355 HTTP/1.1" 500 2609 "-" "Mozilla/5.0 (compatible; bingbot/2.0; +http://www.bing.com/bingbot.htm)" "nacaomestica.org"
207.46.13.27 - - [29/Sep/2022:03:11:23 -0700] "GET /blog4/?author=1 HTTP/1.1" 500 2609 "-" "Mozilla/5.0 AppleWebKit/537.36 (KHTML, like Gecko; compatible; bingbot/2.0; +http://www.bing.com/bingbot.htm) Chrome/103.0.5060.134 Safari/537.36" "nacaomestica.org"
207.46.13.29 - - [29/Sep/2022:03:11:24 -0700] "GET /blog4/?p=30110 HTTP/1.1" 500 2609 "-" "Mozilla/5.0 (compatible; bingbot/2.0; +http://www.bing.com/bingbot.htm)" "nacaomestica.org"
40.77.167.37 - - [29/Sep/2022:03:11:25 -0700] "GET /blog4/?cat=20 HTTP/1.1" 500 2609 "-" "Mozilla/5.0 (compatible; bingbot/2.0; +http://www.bing.com/bingbot.htm)" "nacaomestica.org"
207.46.13.27 - - [29/Sep/2022:03:11:33 -0700] "GET /blog4/?cat=203 HTTP/1.1" 500 2609 "-" "Mozilla/5.0 (compatible; bingbot/2.0; +http://www.bing.com/bingbot.htm)" "nacaomestica.org"
207.46.13.29 - - [29/Sep/2022:03:11:38 -0700] "GET /blog4/?p=17752 HTTP/1.1" 500 2609 "-" "Mozilla/5.0 AppleWebKit/537.36 (KHTML, like Gecko; compatible; bingbot/2.0; +http://www.bing.com/bingbot.htm) Chrome/103.0.5060.134 Safari/537.36" "nacaomestica.org"
207.46.13.29 - - [29/Sep/2022:03:11:38 -0700] "GET /holocausto.htm HTTP/1.1" 200 13322 "-" "Mozilla/5.0 (compatible; bingbot/2.0; +http://www.bing.com/bingbot.htm)" "nacaomestica.org"
207.46.13.29 - - [29/Sep/2022:03:11:38 -0700] "GET /blog4/?p=18694 HTTP/1.1" 500 2609 "-" "Mozilla/5.0 (compatible; bingbot/2.0; +http://www.bing.com/bingbot.htm)" "nacaomestica.org"
157.90.181.151 - - [29/Sep/2022:03:11:42 -0700] "GET /blog4/wp-trackback.php?p=10096 HTTP/1.1" 500 2609 "-" "Mozilla/5.0 (compatible; BLEXBot/1.0; +http://webmeup-crawler.com/)" "nacaomestica.org"
157.90.181.151 - - [29/Sep/2022:03:12:04 -0700] "GET /blog4/wp-trackback.php?p=10128 HTTP/1.1" 500 2609 "-" "Mozilla/5.0 (compatible; BLEXBot/1.0; +http://webmeup-crawler.com/)" "nacaomestica.org"
189.124.237.94 - - [29/Sep/2022:03:12:17 -0700] "GET /outro_brasil_que_vem_ai.htm HTTP/1.1" 200 1289 "-" "Mozilla/5.0 (Linux; Android 8.1.0; SM-J260MU) AppleWebKit/537.36 (KHTML, like Gecko) Chrome/105.0.0.0 Mobile Safari/537.36" "www.nacaomestica.org"
189.124.237.94 - - [29/Sep/2022:03:12:18 -0700] "GET /favicon.ico HTTP/1.1" 200 676 "https://www.nacaomestica.org/outro_brasil_que_vem_ai.htm" "Mozilla/5.0 (Linux; Android 8.1.0; SM-J260MU) AppleWebKit/537.36 (KHTML, like Gecko) Chrome/105.0.0.0 Mobile Safari/537.36" "www.nacaomestica.org"
157.90.181.151 - - [29/Sep/2022:03:12:26 -0700] "GET /blog4/wp-trackback.php?p=10178 HTTP/1.1" 500 2609 "-" "Mozilla/5.0 (compatible; BLEXBot/1.0; +http://webmeup-crawler.com/)" "nacaomestica.org"
189.124.237.94 - - [29/Sep/2022:03:12:29 -0700] "GET /outro_brasil_que_vem_ai.htm HTTP/1.1" 200 1289 "-" "WhatsApp/2.22.19.76 A" "www.nacaomestica.org"
157.90.181.151 - - [29/Sep/2022:03:12:47 -0700] "GET /blog4/wp-trackback.php?p=10357 HTTP/1.1" 500 2609 "-" "Mozilla/5.0 (compatible; BLEXBot/1.0; +http://webmeup-crawler.com/)" "nacaomestica.org"
189.124.237.94 - - [29/Sep/2022:03:12:55 -0700] "GET /outro_brasil_que_vem_ai.htm HTTP/1.1" 304 - "-" "Mozilla/5.0 (Linux; Android 8.1.0; SM-J260MU) AppleWebKit/537.36 (KHTML, like Gecko) Chrome/105.0.0.0 Mobile Safari/537.36" "www.nacaomestica.org"
157.90.181.151 - - [29/Sep/2022:03:13:09 -0700] "GET /blog4/wp-trackback.php?p=10384 HTTP/1.1" 500 2609 "-" "Mozilla/5.0 (compatible; BLEXBot/1.0; +http://webmeup-crawler.com/)" "nacaomestica.org"
189.124.237.94 - - [29/Sep/2022:03:13:24 -0700] "GET /outro_brasil_que_vem_ai.htm HTTP/1.1" 200 1289 "-" "Mozilla/5.0 (Linux; Android 8.1.0; SM-J260MU Build/M1AJB) AppleWebKit/537.36 (KHTML, like Gecko) Version/4.0 Chrome/105.0.5195.136 Mobile Safari/537.36" "www.nacaomestica.org"
189.124.237.94 - - [29/Sep/2022:03:13:25 -0700] "GET /favicon.ico HTTP/1.1" 200 676 "https://www.nacaomestica.org/outro_brasil_que_vem_ai.htm" "Mozilla/5.0 (Linux; Android 8.1.0; SM-J260MU Build/M1AJB) AppleWebKit/537.36 (KHTML, like Gecko) Version/4.0 Chrome/105.0.5195.136 Mobile Safari/537.36" "www.nacaomestica.org"
157.90.181.151 - - [29/Sep/2022:03:13:31 -0700] "GET /blog4/wp-trackback.php?p=10402 HTTP/1.1" 500 2609 "-" "Mozilla/5.0 (compatible; BLEXBot/1.0; +http://webmeup-crawler.com/)" "nacaomestica.org"
106.53.124.110 - - [29/Sep/2022:03:13:31 -0700] "GET /blog4/wp-content/uploads/2012/11/FamousFiveFrontFINAL4.jpg HTTP/1.1" 200 41138 "-" "Mozilla/5.0 (X11; Ubuntu; Linux x86_64; rv:72.0) Gecko/20100101 Firefox/72.0" "nacaomestica.org"
17.121.115.229 - - [29/Sep/2022:03:13:48 -0700] "GET /blog4/?p=31042 HTTP/1.1" 500 2609 "-" "Mozilla/5.0 (Macintosh; Intel Mac OS X 10_15_5) AppleWebKit/605.1.15 (KHTML, like Gecko) Version/13.1.1 Safari/605.1.15 (Applebot/0.1; +http://www.apple.com/go/applebot)" "nacaomestica.org"
157.90.181.151 - - [29/Sep/2022:03:13:52 -0700] "GET /blog4/wp-trackback.php?p=1044 HTTP/1.1" 500 2609 "-" "Mozilla/5.0 (compatible; BLEXBot/1.0; +http://webmeup-crawler.com/)" "nacaomestica.org"
157.90.181.151 - - [29/Sep/2022:03:14:14 -0700] "GET /blog4/wp-trackback.php?p=10466 HTTP/1.1" 500 2609 "-" "Mozilla/5.0 (compatible; BLEXBot/1.0; +http://webmeup-crawler.com/)" "nacaomestica.org"
157.90.181.151 - - [29/Sep/2022:03:14:36 -0700] "GET /blog4/wp-trackback.php?p=10580 HTTP/1.1" 500 2609 "-" "Mozilla/5.0 (compatible; BLEXBot/1.0; +http://webmeup-crawler.com/)" "nacaomestica.org"
157.90.181.151 - - [29/Sep/2022:03:14:57 -0700] "GET /blog4/wp-trackback.php?p=10724 HTTP/1.1" 500 2609 "-" "Mozilla/5.0 (compatible; BLEXBot/1.0; +http://webmeup-crawler.com/)" "nacaomestica.org"
157.90.181.151 - - [29/Sep/2022:03:15:19 -0700] "GET /blog4/wp-trackback.php?p=10734 HTTP/1.1" 500 2609 "-" "Mozilla/5.0 (compatible; BLEXBot/1.0; +http://webmeup-crawler.com/)" "nacaomestica.org"
157.90.181.151 - - [29/Sep/2022:03:15:41 -0700] "GET /blog4/wp-trackback.php?p=10776 HTTP/1.1" 500 2609 "-" "Mozilla/5.0 (compatible; BLEXBot/1.0; +http://webmeup-crawler.com/)" "nacaomestica.org"
157.90.181.151 - - [29/Sep/2022:03:16:03 -0700] "GET /blog4/wp-trackback.php?p=10800 HTTP/1.1" 500 2609 "-" "Mozilla/5.0 (compatible; BLEXBot/1.0; +http://webmeup-crawler.com/)" "nacaomestica.org"
157.90.181.151 - - [29/Sep/2022:03:16:25 -0700] "GET /blog4/wp-trackback.php?p=10819 HTTP/1.1" 500 2609 "-" "Mozilla/5.0 (compatible; BLEXBot/1.0; +http://webmeup-crawler.com/)" "nacaomestica.org"
157.90.181.151 - - [29/Sep/2022:03:16:47 -0700] "GET /blog4/wp-trackback.php?p=10830 HTTP/1.1" 500 2609 "-" "Mozilla/5.0 (compatible; BLEXBot/1.0; +http://webmeup-crawler.com/)" "nacaomestica.org"
157.90.181.151 - - [29/Sep/2022:03:17:08 -0700] "GET /blog4/wp-trackback.php?p=10834 HTTP/1.1" 500 2609 "-" "Mozilla/5.0 (compatible; BLEXBot/1.0; +http://webmeup-crawler.com/)" "nacaomestica.org"
157.90.181.151 - - [29/Sep/2022:03:17:30 -0700] "GET /blog4/wp-trackback.php?p=10842 HTTP/1.1" 500 2609 "-" "Mozilla/5.0 (compatible; BLEXBot/1.0; +http://webmeup-crawler.com/)" "nacaomestica.org"
131.161.64.211 - - [29/Sep/2022:03:17:36 -0700] "GET /blog4/?p=17752 HTTP/1.1" 500 2609 "https://www.google.com.br/" "Mozilla/5.0 (iPhone; CPU iPhone OS 15_6_1 like Mac OS X) AppleWebKit/605.1.15 (KHTML, like Gecko) Version/15.6.1 Mobile/15E148 Safari/604.1" "nacaomestica.org"
131.161.64.211 - - [29/Sep/2022:03:17:37 -0700] "GET /favicon.ico HTTP/1.1" 200 676 "https://nacaomestica.org/" "Mozilla/5.0 (iPhone; CPU iPhone OS 15_6_1 like Mac OS X) AppleWebKit/605.1.15 (KHTML, like Gecko) Version/15.6.1 Mobile/15E148 Safari/604.1" "nacaomestica.org"
52.188.211.122 - - [29/Sep/2022:03:17:38 -0700] "GET /blog4/?cat=90 HTTP/1.1" 500 2609 "-" "Mozilla/5.0 (Linux; Android 7.0; SM-G930V Build/NRD90M) AppleWebKit/537.36 (KHTML, like Gecko) Chrome/59.0.3071.125 Mobile Safari/537.36" "nacaomestica.org"
157.90.181.151 - - [29/Sep/2022:03:17:52 -0700] "GET /blog4/wp-trackback.php?p=10900 HTTP/1.1" 500 2609 "-" "Mozilla/5.0 (compatible; BLEXBot/1.0; +http://webmeup-crawler.com/)" "nacaomestica.org"
52.188.211.122 - - [29/Sep/2022:03:18:00 -0700] "GET /blog4/?cat=90 HTTP/1.1" 500 2609 "-" "Mozilla/5.0 (Linux; Android 7.0; SM-G930V Build/NRD90M) AppleWebKit/537.36 (KHTML, like Gecko) Chrome/59.0.3071.125 Mobile Safari/537.36" "nacaomestica.org"
157.90.181.151 - - [29/Sep/2022:03:18:14 -0700] "GET /blog4/wp-trackback.php?p=10969 HTTP/1.1" 500 2609 "-" "Mozilla/5.0 (compatible; BLEXBot/1.0; +http://webmeup-crawler.com/)" "nacaomestica.org"
157.90.181.151 - - [29/Sep/2022:03:18:35 -0700] "GET /blog4/wp-trackback.php?p=11091 HTTP/1.1" 500 2609 "-" "Mozilla/5.0 (compatible; BLEXBot/1.0; +http://webmeup-crawler.com/)" "nacaomestica.org"
157.90.181.151 - - [29/Sep/2022:03:18:57 -0700] "GET /blog4/wp-trackback.php?p=11123 HTTP/1.1" 500 2609 "-" "Mozilla/5.0 (compatible; BLEXBot/1.0; +http://webmeup-crawler.com/)" "nacaomestica.org"
52.188.211.122 - - [29/Sep/2022:03:19:11 -0700] "GET /blog4/?cat=116 HTTP/1.1" 500 2609 "-" "Mozilla/5.0 (Linux; Android 7.0; SM-G930V Build/NRD90M) AppleWebKit/537.36 (KHTML, like Gecko) Chrome/59.0.3071.125 Mobile Safari/537.36" "nacaomestica.org"
52.188.211.122 - - [29/Sep/2022:03:19:12 -0700] "GET /blog4/?cat=116 HTTP/1.1" 500 2609 "-" "Mozilla/5.0 (Linux; Android 7.0; SM-G930V Build/NRD90M) AppleWebKit/537.36 (KHTML, like Gecko) Chrome/59.0.3071.125 Mobile Safari/537.36" "nacaomestica.org"
52.188.211.122 - - [29/Sep/2022:03:19:15 -0700] "GET /blog4/?tag=limpeza-etnica HTTP/1.1" 500 2609 "-" "Mozilla/5.0 (Linux; Android 7.0; SM-G930V Build/NRD90M) AppleWebKit/537.36 (KHTML, like Gecko) Chrome/59.0.3071.125 Mobile Safari/537.36" "nacaomestica.org"
52.188.211.122 - - [29/Sep/2022:03:19:17 -0700] "GET /blog4/?tag=limpeza-etnica HTTP/1.1" 500 2609 "-" "Mozilla/5.0 (Linux; Android 7.0; SM-G930V Build/NRD90M) AppleWebKit/537.36 (KHTML, like Gecko) Chrome/59.0.3071.125 Mobile Safari/537.36" "nacaomestica.org"
52.188.211.122 - - [29/Sep/2022:03:19:18 -0700] "GET /blog4/?cat=266 HTTP/1.1" 500 2609 "-" "Mozilla/5.0 (Linux; Android 7.0; SM-G930V Build/NRD90M) AppleWebKit/537.36 (KHTML, like Gecko) Chrome/59.0.3071.125 Mobile Safari/537.36" "nacaomestica.org"
52.188.211.122 - - [29/Sep/2022:03:19:18 -0700] "GET /blog4/?cat=266 HTTP/1.1" 500 2609 "-" "Mozilla/5.0 (Linux; Android 7.0; SM-G930V Build/NRD90M) AppleWebKit/537.36 (KHTML, like Gecko) Chrome/59.0.3071.125 Mobile Safari/537.36" "nacaomestica.org"
157.90.181.151 - - [29/Sep/2022:03:19:19 -0700] "GET /blog4/wp-trackback.php?p=11179 HTTP/1.1" 500 2609 "-" "Mozilla/5.0 (compatible; BLEXBot/1.0; +http://webmeup-crawler.com/)" "nacaomestica.org"
157.90.181.151 - - [29/Sep/2022:03:19:41 -0700] "GET /blog4/wp-trackback.php?p=11187 HTTP/1.1" 500 2609 "-" "Mozilla/5.0 (compatible; BLEXBot/1.0; +http://webmeup-crawler.com/)" "nacaomestica.org"
52.188.211.122 - - [29/Sep/2022:03:19:53 -0700] "GET /blog4/?cat=268 HTTP/1.1" 500 2609 "-" "Mozilla/5.0 (Linux; Android 7.0; SM-G930V Build/NRD90M) AppleWebKit/537.36 (KHTML, like Gecko) Chrome/59.0.3071.125 Mobile Safari/537.36" "nacaomestica.org"
52.188.211.122 - - [29/Sep/2022:03:19:54 -0700] "GET /blog4/?cat=268 HTTP/1.1" 500 2609 "-" "Mozilla/5.0 (Linux; Android 7.0; SM-G930V Build/NRD90M) AppleWebKit/537.36 (KHTML, like Gecko) Chrome/59.0.3071.125 Mobile Safari/537.36" "nacaomestica.org"
157.90.181.151 - - [29/Sep/2022:03:20:02 -0700] "GET /blog4/wp-trackback.php?p=11201 HTTP/1.1" 500 2609 "-" "Mozilla/5.0 (compatible; BLEXBot/1.0; +http://webmeup-crawler.com/)" "nacaomestica.org"
74.125.150.85 - - [29/Sep/2022:03:20:06 -0700] "GET /blog4/?feed=rss2 HTTP/1.1" 500 2609 "-" "FeedFetcher-Google; (+http://www.google.com/feedfetcher.html)" "nacaomestica.org"
45.160.89.207 - - [29/Sep/2022:03:20:10 -0700] "GET /blog4/wp-content/uploads/2018/09/PT_BRANCOS_E_NEGROS1.png HTTP/1.1" 200 127921 "-" "Dalvik/2.1.0 (Linux; U; Android 10; PCS02 Build/QP1A.190711.020)" "nacaomestica.org"
157.90.181.151 - - [29/Sep/2022:03:20:24 -0700] "GET /blog4/wp-trackback.php?p=11217 HTTP/1.1" 500 2609 "-" "Mozilla/5.0 (compatible; BLEXBot/1.0; +http://webmeup-crawler.com/)" "nacaomestica.org"
35.86.131.121 - - [29/Sep/2022:03:20:45 -0700] "GET / HTTP/1.1" 500 2609 "-" "Mozilla/5.0 (X11; Linux x86_64) AppleWebKit/537.36 (KHTML, like Gecko) Chrome/83.0.4103.97 Safari/537.36" "nacaomestica.org"
157.90.181.151 - - [29/Sep/2022:03:20:46 -0700] "GET /blog4/wp-trackback.php?p=11233 HTTP/1.1" 500 2609 "-" "Mozilla/5.0 (compatible; BLEXBot/1.0; +http://webmeup-crawler.com/)" "nacaomestica.org"
195.191.219.133 - - [29/Sep/2022:03:20:51 -0700] "GET /robots.txt HTTP/1.1" 200 43 "-" "Mozilla/5.0 (compatible; MJ12bot/v1.4.8; http://mj12bot.com/)" "www.nacaomestica.org"
195.191.219.133 - - [29/Sep/2022:03:20:55 -0700] "GET / HTTP/1.1" 500 236 "-" "Mozilla/5.0 (compatible; MJ12bot/v1.4.8; http://mj12bot.com/)" "www.nacaomestica.org"
54.245.135.52 - - [29/Sep/2022:03:20:55 -0700] "GET / HTTP/1.1" 500 2609 "-" "Mozilla/5.0 (X11; Linux x86_64) AppleWebKit/537.36 (KHTML, like Gecko) Chrome/83.0.4103.97 Safari/537.36" "nacaomestica.org"
207.46.13.27 - - [29/Sep/2022:03:21:05 -0700] "GET /blog4/wp-content/uploads/2018/07/Sem-t%C3%ADtulo-1.png HTTP/1.1" 200 83220 "-" "Mozilla/5.0 (compatible; bingbot/2.0; +http://www.bing.com/bingbot.htm)" "nacaomestica.org"
157.90.181.151 - - [29/Sep/2022:03:21:07 -0700] "GET /blog4/wp-trackback.php?p=11302 HTTP/1.1" 500 2609 "-" "Mozilla/5.0 (compatible; BLEXBot/1.0; +http://webmeup-crawler.com/)" "nacaomestica.org"
157.90.181.151 - - [29/Sep/2022:03:21:29 -0700] "GET /blog4/wp-trackback.php?p=11310 HTTP/1.1" 500 2609 "-" "Mozilla/5.0 (compatible; BLEXBot/1.0; +http://webmeup-crawler.com/)" "nacaomestica.org"
177.222.113.128 - - [29/Sep/2022:03:21:29 -0700] "GET /blog4/wp-content/uploads/2013/08/image_thumb114.png HTTP/1.1" 200 259021 "https://www.servindi.org/" "Mozilla/5.0 (Linux; Android 9; Redmi Note 8) AppleWebKit/537.36 (KHTML, like Gecko) Chrome/105.0.0.0 Mobile Safari/537.36" "nacaomestica.org"
177.222.113.128 - - [29/Sep/2022:03:21:39 -0700] "GET /blog4/wp-content/uploads/2013/08/image_thumb114.png HTTP/1.1" 206 1 "https://www.servindi.org/" "Mozilla/5.0 (Linux; Android 9; Redmi Note 8) AppleWebKit/537.36 (KHTML, like Gecko) Chrome/105.0.0.0 Mobile Safari/537.36" "nacaomestica.org"
52.188.211.122 - - [29/Sep/2022:03:21:41 -0700] "GET /blog4/?cat=263 HTTP/1.1" 500 2609 "-" "Mozilla/5.0 (Linux; Android 7.0; SM-G930V Build/NRD90M) AppleWebKit/537.36 (KHTML, like Gecko) Chrome/59.0.3071.125 Mobile Safari/537.36" "nacaomestica.org"
52.188.211.122 - - [29/Sep/2022:03:21:42 -0700] "GET /blog4/?cat=263 HTTP/1.1" 500 2609 "-" "Mozilla/5.0 (Linux; Android 7.0; SM-G930V Build/NRD90M) AppleWebKit/537.36 (KHTML, like Gecko) Chrome/59.0.3071.125 Mobile Safari/537.36" "nacaomestica.org"
157.90.181.151 - - [29/Sep/2022:03:21:51 -0700] "GET /blog4/wp-trackback.php?p=11337 HTTP/1.1" 500 2609 "-" "Mozilla/5.0 (compatible; BLEXBot/1.0; +http://webmeup-crawler.com/)" "nacaomestica.org"
45.160.89.207 - - [29/Sep/2022:03:21:53 -0700] "GET /blog4/wp-content/uploads/2018/09/MESTICO-NAO-VOTE-NO-RACISMO.png HTTP/1.1" 200 949792 "-" "Dalvik/2.1.0 (Linux; U; Android 10; PCS02 Build/QP1A.190711.020)" "nacaomestica.org"
157.90.181.151 - - [29/Sep/2022:03:22:13 -0700] "GET /blog4/wp-trackback.php?p=11381 HTTP/1.1" 500 2609 "-" "Mozilla/5.0 (compatible; BLEXBot/1.0; +http://webmeup-crawler.com/)" "nacaomestica.org"
178.158.19.181 - - [29/Sep/2022:03:22:17 -0700] "GET /blog4/?p=1782 HTTP/1.1" 500 2609 "-" "Mozilla/5.0 (X11; Ubuntu; Linux x86_64; rv:102.0) Gecko/20100101 Firefox/102.0" "nacaomestica.org"
52.188.211.122 - - [29/Sep/2022:03:22:23 -0700] "GET /blog4/ HTTP/1.1" 500 2609 "-" "Mozilla/5.0 (Linux; Android 7.0; SM-G930V Build/NRD90M) AppleWebKit/537.36 (KHTML, like Gecko) Chrome/59.0.3071.125 Mobile Safari/537.36" "nacaomestica.org"
52.188.211.122 - - [29/Sep/2022:03:22:23 -0700] "GET /blog4/ HTTP/1.1" 500 2609 "-" "Mozilla/5.0 (Linux; Android 7.0; SM-G930V Build/NRD90M) AppleWebKit/537.36 (KHTML, like Gecko) Chrome/59.0.3071.125 Mobile Safari/537.36" "nacaomestica.org"
52.188.211.122 - - [29/Sep/2022:03:22:25 -0700] "GET /blog4/?tag=amarelo HTTP/1.1" 500 2609 "-" "Mozilla/5.0 (Linux; Android 7.0; SM-G930V Build/NRD90M) AppleWebKit/537.36 (KHTML, like Gecko) Chrome/59.0.3071.125 Mobile Safari/537.36" "nacaomestica.org"
20.85.215.177 - - [29/Sep/2022:03:22:32 -0700] "GET /blog4/?cat=269 HTTP/1.1" 500 2609 "-" "Mozilla/5.0 (Linux; Android 7.0; SM-G930V Build/NRD90M) AppleWebKit/537.36 (KHTML, like Gecko) Chrome/59.0.3071.125 Mobile Safari/537.36" "nacaomestica.org"
20.85.215.177 - - [29/Sep/2022:03:22:33 -0700] "GET /blog4/?p=30917 HTTP/1.1" 500 2609 "-" "Mozilla/5.0 (Linux; Android 7.0; SM-G930V Build/NRD90M) AppleWebKit/537.36 (KHTML, like Gecko) Chrome/59.0.3071.125 Mobile Safari/537.36" "nacaomestica.org"
20.85.215.177 - - [29/Sep/2022:03:22:33 -0700] "GET /blog4/?cat=269 HTTP/1.1" 500 2609 "-" "Mozilla/5.0 (Linux; Android 7.0; SM-G930V Build/NRD90M) AppleWebKit/537.36 (KHTML, like Gecko) Chrome/59.0.3071.125 Mobile Safari/537.36" "nacaomestica.org"
20.85.215.177 - - [29/Sep/2022:03:22:35 -0700] "GET /blog4/?p=30917 HTTP/1.1" 500 2609 "-" "Mozilla/5.0 (Linux; Android 7.0; SM-G930V Build/NRD90M) AppleWebKit/537.36 (KHTML, like Gecko) Chrome/59.0.3071.125 Mobile Safari/537.36" "nacaomestica.org"
157.90.181.151 - - [29/Sep/2022:03:22:35 -0700] "GET /blog4/wp-trackback.php?p=11421 HTTP/1.1" 500 2609 "-" "Mozilla/5.0 (compatible; BLEXBot/1.0; +http://webmeup-crawler.com/)" "nacaomestica.org"
52.188.211.122 - - [29/Sep/2022:03:22:39 -0700] "GET /blog4/?tag=amarelo HTTP/1.1" 500 2609 "-" "Mozilla/5.0 (Linux; Android 7.0; SM-G930V Build/NRD90M) AppleWebKit/537.36 (KHTML, like Gecko) Chrome/59.0.3071.125 Mobile Safari/537.36" "nacaomestica.org"
52.188.211.122 - - [29/Sep/2022:03:22:40 -0700] "GET /blog4/?cat=182 HTTP/1.1" 500 2609 "-" "Mozilla/5.0 (Linux; Android 7.0; SM-G930V Build/NRD90M) AppleWebKit/537.36 (KHTML, like Gecko) Chrome/59.0.3071.125 Mobile Safari/537.36" "nacaomestica.org"
52.188.211.122 - - [29/Sep/2022:03:22:41 -0700] "GET /blog4/?cat=182 HTTP/1.1" 500 2609 "-" "Mozilla/5.0 (Linux; Android 7.0; SM-G930V Build/NRD90M) AppleWebKit/537.36 (KHTML, like Gecko) Chrome/59.0.3071.125 Mobile Safari/537.36" "nacaomestica.org"
66.249.68.80 - - [29/Sep/2022:03:22:47 -0700] "GET /blog4/wp-content/uploads/2016/04/democrata.jpg HTTP/1.1" 200 113704 "-" "Googlebot-Image/1.0" "nacaomestica.org"
20.85.215.177 - - [29/Sep/2022:03:22:54 -0700] "GET /blog4/?cat=102 HTTP/1.1" 500 2609 "-" "Mozilla/5.0 (Linux; Android 7.0; SM-G930V Build/NRD90M) AppleWebKit/537.36 (KHTML, like Gecko) Chrome/59.0.3071.125 Mobile Safari/537.36" "nacaomestica.org"
20.85.215.177 - - [29/Sep/2022:03:22:54 -0700] "GET /blog4/?cat=102 HTTP/1.1" 500 2609 "-" "Mozilla/5.0 (Linux; Android 7.0; SM-G930V Build/NRD90M) AppleWebKit/537.36 (KHTML, like Gecko) Chrome/59.0.3071.125 Mobile Safari/537.36" "nacaomestica.org"
20.85.215.177 - - [29/Sep/2022:03:22:55 -0700] "GET /blog4/?tag=soberania HTTP/1.1" 500 2609 "-" "Mozilla/5.0 (Linux; Android 7.0; SM-G930V Build/NRD90M) AppleWebKit/537.36 (KHTML, like Gecko) Chrome/59.0.3071.125 Mobile Safari/537.36" "nacaomestica.org"
20.85.215.177 - - [29/Sep/2022:03:22:56 -0700] "GET /blog4/?tag=soberania HTTP/1.1" 500 2609 "-" "Mozilla/5.0 (Linux; Android 7.0; SM-G930V Build/NRD90M) AppleWebKit/537.36 (KHTML, like Gecko) Chrome/59.0.3071.125 Mobile Safari/537.36" "nacaomestica.org"
157.90.181.151 - - [29/Sep/2022:03:22:57 -0700] "GET /blog4/wp-trackback.php?p=11441 HTTP/1.1" 500 2609 "-" "Mozilla/5.0 (compatible; BLEXBot/1.0; +http://webmeup-crawler.com/)" "nacaomestica.org"
52.188.211.122 - - [29/Sep/2022:03:23:07 -0700] "GET /blog4/?p=30980 HTTP/1.1" 500 2609 "-" "Mozilla/5.0 (Linux; Android 7.0; SM-G930V Build/NRD90M) AppleWebKit/537.36 (KHTML, like Gecko) Chrome/59.0.3071.125 Mobile Safari/537.36" "nacaomestica.org"
52.188.211.122 - - [29/Sep/2022:03:23:07 -0700] "GET /blog4/?p=30980 HTTP/1.1" 500 2609 "-" "Mozilla/5.0 (Linux; Android 7.0; SM-G930V Build/NRD90M) AppleWebKit/537.36 (KHTML, like Gecko) Chrome/59.0.3071.125 Mobile Safari/537.36" "nacaomestica.org"
20.85.215.177 - - [29/Sep/2022:03:23:15 -0700] "GET /blog4/?p=8326 HTTP/1.1" 500 2609 "-" "Mozilla/5.0 (Linux; Android 7.0; SM-G930V Build/NRD90M) AppleWebKit/537.36 (KHTML, like Gecko) Chrome/59.0.3071.125 Mobile Safari/537.36" "nacaomestica.org"
20.85.215.177 - - [29/Sep/2022:03:23:16 -0700] "GET /blog4/?p=8326 HTTP/1.1" 500 2609 "-" "Mozilla/5.0 (Linux; Android 7.0; SM-G930V Build/NRD90M) AppleWebKit/537.36 (KHTML, like Gecko) Chrome/59.0.3071.125 Mobile Safari/537.36" "nacaomestica.org"
157.90.181.151 - - [29/Sep/2022:03:23:18 -0700] "GET /blog4/wp-trackback.php?p=11465 HTTP/1.1" 500 2609 "-" "Mozilla/5.0 (compatible; BLEXBot/1.0; +http://webmeup-crawler.com/)" "nacaomestica.org"
52.188.211.122 - - [29/Sep/2022:03:23:30 -0700] "GET /blog4/?tag=anti-cristianismo HTTP/1.1" 500 2609 "-" "Mozilla/5.0 (Linux; Android 7.0; SM-G930V Build/NRD90M) AppleWebKit/537.36 (KHTML, like Gecko) Chrome/59.0.3071.125 Mobile Safari/537.36" "nacaomestica.org"
52.188.211.122 - - [29/Sep/2022:03:23:31 -0700] "GET /blog4/?tag=anti-cristianismo HTTP/1.1" 500 2609 "-" "Mozilla/5.0 (Linux; Android 7.0; SM-G930V Build/NRD90M) AppleWebKit/537.36 (KHTML, like Gecko) Chrome/59.0.3071.125 Mobile Safari/537.36" "nacaomestica.org"
52.188.211.122 - - [29/Sep/2022:03:23:35 -0700] "GET /blog4/?cat=131 HTTP/1.1" 500 2609 "-" "Mozilla/5.0 (Linux; Android 7.0; SM-G930V Build/NRD90M) AppleWebKit/537.36 (KHTML, like Gecko) Chrome/59.0.3071.125 Mobile Safari/537.36" "nacaomestica.org"
52.188.211.122 - - [29/Sep/2022:03:23:35 -0700] "GET /blog4/?cat=131 HTTP/1.1" 500 2609 "-" "Mozilla/5.0 (Linux; Android 7.0; SM-G930V Build/NRD90M) AppleWebKit/537.36 (KHTML, like Gecko) Chrome/59.0.3071.125 Mobile Safari/537.36" "nacaomestica.org"
52.188.211.122 - - [29/Sep/2022:03:23:38 -0700] "GET /blog4/?cat=125 HTTP/1.1" 500 2609 "-" "Mozilla/5.0 (Linux; Android 7.0; SM-G930V Build/NRD90M) AppleWebKit/537.36 (KHTML, like Gecko) Chrome/59.0.3071.125 Mobile Safari/537.36" "nacaomestica.org"
52.188.211.122 - - [29/Sep/2022:03:23:38 -0700] "GET /blog4/?cat=125 HTTP/1.1" 500 2609 "-" "Mozilla/5.0 (Linux; Android 7.0; SM-G930V Build/NRD90M) AppleWebKit/537.36 (KHTML, like Gecko) Chrome/59.0.3071.125 Mobile Safari/537.36" "nacaomestica.org"
89.187.182.17 - - [29/Sep/2022:03:23:40 -0700] "GET /wp-login.php HTTP/1.1" 404 88 "-" "Mozilla/5.0 (Windows NT 10.0; Win64; x64) AppleWebKit/537.36 (KHTML, like Gecko) Chrome/91.0.4472.124 Safari/537.36" "www.nacaomestica.org"
157.90.181.151 - - [29/Sep/2022:03:23:40 -0700] "GET /blog4/wp-trackback.php?p=11522 HTTP/1.1" 500 2609 "-" "Mozilla/5.0 (compatible; BLEXBot/1.0; +http://webmeup-crawler.com/)" "nacaomestica.org"
20.85.215.177 - - [29/Sep/2022:03:23:41 -0700] "GET /blog4/?tag=eventos HTTP/1.1" 500 2609 "-" "Mozilla/5.0 (Linux; Android 7.0; SM-G930V Build/NRD90M) AppleWebKit/537.36 (KHTML, like Gecko) Chrome/59.0.3071.125 Mobile Safari/537.36" "nacaomestica.org"
52.188.211.122 - - [29/Sep/2022:03:23:42 -0700] "GET /blog4/?tag=charge HTTP/1.1" 500 2609 "-" "Mozilla/5.0 (Linux; Android 7.0; SM-G930V Build/NRD90M) AppleWebKit/537.36 (KHTML, like Gecko) Chrome/59.0.3071.125 Mobile Safari/537.36" "nacaomestica.org"
52.188.211.122 - - [29/Sep/2022:03:23:43 -0700] "GET /blog4/?tag=charge HTTP/1.1" 500 2609 "-" "Mozilla/5.0 (Linux; Android 7.0; SM-G930V Build/NRD90M) AppleWebKit/537.36 (KHTML, like Gecko) Chrome/59.0.3071.125 Mobile Safari/537.36" "nacaomestica.org"
20.85.215.177 - - [29/Sep/2022:03:23:44 -0700] "GET /blog4/?tag=eventos HTTP/1.1" 500 2609 "-" "Mozilla/5.0 (Linux; Android 7.0; SM-G930V Build/NRD90M) AppleWebKit/537.36 (KHTML, like Gecko) Chrome/59.0.3071.125 Mobile Safari/537.36" "nacaomestica.org"
52.188.211.122 - - [29/Sep/2022:03:23:49 -0700] "GET /blog4/?tag=bantustao HTTP/1.1" 500 2609 "-" "Mozilla/5.0 (Linux; Android 7.0; SM-G930V Build/NRD90M) AppleWebKit/537.36 (KHTML, like Gecko) Chrome/59.0.3071.125 Mobile Safari/537.36" "nacaomestica.org"
52.188.211.122 - - [29/Sep/2022:03:23:48 -0700] "GET /blog4/?cat=128 HTTP/1.1" 500 2609 "-" "Mozilla/5.0 (Linux; Android 7.0; SM-G930V Build/NRD90M) AppleWebKit/537.36 (KHTML, like Gecko) Chrome/59.0.3071.125 Mobile Safari/537.36" "nacaomestica.org"
52.188.211.122 - - [29/Sep/2022:03:23:51 -0700] "GET /blog4/?tag=bantustao HTTP/1.1" 500 2609 "-" "Mozilla/5.0 (Linux; Android 7.0; SM-G930V Build/NRD90M) AppleWebKit/537.36 (KHTML, like Gecko) Chrome/59.0.3071.125 Mobile Safari/537.36" "nacaomestica.org"
52.188.211.122 - - [29/Sep/2022:03:23:51 -0700] "GET /blog4/?cat=128 HTTP/1.1" 500 2609 "-" "Mozilla/5.0 (Linux; Android 7.0; SM-G930V Build/NRD90M) AppleWebKit/537.36 (KHTML, like Gecko) Chrome/59.0.3071.125 Mobile Safari/537.36" "nacaomestica.org"
179.232.184.239 - - [29/Sep/2022:03:23:54 -0700] "GET /blog4/wp-content/uploads/2012/12/Carlos-Evelyn-no-filme-Hans-Staden-300x212.jpg HTTP/1.1" 200 23504 "https://www.google.com/" "Mozilla/5.0 (Linux; Android 11; SM-A115M) AppleWebKit/537.36 (KHTML, like Gecko) Chrome/105.0.0.0 Mobile Safari/537.36" "nacaomestica.org"
157.90.181.151 - - [29/Sep/2022:03:24:02 -0700] "GET /blog4/wp-trackback.php?p=11527 HTTP/1.1" 500 2609 "-" "Mozilla/5.0 (compatible; BLEXBot/1.0; +http://webmeup-crawler.com/)" "nacaomestica.org"
52.188.211.122 - - [29/Sep/2022:03:24:11 -0700] "GET /blog4/?tag=mesticagem-miscigenacao HTTP/1.1" 500 2609 "-" "Mozilla/5.0 (Linux; Android 7.0; SM-G930V Build/NRD90M) AppleWebKit/537.36 (KHTML, like Gecko) Chrome/59.0.3071.125 Mobile Safari/537.36" "nacaomestica.org"
52.188.211.122 - - [29/Sep/2022:03:24:12 -0700] "GET /blog4/?tag=mesticagem-miscigenacao HTTP/1.1" 500 2609 "-" "Mozilla/5.0 (Linux; Android 7.0; SM-G930V Build/NRD90M) AppleWebKit/537.36 (KHTML, like Gecko) Chrome/59.0.3071.125 Mobile Safari/537.36" "nacaomestica.org"
52.188.211.122 - - [29/Sep/2022:03:24:14 -0700] "GET /blog4/?tag=direitos-originarios HTTP/1.1" 500 2609 "-" "Mozilla/5.0 (Linux; Android 7.0; SM-G930V Build/NRD90M) AppleWebKit/537.36 (KHTML, like Gecko) Chrome/59.0.3071.125 Mobile Safari/537.36" "nacaomestica.org"
52.188.211.122 - - [29/Sep/2022:03:24:14 -0700] "GET /blog4/?tag=direitos-originarios HTTP/1.1" 500 2609 "-" "Mozilla/5.0 (Linux; Android 7.0; SM-G930V Build/NRD90M) AppleWebKit/537.36 (KHTML, like Gecko) Chrome/59.0.3071.125 Mobile Safari/537.36" "nacaomestica.org"
20.85.215.177 - - [29/Sep/2022:03:24:17 -0700] "GET /blog4/?cat=118 HTTP/1.1" 500 2609 "-" "Mozilla/5.0 (Linux; Android 7.0; SM-G930V Build/NRD90M) AppleWebKit/537.36 (KHTML, like Gecko) Chrome/59.0.3071.125 Mobile Safari/537.36" "nacaomestica.org"
20.85.215.177 - - [29/Sep/2022:03:24:17 -0700] "GET /blog4/?cat=118 HTTP/1.1" 500 2609 "-" "Mozilla/5.0 (Linux; Android 7.0; SM-G930V Build/NRD90M) AppleWebKit/537.36 (KHTML, like Gecko) Chrome/59.0.3071.125 Mobile Safari/537.36" "nacaomestica.org"
20.85.215.177 - - [29/Sep/2022:03:24:19 -0700] "GET /blog4/?cat=157 HTTP/1.1" 500 2609 "-" "Mozilla/5.0 (Linux; Android 7.0; SM-G930V Build/NRD90M) AppleWebKit/537.36 (KHTML, like Gecko) Chrome/59.0.3071.125 Mobile Safari/537.36" "nacaomestica.org"
20.85.215.177 - - [29/Sep/2022:03:24:20 -0700] "GET /blog4/?cat=157 HTTP/1.1" 500 2609 "-" "Mozilla/5.0 (Linux; Android 7.0; SM-G930V Build/NRD90M) AppleWebKit/537.36 (KHTML, like Gecko) Chrome/59.0.3071.125 Mobile Safari/537.36" "nacaomestica.org"
20.85.215.177 - - [29/Sep/2022:03:24:21 -0700] "GET /blog4/?cat=252 HTTP/1.1" 500 2609 "-" "Mozilla/5.0 (Linux; Android 7.0; SM-G930V Build/NRD90M) AppleWebKit/537.36 (KHTML, like Gecko) Chrome/59.0.3071.125 Mobile Safari/537.36" "nacaomestica.org"
20.85.215.177 - - [29/Sep/2022:03:24:22 -0700] "GET /blog4/?cat=252 HTTP/1.1" 500 2609 "-" "Mozilla/5.0 (Linux; Android 7.0; SM-G930V Build/NRD90M) AppleWebKit/537.36 (KHTML, like Gecko) Chrome/59.0.3071.125 Mobile Safari/537.36" "nacaomestica.org"
20.85.215.177 - - [29/Sep/2022:03:24:24 -0700] "GET /blog4/?cat=143 HTTP/1.1" 500 2609 "-" "Mozilla/5.0 (Linux; Android 7.0; SM-G930V Build/NRD90M) AppleWebKit/537.36 (KHTML, like Gecko) Chrome/59.0.3071.125 Mobile Safari/537.36" "nacaomestica.org"
157.90.181.151 - - [29/Sep/2022:03:24:24 -0700] "GET /blog4/wp-trackback.php?p=11529 HTTP/1.1" 500 2609 "-" "Mozilla/5.0 (compatible; BLEXBot/1.0; +http://webmeup-crawler.com/)" "nacaomestica.org"
20.85.215.177 - - [29/Sep/2022:03:24:24 -0700] "GET /blog4/?cat=143 HTTP/1.1" 500 2609 "-" "Mozilla/5.0 (Linux; Android 7.0; SM-G930V Build/NRD90M) AppleWebKit/537.36 (KHTML, like Gecko) Chrome/59.0.3071.125 Mobile Safari/537.36" "nacaomestica.org"
20.85.215.177 - - [29/Sep/2022:03:24:27 -0700] "GET /blog4/?cat=86 HTTP/1.1" 500 2609 "-" "Mozilla/5.0 (Linux; Android 7.0; SM-G930V Build/NRD90M) AppleWebKit/537.36 (KHTML, like Gecko) Chrome/59.0.3071.125 Mobile Safari/537.36" "nacaomestica.org"
20.85.215.177 - - [29/Sep/2022:03:24:28 -0700] "GET /blog4/?tag=indigenismo HTTP/1.1" 500 2609 "-" "Mozilla/5.0 (Linux; Android 7.0; SM-G930V Build/NRD90M) AppleWebKit/537.36 (KHTML, like Gecko) Chrome/59.0.3071.125 Mobile Safari/537.36" "nacaomestica.org"
20.85.215.177 - - [29/Sep/2022:03:24:28 -0700] "GET /blog4/?cat=86 HTTP/1.1" 500 2609 "-" "Mozilla/5.0 (Linux; Android 7.0; SM-G930V Build/NRD90M) AppleWebKit/537.36 (KHTML, like Gecko) Chrome/59.0.3071.125 Mobile Safari/537.36" "nacaomestica.org"
20.85.215.177 - - [29/Sep/2022:03:24:28 -0700] "GET /blog4/?tag=indigenismo HTTP/1.1" 500 2609 "-" "Mozilla/5.0 (Linux; Android 7.0; SM-G930V Build/NRD90M) AppleWebKit/537.36 (KHTML, like Gecko) Chrome/59.0.3071.125 Mobile Safari/537.36" "nacaomestica.org"
20.85.215.177 - - [29/Sep/2022:03:24:34 -0700] "GET /blog4/?p=30960 HTTP/1.1" 500 2609 "-" "Mozilla/5.0 (Linux; Android 7.0; SM-G930V Build/NRD90M) AppleWebKit/537.36 (KHTML, like Gecko) Chrome/59.0.3071.125 Mobile Safari/537.36" "nacaomestica.org"
20.85.215.177 - - [29/Sep/2022:03:24:36 -0700] "GET /blog4/?p=30960 HTTP/1.1" 500 2609 "-" "Mozilla/5.0 (Linux; Android 7.0; SM-G930V Build/NRD90M) AppleWebKit/537.36 (KHTML, like Gecko) Chrome/59.0.3071.125 Mobile Safari/537.36" "nacaomestica.org"
52.188.211.122 - - [29/Sep/2022:03:24:37 -0700] "GET /blog4/?cat=262 HTTP/1.1" 500 2609 "-" "Mozilla/5.0 (Linux; Android 7.0; SM-G930V Build/NRD90M) AppleWebKit/537.36 (KHTML, like Gecko) Chrome/59.0.3071.125 Mobile Safari/537.36" "nacaomestica.org"
52.188.211.122 - - [29/Sep/2022:03:24:37 -0700] "GET /blog4/?cat=245 HTTP/1.1" 500 2609 "-" "Mozilla/5.0 (Linux; Android 7.0; SM-G930V Build/NRD90M) AppleWebKit/537.36 (KHTML, like Gecko) Chrome/59.0.3071.125 Mobile Safari/537.36" "nacaomestica.org"
20.85.215.177 - - [29/Sep/2022:03:24:38 -0700] "GET /blog4/?cat=115 HTTP/1.1" 500 2609 "-" "Mozilla/5.0 (Linux; Android 7.0; SM-G930V Build/NRD90M) AppleWebKit/537.36 (KHTML, like Gecko) Chrome/59.0.3071.125 Mobile Safari/537.36" "nacaomestica.org"
20.85.215.177 - - [29/Sep/2022:03:24:38 -0700] "GET /blog4/?cat=115 HTTP/1.1" 500 2609 "-" "Mozilla/5.0 (Linux; Android 7.0; SM-G930V Build/NRD90M) AppleWebKit/537.36 (KHTML, like Gecko) Chrome/59.0.3071.125 Mobile Safari/537.36" "nacaomestica.org"
20.85.215.177 - - [29/Sep/2022:03:24:39 -0700] "GET /blog4/?cat=129 HTTP/1.1" 500 2609 "-" "Mozilla/5.0 (Linux; Android 7.0; SM-G930V Build/NRD90M) AppleWebKit/537.36 (KHTML, like Gecko) Chrome/59.0.3071.125 Mobile Safari/537.36" "nacaomestica.org"
52.188.211.122 - - [29/Sep/2022:03:24:39 -0700] "GET /blog4/?cat=262 HTTP/1.1" 500 2609 "-" "Mozilla/5.0 (Linux; Android 7.0; SM-G930V Build/NRD90M) AppleWebKit/537.36 (KHTML, like Gecko) Chrome/59.0.3071.125 Mobile Safari/537.36" "nacaomestica.org"
52.188.211.122 - - [29/Sep/2022:03:24:39 -0700] "GET /blog4/?cat=245 HTTP/1.1" 500 2609 "-" "Mozilla/5.0 (Linux; Android 7.0; SM-G930V Build/NRD90M) AppleWebKit/537.36 (KHTML, like Gecko) Chrome/59.0.3071.125 Mobile Safari/537.36" "nacaomestica.org"
52.188.211.122 - - [29/Sep/2022:03:24:39 -0700] "GET /blog4/?cat=181 HTTP/1.1" 500 2609 "-" "Mozilla/5.0 (Linux; Android 7.0; SM-G930V Build/NRD90M) AppleWebKit/537.36 (KHTML, like Gecko) Chrome/59.0.3071.125 Mobile Safari/537.36" "nacaomestica.org"
20.85.215.177 - - [29/Sep/2022:03:24:39 -0700] "GET /blog4/?cat=129 HTTP/1.1" 500 2609 "-" "Mozilla/5.0 (Linux; Android 7.0; SM-G930V Build/NRD90M) AppleWebKit/537.36 (KHTML, like Gecko) Chrome/59.0.3071.125 Mobile Safari/537.36" "nacaomestica.org"
52.188.211.122 - - [29/Sep/2022:03:24:40 -0700] "GET /blog4/?cat=181 HTTP/1.1" 500 2609 "-" "Mozilla/5.0 (Linux; Android 7.0; SM-G930V Build/NRD90M) AppleWebKit/537.36 (KHTML, like Gecko) Chrome/59.0.3071.125 Mobile Safari/537.36" "nacaomestica.org"
52.188.211.122 - - [29/Sep/2022:03:24:41 -0700] "GET /blog4/?cat=219 HTTP/1.1" 500 2609 "-" "Mozilla/5.0 (Linux; Android 7.0; SM-G930V Build/NRD90M) AppleWebKit/537.36 (KHTML, like Gecko) Chrome/59.0.3071.125 Mobile Safari/537.36" "nacaomestica.org"
20.85.215.177 - - [29/Sep/2022:03:24:42 -0700] "GET /blog4/?p=23009 HTTP/1.1" 500 2609 "-" "Mozilla/5.0 (Linux; Android 7.0; SM-G930V Build/NRD90M) AppleWebKit/537.36 (KHTML, like Gecko) Chrome/59.0.3071.125 Mobile Safari/537.36" "nacaomestica.org"
20.85.215.177 - - [29/Sep/2022:03:24:44 -0700] "GET /blog4/?p=23009 HTTP/1.1" 500 2609 "-" "Mozilla/5.0 (Linux; Android 7.0; SM-G930V Build/NRD90M) AppleWebKit/537.36 (KHTML, like Gecko) Chrome/59.0.3071.125 Mobile Safari/537.36" "nacaomestica.org"
157.90.181.151 - - [29/Sep/2022:03:24:46 -0700] "GET /blog4/wp-trackback.php?p=11561 HTTP/1.1" 500 2609 "-" "Mozilla/5.0 (compatible; BLEXBot/1.0; +http://webmeup-crawler.com/)" "nacaomestica.org"
52.188.211.122 - - [29/Sep/2022:03:25:01 -0700] "GET /blog4/?cat=219 HTTP/1.1" 500 2609 "-" "Mozilla/5.0 (Linux; Android 7.0; SM-G930V Build/NRD90M) AppleWebKit/537.36 (KHTML, like Gecko) Chrome/59.0.3071.125 Mobile Safari/537.36" "nacaomestica.org"
20.85.215.177 - - [29/Sep/2022:03:25:04 -0700] "GET /blog4/?tag=supremacismo HTTP/1.1" 500 2609 "-" "Mozilla/5.0 (Linux; Android 7.0; SM-G930V Build/NRD90M) AppleWebKit/537.36 (KHTML, like Gecko) Chrome/59.0.3071.125 Mobile Safari/537.36" "nacaomestica.org"
20.85.215.177 - - [29/Sep/2022:03:25:04 -0700] "GET /blog4/?tag=supremacismo HTTP/1.1" 500 2609 "-" "Mozilla/5.0 (Linux; Android 7.0; SM-G930V Build/NRD90M) AppleWebKit/537.36 (KHTML, like Gecko) Chrome/59.0.3071.125 Mobile Safari/537.36" "nacaomestica.org"
20.85.215.177 - - [29/Sep/2022:03:25:07 -0700] "GET /blog4/?tag=mensagem-mestica HTTP/1.1" 500 2609 "-" "Mozilla/5.0 (Linux; Android 7.0; SM-G930V Build/NRD90M) AppleWebKit/537.36 (KHTML, like Gecko) Chrome/59.0.3071.125 Mobile Safari/537.36" "nacaomestica.org"
157.90.181.151 - - [29/Sep/2022:03:25:07 -0700] "GET /blog4/wp-trackback.php?p=11569 HTTP/1.1" 500 2609 "-" "Mozilla/5.0 (compatible; BLEXBot/1.0; +http://webmeup-crawler.com/)" "nacaomestica.org"
20.85.215.177 - - [29/Sep/2022:03:25:07 -0700] "GET /blog4/?tag=mensagem-mestica HTTP/1.1" 500 2609 "-" "Mozilla/5.0 (Linux; Android 7.0; SM-G930V Build/NRD90M) AppleWebKit/537.36 (KHTML, like Gecko) Chrome/59.0.3071.125 Mobile Safari/537.36" "nacaomestica.org"
52.188.211.122 - - [29/Sep/2022:03:25:08 -0700] "GET /blog4/?tag=mesticofobia HTTP/1.1" 500 2609 "-" "Mozilla/5.0 (Linux; Android 7.0; SM-G930V Build/NRD90M) AppleWebKit/537.36 (KHTML, like Gecko) Chrome/59.0.3071.125 Mobile Safari/537.36" "nacaomestica.org"
52.188.211.122 - - [29/Sep/2022:03:25:08 -0700] "GET /blog4/?tag=mesticofobia HTTP/1.1" 500 2609 "-" "Mozilla/5.0 (Linux; Android 7.0; SM-G930V Build/NRD90M) AppleWebKit/537.36 (KHTML, like Gecko) Chrome/59.0.3071.125 Mobile Safari/537.36" "nacaomestica.org"
52.188.211.122 - - [29/Sep/2022:03:25:09 -0700] "GET /blog4/?p=30970 HTTP/1.1" 500 2609 "-" "Mozilla/5.0 (Linux; Android 7.0; SM-G930V Build/NRD90M) AppleWebKit/537.36 (KHTML, like Gecko) Chrome/59.0.3071.125 Mobile Safari/537.36" "nacaomestica.org"
52.188.211.122 - - [29/Sep/2022:03:25:09 -0700] "GET /blog4/?p=30970 HTTP/1.1" 500 2609 "-" "Mozilla/5.0 (Linux; Android 7.0; SM-G930V Build/NRD90M) AppleWebKit/537.36 (KHTML, like Gecko) Chrome/59.0.3071.125 Mobile Safari/537.36" "nacaomestica.org"
52.188.211.122 - - [29/Sep/2022:03:25:12 -0700] "GET /blog4/?cat=217 HTTP/1.1" 500 2609 "-" "Mozilla/5.0 (Linux; Android 7.0; SM-G930V Build/NRD90M) AppleWebKit/537.36 (KHTML, like Gecko) Chrome/59.0.3071.125 Mobile Safari/537.36" "nacaomestica.org"
52.188.211.122 - - [29/Sep/2022:03:25:12 -0700] "GET /blog4/?cat=217 HTTP/1.1" 500 2609 "-" "Mozilla/5.0 (Linux; Android 7.0; SM-G930V Build/NRD90M) AppleWebKit/537.36 (KHTML, like Gecko) Chrome/59.0.3071.125 Mobile Safari/537.36" "nacaomestica.org"
45.171.148.46 - - [29/Sep/2022:03:25:22 -0700] "GET /blog4/wp-content/uploads/2016/07/%C3%93TIMO-O-INDIGENISMO-TEM-SIDO-UM-GRANDE.png HTTP/1.1" 200 258108 "https://www.google.com/" "Mozilla/5.0 (Windows NT 10.0; Win64; x64) AppleWebKit/537.36 (KHTML, like Gecko) Chrome/105.0.0.0 Safari/537.36" "nacaomestica.org"
52.188.211.122 - - [29/Sep/2022:03:25:27 -0700] "GET /blog4/?cat=69 HTTP/1.1" 500 2609 "-" "Mozilla/5.0 (Linux; Android 7.0; SM-G930V Build/NRD90M) AppleWebKit/537.36 (KHTML, like Gecko) Chrome/59.0.3071.125 Mobile Safari/537.36" "nacaomestica.org"
157.90.181.151 - - [29/Sep/2022:03:25:29 -0700] "GET /blog4/wp-trackback.php?p=11593 HTTP/1.1" 500 2609 "-" "Mozilla/5.0 (compatible; BLEXBot/1.0; +http://webmeup-crawler.com/)" "nacaomestica.org"
52.188.211.122 - - [29/Sep/2022:03:25:30 -0700] "GET /blog4/?cat=69 HTTP/1.1" 500 2609 "-" "Mozilla/5.0 (Linux; Android 7.0; SM-G930V Build/NRD90M) AppleWebKit/537.36 (KHTML, like Gecko) Chrome/59.0.3071.125 Mobile Safari/537.36" "nacaomestica.org"
20.85.215.177 - - [29/Sep/2022:03:25:36 -0700] "GET /blog4/?p=30966 HTTP/1.1" 500 2609 "-" "Mozilla/5.0 (Linux; Android 7.0; SM-G930V Build/NRD90M) AppleWebKit/537.36 (KHTML, like Gecko) Chrome/59.0.3071.125 Mobile Safari/537.36" "nacaomestica.org"
20.85.215.177 - - [29/Sep/2022:03:25:37 -0700] "GET /blog4/?p=30966 HTTP/1.1" 500 2609 "-" "Mozilla/5.0 (Linux; Android 7.0; SM-G930V Build/NRD90M) AppleWebKit/537.36 (KHTML, like Gecko) Chrome/59.0.3071.125 Mobile Safari/537.36" "nacaomestica.org"
52.188.211.122 - - [29/Sep/2022:03:25:49 -0700] "GET /blog4/?p=23346 HTTP/1.1" 500 2609 "-" "Mozilla/5.0 (Linux; Android 7.0; SM-G930V Build/NRD90M) AppleWebKit/537.36 (KHTML, like Gecko) Chrome/59.0.3071.125 Mobile Safari/537.36" "nacaomestica.org"
52.188.211.122 - - [29/Sep/2022:03:25:50 -0700] "GET /blog4/?p=23346 HTTP/1.1" 500 2609 "-" "Mozilla/5.0 (Linux; Android 7.0; SM-G930V Build/NRD90M) AppleWebKit/537.36 (KHTML, like Gecko) Chrome/59.0.3071.125 Mobile Safari/537.36" "nacaomestica.org"
157.90.181.151 - - [29/Sep/2022:03:25:51 -0700] "GET /blog4/wp-trackback.php?p=11629 HTTP/1.1" 500 2609 "-" "Mozilla/5.0 (compatible; BLEXBot/1.0; +http://webmeup-crawler.com/)" "nacaomestica.org"
52.188.211.122 - - [29/Sep/2022:03:25:52 -0700] "GET /blog4/?cat=29 HTTP/1.1" 500 2609 "-" "Mozilla/5.0 (Linux; Android 7.0; SM-G930V Build/NRD90M) AppleWebKit/537.36 (KHTML, like Gecko) Chrome/59.0.3071.125 Mobile Safari/537.36" "nacaomestica.org"
52.188.211.122 - - [29/Sep/2022:03:25:52 -0700] "GET /blog4/?cat=29 HTTP/1.1" 500 2609 "-" "Mozilla/5.0 (Linux; Android 7.0; SM-G930V Build/NRD90M) AppleWebKit/537.36 (KHTML, like Gecko) Chrome/59.0.3071.125 Mobile Safari/537.36" "nacaomestica.org"
45.171.148.46 - - [29/Sep/2022:03:26:12 -0700] "GET /blog4/wp-content/uploads/2018/01/DUTG4f9WsAEJSzb.jpg HTTP/1.1" 200 32012 "https://www.google.com/" "Mozilla/5.0 (Windows NT 10.0; Win64; x64) AppleWebKit/537.36 (KHTML, like Gecko) Chrome/105.0.0.0 Safari/537.36" "nacaomestica.org"
157.90.181.151 - - [29/Sep/2022:03:26:13 -0700] "GET /blog4/wp-trackback.php?p=11647 HTTP/1.1" 500 2609 "-" "Mozilla/5.0 (compatible; BLEXBot/1.0; +http://webmeup-crawler.com/)" "nacaomestica.org"
52.142.8.243 - - [29/Sep/2022:03:26:15 -0700] "GET /blog4/?feed=rss2 HTTP/1.1" 500 2609 "-" "Mozilla/5.0 (Linux; Android 7.0; SM-G930V Build/NRD90M) AppleWebKit/537.36 (KHTML, like Gecko) Chrome/59.0.3071.125 Mobile Safari/537.36" "nacaomestica.org"
52.142.8.243 - - [29/Sep/2022:03:26:16 -0700] "GET /blog4/?feed=rss2 HTTP/1.1" 500 2609 "-" "Mozilla/5.0 (Linux; Android 7.0; SM-G930V Build/NRD90M) AppleWebKit/537.36 (KHTML, like Gecko) Chrome/59.0.3071.125 Mobile Safari/537.36" "nacaomestica.org"
52.188.211.122 - - [29/Sep/2022:03:26:26 -0700] "GET /blog4/?tag=cotas HTTP/1.1" 500 2609 "-" "Mozilla/5.0 (Linux; Android 7.0; SM-G930V Build/NRD90M) AppleWebKit/537.36 (KHTML, like Gecko) Chrome/59.0.3071.125 Mobile Safari/537.36" "nacaomestica.org"
52.188.211.122 - - [29/Sep/2022:03:26:27 -0700] "GET /blog4/?tag=cotas HTTP/1.1" 500 2609 "-" "Mozilla/5.0 (Linux; Android 7.0; SM-G930V Build/NRD90M) AppleWebKit/537.36 (KHTML, like Gecko) Chrome/59.0.3071.125 Mobile Safari/537.36" "nacaomestica.org"
52.188.211.122 - - [29/Sep/2022:03:26:27 -0700] "GET / HTTP/1.1" 500 2609 "-" "Mozilla/5.0 (Linux; Android 7.0; SM-G930V Build/NRD90M) AppleWebKit/537.36 (KHTML, like Gecko) Chrome/59.0.3071.125 Mobile Safari/537.36" "nacaomestica.org"
52.188.211.122 - - [29/Sep/2022:03:26:29 -0700] "GET / HTTP/1.1" 500 2609 "-" "Mozilla/5.0 (Linux; Android 7.0; SM-G930V Build/NRD90M) AppleWebKit/537.36 (KHTML, like Gecko) Chrome/59.0.3071.125 Mobile Safari/537.36" "nacaomestica.org"
20.85.215.177 - - [29/Sep/2022:03:26:30 -0700] "GET /blog4/?cat=119 HTTP/1.1" 500 2609 "-" "Mozilla/5.0 (Linux; Android 7.0; SM-G930V Build/NRD90M) AppleWebKit/537.36 (KHTML, like Gecko) Chrome/59.0.3071.125 Mobile Safari/537.36" "nacaomestica.org"
20.85.215.177 - - [29/Sep/2022:03:26:31 -0700] "GET /blog4/?cat=119 HTTP/1.1" 500 2609 "-" "Mozilla/5.0 (Linux; Android 7.0; SM-G930V Build/NRD90M) AppleWebKit/537.36 (KHTML, like Gecko) Chrome/59.0.3071.125 Mobile Safari/537.36" "nacaomestica.org"
157.90.181.151 - - [29/Sep/2022:03:26:35 -0700] "GET /blog4/wp-trackback.php?p=11656 HTTP/1.1" 500 2609 "-" "Mozilla/5.0 (compatible; BLEXBot/1.0; +http://webmeup-crawler.com/)" "nacaomestica.org"
45.171.148.46 - - [29/Sep/2022:03:26:56 -0700] "GET /blog4/wp-content/uploads/2015/12/spacca.jpg HTTP/1.1" 200 55496 "https://www.google.com/" "Mozilla/5.0 (Windows NT 10.0; Win64; x64) AppleWebKit/537.36 (KHTML, like Gecko) Chrome/105.0.0.0 Safari/537.36" "nacaomestica.org"
157.90.181.151 - - [29/Sep/2022:03:26:56 -0700] "GET /blog4/wp-trackback.php?p=11713 HTTP/1.1" 500 2609 "-" "Mozilla/5.0 (compatible; BLEXBot/1.0; +http://webmeup-crawler.com/)" "nacaomestica.org"
157.90.181.151 - - [29/Sep/2022:03:27:18 -0700] "GET /blog4/wp-trackback.php?p=11727 HTTP/1.1" 500 2609 "-" "Mozilla/5.0 (compatible; BLEXBot/1.0; +http://webmeup-crawler.com/)" "nacaomestica.org"
20.85.215.177 - - [29/Sep/2022:03:27:21 -0700] "GET /blog4/?cat=195 HTTP/1.1" 500 2609 "-" "Mozilla/5.0 (Linux; Android 7.0; SM-G930V Build/NRD90M) AppleWebKit/537.36 (KHTML, like Gecko) Chrome/59.0.3071.125 Mobile Safari/537.36" "nacaomestica.org"
20.85.215.177 - - [29/Sep/2022:03:27:22 -0700] "GET /blog4/?cat=195 HTTP/1.1" 500 2609 "-" "Mozilla/5.0 (Linux; Android 7.0; SM-G930V Build/NRD90M) AppleWebKit/537.36 (KHTML, like Gecko) Chrome/59.0.3071.125 Mobile Safari/537.36" "nacaomestica.org"
20.85.215.177 - - [29/Sep/2022:03:27:36 -0700] "GET /blog4/?cat=229 HTTP/1.1" 500 2609 "-" "Mozilla/5.0 (Linux; Android 7.0; SM-G930V Build/NRD90M) AppleWebKit/537.36 (KHTML, like Gecko) Chrome/59.0.3071.125 Mobile Safari/537.36" "nacaomestica.org"
20.85.215.177 - - [29/Sep/2022:03:27:37 -0700] "GET /blog4/?cat=229 HTTP/1.1" 500 2609 "-" "Mozilla/5.0 (Linux; Android 7.0; SM-G930V Build/NRD90M) AppleWebKit/537.36 (KHTML, like Gecko) Chrome/59.0.3071.125 Mobile Safari/537.36" "nacaomestica.org"
20.85.215.177 - - [29/Sep/2022:03:27:38 -0700] "GET /blog4/?cat=141 HTTP/1.1" 500 2609 "-" "Mozilla/5.0 (Linux; Android 7.0; SM-G930V Build/NRD90M) AppleWebKit/537.36 (KHTML, like Gecko) Chrome/59.0.3071.125 Mobile Safari/537.36" "nacaomestica.org"
20.85.215.177 - - [29/Sep/2022:03:27:39 -0700] "GET /blog4/?cat=141 HTTP/1.1" 500 2609 "-" "Mozilla/5.0 (Linux; Android 7.0; SM-G930V Build/NRD90M) AppleWebKit/537.36 (KHTML, like Gecko) Chrome/59.0.3071.125 Mobile Safari/537.36" "nacaomestica.org"
157.90.181.151 - - [29/Sep/2022:03:27:40 -0700] "GET /blog4/wp-trackback.php?p=11731 HTTP/1.1" 500 2609 "-" "Mozilla/5.0 (compatible; BLEXBot/1.0; +http://webmeup-crawler.com/)" "nacaomestica.org"
20.85.215.177 - - [29/Sep/2022:03:27:47 -0700] "GET /blog4/?tag=funai HTTP/1.1" 500 2609 "-" "Mozilla/5.0 (Linux; Android 7.0; SM-G930V Build/NRD90M) AppleWebKit/537.36 (KHTML, like Gecko) Chrome/59.0.3071.125 Mobile Safari/537.36" "nacaomestica.org"
20.85.215.177 - - [29/Sep/2022:03:27:47 -0700] "GET /blog4/?tag=funai HTTP/1.1" 500 2609 "-" "Mozilla/5.0 (Linux; Android 7.0; SM-G930V Build/NRD90M) AppleWebKit/537.36 (KHTML, like Gecko) Chrome/59.0.3071.125 Mobile Safari/537.36" "nacaomestica.org"
20.85.215.177 - - [29/Sep/2022:03:27:48 -0700] "GET /blog4/?tag=espanol HTTP/1.1" 500 2609 "-" "Mozilla/5.0 (Linux; Android 7.0; SM-G930V Build/NRD90M) AppleWebKit/537.36 (KHTML, like Gecko) Chrome/59.0.3071.125 Mobile Safari/537.36" "nacaomestica.org"
20.85.215.177 - - [29/Sep/2022:03:27:49 -0700] "GET /blog4/?tag=espanol HTTP/1.1" 500 2609 "-" "Mozilla/5.0 (Linux; Android 7.0; SM-G930V Build/NRD90M) AppleWebKit/537.36 (KHTML, like Gecko) Chrome/59.0.3071.125 Mobile Safari/537.36" "nacaomestica.org"
20.85.215.177 - - [29/Sep/2022:03:27:54 -0700] "GET /blog4/?cat=123 HTTP/1.1" 500 2609 "-" "Mozilla/5.0 (Linux; Android 7.0; SM-G930V Build/NRD90M) AppleWebKit/537.36 (KHTML, like Gecko) Chrome/59.0.3071.125 Mobile Safari/537.36" "nacaomestica.org"
20.85.215.177 - - [29/Sep/2022:03:27:54 -0700] "GET /blog4/?cat=123 HTTP/1.1" 500 2609 "-" "Mozilla/5.0 (Linux; Android 7.0; SM-G930V Build/NRD90M) AppleWebKit/537.36 (KHTML, like Gecko) Chrome/59.0.3071.125 Mobile Safari/537.36" "nacaomestica.org"
157.90.181.151 - - [29/Sep/2022:03:28:02 -0700] "GET /blog4/wp-trackback.php?p=11741 HTTP/1.1" 500 2609 "-" "Mozilla/5.0 (compatible; BLEXBot/1.0; +http://webmeup-crawler.com/)" "nacaomestica.org"
20.85.215.177 - - [29/Sep/2022:03:28:15 -0700] "GET /blog4/?p=8456 HTTP/1.1" 500 2609 "-" "Mozilla/5.0 (Linux; Android 7.0; SM-G930V Build/NRD90M) AppleWebKit/537.36 (KHTML, like Gecko) Chrome/59.0.3071.125 Mobile Safari/537.36" "nacaomestica.org"
20.85.215.177 - - [29/Sep/2022:03:28:15 -0700] "GET /blog4/?p=8456 HTTP/1.1" 500 2609 "-" "Mozilla/5.0 (Linux; Android 7.0; SM-G930V Build/NRD90M) AppleWebKit/537.36 (KHTML, like Gecko) Chrome/59.0.3071.125 Mobile Safari/537.36" "nacaomestica.org"
20.85.215.177 - - [29/Sep/2022:03:28:18 -0700] "GET /blog4/?tag=escravidao HTTP/1.1" 500 2609 "-" "Mozilla/5.0 (Linux; Android 7.0; SM-G930V Build/NRD90M) AppleWebKit/537.36 (KHTML, like Gecko) Chrome/59.0.3071.125 Mobile Safari/537.36" "nacaomestica.org"
20.85.215.177 - - [29/Sep/2022:03:28:18 -0700] "GET /blog4/?tag=escravidao HTTP/1.1" 500 2609 "-" "Mozilla/5.0 (Linux; Android 7.0; SM-G930V Build/NRD90M) AppleWebKit/537.36 (KHTML, like Gecko) Chrome/59.0.3071.125 Mobile Safari/537.36" "nacaomestica.org"
157.90.181.151 - - [29/Sep/2022:03:28:24 -0700] "GET /blog4/wp-trackback.php?p=11752 HTTP/1.1" 500 2609 "-" "Mozilla/5.0 (compatible; BLEXBot/1.0; +http://webmeup-crawler.com/)" "nacaomestica.org"
20.85.215.177 - - [29/Sep/2022:03:28:24 -0700] "GET /blog4/?p=30905 HTTP/1.1" 500 2609 "-" "Mozilla/5.0 (Linux; Android 7.0; SM-G930V Build/NRD90M) AppleWebKit/537.36 (KHTML, like Gecko) Chrome/59.0.3071.125 Mobile Safari/537.36" "nacaomestica.org"
20.85.215.177 - - [29/Sep/2022:03:28:25 -0700] "GET /blog4/?p=30905 HTTP/1.1" 500 2609 "-" "Mozilla/5.0 (Linux; Android 7.0; SM-G930V Build/NRD90M) AppleWebKit/537.36 (KHTML, like Gecko) Chrome/59.0.3071.125 Mobile Safari/537.36" "nacaomestica.org"
157.90.181.151 - - [29/Sep/2022:03:28:46 -0700] "GET /blog4/wp-trackback.php?p=11815 HTTP/1.1" 500 2609 "-" "Mozilla/5.0 (compatible; BLEXBot/1.0; +http://webmeup-crawler.com/)" "nacaomestica.org"
157.90.181.151 - - [29/Sep/2022:03:29:07 -0700] "GET /blog4/wp-trackback.php?p=11823 HTTP/1.1" 500 2609 "-" "Mozilla/5.0 (compatible; BLEXBot/1.0; +http://webmeup-crawler.com/)" "nacaomestica.org"
157.90.181.151 - - [29/Sep/2022:03:29:29 -0700] "GET /blog4/wp-trackback.php?p=11853 HTTP/1.1" 500 2609 "-" "Mozilla/5.0 (compatible; BLEXBot/1.0; +http://webmeup-crawler.com/)" "nacaomestica.org"
157.90.181.151 - - [29/Sep/2022:03:29:51 -0700] "GET /blog4/wp-trackback.php?p=11867 HTTP/1.1" 500 2609 "-" "Mozilla/5.0 (compatible; BLEXBot/1.0; +http://webmeup-crawler.com/)" "nacaomestica.org"
157.90.181.151 - - [29/Sep/2022:03:30:13 -0700] "GET /blog4/wp-trackback.php?p=11934 HTTP/1.1" 500 2609 "-" "Mozilla/5.0 (compatible; BLEXBot/1.0; +http://webmeup-crawler.com/)" "nacaomestica.org"
185.119.81.98 - - [29/Sep/2022:03:30:24 -0700] "GET /blog4/wp-login.php HTTP/1.1" 500 2609 "-" "Mozilla/5.0 (Windows NT 6.1) AppleWebKit/537.36 (KHTML, like Gecko) Chrome/46.0.2490.86 Safari/537.36" "nacaomestica.org"
