46.35.226.16 - - [28/Sep/2022:17:00:20 -0700] "GET / HTTP/1.1" 301 - "-" "Mozilla/5.0 (Windows NT 6.3; Win64; x64) AppleWebKit/537.36 (KHTML, like Gecko) Chrome/102.0.0.0 Safari/537.36" "www.nacaomestica.org"
46.35.226.16 - - [28/Sep/2022:17:00:20 -0700] "GET /blog4/?p=1603 HTTP/1.1" 200 82548 "-" "Mozilla/5.0 (Windows NT 6.3; Win64; x64) AppleWebKit/537.36 (KHTML, like Gecko) Chrome/102.0.0.0 Safari/537.36" "nacaomestica.org"
46.35.226.16 - - [28/Sep/2022:17:00:24 -0700] "GET / HTTP/1.1" 200 88399 "-" "Mozilla/5.0 (Windows NT 6.3; Win64; x64) AppleWebKit/537.36 (KHTML, like Gecko) Chrome/102.0.0.0 Safari/537.36" "nacaomestica.org"
201.29.206.246 - - [28/Sep/2022:17:00:55 -0700] "GET /blog4/wp-content/uploads/2019/07/IMG-20190726-WA0006.jpg HTTP/1.1" 200 54978 "https://www.google.com/" "Mozilla/5.0 (Windows NT 6.1; Win64; x64) AppleWebKit/537.36 (KHTML, like Gecko) Chrome/105.0.0.0 Safari/537.36 Edg/105.0.1343.50" "nacaomestica.org"
185.191.171.11 - - [28/Sep/2022:17:01:30 -0700] "GET /robots.txt HTTP/1.1" 200 59 "-" "Mozilla/5.0 (compatible; SemrushBot/7~bl; +http://www.semrush.com/bot.html)" "nacaomestica.org"
185.191.171.38 - - [28/Sep/2022:17:01:30 -0700] "GET /blog4/?feed=rss2&p=17962 HTTP/1.1" 200 824 "-" "Mozilla/5.0 (compatible; SemrushBot/7~bl; +http://www.semrush.com/bot.html)" "nacaomestica.org"
10.213.116.69 - - [28/Sep/2022:17:01:33 -0700] "POST /blog4/wp-cron.php?doing_wp_cron=1664409692.9780480861663818359375 HTTP/1.1" 200 - "https://nacaomestica.org/blog4/wp-cron.php?doing_wp_cron=1664409692.9780480861663818359375" "WordPress/5.6.9; https://nacaomestica.org/blog4" "nacaomestica.org"
170.233.108.160 - - [28/Sep/2022:17:02:45 -0700] "GET /blog4/wp-content/uploads/2010/08/a4.jpg HTTP/1.1" 200 73983 "https://www.google.com/" "Mozilla/5.0 (Windows NT 10.0; Win64; x64) AppleWebKit/537.36 (KHTML, like Gecko) Chrome/105.0.0.0 Safari/537.36" "nacaomestica.org"
185.191.171.42 - - [28/Sep/2022:17:03:56 -0700] "GET /blog4/?feed=rss2&p=10619 HTTP/1.1" 200 793 "-" "Mozilla/5.0 (compatible; SemrushBot/7~bl; +http://www.semrush.com/bot.html)" "nacaomestica.org"
10.213.116.68 - - [28/Sep/2022:17:03:58 -0700] "POST /blog4/wp-cron.php?doing_wp_cron=1664409838.3124699592590332031250 HTTP/1.1" 200 - "https://nacaomestica.org/blog4/wp-cron.php?doing_wp_cron=1664409838.3124699592590332031250" "WordPress/5.6.9; https://nacaomestica.org/blog4" "nacaomestica.org"
207.46.13.71 - - [28/Sep/2022:17:04:08 -0700] "GET /blog4/?submit_button=Search&s=2022 HTTP/1.1" 200 94135 "-" "Mozilla/5.0 (compatible; bingbot/2.0; +http://www.bing.com/bingbot.htm)" "nacaomestica.org"
187.67.185.73 - - [28/Sep/2022:17:06:34 -0700] "GET /blog4/wp-content/uploads/2013/11/liberia1.jpg HTTP/1.1" 200 52965 "https://www.google.com/" "Mozilla/5.0 (Windows NT 10.0; Win64; x64) AppleWebKit/537.36 (KHTML, like Gecko) Chrome/105.0.0.0 Safari/537.36" "nacaomestica.org"
40.87.9.95 - - [28/Sep/2022:17:10:17 -0700] "GET /blog4/?cat=136 HTTP/1.1" 200 67459 "-" "Mozilla/5.0 (Linux; Android 7.0; SM-G930V Build/NRD90M) AppleWebKit/537.36 (KHTML, like Gecko) Chrome/59.0.3071.125 Mobile Safari/537.36" "nacaomestica.org"
10.213.116.70 - - [28/Sep/2022:17:10:19 -0700] "POST /blog4/wp-cron.php?doing_wp_cron=1664410219.7478051185607910156250 HTTP/1.1" 200 - "https://nacaomestica.org/blog4/wp-cron.php?doing_wp_cron=1664410219.7478051185607910156250" "WordPress/5.6.9; https://nacaomestica.org/blog4" "nacaomestica.org"
207.46.13.29 - - [28/Sep/2022:17:10:45 -0700] "GET /blog4/wp-content/uploads/gwpf_icon/?C=S;O=D HTTP/1.1" 200 383 "-" "Mozilla/5.0 (compatible; bingbot/2.0; +http://www.bing.com/bingbot.htm)" "www.nacaomestica.org"
40.77.167.37 - - [28/Sep/2022:17:10:50 -0700] "GET /lei_do_dia_do_mestico_am.JPG HTTP/1.1" 200 136725 "-" "Mozilla/5.0 (compatible; bingbot/2.0; +http://www.bing.com/bingbot.htm)" "www.nacaomestica.org"
20.85.215.177 - - [28/Sep/2022:17:10:48 -0700] "GET /blog4/?p=30937 HTTP/1.1" 200 77729 "-" "Mozilla/5.0 (Linux; Android 7.0; SM-G930V Build/NRD90M) AppleWebKit/537.36 (KHTML, like Gecko) Chrome/59.0.3071.125 Mobile Safari/537.36" "nacaomestica.org"
40.87.9.95 - - [28/Sep/2022:17:10:50 -0700] "GET /blog4/?tag=separatismo HTTP/1.1" 200 81887 "-" "Mozilla/5.0 (Linux; Android 7.0; SM-G930V Build/NRD90M) AppleWebKit/537.36 (KHTML, like Gecko) Chrome/59.0.3071.125 Mobile Safari/537.36" "nacaomestica.org"
40.87.9.95 - - [28/Sep/2022:17:10:53 -0700] "GET /blog4/?tag=globalismo HTTP/1.1" 200 79539 "-" "Mozilla/5.0 (Linux; Android 7.0; SM-G930V Build/NRD90M) AppleWebKit/537.36 (KHTML, like Gecko) Chrome/59.0.3071.125 Mobile Safari/537.36" "nacaomestica.org"
20.85.215.177 - - [28/Sep/2022:17:11:26 -0700] "GET /blog4/?tag=direitos-humanos HTTP/1.1" 200 80335 "-" "Mozilla/5.0 (Linux; Android 7.0; SM-G930V Build/NRD90M) AppleWebKit/537.36 (KHTML, like Gecko) Chrome/59.0.3071.125 Mobile Safari/537.36" "nacaomestica.org"
189.4.76.193 - - [28/Sep/2022:17:11:30 -0700] "GET /nm_livros_teses.htm HTTP/1.1" 200 11180 "-" "Mozilla/5.0 (Windows NT 10.0; Win64; x64) AppleWebKit/537.36 (KHTML, like Gecko) Chrome/105.0.0.0 Safari/537.36" "www.nacaomestica.org"
189.4.76.193 - - [28/Sep/2022:17:11:31 -0700] "GET /estatuto_racial.jpg HTTP/1.1" 200 26082 "https://www.nacaomestica.org/nm_livros_teses.htm" "Mozilla/5.0 (Windows NT 10.0; Win64; x64) AppleWebKit/537.36 (KHTML, like Gecko) Chrome/105.0.0.0 Safari/537.36" "www.nacaomestica.org"
189.92.124.25 - - [28/Sep/2022:17:11:43 -0700] "GET /blog4/wp-content/uploads/2020/07/GRAFICO08_DIFERENCA_MISCIGENADO_MESTICO.png HTTP/1.1" 200 124670 "https://www.google.com/" "Mozilla/5.0 (Linux; Android 11; SM-A705MN) AppleWebKit/537.36 (KHTML, like Gecko) Chrome/105.0.0.0 Mobile Safari/537.36" "nacaomestica.org"
20.85.215.177 - - [28/Sep/2022:17:11:44 -0700] "GET /blog4/?cat=122 HTTP/1.1" 200 77438 "-" "Mozilla/5.0 (Linux; Android 7.0; SM-G930V Build/NRD90M) AppleWebKit/537.36 (KHTML, like Gecko) Chrome/59.0.3071.125 Mobile Safari/537.36" "nacaomestica.org"
20.85.215.177 - - [28/Sep/2022:17:11:52 -0700] "GET /blog4/?tag=preto HTTP/1.1" 200 93149 "-" "Mozilla/5.0 (Linux; Android 7.0; SM-G930V Build/NRD90M) AppleWebKit/537.36 (KHTML, like Gecko) Chrome/59.0.3071.125 Mobile Safari/537.36" "nacaomestica.org"
20.85.215.177 - - [28/Sep/2022:17:11:53 -0700] "GET /blog4/?cat=30 HTTP/1.1" 200 70559 "-" "Mozilla/5.0 (Linux; Android 7.0; SM-G930V Build/NRD90M) AppleWebKit/537.36 (KHTML, like Gecko) Chrome/59.0.3071.125 Mobile Safari/537.36" "nacaomestica.org"
40.87.9.95 - - [28/Sep/2022:17:11:58 -0700] "GET /blog4/?cat=106 HTTP/1.1" 200 80251 "-" "Mozilla/5.0 (Linux; Android 7.0; SM-G930V Build/NRD90M) AppleWebKit/537.36 (KHTML, like Gecko) Chrome/59.0.3071.125 Mobile Safari/537.36" "nacaomestica.org"
201.223.75.246 - - [28/Sep/2022:17:12:02 -0700] "GET /1455_bula_romanus_pontifex.htm HTTP/1.1" 200 3155 "-" "Mozilla/5.0 (Windows NT 10.0; Win64; x64) AppleWebKit/537.36 (KHTML, like Gecko) Chrome/105.0.0.0 Safari/537.36" "nacaomestica.org"
66.249.85.29 - - [28/Sep/2022:17:12:02 -0700] "GET /1455_bula_romanus_pontifex.htm HTTP/1.1" 200 3155 "-" "Mozilla/5.0 (Windows NT 10.0; Win64; x64) AppleWebKit/537.36 (KHTML, like Gecko) Chrome/105.0.0.0 Safari/537.36,gzip(gfe)" "nacaomestica.org"
187.19.227.227 - - [28/Sep/2022:17:12:07 -0700] "GET /blog4/wp-content/uploads/2016/02/pardo_preto1.png HTTP/1.1" 200 331753 "https://www.google.com/" "Mozilla/5.0 (Linux; Android 12; SM-A127M Build/SP1A.210812.016; wv) AppleWebKit/537.36 (KHTML, like Gecko) Version/4.0 Chrome/105.0.5195.136 Mobile Safari/537.36 GoogleApp/13.37.10.26.arm64" "nacaomestica.org"
20.85.215.177 - - [28/Sep/2022:17:12:12 -0700] "GET /blog4/?tag=escravos HTTP/1.1" 200 84936 "-" "Mozilla/5.0 (Linux; Android 7.0; SM-G930V Build/NRD90M) AppleWebKit/537.36 (KHTML, like Gecko) Chrome/59.0.3071.125 Mobile Safari/537.36" "nacaomestica.org"
10.213.116.68 - - [28/Sep/2022:17:12:26 -0700] "POST /blog4/wp-cron.php?doing_wp_cron=1664410346.2600860595703125000000 HTTP/1.1" 200 - "https://nacaomestica.org/blog4/wp-cron.php?doing_wp_cron=1664410346.2600860595703125000000" "WordPress/5.6.9; https://nacaomestica.org/blog4" "nacaomestica.org"
185.191.171.18 - - [28/Sep/2022:17:12:25 -0700] "GET /blog4/?feed=rss2&p=25679 HTTP/1.1" 200 838 "-" "Mozilla/5.0 (compatible; SemrushBot/7~bl; +http://www.semrush.com/bot.html)" "nacaomestica.org"
20.85.215.177 - - [28/Sep/2022:17:12:27 -0700] "GET /blog4/?cat=253 HTTP/1.1" 200 90623 "-" "Mozilla/5.0 (Linux; Android 7.0; SM-G930V Build/NRD90M) AppleWebKit/537.36 (KHTML, like Gecko) Chrome/59.0.3071.125 Mobile Safari/537.36" "nacaomestica.org"
177.220.178.63 - - [28/Sep/2022:17:12:32 -0700] "GET /blog4/wp-content/uploads/2017/02/samoraflagas_si.jpg HTTP/1.1" 200 37224 "https://www.google.com/" "Mozilla/5.0 (Windows NT 10.0; Win64; x64) AppleWebKit/537.36 (KHTML, like Gecko) Chrome/105.0.0.0 Safari/537.36" "nacaomestica.org"
40.87.9.95 - - [28/Sep/2022:17:12:50 -0700] "GET /blog4/?tag=dia-do-mestico HTTP/1.1" 200 81888 "-" "Mozilla/5.0 (Linux; Android 7.0; SM-G930V Build/NRD90M) AppleWebKit/537.36 (KHTML, like Gecko) Chrome/59.0.3071.125 Mobile Safari/537.36" "nacaomestica.org"
40.87.9.95 - - [28/Sep/2022:17:12:56 -0700] "GET /blog4/?cat=60 HTTP/1.1" 200 92218 "-" "Mozilla/5.0 (Linux; Android 7.0; SM-G930V Build/NRD90M) AppleWebKit/537.36 (KHTML, like Gecko) Chrome/59.0.3071.125 Mobile Safari/537.36" "nacaomestica.org"
191.37.178.149 - - [28/Sep/2022:17:13:13 -0700] "GET /blog4/wp-content/uploads/2017/03/1453942828_4.jpg HTTP/1.1" 200 140994 "https://www.google.com/" "Mozilla/5.0 (Linux; Android 6.0.1; SM-J500M) AppleWebKit/537.36 (KHTML, like Gecko) Chrome/99.0.4844.58 Mobile Safari/537.36" "nacaomestica.org"
40.87.9.95 - - [28/Sep/2022:17:13:17 -0700] "GET /blog4/?tag=censura HTTP/1.1" 200 78194 "-" "Mozilla/5.0 (Linux; Android 7.0; SM-G930V Build/NRD90M) AppleWebKit/537.36 (KHTML, like Gecko) Chrome/59.0.3071.125 Mobile Safari/537.36" "nacaomestica.org"
40.87.9.95 - - [28/Sep/2022:17:13:19 -0700] "GET /blog4/?tag=acoes-afirmativas HTTP/1.1" 200 82250 "-" "Mozilla/5.0 (Linux; Android 7.0; SM-G930V Build/NRD90M) AppleWebKit/537.36 (KHTML, like Gecko) Chrome/59.0.3071.125 Mobile Safari/537.36" "nacaomestica.org"
20.85.215.177 - - [28/Sep/2022:17:13:21 -0700] "GET /blog4/?cat=81 HTTP/1.1" 200 73991 "-" "Mozilla/5.0 (Linux; Android 7.0; SM-G930V Build/NRD90M) AppleWebKit/537.36 (KHTML, like Gecko) Chrome/59.0.3071.125 Mobile Safari/537.36" "nacaomestica.org"
191.255.65.189 - - [28/Sep/2022:17:13:28 -0700] "GET /blog4/?p=8456 HTTP/1.1" 200 36768 "https://www.google.com/" "Mozilla/5.0 (Windows NT 10.0; Win64; x64) AppleWebKit/537.36 (KHTML, like Gecko) Chrome/105.0.0.0 Safari/537.36" "nacaomestica.org"
191.255.65.189 - - [28/Sep/2022:17:13:31 -0700] "GET /blog4/?p=8456 HTTP/1.1" 200 36768 "https://www.google.com/" "Mozilla/5.0 (Windows NT 10.0; Win64; x64) AppleWebKit/537.36 (KHTML, like Gecko) Chrome/105.0.0.0 Safari/537.36" "nacaomestica.org"
20.85.215.177 - - [28/Sep/2022:17:13:28 -0700] "GET /blog4/?cat=1 HTTP/1.1" 200 90008 "-" "Mozilla/5.0 (Linux; Android 7.0; SM-G930V Build/NRD90M) AppleWebKit/537.36 (KHTML, like Gecko) Chrome/59.0.3071.125 Mobile Safari/537.36" "nacaomestica.org"
191.255.65.189 - - [28/Sep/2022:17:13:33 -0700] "GET /blog4/?p=8456 HTTP/1.1" 200 172120 "https://www.google.com/" "Mozilla/5.0 (Windows NT 10.0; Win64; x64) AppleWebKit/537.36 (KHTML, like Gecko) Chrome/105.0.0.0 Safari/537.36" "nacaomestica.org"
191.255.65.189 - - [28/Sep/2022:17:13:36 -0700] "GET /blog4/wp-content/themes/carrington-blog/carrington-core/lightbox/thickbox.js?ver=1.0 HTTP/1.1" 200 3903 "https://nacaomestica.org/blog4/?p=8456" "Mozilla/5.0 (Windows NT 10.0; Win64; x64) AppleWebKit/537.36 (KHTML, like Gecko) Chrome/105.0.0.0 Safari/537.36" "nacaomestica.org"
191.255.65.189 - - [28/Sep/2022:17:13:36 -0700] "GET /blog4/wp-content/themes/carrington-blog/js/carrington.js?ver=1.0 HTTP/1.1" 200 1229 "https://nacaomestica.org/blog4/?p=8456" "Mozilla/5.0 (Windows NT 10.0; Win64; x64) AppleWebKit/537.36 (KHTML, like Gecko) Chrome/105.0.0.0 Safari/537.36" "nacaomestica.org"
191.255.65.189 - - [28/Sep/2022:17:13:36 -0700] "GET /blog4/wp-includes/js/jquery/jquery-migrate.min.js?ver=3.3.2 HTTP/1.1" 200 4169 "https://nacaomestica.org/blog4/?p=8456" "Mozilla/5.0 (Windows NT 10.0; Win64; x64) AppleWebKit/537.36 (KHTML, like Gecko) Chrome/105.0.0.0 Safari/537.36" "nacaomestica.org"
191.255.65.189 - - [28/Sep/2022:17:13:36 -0700] "GET /blog4/wp-includes/js/jquery/jquery.min.js?ver=3.5.1 HTTP/1.1" 200 30916 "https://nacaomestica.org/blog4/?p=8456" "Mozilla/5.0 (Windows NT 10.0; Win64; x64) AppleWebKit/537.36 (KHTML, like Gecko) Chrome/105.0.0.0 Safari/537.36" "nacaomestica.org"
191.255.65.189 - - [28/Sep/2022:17:13:36 -0700] "GET /blog4/wp-content/themes/carrington-blog/carrington-core/lightbox/css/thickbox.css HTTP/1.1" 200 975 "https://nacaomestica.org/blog4/?p=8456" "Mozilla/5.0 (Windows NT 10.0; Win64; x64) AppleWebKit/537.36 (KHTML, like Gecko) Chrome/105.0.0.0 Safari/537.36" "nacaomestica.org"
191.255.65.189 - - [28/Sep/2022:17:13:36 -0700] "GET /blog4/wp-content/themes/carrington-blog/css/css.php HTTP/1.1" 200 4963 "https://nacaomestica.org/blog4/?p=8456" "Mozilla/5.0 (Windows NT 10.0; Win64; x64) AppleWebKit/537.36 (KHTML, like Gecko) Chrome/105.0.0.0 Safari/537.36" "nacaomestica.org"
191.255.65.189 - - [28/Sep/2022:17:13:38 -0700] "GET /blog4/wp-includes/js/mediaelement/mediaelementplayer-legacy.min.css?ver=4.2.16 HTTP/1.1" 200 2592 "https://nacaomestica.org/blog4/?p=8456" "Mozilla/5.0 (Windows NT 10.0; Win64; x64) AppleWebKit/537.36 (KHTML, like Gecko) Chrome/105.0.0.0 Safari/537.36" "nacaomestica.org"
191.255.65.189 - - [28/Sep/2022:17:13:39 -0700] "GET /blog4/wp-includes/js/mediaelement/wp-mediaelement.min.css?ver=5.6.9 HTTP/1.1" 200 1156 "https://nacaomestica.org/blog4/?p=8456" "Mozilla/5.0 (Windows NT 10.0; Win64; x64) AppleWebKit/537.36 (KHTML, like Gecko) Chrome/105.0.0.0 Safari/537.36" "nacaomestica.org"
191.255.65.189 - - [28/Sep/2022:17:13:39 -0700] "GET /blog4/wp-includes/js/mediaelement/wp-mediaelement.min.js?ver=5.6.9 HTTP/1.1" 200 475 "https://nacaomestica.org/blog4/?p=8456" "Mozilla/5.0 (Windows NT 10.0; Win64; x64) AppleWebKit/537.36 (KHTML, like Gecko) Chrome/105.0.0.0 Safari/537.36" "nacaomestica.org"
191.255.65.189 - - [28/Sep/2022:17:13:39 -0700] "GET /blog4/wp-includes/js/wp-emoji-release.min.js?ver=5.6.9 HTTP/1.1" 200 4662 "https://nacaomestica.org/blog4/?p=8456" "Mozilla/5.0 (Windows NT 10.0; Win64; x64) AppleWebKit/537.36 (KHTML, like Gecko) Chrome/105.0.0.0 Safari/537.36" "nacaomestica.org"
191.255.65.189 - - [28/Sep/2022:17:13:39 -0700] "GET /blog4/wp-includes/js/wp-embed.min.js?ver=5.6.9 HTTP/1.1" 200 765 "https://nacaomestica.org/blog4/?p=8456" "Mozilla/5.0 (Windows NT 10.0; Win64; x64) AppleWebKit/537.36 (KHTML, like Gecko) Chrome/105.0.0.0 Safari/537.36" "nacaomestica.org"
191.255.65.189 - - [28/Sep/2022:17:13:39 -0700] "GET /blog4/wp-content/themes/carrington-blog/img/sidebar-background.gif HTTP/1.1" 200 1515 "https://nacaomestica.org/blog4/wp-content/themes/carrington-blog/css/css.php" "Mozilla/5.0 (Windows NT 10.0; Win64; x64) AppleWebKit/537.36 (KHTML, like Gecko) Chrome/105.0.0.0 Safari/537.36" "nacaomestica.org"
191.255.65.189 - - [28/Sep/2022:17:13:39 -0700] "GET /blog4/wp-content/themes/carrington-blog/img/divider-ornament.gif HTTP/1.1" 200 778 "https://nacaomestica.org/blog4/wp-content/themes/carrington-blog/css/css.php" "Mozilla/5.0 (Windows NT 10.0; Win64; x64) AppleWebKit/537.36 (KHTML, like Gecko) Chrome/105.0.0.0 Safari/537.36" "nacaomestica.org"
191.255.65.189 - - [28/Sep/2022:17:13:39 -0700] "GET /blog4/wp-content/themes/carrington-blog/img/grey-to-white-gradient.png HTTP/1.1" 200 153 "https://nacaomestica.org/blog4/wp-content/themes/carrington-blog/css/css.php" "Mozilla/5.0 (Windows NT 10.0; Win64; x64) AppleWebKit/537.36 (KHTML, like Gecko) Chrome/105.0.0.0 Safari/537.36" "nacaomestica.org"
191.255.65.189 - - [28/Sep/2022:17:13:39 -0700] "GET /blog4/wp-content/themes/carrington-blog/img/comment.gif HTTP/1.1" 200 370 "https://nacaomestica.org/blog4/wp-content/themes/carrington-blog/css/css.php" "Mozilla/5.0 (Windows NT 10.0; Win64; x64) AppleWebKit/537.36 (KHTML, like Gecko) Chrome/105.0.0.0 Safari/537.36" "nacaomestica.org"
191.255.65.189 - - [28/Sep/2022:17:13:39 -0700] "GET /blog4/wp-content/plugins/wp-spamshield/js/jscripts-ftr2-min.js HTTP/1.1" 200 637 "https://nacaomestica.org/blog4/?p=8456" "Mozilla/5.0 (Windows NT 10.0; Win64; x64) AppleWebKit/537.36 (KHTML, like Gecko) Chrome/105.0.0.0 Safari/537.36" "nacaomestica.org"
191.255.65.189 - - [28/Sep/2022:17:13:39 -0700] "GET /blog4/wp-includes/js/mediaelement/mediaelement-migrate.min.js?ver=5.6.9 HTTP/1.1" 200 544 "https://nacaomestica.org/blog4/?p=8456" "Mozilla/5.0 (Windows NT 10.0; Win64; x64) AppleWebKit/537.36 (KHTML, like Gecko) Chrome/105.0.0.0 Safari/537.36" "nacaomestica.org"
191.255.65.189 - - [28/Sep/2022:17:13:39 -0700] "GET /blog4/wp-content/themes/carrington-blog/img/rss-button.gif HTTP/1.1" 200 2208 "https://nacaomestica.org/blog4/?p=8456" "Mozilla/5.0 (Windows NT 10.0; Win64; x64) AppleWebKit/537.36 (KHTML, like Gecko) Chrome/105.0.0.0 Safari/537.36" "nacaomestica.org"
191.255.65.189 - - [28/Sep/2022:17:13:39 -0700] "GET /blog4/wp-content/themes/carrington-blog/img/sub-header-border-bottom.gif HTTP/1.1" 200 43 "https://nacaomestica.org/blog4/wp-content/themes/carrington-blog/css/css.php" "Mozilla/5.0 (Windows NT 10.0; Win64; x64) AppleWebKit/537.36 (KHTML, like Gecko) Chrome/105.0.0.0 Safari/537.36" "nacaomestica.org"
191.255.65.189 - - [28/Sep/2022:17:13:39 -0700] "GET /blog4/wp-includes/js/mediaelement/mediaelement-and-player.min.js?ver=4.2.16 HTTP/1.1" 200 38657 "https://nacaomestica.org/blog4/?p=8456" "Mozilla/5.0 (Windows NT 10.0; Win64; x64) AppleWebKit/537.36 (KHTML, like Gecko) Chrome/105.0.0.0 Safari/537.36" "nacaomestica.org"
191.255.65.189 - - [28/Sep/2022:17:13:39 -0700] "GET /blog4/wp-content/themes/carrington-blog/img/dropdown-divider.gif HTTP/1.1" 200 144 "https://nacaomestica.org/blog4/wp-content/themes/carrington-blog/css/css.php" "Mozilla/5.0 (Windows NT 10.0; Win64; x64) AppleWebKit/537.36 (KHTML, like Gecko) Chrome/105.0.0.0 Safari/537.36" "nacaomestica.org"
191.255.65.189 - - [28/Sep/2022:17:13:39 -0700] "GET /blog4/wp-includes/js/mediaelement/renderers/vimeo.min.js?ver=4.2.16 HTTP/1.1" 200 2284 "https://nacaomestica.org/blog4/?p=8456" "Mozilla/5.0 (Windows NT 10.0; Win64; x64) AppleWebKit/537.36 (KHTML, like Gecko) Chrome/105.0.0.0 Safari/537.36" "nacaomestica.org"
191.255.65.189 - - [28/Sep/2022:17:13:39 -0700] "GET /blog4/wp-content/themes/carrington-blog/img/watermark-light.gif HTTP/1.1" 200 31981 "https://nacaomestica.org/blog4/wp-content/themes/carrington-blog/css/css.php" "Mozilla/5.0 (Windows NT 10.0; Win64; x64) AppleWebKit/537.36 (KHTML, like Gecko) Chrome/105.0.0.0 Safari/537.36" "nacaomestica.org"
191.255.65.189 - - [28/Sep/2022:17:13:39 -0700] "GET /blog4/wp-content/themes/carrington-blog/img/arrow-bullet.gif HTTP/1.1" 200 50 "https://nacaomestica.org/blog4/wp-content/themes/carrington-blog/css/css.php" "Mozilla/5.0 (Windows NT 10.0; Win64; x64) AppleWebKit/537.36 (KHTML, like Gecko) Chrome/105.0.0.0 Safari/537.36" "nacaomestica.org"
191.255.65.189 - - [28/Sep/2022:17:13:39 -0700] "GET /blog4/wp-content/themes/carrington-blog/img/comments-divider.gif HTTP/1.1" 200 6855 "https://nacaomestica.org/blog4/wp-content/themes/carrington-blog/css/css.php" "Mozilla/5.0 (Windows NT 10.0; Win64; x64) AppleWebKit/537.36 (KHTML, like Gecko) Chrome/105.0.0.0 Safari/537.36" "nacaomestica.org"
191.255.65.189 - - [28/Sep/2022:17:13:39 -0700] "GET /blog4/wp-content/themes/carrington-blog/img/comment-thread.gif HTTP/1.1" 200 236 "https://nacaomestica.org/blog4/wp-content/themes/carrington-blog/css/css.php" "Mozilla/5.0 (Windows NT 10.0; Win64; x64) AppleWebKit/537.36 (KHTML, like Gecko) Chrome/105.0.0.0 Safari/537.36" "nacaomestica.org"
191.255.65.189 - - [28/Sep/2022:17:13:39 -0700] "GET /blog4/wp-content/uploads/2015/04/ONCA_SITE2.png HTTP/1.1" 200 296324 "https://nacaomestica.org/blog4/?p=8456" "Mozilla/5.0 (Windows NT 10.0; Win64; x64) AppleWebKit/537.36 (KHTML, like Gecko) Chrome/105.0.0.0 Safari/537.36" "nacaomestica.org"
191.255.65.189 - - [28/Sep/2022:17:13:39 -0700] "GET /blog4/wp-content/themes/carrington-blog/img/footer/gradient-light.png HTTP/1.1" 200 172 "https://nacaomestica.org/blog4/?p=8456" "Mozilla/5.0 (Windows NT 10.0; Win64; x64) AppleWebKit/537.36 (KHTML, like Gecko) Chrome/105.0.0.0 Safari/537.36" "nacaomestica.org"
191.255.65.189 - - [28/Sep/2022:17:13:39 -0700] "GET /blog4/wp-content/themes/carrington-blog/img/header/gradient-dark.png HTTP/1.1" 200 2877 "https://nacaomestica.org/blog4/?p=8456" "Mozilla/5.0 (Windows NT 10.0; Win64; x64) AppleWebKit/537.36 (KHTML, like Gecko) Chrome/105.0.0.0 Safari/537.36" "nacaomestica.org"
191.255.65.189 - - [28/Sep/2022:17:13:39 -0700] "GET /blog4/wp-content/uploads/2013/01/rebel-execution.jpg HTTP/1.1" 200 35597 "https://nacaomestica.org/blog4/?p=8456" "Mozilla/5.0 (Windows NT 10.0; Win64; x64) AppleWebKit/537.36 (KHTML, like Gecko) Chrome/105.0.0.0 Safari/537.36" "nacaomestica.org"
191.255.65.189 - - [28/Sep/2022:17:13:39 -0700] "GET /blog4/wp-content/uploads/2013/01/videoplayback-2.mp4?_=1 HTTP/1.1" 206 1536726 "https://nacaomestica.org/blog4/?p=8456" "Mozilla/5.0 (Windows NT 10.0; Win64; x64) AppleWebKit/537.36 (KHTML, like Gecko) Chrome/105.0.0.0 Safari/537.36" "nacaomestica.org"
191.255.65.189 - - [28/Sep/2022:17:13:39 -0700] "GET /blog4/wp-content/themes/carrington-blog/img/footer/by-crowd-favorite-light.png HTTP/1.1" 200 2825 "https://nacaomestica.org/blog4/?p=8456" "Mozilla/5.0 (Windows NT 10.0; Win64; x64) AppleWebKit/537.36 (KHTML, like Gecko) Chrome/105.0.0.0 Safari/537.36" "nacaomestica.org"
191.255.65.189 - - [28/Sep/2022:17:13:39 -0700] "GET /blog4/wp-content/uploads/2018/08/livro_mestico_CAPA-2peq.png HTTP/1.1" 200 35385 "https://nacaomestica.org/blog4/?p=8456" "Mozilla/5.0 (Windows NT 10.0; Win64; x64) AppleWebKit/537.36 (KHTML, like Gecko) Chrome/105.0.0.0 Safari/537.36" "nacaomestica.org"
191.255.65.189 - - [28/Sep/2022:17:13:39 -0700] "GET /blog4/wp-content/themes/carrington-blog/img/footer/divider-ornament-wide-light.png HTTP/1.1" 200 1601 "https://nacaomestica.org/blog4/wp-content/themes/carrington-blog/css/css.php" "Mozilla/5.0 (Windows NT 10.0; Win64; x64) AppleWebKit/537.36 (KHTML, like Gecko) Chrome/105.0.0.0 Safari/537.36" "nacaomestica.org"
191.255.65.189 - - [28/Sep/2022:17:13:40 -0700] "GET /blog4/wp-content/themes/carrington-blog/carrington-core/lightbox/img/loadingAnimation.gif HTTP/1.1" 200 5886 "https://nacaomestica.org/blog4/?p=8456" "Mozilla/5.0 (Windows NT 10.0; Win64; x64) AppleWebKit/537.36 (KHTML, like Gecko) Chrome/105.0.0.0 Safari/537.36" "nacaomestica.org"
191.255.65.189 - - [28/Sep/2022:17:13:40 -0700] "GET /blog4/wp-includes/js/mediaelement/mejs-controls.svg HTTP/1.1" 200 1413 "https://nacaomestica.org/blog4/wp-includes/js/mediaelement/mediaelementplayer-legacy.min.css?ver=4.2.16" "Mozilla/5.0 (Windows NT 10.0; Win64; x64) AppleWebKit/537.36 (KHTML, like Gecko) Chrome/105.0.0.0 Safari/537.36" "nacaomestica.org"
191.255.65.189 - - [28/Sep/2022:17:13:40 -0700] "GET /blog4/wp-content/uploads/2013/01/videoplayback-2.mp4?_=1 HTTP/1.1" 206 1536726 "https://nacaomestica.org/blog4/?p=8456" "Mozilla/5.0 (Windows NT 10.0; Win64; x64) AppleWebKit/537.36 (KHTML, like Gecko) Chrome/105.0.0.0 Safari/537.36" "nacaomestica.org"
191.255.65.189 - - [28/Sep/2022:17:13:49 -0700] "GET /favicon.ico HTTP/1.1" 200 676 "https://nacaomestica.org/blog4/?p=8456" "Mozilla/5.0 (Windows NT 10.0; Win64; x64) AppleWebKit/537.36 (KHTML, like Gecko) Chrome/105.0.0.0 Safari/537.36" "nacaomestica.org"
20.85.215.177 - - [28/Sep/2022:17:13:47 -0700] "GET /blog4/?tag=discriminacao HTTP/1.1" 200 85992 "-" "Mozilla/5.0 (Linux; Android 7.0; SM-G930V Build/NRD90M) AppleWebKit/537.36 (KHTML, like Gecko) Chrome/59.0.3071.125 Mobile Safari/537.36" "nacaomestica.org"
177.81.75.94 - - [28/Sep/2022:17:13:56 -0700] "GET /blog4/wp-content/uploads/2019/11/GRAFICO03_RACA_MESTICO_ETNIA3-1024x576.png HTTP/1.1" 200 120733 "https://www.google.com/" "Mozilla/5.0 (Windows NT 10.0; Win64; x64) AppleWebKit/537.36 (KHTML, like Gecko) Chrome/102.0.0.0 Safari/537.36" "nacaomestica.org"
191.255.65.189 - - [28/Sep/2022:17:13:58 -0700] "GET /blog4/wp-content/uploads/2013/01/che_almeida.jpg HTTP/1.1" 200 13761 "https://nacaomestica.org/blog4/?p=8456" "Mozilla/5.0 (Windows NT 10.0; Win64; x64) AppleWebKit/537.36 (KHTML, like Gecko) Chrome/105.0.0.0 Safari/537.36" "nacaomestica.org"
191.255.65.189 - - [28/Sep/2022:17:13:58 -0700] "GET /blog4/wp-content/uploads/2013/01/videoplayback-2.mp4?_=1 HTTP/1.1" 206 1414334 "https://nacaomestica.org/blog4/?p=8456" "Mozilla/5.0 (Windows NT 10.0; Win64; x64) AppleWebKit/537.36 (KHTML, like Gecko) Chrome/105.0.0.0 Safari/537.36" "nacaomestica.org"
20.85.215.177 - - [28/Sep/2022:17:14:10 -0700] "GET /blog4/?cat=220 HTTP/1.1" 200 75763 "-" "Mozilla/5.0 (Linux; Android 7.0; SM-G930V Build/NRD90M) AppleWebKit/537.36 (KHTML, like Gecko) Chrome/59.0.3071.125 Mobile Safari/537.36" "nacaomestica.org"
40.87.9.95 - - [28/Sep/2022:17:14:14 -0700] "GET /blog4/?cat=267 HTTP/1.1" 200 69188 "-" "Mozilla/5.0 (Linux; Android 7.0; SM-G930V Build/NRD90M) AppleWebKit/537.36 (KHTML, like Gecko) Chrome/59.0.3071.125 Mobile Safari/537.36" "nacaomestica.org"
72.14.201.203 - - [28/Sep/2022:17:14:20 -0700] "GET /blog4/?p=12156 HTTP/1.1" 200 27576 "-" "Mozilla/5.0 (Linux; Android 10; K) AppleWebKit/537.36 (KHTML, like Gecko) Chrome/105.0.0.0 Mobile Safari/537.36" "nacaomestica.org"
40.87.9.95 - - [28/Sep/2022:17:14:23 -0700] "GET /blog4/?tag=racism HTTP/1.1" 200 86493 "-" "Mozilla/5.0 (Linux; Android 7.0; SM-G930V Build/NRD90M) AppleWebKit/537.36 (KHTML, like Gecko) Chrome/59.0.3071.125 Mobile Safari/537.36" "nacaomestica.org"
40.87.9.95 - - [28/Sep/2022:17:14:31 -0700] "GET /blog4/?cat=223 HTTP/1.1" 200 94021 "-" "Mozilla/5.0 (Linux; Android 7.0; SM-G930V Build/NRD90M) AppleWebKit/537.36 (KHTML, like Gecko) Chrome/59.0.3071.125 Mobile Safari/537.36" "nacaomestica.org"
10.213.116.69 - - [28/Sep/2022:17:14:32 -0700] "POST /blog4/wp-cron.php?doing_wp_cron=1664410472.3456189632415771484375 HTTP/1.1" 200 - "https://nacaomestica.org/blog4/wp-cron.php?doing_wp_cron=1664410472.3456189632415771484375" "WordPress/5.6.9; https://nacaomestica.org/blog4" "nacaomestica.org"
40.87.9.95 - - [28/Sep/2022:17:14:38 -0700] "GET /blog4/?p=20922 HTTP/1.1" 200 87208 "-" "Mozilla/5.0 (Linux; Android 7.0; SM-G930V Build/NRD90M) AppleWebKit/537.36 (KHTML, like Gecko) Chrome/59.0.3071.125 Mobile Safari/537.36" "nacaomestica.org"
40.87.9.95 - - [28/Sep/2022:17:14:48 -0700] "GET /blog4/?tag=branco HTTP/1.1" 200 95857 "-" "Mozilla/5.0 (Linux; Android 7.0; SM-G930V Build/NRD90M) AppleWebKit/537.36 (KHTML, like Gecko) Chrome/59.0.3071.125 Mobile Safari/537.36" "nacaomestica.org"
177.81.90.156 - - [28/Sep/2022:17:15:04 -0700] "GET /blog4/wp-content/uploads/2019/11/GRAFICO03_RACA_MESTICO_ETNIA3.png HTTP/1.1" 200 101536 "https://www.google.com/" "Mozilla/5.0 (Windows NT 10.0; Win64; x64) AppleWebKit/537.36 (KHTML, like Gecko) Chrome/105.0.0.0 Safari/537.36" "nacaomestica.org"
20.85.215.177 - - [28/Sep/2022:17:15:04 -0700] "GET /blog4/?cat=199 HTTP/1.1" 200 100395 "-" "Mozilla/5.0 (Linux; Android 7.0; SM-G930V Build/NRD90M) AppleWebKit/537.36 (KHTML, like Gecko) Chrome/59.0.3071.125 Mobile Safari/537.36" "nacaomestica.org"
20.85.215.177 - - [28/Sep/2022:17:15:10 -0700] "GET /blog4/?cat=24 HTTP/1.1" 200 97887 "-" "Mozilla/5.0 (Linux; Android 7.0; SM-G930V Build/NRD90M) AppleWebKit/537.36 (KHTML, like Gecko) Chrome/59.0.3071.125 Mobile Safari/537.36" "nacaomestica.org"
20.85.215.177 - - [28/Sep/2022:17:15:13 -0700] "GET /blog4/?cat=248 HTTP/1.1" 200 81566 "-" "Mozilla/5.0 (Linux; Android 7.0; SM-G930V Build/NRD90M) AppleWebKit/537.36 (KHTML, like Gecko) Chrome/59.0.3071.125 Mobile Safari/537.36" "nacaomestica.org"
40.87.9.95 - - [28/Sep/2022:17:15:49 -0700] "GET /blog4/?tag=indio HTTP/1.1" 200 99904 "-" "Mozilla/5.0 (Linux; Android 7.0; SM-G930V Build/NRD90M) AppleWebKit/537.36 (KHTML, like Gecko) Chrome/59.0.3071.125 Mobile Safari/537.36" "nacaomestica.org"
40.87.9.95 - - [28/Sep/2022:17:15:56 -0700] "GET /blog4/?tag=english-texts HTTP/1.1" 200 93056 "-" "Mozilla/5.0 (Linux; Android 7.0; SM-G930V Build/NRD90M) AppleWebKit/537.36 (KHTML, like Gecko) Chrome/59.0.3071.125 Mobile Safari/537.36" "nacaomestica.org"
40.87.9.95 - - [28/Sep/2022:17:15:59 -0700] "GET /blog4/?cat=203 HTTP/1.1" 200 95708 "-" "Mozilla/5.0 (Linux; Android 7.0; SM-G930V Build/NRD90M) AppleWebKit/537.36 (KHTML, like Gecko) Chrome/59.0.3071.125 Mobile Safari/537.36" "nacaomestica.org"
66.220.149.20 - - [28/Sep/2022:17:16:01 -0700] "GET /blog4/wp-content/uploads/2022/09/acm_jeronimo.jpg HTTP/1.1" 200 45052 "-" "facebookexternalhit/1.1 (+http://www.facebook.com/externalhit_uatext.php)" "nacaomestica.org"
20.85.215.177 - - [28/Sep/2022:17:16:05 -0700] "GET /blog4/?cat=246 HTTP/1.1" 200 70686 "-" "Mozilla/5.0 (Linux; Android 7.0; SM-G930V Build/NRD90M) AppleWebKit/537.36 (KHTML, like Gecko) Chrome/59.0.3071.125 Mobile Safari/537.36" "nacaomestica.org"
189.92.206.44 - - [28/Sep/2022:17:16:19 -0700] "GET /AristotelesMFP.htm HTTP/1.1" 200 3786 "https://www.google.com/" "Mozilla/5.0 (Macintosh; Intel Mac OS X 10_15_7) AppleWebKit/605.1.15 (KHTML, like Gecko) Version/15.6.1 Safari/605.1.15" "www.nacaomestica.org"
189.92.206.44 - - [28/Sep/2022:17:16:20 -0700] "GET /fundoaristoteles.gif HTTP/1.1" 404 88 "https://www.nacaomestica.org/AristotelesMFP.htm" "Mozilla/5.0 (Macintosh; Intel Mac OS X 10_15_7) AppleWebKit/605.1.15 (KHTML, like Gecko) Version/15.6.1 Safari/605.1.15" "www.nacaomestica.org"
177.72.180.223 - - [28/Sep/2022:17:16:20 -0700] "GET /blog4/wp-content/uploads/2010/05/populacao_cor1.gif HTTP/1.1" 200 10384 "https://br.images.search.yahoo.com/yhs/search?p=gr%C3%A1ficos+sobre+a+popula%C3%A7%C3%A3o&fr=yhs-avast-securebrowser&type=3150&hspart=avast&hsimp=yhs-securebrowser&imgurl=https%3A%2F%2F2.bp.blogspot.com%2F-swxXO-GrkIs%2FThL13A3sKgI%2FAAAAAAAAABc%2FXiuEB0OXlfg%2Fs1600%2FPOPULATION%2B-G4.png" "Mozilla/5.0 (Windows NT 10.0) AppleWebKit/537.36 (KHTML, like Gecko) Chrome/105.0.5195.127 Safari/537.36" "nacaomestica.org"
189.92.206.44 - - [28/Sep/2022:17:16:22 -0700] "GET /favicon.ico HTTP/1.1" 200 676 "https://www.nacaomestica.org/AristotelesMFP.htm" "Mozilla/5.0 (Macintosh; Intel Mac OS X 10_15_7) AppleWebKit/605.1.15 (KHTML, like Gecko) Version/15.6.1 Safari/605.1.15" "www.nacaomestica.org"
10.213.116.68 - - [28/Sep/2022:17:16:38 -0700] "POST /blog4/wp-cron.php?doing_wp_cron=1664410598.6343660354614257812500 HTTP/1.1" 200 - "https://nacaomestica.org/blog4/wp-cron.php?doing_wp_cron=1664410598.6343660354614257812500" "WordPress/5.6.9; https://nacaomestica.org/blog4" "nacaomestica.org"
20.85.215.177 - - [28/Sep/2022:17:16:37 -0700] "GET /blog4/?cat=216 HTTP/1.1" 200 97293 "-" "Mozilla/5.0 (Linux; Android 7.0; SM-G930V Build/NRD90M) AppleWebKit/537.36 (KHTML, like Gecko) Chrome/59.0.3071.125 Mobile Safari/537.36" "nacaomestica.org"
20.85.215.177 - - [28/Sep/2022:17:16:43 -0700] "GET /blog4/?cat=193 HTTP/1.1" 200 82584 "-" "Mozilla/5.0 (Linux; Android 7.0; SM-G930V Build/NRD90M) AppleWebKit/537.36 (KHTML, like Gecko) Chrome/59.0.3071.125 Mobile Safari/537.36" "nacaomestica.org"
40.87.9.95 - - [28/Sep/2022:17:16:44 -0700] "GET /blog4/?cat=134 HTTP/1.1" 200 70611 "-" "Mozilla/5.0 (Linux; Android 7.0; SM-G930V Build/NRD90M) AppleWebKit/537.36 (KHTML, like Gecko) Chrome/59.0.3071.125 Mobile Safari/537.36" "nacaomestica.org"
40.87.9.95 - - [28/Sep/2022:17:16:45 -0700] "GET /blog4/?cat=28 HTTP/1.1" 200 96689 "-" "Mozilla/5.0 (Linux; Android 7.0; SM-G930V Build/NRD90M) AppleWebKit/537.36 (KHTML, like Gecko) Chrome/59.0.3071.125 Mobile Safari/537.36" "nacaomestica.org"
40.87.9.95 - - [28/Sep/2022:17:16:48 -0700] "GET /blog4/?cat=241 HTTP/1.1" 200 68127 "-" "Mozilla/5.0 (Linux; Android 7.0; SM-G930V Build/NRD90M) AppleWebKit/537.36 (KHTML, like Gecko) Chrome/59.0.3071.125 Mobile Safari/537.36" "nacaomestica.org"
179.98.113.118 - - [28/Sep/2022:17:16:51 -0700] "GET /blog4/wp-content/uploads/2018/08/lula3.png HTTP/1.1" 200 351671 "https://www.google.com/" "Mozilla/5.0 (Windows NT 10.0; Win64; x64) AppleWebKit/537.36 (KHTML, like Gecko) Chrome/105.0.0.0 Safari/537.36" "nacaomestica.org"
20.85.215.177 - - [28/Sep/2022:17:16:52 -0700] "GET /blog4/?tag=anti-conservadorismo HTTP/1.1" 200 76290 "-" "Mozilla/5.0 (Linux; Android 7.0; SM-G930V Build/NRD90M) AppleWebKit/537.36 (KHTML, like Gecko) Chrome/59.0.3071.125 Mobile Safari/537.36" "nacaomestica.org"
177.128.145.204 - - [28/Sep/2022:17:16:54 -0700] "GET /seca_amazonia_grande.jpg HTTP/1.1" 200 93397 "https://www.google.com/" "Mozilla/5.0 (Windows NT 10.0; Win64; x64) AppleWebKit/537.36 (KHTML, like Gecko) Chrome/105.0.0.0 Safari/537.36" "www.nacaomestica.org"
40.87.9.95 - - [28/Sep/2022:17:16:53 -0700] "GET /blog4/?tag=gilberto-freyre HTTP/1.1" 200 80278 "-" "Mozilla/5.0 (Linux; Android 7.0; SM-G930V Build/NRD90M) AppleWebKit/537.36 (KHTML, like Gecko) Chrome/59.0.3071.125 Mobile Safari/537.36" "nacaomestica.org"
20.85.215.177 - - [28/Sep/2022:17:16:54 -0700] "GET /blog4/?cat=240 HTTP/1.1" 200 76436 "-" "Mozilla/5.0 (Linux; Android 7.0; SM-G930V Build/NRD90M) AppleWebKit/537.36 (KHTML, like Gecko) Chrome/59.0.3071.125 Mobile Safari/537.36" "nacaomestica.org"
20.85.215.177 - - [28/Sep/2022:17:16:56 -0700] "GET /blog4/?cat=230 HTTP/1.1" 200 70298 "-" "Mozilla/5.0 (Linux; Android 7.0; SM-G930V Build/NRD90M) AppleWebKit/537.36 (KHTML, like Gecko) Chrome/59.0.3071.125 Mobile Safari/537.36" "nacaomestica.org"
40.87.9.95 - - [28/Sep/2022:17:16:59 -0700] "GET /blog4/?cat=259 HTTP/1.1" 200 67874 "-" "Mozilla/5.0 (Linux; Android 7.0; SM-G930V Build/NRD90M) AppleWebKit/537.36 (KHTML, like Gecko) Chrome/59.0.3071.125 Mobile Safari/537.36" "nacaomestica.org"
20.85.215.177 - - [28/Sep/2022:17:17:20 -0700] "GET /blog4/?cat=237 HTTP/1.1" 200 83714 "-" "Mozilla/5.0 (Linux; Android 7.0; SM-G930V Build/NRD90M) AppleWebKit/537.36 (KHTML, like Gecko) Chrome/59.0.3071.125 Mobile Safari/537.36" "nacaomestica.org"
20.85.215.177 - - [28/Sep/2022:17:17:25 -0700] "GET /blog4/?cat=132 HTTP/1.1" 200 91136 "-" "Mozilla/5.0 (Linux; Android 7.0; SM-G930V Build/NRD90M) AppleWebKit/537.36 (KHTML, like Gecko) Chrome/59.0.3071.125 Mobile Safari/537.36" "nacaomestica.org"
20.85.215.177 - - [28/Sep/2022:17:17:34 -0700] "GET /blog4/?cat=126 HTTP/1.1" 200 71374 "-" "Mozilla/5.0 (Linux; Android 7.0; SM-G930V Build/NRD90M) AppleWebKit/537.36 (KHTML, like Gecko) Chrome/59.0.3071.125 Mobile Safari/537.36" "nacaomestica.org"
189.34.246.172 - - [28/Sep/2022:17:17:54 -0700] "GET /blog4/wp-content/uploads/2018/02/COLLECTIE_TROPENMUSEUM_Groepsportret_van_de_zogenaamde_Amazones_uit_Dahomey_tijdens_hun_verblijf_in_Parijs_TMnr_60038362.jpg HTTP/1.1" 200 100891 "https://www.google.com/" "Mozilla/5.0 (Windows NT 6.1) AppleWebKit/537.36 (KHTML, like Gecko) Chrome/76.0.3809.100 Safari/537.36" "nacaomestica.org"
20.85.215.177 - - [28/Sep/2022:17:17:53 -0700] "GET /blog4/?tag=pardo HTTP/1.1" 200 91961 "-" "Mozilla/5.0 (Linux; Android 7.0; SM-G930V Build/NRD90M) AppleWebKit/537.36 (KHTML, like Gecko) Chrome/59.0.3071.125 Mobile Safari/537.36" "nacaomestica.org"
20.85.215.177 - - [28/Sep/2022:17:17:54 -0700] "GET /blog4/?p=30914 HTTP/1.1" 200 73221 "-" "Mozilla/5.0 (Linux; Android 7.0; SM-G930V Build/NRD90M) AppleWebKit/537.36 (KHTML, like Gecko) Chrome/59.0.3071.125 Mobile Safari/537.36" "nacaomestica.org"
20.85.215.177 - - [28/Sep/2022:17:17:56 -0700] "GET /blog4/?cat=124 HTTP/1.1" 200 71289 "-" "Mozilla/5.0 (Linux; Android 7.0; SM-G930V Build/NRD90M) AppleWebKit/537.36 (KHTML, like Gecko) Chrome/59.0.3071.125 Mobile Safari/537.36" "nacaomestica.org"
40.87.9.95 - - [28/Sep/2022:17:18:15 -0700] "GET /blog4/?tag=antologia HTTP/1.1" 200 75776 "-" "Mozilla/5.0 (Linux; Android 7.0; SM-G930V Build/NRD90M) AppleWebKit/537.36 (KHTML, like Gecko) Chrome/59.0.3071.125 Mobile Safari/537.36" "nacaomestica.org"
40.87.9.95 - - [28/Sep/2022:17:18:21 -0700] "GET /blog4/?tag=racismo HTTP/1.1" 200 99659 "-" "Mozilla/5.0 (Linux; Android 7.0; SM-G930V Build/NRD90M) AppleWebKit/537.36 (KHTML, like Gecko) Chrome/59.0.3071.125 Mobile Safari/537.36" "nacaomestica.org"
20.85.215.177 - - [28/Sep/2022:17:18:28 -0700] "GET /blog4/?tag=noticias HTTP/1.1" 200 89598 "-" "Mozilla/5.0 (Linux; Android 7.0; SM-G930V Build/NRD90M) AppleWebKit/537.36 (KHTML, like Gecko) Chrome/59.0.3071.125 Mobile Safari/537.36" "nacaomestica.org"
168.196.214.8 - - [28/Sep/2022:17:18:32 -0700] "GET /blog4/wp-content/uploads/2016/02/20160207_180350.jpg HTTP/1.1" 200 2031807 "https://br.images.search.yahoo.com/search/images?p=www.comunidade+novo+ceu.com.br&fr=mcafee&type=E210BR91199G0&imgurl=https%3A%2F%2Fwww.folhadapraia.com.br%2Fwp-content%2Fuploads%2F2018%2F05%2Fdsc-0070_3_orig-1024x680.jpg" "Mozilla/5.0 (Windows NT 10.0; Win64; x64) AppleWebKit/537.36 (KHTML, like Gecko) Chrome/105.0.0.0 Safari/537.36" "nacaomestica.org"
168.196.214.8 - - [28/Sep/2022:17:18:32 -0700] "GET /blog4/wp-content/uploads/2016/02/20160207_110152.jpg HTTP/1.1" 200 1610221 "https://br.images.search.yahoo.com/search/images?p=www.comunidade+novo+ceu.com.br&fr=mcafee&type=E210BR91199G0&imgurl=https%3A%2F%2Fwww.folhadapraia.com.br%2Fwp-content%2Fuploads%2F2018%2F05%2Fdsc-0070_3_orig-1024x680.jpg" "Mozilla/5.0 (Windows NT 10.0; Win64; x64) AppleWebKit/537.36 (KHTML, like Gecko) Chrome/105.0.0.0 Safari/537.36" "nacaomestica.org"
168.196.214.8 - - [28/Sep/2022:17:18:32 -0700] "GET /blog4/wp-content/uploads/2016/02/20160207_110246.jpg HTTP/1.1" 200 1757091 "https://br.images.search.yahoo.com/search/images?p=www.comunidade+novo+ceu.com.br&fr=mcafee&type=E210BR91199G0&imgurl=https%3A%2F%2Fwww.folhadapraia.com.br%2Fwp-content%2Fuploads%2F2018%2F05%2Fdsc-0070_3_orig-1024x680.jpg" "Mozilla/5.0 (Windows NT 10.0; Win64; x64) AppleWebKit/537.36 (KHTML, like Gecko) Chrome/105.0.0.0 Safari/537.36" "nacaomestica.org"
168.196.214.8 - - [28/Sep/2022:17:18:32 -0700] "GET /blog4/wp-content/uploads/2016/02/20160207_180147.jpg HTTP/1.1" 200 2065056 "https://br.images.search.yahoo.com/search/images?p=www.comunidade+novo+ceu.com.br&fr=mcafee&type=E210BR91199G0&imgurl=https%3A%2F%2Fwww.folhadapraia.com.br%2Fwp-content%2Fuploads%2F2018%2F05%2Fdsc-0070_3_orig-1024x680.jpg" "Mozilla/5.0 (Windows NT 10.0; Win64; x64) AppleWebKit/537.36 (KHTML, like Gecko) Chrome/105.0.0.0 Safari/537.36" "nacaomestica.org"
168.196.214.8 - - [28/Sep/2022:17:18:32 -0700] "GET /blog4/wp-content/uploads/2016/02/20160207_110851.jpg HTTP/1.1" 200 2045912 "https://br.images.search.yahoo.com/search/images?p=www.comunidade+novo+ceu.com.br&fr=mcafee&type=E210BR91199G0&imgurl=https%3A%2F%2Fwww.folhadapraia.com.br%2Fwp-content%2Fuploads%2F2018%2F05%2Fdsc-0070_3_orig-1024x680.jpg" "Mozilla/5.0 (Windows NT 10.0; Win64; x64) AppleWebKit/537.36 (KHTML, like Gecko) Chrome/105.0.0.0 Safari/537.36" "nacaomestica.org"
20.85.215.177 - - [28/Sep/2022:17:18:37 -0700] "GET /blog4/?tag=negro HTTP/1.1" 200 84896 "-" "Mozilla/5.0 (Linux; Android 7.0; SM-G930V Build/NRD90M) AppleWebKit/537.36 (KHTML, like Gecko) Chrome/59.0.3071.125 Mobile Safari/537.36" "nacaomestica.org"
168.196.214.8 - - [28/Sep/2022:17:18:41 -0700] "GET /blog4/wp-content/uploads/2016/02/20160207_110309b.jpg HTTP/1.1" 200 1803738 "https://br.images.search.yahoo.com/search/images?p=www.comunidade+novo+ceu.com.br&fr=mcafee&type=E210BR91199G0&imgurl=https%3A%2F%2Fwww.folhadapraia.com.br%2Fwp-content%2Fuploads%2F2018%2F05%2Fdsc-0070_3_orig-1024x680.jpg" "Mozilla/5.0 (Windows NT 10.0; Win64; x64) AppleWebKit/537.36 (KHTML, like Gecko) Chrome/105.0.0.0 Safari/537.36" "nacaomestica.org"
10.213.116.68 - - [28/Sep/2022:17:18:40 -0700] "POST /blog4/wp-cron.php?doing_wp_cron=1664410720.7604699134826660156250 HTTP/1.1" 200 - "https://nacaomestica.org/blog4/wp-cron.php?doing_wp_cron=1664410720.7604699134826660156250" "WordPress/5.6.9; https://nacaomestica.org/blog4" "nacaomestica.org"
20.85.215.177 - - [28/Sep/2022:17:18:39 -0700] "GET /blog4/?p=30671 HTTP/1.1" 200 82778 "-" "Mozilla/5.0 (Linux; Android 7.0; SM-G930V Build/NRD90M) AppleWebKit/537.36 (KHTML, like Gecko) Chrome/59.0.3071.125 Mobile Safari/537.36" "nacaomestica.org"
20.85.215.177 - - [28/Sep/2022:17:18:40 -0700] "GET /blog4/?p=20146 HTTP/1.1" 200 142867 "-" "Mozilla/5.0 (Linux; Android 7.0; SM-G930V Build/NRD90M) AppleWebKit/537.36 (KHTML, like Gecko) Chrome/59.0.3071.125 Mobile Safari/537.36" "nacaomestica.org"
168.196.214.8 - - [28/Sep/2022:17:18:43 -0700] "GET /blog4/wp-content/uploads/2016/02/20160207_110317b.jpg HTTP/1.1" 200 1942415 "https://br.images.search.yahoo.com/search/images?p=www.comunidade+novo+ceu.com.br&fr=mcafee&type=E210BR91199G0&imgurl=https%3A%2F%2Fwww.folhadapraia.com.br%2Fwp-content%2Fuploads%2F2018%2F05%2Fdsc-0070_3_orig-1024x680.jpg" "Mozilla/5.0 (Windows NT 10.0; Win64; x64) AppleWebKit/537.36 (KHTML, like Gecko) Chrome/105.0.0.0 Safari/537.36" "nacaomestica.org"
168.196.214.8 - - [28/Sep/2022:17:18:44 -0700] "GET /blog4/wp-content/uploads/2016/02/20160207_181533.jpg HTTP/1.1" 200 1444451 "https://br.images.search.yahoo.com/search/images?p=www.comunidade+novo+ceu.com.br&fr=mcafee&type=E210BR91199G0&imgurl=https%3A%2F%2Fwww.folhadapraia.com.br%2Fwp-content%2Fuploads%2F2018%2F05%2Fdsc-0070_3_orig-1024x680.jpg" "Mozilla/5.0 (Windows NT 10.0; Win64; x64) AppleWebKit/537.36 (KHTML, like Gecko) Chrome/105.0.0.0 Safari/537.36" "nacaomestica.org"
45.6.59.127 - - [28/Sep/2022:17:18:47 -0700] "GET /blog4/wp-content/uploads/2012/08/careiro_da_varzea_mapa.jpg HTTP/1.1" 200 51647 "https://www.google.com/" "Mozilla/5.0 (Linux; Android 10; M2006C3LII Build/QP1A.190711.020; wv) AppleWebKit/537.36 (KHTML, like Gecko) Version/4.0 Chrome/105.0.5195.136 Mobile Safari/537.36 GoogleApp/13.37.10.26.arm" "nacaomestica.org"
168.196.214.8 - - [28/Sep/2022:17:18:48 -0700] "GET /blog4/wp-content/uploads/2016/02/942801_1062481153815049_5974751329282152834_n.jpg HTTP/1.1" 200 74479 "https://br.images.search.yahoo.com/search/images?p=www.comunidade+novo+ceu.com.br&fr=mcafee&type=E210BR91199G0&imgurl=https%3A%2F%2Fwww.folhadapraia.com.br%2Fwp-content%2Fuploads%2F2018%2F05%2Fdsc-0070_3_orig-1024x680.jpg" "Mozilla/5.0 (Windows NT 10.0; Win64; x64) AppleWebKit/537.36 (KHTML, like Gecko) Chrome/105.0.0.0 Safari/537.36" "nacaomestica.org"
20.85.215.177 - - [28/Sep/2022:17:18:45 -0700] "GET /blog4/?tag=imigracao HTTP/1.1" 200 89639 "-" "Mozilla/5.0 (Linux; Android 7.0; SM-G930V Build/NRD90M) AppleWebKit/537.36 (KHTML, like Gecko) Chrome/59.0.3071.125 Mobile Safari/537.36" "nacaomestica.org"
168.196.214.8 - - [28/Sep/2022:17:18:49 -0700] "GET /blog4/wp-content/uploads/2016/02/20160207_180517.jpg HTTP/1.1" 200 1801041 "https://br.images.search.yahoo.com/search/images?p=www.comunidade+novo+ceu.com.br&fr=mcafee&type=E210BR91199G0&imgurl=https%3A%2F%2Fwww.folhadapraia.com.br%2Fwp-content%2Fuploads%2F2018%2F05%2Fdsc-0070_3_orig-1024x680.jpg" "Mozilla/5.0 (Windows NT 10.0; Win64; x64) AppleWebKit/537.36 (KHTML, like Gecko) Chrome/105.0.0.0 Safari/537.36" "nacaomestica.org"
168.196.214.8 - - [28/Sep/2022:17:18:52 -0700] "GET /blog4/wp-content/uploads/2016/02/942801_1062481153815049_5974751329282152834_n-150x150.jpg HTTP/1.1" 200 8563 "https://br.images.search.yahoo.com/search/images?p=www.comunidade+novo+ceu.com.br&fr=mcafee&type=E210BR91199G0&imgurl=https%3A%2F%2Fwww.folhadapraia.com.br%2Fwp-content%2Fuploads%2F2018%2F05%2Fdsc-0070_3_orig-1024x680.jpg" "Mozilla/5.0 (Windows NT 10.0; Win64; x64) AppleWebKit/537.36 (KHTML, like Gecko) Chrome/105.0.0.0 Safari/537.36" "nacaomestica.org"
168.196.214.8 - - [28/Sep/2022:17:18:55 -0700] "GET /blog4/wp-content/uploads/2016/02/12662711_1062481170481714_7567113389439704324_n.jpg HTTP/1.1" 200 87162 "https://br.images.search.yahoo.com/search/images?p=www.comunidade+novo+ceu.com.br&fr=mcafee&type=E210BR91199G0&imgurl=https%3A%2F%2Fwww.folhadapraia.com.br%2Fwp-content%2Fuploads%2F2018%2F05%2Fdsc-0070_3_orig-1024x680.jpg" "Mozilla/5.0 (Windows NT 10.0; Win64; x64) AppleWebKit/537.36 (KHTML, like Gecko) Chrome/105.0.0.0 Safari/537.36" "nacaomestica.org"
168.196.214.8 - - [28/Sep/2022:17:18:58 -0700] "GET /blog4/wp-content/uploads/2016/02/12717283_1062481160481715_9106238490765631893_n.jpg HTTP/1.1" 200 76711 "https://br.images.search.yahoo.com/search/images?p=www.comunidade+novo+ceu.com.br&fr=mcafee&type=E210BR91199G0&imgurl=https%3A%2F%2Fwww.folhadapraia.com.br%2Fwp-content%2Fuploads%2F2018%2F05%2Fdsc-0070_3_orig-1024x680.jpg" "Mozilla/5.0 (Windows NT 10.0; Win64; x64) AppleWebKit/537.36 (KHTML, like Gecko) Chrome/105.0.0.0 Safari/537.36" "nacaomestica.org"
168.196.214.8 - - [28/Sep/2022:17:18:58 -0700] "GET /blog4/wp-content/uploads/2016/02/20160207_180439.jpg HTTP/1.1" 200 1692967 "https://br.images.search.yahoo.com/search/images?p=www.comunidade+novo+ceu.com.br&fr=mcafee&type=E210BR91199G0&imgurl=https%3A%2F%2Fwww.folhadapraia.com.br%2Fwp-content%2Fuploads%2F2018%2F05%2Fdsc-0070_3_orig-1024x680.jpg" "Mozilla/5.0 (Windows NT 10.0; Win64; x64) AppleWebKit/537.36 (KHTML, like Gecko) Chrome/105.0.0.0 Safari/537.36" "nacaomestica.org"
168.196.214.8 - - [28/Sep/2022:17:19:05 -0700] "GET /blog4/wp-content/uploads/2016/02/12715230_1062481177148380_4176535955271153199_n.jpg HTTP/1.1" 200 84370 "https://br.images.search.yahoo.com/search/images?p=www.comunidade+novo+ceu.com.br&fr=mcafee&type=E210BR91199G0&imgurl=https%3A%2F%2Fwww.folhadapraia.com.br%2Fwp-content%2Fuploads%2F2018%2F05%2Fdsc-0070_3_orig-1024x680.jpg" "Mozilla/5.0 (Windows NT 10.0; Win64; x64) AppleWebKit/537.36 (KHTML, like Gecko) Chrome/105.0.0.0 Safari/537.36" "nacaomestica.org"
168.196.214.8 - - [28/Sep/2022:17:19:07 -0700] "GET /blog4/wp-content/uploads/2016/02/12717571_1062481140481717_5206770364159094737_n.jpg HTTP/1.1" 200 72108 "https://br.images.search.yahoo.com/search/images?p=www.comunidade+novo+ceu.com.br&fr=mcafee&type=E210BR91199G0&imgurl=https%3A%2F%2Fwww.folhadapraia.com.br%2Fwp-content%2Fuploads%2F2018%2F05%2Fdsc-0070_3_orig-1024x680.jpg" "Mozilla/5.0 (Windows NT 10.0; Win64; x64) AppleWebKit/537.36 (KHTML, like Gecko) Chrome/105.0.0.0 Safari/537.36" "nacaomestica.org"
168.196.214.8 - - [28/Sep/2022:17:19:09 -0700] "GET /blog4/wp-content/uploads/2016/02/12642508_1062481167148381_6960447078788654815_n.jpg HTTP/1.1" 200 86566 "https://br.images.search.yahoo.com/search/images?p=www.comunidade+novo+ceu.com.br&fr=mcafee&type=E210BR91199G0&imgurl=https%3A%2F%2Fwww.folhadapraia.com.br%2Fwp-content%2Fuploads%2F2018%2F05%2Fdsc-0070_3_orig-1024x680.jpg" "Mozilla/5.0 (Windows NT 10.0; Win64; x64) AppleWebKit/537.36 (KHTML, like Gecko) Chrome/105.0.0.0 Safari/537.36" "nacaomestica.org"
168.196.214.8 - - [28/Sep/2022:17:19:11 -0700] "GET /blog4/wp-content/uploads/2016/02/20160207_181410.jpg HTTP/1.1" 200 1879813 "https://br.images.search.yahoo.com/search/images?p=www.comunidade+novo+ceu.com.br&fr=mcafee&type=E210BR91199G0&imgurl=https%3A%2F%2Fwww.folhadapraia.com.br%2Fwp-content%2Fuploads%2F2018%2F05%2Fdsc-0070_3_orig-1024x680.jpg" "Mozilla/5.0 (Windows NT 10.0; Win64; x64) AppleWebKit/537.36 (KHTML, like Gecko) Chrome/105.0.0.0 Safari/537.36" "nacaomestica.org"
40.87.9.95 - - [28/Sep/2022:17:19:13 -0700] "GET /blog4/?tag=dignidade-humana HTTP/1.1" 200 74560 "-" "Mozilla/5.0 (Linux; Android 7.0; SM-G930V Build/NRD90M) AppleWebKit/537.36 (KHTML, like Gecko) Chrome/59.0.3071.125 Mobile Safari/537.36" "nacaomestica.org"
168.196.214.8 - - [28/Sep/2022:17:19:27 -0700] "GET /blog4/wp-content/uploads/2016/02/20160207_181400.jpg HTTP/1.1" 200 1916056 "https://br.images.search.yahoo.com/search/images?p=www.comunidade+novo+ceu.com.br&fr=mcafee&type=E210BR91199G0&imgurl=https%3A%2F%2Fwww.folhadapraia.com.br%2Fwp-content%2Fuploads%2F2018%2F05%2Fdsc-0070_3_orig-1024x680.jpg" "Mozilla/5.0 (Windows NT 10.0; Win64; x64) AppleWebKit/537.36 (KHTML, like Gecko) Chrome/105.0.0.0 Safari/537.36" "nacaomestica.org"
189.92.206.44 - - [28/Sep/2022:17:19:31 -0700] "GET /fundoaristoteles.gif HTTP/1.1" 404 88 "https://www.nacaomestica.org/AristotelesMFP.htm" "Mozilla/5.0 (Macintosh; Intel Mac OS X 10_15_7) AppleWebKit/605.1.15 (KHTML, like Gecko) Version/15.6.1 Safari/605.1.15" "www.nacaomestica.org"
40.87.9.95 - - [28/Sep/2022:17:19:34 -0700] "GET /blog4/?cat=236 HTTP/1.1" 200 72243 "-" "Mozilla/5.0 (Linux; Android 7.0; SM-G930V Build/NRD90M) AppleWebKit/537.36 (KHTML, like Gecko) Chrome/59.0.3071.125 Mobile Safari/537.36" "nacaomestica.org"
114.119.139.86 - - [28/Sep/2022:17:19:36 -0700] "GET /blog4/?p=31530 HTTP/1.1" 200 75569 "-" "Mozilla/5.0 (Linux; Android 7.0;) AppleWebKit/537.36 (KHTML, like Gecko) Mobile Safari/537.36 (compatible; PetalBot;+https://webmaster.petalsearch.com/site/petalbot)" "nacaomestica.org"
152.89.196.13 - - [28/Sep/2022:17:19:40 -0700] "POST /wp-content/themes/hestia/inc/core/class-core-hestia.php HTTP/1.1" 404 88 "-" "Mozilla/5.0 (Windows NT 10.0; Win64; x64; rv:67.0) Gecko/20100101 Firefox/67.0" "nacaomestica.org"
40.87.9.95 - - [28/Sep/2022:17:19:38 -0700] "GET /blog4/?p=30944 HTTP/1.1" 200 77496 "-" "Mozilla/5.0 (Linux; Android 7.0; SM-G930V Build/NRD90M) AppleWebKit/537.36 (KHTML, like Gecko) Chrome/59.0.3071.125 Mobile Safari/537.36" "nacaomestica.org"
40.87.9.95 - - [28/Sep/2022:17:19:45 -0700] "GET /blog4/?cat=49 HTTP/1.1" 200 88412 "-" "Mozilla/5.0 (Linux; Android 7.0; SM-G930V Build/NRD90M) AppleWebKit/537.36 (KHTML, like Gecko) Chrome/59.0.3071.125 Mobile Safari/537.36" "nacaomestica.org"
201.158.9.99 - - [28/Sep/2022:17:19:54 -0700] "GET /blog4/wp-content/uploads/2016/02/pardo_preto1.png HTTP/1.1" 200 331753 "https://www.google.com/" "Mozilla/5.0 (Linux; Android 10; moto g(7) Build/QPUS30.52-16-2-13; wv) AppleWebKit/537.36 (KHTML, like Gecko) Version/4.0 Chrome/105.0.5195.136 Mobile Safari/537.36 GSA/13.37.10.26.arm64" "nacaomestica.org"
