40.87.9.95 - - [29/Sep/2022:04:22:41 -0700] "GET /blog4/?p=30671 HTTP/1.1" 500 2609 "-" "Mozilla/5.0 (Linux; Android 7.0; SM-G930V Build/NRD90M) AppleWebKit/537.36 (KHTML, like Gecko) Chrome/59.0.3071.125 Mobile Safari/537.36" "nacaomestica.org"
40.87.9.95 - - [29/Sep/2022:04:22:42 -0700] "GET /blog4/?p=30671 HTTP/1.1" 500 2609 "-" "Mozilla/5.0 (Linux; Android 7.0; SM-G930V Build/NRD90M) AppleWebKit/537.36 (KHTML, like Gecko) Chrome/59.0.3071.125 Mobile Safari/537.36" "nacaomestica.org"
40.87.9.95 - - [29/Sep/2022:04:22:42 -0700] "GET /blog4/?p=20146 HTTP/1.1" 500 2609 "-" "Mozilla/5.0 (Linux; Android 7.0; SM-G930V Build/NRD90M) AppleWebKit/537.36 (KHTML, like Gecko) Chrome/59.0.3071.125 Mobile Safari/537.36" "nacaomestica.org"
157.90.181.151 - - [29/Sep/2022:04:22:44 -0700] "GET /blog4/wp-trackback.php?p=19226 HTTP/1.1" 500 2609 "-" "Mozilla/5.0 (compatible; BLEXBot/1.0; +http://webmeup-crawler.com/)" "nacaomestica.org"
40.87.9.95 - - [29/Sep/2022:04:22:50 -0700] "GET /blog4/?tag=imigracao HTTP/1.1" 500 2609 "-" "Mozilla/5.0 (Linux; Android 7.0; SM-G930V Build/NRD90M) AppleWebKit/537.36 (KHTML, like Gecko) Chrome/59.0.3071.125 Mobile Safari/537.36" "nacaomestica.org"
40.87.9.95 - - [29/Sep/2022:04:22:51 -0700] "GET /blog4/?tag=imigracao HTTP/1.1" 500 2609 "-" "Mozilla/5.0 (Linux; Android 7.0; SM-G930V Build/NRD90M) AppleWebKit/537.36 (KHTML, like Gecko) Chrome/59.0.3071.125 Mobile Safari/537.36" "nacaomestica.org"
187.78.42.55 - - [29/Sep/2022:04:22:56 -0700] "GET /blog4/wp-content/uploads/2018/02/COLLECTIE_TROPENMUSEUM_Groepsportret_van_de_zogenaamde_Amazones_uit_Dahomey_tijdens_hun_verblijf_in_Parijs_TMnr_60038362.jpg HTTP/1.1" 200 100891 "https://www.google.com/" "Mozilla/5.0 (Windows NT 10.0; Win64; x64) AppleWebKit/537.36 (KHTML, like Gecko) Chrome/105.0.0.0 Safari/537.36" "nacaomestica.org"
191.202.159.98 - - [29/Sep/2022:04:23:08 -0700] "GET /blog4/wp-content/uploads/2019/08/Screenshot_2019-08-28-04-44-462.png HTTP/1.1" 200 283102 "-" "com.google.android.googlequicksearchbox/301208597 (Linux; U; Android 12; pt_BR; M2103K19PG; Build/SP1A.210812.016; Cronet/106.0.5228.2)" "nacaomestica.org"
157.90.181.151 - - [29/Sep/2022:04:23:09 -0700] "GET /blog4/wp-trackback.php?p=1930 HTTP/1.1" 500 2609 "-" "Mozilla/5.0 (compatible; BLEXBot/1.0; +http://webmeup-crawler.com/)" "nacaomestica.org"
52.188.211.122 - - [29/Sep/2022:04:23:09 -0700] "GET /blog4/?cat=268 HTTP/1.1" 500 2609 "-" "Mozilla/5.0 (Linux; Android 7.0; SM-G930V Build/NRD90M) AppleWebKit/537.36 (KHTML, like Gecko) Chrome/59.0.3071.125 Mobile Safari/537.36" "nacaomestica.org"
52.188.211.122 - - [29/Sep/2022:04:23:10 -0700] "GET /blog4/?cat=268 HTTP/1.1" 500 2609 "-" "Mozilla/5.0 (Linux; Android 7.0; SM-G930V Build/NRD90M) AppleWebKit/537.36 (KHTML, like Gecko) Chrome/59.0.3071.125 Mobile Safari/537.36" "nacaomestica.org"
157.90.181.151 - - [29/Sep/2022:04:23:33 -0700] "GET /blog4/wp-trackback.php?p=19338 HTTP/1.1" 500 2609 "-" "Mozilla/5.0 (compatible; BLEXBot/1.0; +http://webmeup-crawler.com/)" "nacaomestica.org"
157.90.181.151 - - [29/Sep/2022:04:23:57 -0700] "GET /blog4/wp-trackback.php?p=1948 HTTP/1.1" 500 2609 "-" "Mozilla/5.0 (compatible; BLEXBot/1.0; +http://webmeup-crawler.com/)" "nacaomestica.org"
200.17.112.188 - - [29/Sep/2022:04:24:15 -0700] "GET /HegelMFP.htm HTTP/1.1" 200 12338 "https://www.google.com/" "Mozilla/5.0 (Linux; Android 11; motorola one action) AppleWebKit/537.36 (KHTML, like Gecko) Chrome/105.0.0.0 Mobile Safari/537.36" "www.nacaomestica.org"
200.17.112.188 - - [29/Sep/2022:04:24:15 -0700] "GET /FundoHegelMFP.gif HTTP/1.1" 404 88 "https://www.nacaomestica.org/HegelMFP.htm" "Mozilla/5.0 (Linux; Android 11; motorola one action) AppleWebKit/537.36 (KHTML, like Gecko) Chrome/105.0.0.0 Mobile Safari/537.36" "www.nacaomestica.org"
200.17.112.188 - - [29/Sep/2022:04:24:15 -0700] "GET /favicon.ico HTTP/1.1" 200 676 "https://www.nacaomestica.org/HegelMFP.htm" "Mozilla/5.0 (Linux; Android 11; motorola one action) AppleWebKit/537.36 (KHTML, like Gecko) Chrome/105.0.0.0 Mobile Safari/537.36" "www.nacaomestica.org"
157.90.181.151 - - [29/Sep/2022:04:24:22 -0700] "GET /blog4/wp-trackback.php?p=19516 HTTP/1.1" 500 2609 "-" "Mozilla/5.0 (compatible; BLEXBot/1.0; +http://webmeup-crawler.com/)" "nacaomestica.org"
40.87.9.95 - - [29/Sep/2022:04:24:34 -0700] "GET /blog4/?p=30955 HTTP/1.1" 500 2609 "-" "Mozilla/5.0 (Linux; Android 7.0; SM-G930V Build/NRD90M) AppleWebKit/537.36 (KHTML, like Gecko) Chrome/59.0.3071.125 Mobile Safari/537.36" "nacaomestica.org"
40.87.9.95 - - [29/Sep/2022:04:24:36 -0700] "GET /blog4/?p=30955 HTTP/1.1" 500 2609 "-" "Mozilla/5.0 (Linux; Android 7.0; SM-G930V Build/NRD90M) AppleWebKit/537.36 (KHTML, like Gecko) Chrome/59.0.3071.125 Mobile Safari/537.36" "nacaomestica.org"
40.87.9.95 - - [29/Sep/2022:04:24:41 -0700] "GET /blog4/?cat=127 HTTP/1.1" 500 2609 "-" "Mozilla/5.0 (Linux; Android 7.0; SM-G930V Build/NRD90M) AppleWebKit/537.36 (KHTML, like Gecko) Chrome/59.0.3071.125 Mobile Safari/537.36" "nacaomestica.org"
114.119.156.56 - - [29/Sep/2022:04:24:42 -0700] "GET /blog4/wp-content/uploads/2011/MEDICO_LEG.pdf HTTP/1.1" 404 88 "-" "Mozilla/5.0 (Linux; Android 7.0;) AppleWebKit/537.36 (KHTML, like Gecko) Mobile Safari/537.36 (compatible; PetalBot;+https://webmaster.petalsearch.com/site/petalbot)" "nacaomestica.org"
40.87.9.95 - - [29/Sep/2022:04:24:42 -0700] "GET /blog4/?cat=127 HTTP/1.1" 500 2609 "-" "Mozilla/5.0 (Linux; Android 7.0; SM-G930V Build/NRD90M) AppleWebKit/537.36 (KHTML, like Gecko) Chrome/59.0.3071.125 Mobile Safari/537.36" "nacaomestica.org"
157.90.181.151 - - [29/Sep/2022:04:24:46 -0700] "GET /blog4/wp-trackback.php?p=19529 HTTP/1.1" 500 2609 "-" "Mozilla/5.0 (compatible; BLEXBot/1.0; +http://webmeup-crawler.com/)" "nacaomestica.org"
52.188.211.122 - - [29/Sep/2022:04:24:56 -0700] "GET /blog4/?cat=263 HTTP/1.1" 500 2609 "-" "Mozilla/5.0 (Linux; Android 7.0; SM-G930V Build/NRD90M) AppleWebKit/537.36 (KHTML, like Gecko) Chrome/59.0.3071.125 Mobile Safari/537.36" "nacaomestica.org"
52.188.211.122 - - [29/Sep/2022:04:24:57 -0700] "GET /blog4/?cat=263 HTTP/1.1" 500 2609 "-" "Mozilla/5.0 (Linux; Android 7.0; SM-G930V Build/NRD90M) AppleWebKit/537.36 (KHTML, like Gecko) Chrome/59.0.3071.125 Mobile Safari/537.36" "nacaomestica.org"
40.87.9.95 - - [29/Sep/2022:04:25:02 -0700] "GET /blog4/?cat=225 HTTP/1.1" 500 2609 "-" "Mozilla/5.0 (Linux; Android 7.0; SM-G930V Build/NRD90M) AppleWebKit/537.36 (KHTML, like Gecko) Chrome/59.0.3071.125 Mobile Safari/537.36" "nacaomestica.org"
40.87.9.95 - - [29/Sep/2022:04:25:03 -0700] "GET /blog4/?cat=225 HTTP/1.1" 500 2609 "-" "Mozilla/5.0 (Linux; Android 7.0; SM-G930V Build/NRD90M) AppleWebKit/537.36 (KHTML, like Gecko) Chrome/59.0.3071.125 Mobile Safari/537.36" "nacaomestica.org"
157.90.181.151 - - [29/Sep/2022:04:25:10 -0700] "GET /blog4/wp-trackback.php?p=19542 HTTP/1.1" 500 2609 "-" "Mozilla/5.0 (compatible; BLEXBot/1.0; +http://webmeup-crawler.com/)" "nacaomestica.org"
149.56.25.49 - - [29/Sep/2022:04:25:12 -0700] "GET /blog4/?p=21142 HTTP/1.1" 500 2609 "-" "Mozilla/5.0 (Macintosh; Intel Mac OS X 10_15_6) AppleWebKit/537.36 (KHTML, like Gecko) Chrome/103.0.0.0 Safari/537.36" "nacaomestica.org"
157.90.181.151 - - [29/Sep/2022:04:25:34 -0700] "GET /blog4/wp-trackback.php?p=1955 HTTP/1.1" 500 2609 "-" "Mozilla/5.0 (compatible; BLEXBot/1.0; +http://webmeup-crawler.com/)" "nacaomestica.org"
52.188.211.122 - - [29/Sep/2022:04:25:39 -0700] "GET /blog4/ HTTP/1.1" 500 2609 "-" "Mozilla/5.0 (Linux; Android 7.0; SM-G930V Build/NRD90M) AppleWebKit/537.36 (KHTML, like Gecko) Chrome/59.0.3071.125 Mobile Safari/537.36" "nacaomestica.org"
52.188.211.122 - - [29/Sep/2022:04:25:40 -0700] "GET /blog4/ HTTP/1.1" 500 2609 "-" "Mozilla/5.0 (Linux; Android 7.0; SM-G930V Build/NRD90M) AppleWebKit/537.36 (KHTML, like Gecko) Chrome/59.0.3071.125 Mobile Safari/537.36" "nacaomestica.org"
157.90.181.151 - - [29/Sep/2022:04:25:58 -0700] "GET /blog4/wp-trackback.php?p=1962 HTTP/1.1" 500 2609 "-" "Mozilla/5.0 (compatible; BLEXBot/1.0; +http://webmeup-crawler.com/)" "nacaomestica.org"
52.188.211.122 - - [29/Sep/2022:04:26:03 -0700] "GET /blog4/?tag=amarelo HTTP/1.1" 500 2609 "-" "Mozilla/5.0 (Linux; Android 7.0; SM-G930V Build/NRD90M) AppleWebKit/537.36 (KHTML, like Gecko) Chrome/59.0.3071.125 Mobile Safari/537.36" "nacaomestica.org"
52.188.211.122 - - [29/Sep/2022:04:26:04 -0700] "GET /blog4/?tag=amarelo HTTP/1.1" 500 2609 "-" "Mozilla/5.0 (Linux; Android 7.0; SM-G930V Build/NRD90M) AppleWebKit/537.36 (KHTML, like Gecko) Chrome/59.0.3071.125 Mobile Safari/537.36" "nacaomestica.org"
52.188.211.122 - - [29/Sep/2022:04:26:07 -0700] "GET /blog4/?cat=182 HTTP/1.1" 500 2609 "-" "Mozilla/5.0 (Linux; Android 7.0; SM-G930V Build/NRD90M) AppleWebKit/537.36 (KHTML, like Gecko) Chrome/59.0.3071.125 Mobile Safari/537.36" "nacaomestica.org"
52.188.211.122 - - [29/Sep/2022:04:26:08 -0700] "GET /blog4/?cat=182 HTTP/1.1" 500 2609 "-" "Mozilla/5.0 (Linux; Android 7.0; SM-G930V Build/NRD90M) AppleWebKit/537.36 (KHTML, like Gecko) Chrome/59.0.3071.125 Mobile Safari/537.36" "nacaomestica.org"
40.87.9.95 - - [29/Sep/2022:04:26:18 -0700] "GET /blog4/?tag=apartheid HTTP/1.1" 500 2609 "-" "Mozilla/5.0 (Linux; Android 7.0; SM-G930V Build/NRD90M) AppleWebKit/537.36 (KHTML, like Gecko) Chrome/59.0.3071.125 Mobile Safari/537.36" "nacaomestica.org"
40.87.9.95 - - [29/Sep/2022:04:26:18 -0700] "GET /blog4/?tag=apartheid HTTP/1.1" 500 2609 "-" "Mozilla/5.0 (Linux; Android 7.0; SM-G930V Build/NRD90M) AppleWebKit/537.36 (KHTML, like Gecko) Chrome/59.0.3071.125 Mobile Safari/537.36" "nacaomestica.org"
157.90.181.151 - - [29/Sep/2022:04:26:22 -0700] "GET /blog4/wp-trackback.php?p=19641 HTTP/1.1" 500 2609 "-" "Mozilla/5.0 (compatible; BLEXBot/1.0; +http://webmeup-crawler.com/)" "nacaomestica.org"
114.119.156.56 - - [29/Sep/2022:04:26:32 -0700] "GET /blog4/wp-content/uploads/2019/Comrcio_e_Desenvolvimento_Sustentvel.pdf HTTP/1.1" 404 88 "-" "Mozilla/5.0 (Linux; Android 7.0;) AppleWebKit/537.36 (KHTML, like Gecko) Mobile Safari/537.36 (compatible; PetalBot;+https://webmaster.petalsearch.com/site/petalbot)" "nacaomestica.org"
157.90.181.151 - - [29/Sep/2022:04:26:46 -0700] "GET /blog4/wp-trackback.php?p=19656 HTTP/1.1" 500 2609 "-" "Mozilla/5.0 (compatible; BLEXBot/1.0; +http://webmeup-crawler.com/)" "nacaomestica.org"
52.188.211.122 - - [29/Sep/2022:04:27:02 -0700] "GET /blog4/?p=30980 HTTP/1.1" 500 2609 "-" "Mozilla/5.0 (Linux; Android 7.0; SM-G930V Build/NRD90M) AppleWebKit/537.36 (KHTML, like Gecko) Chrome/59.0.3071.125 Mobile Safari/537.36" "nacaomestica.org"
52.188.211.122 - - [29/Sep/2022:04:27:03 -0700] "GET /blog4/?p=30980 HTTP/1.1" 500 2609 "-" "Mozilla/5.0 (Linux; Android 7.0; SM-G930V Build/NRD90M) AppleWebKit/537.36 (KHTML, like Gecko) Chrome/59.0.3071.125 Mobile Safari/537.36" "nacaomestica.org"
64.71.131.243 - - [29/Sep/2022:04:27:07 -0700] "GET /ads.txt HTTP/1.1" 404 73 "-" "Mozilla/5.0 (compatible; ev-crawler/1.0; +https://headline.com/legal/crawler)" "nacaomestica.org"
157.90.181.151 - - [29/Sep/2022:04:27:10 -0700] "GET /blog4/wp-trackback.php?p=19745 HTTP/1.1" 500 2609 "-" "Mozilla/5.0 (compatible; BLEXBot/1.0; +http://webmeup-crawler.com/)" "nacaomestica.org"
157.90.181.151 - - [29/Sep/2022:04:27:34 -0700] "GET /blog4/wp-trackback.php?p=19754 HTTP/1.1" 500 2609 "-" "Mozilla/5.0 (compatible; BLEXBot/1.0; +http://webmeup-crawler.com/)" "nacaomestica.org"
193.186.4.203 - - [29/Sep/2022:04:27:36 -0700] "GET /pardo.htm HTTP/1.1" 200 4096 "-" "Mozilla/5.0 (Linux; Android 10; K) AppleWebKit/537.36 (KHTML, like Gecko) Chrome/105.0.0.0 Mobile Safari/537.36" "www.nacaomestica.org"
150.162.9.147 - - [29/Sep/2022:04:27:50 -0700] "GET /blog4/wp-content/uploads/2018/02/320px-Royaume_du_Danhom%C3%A8_1894-pt.svg_.png HTTP/1.1" 200 135122 "https://www.google.com/" "Mozilla/5.0 (Windows NT 10.0; Win64; x64) AppleWebKit/537.36 (KHTML, like Gecko) Chrome/105.0.0.0 Safari/537.36" "nacaomestica.org"
52.188.211.122 - - [29/Sep/2022:04:27:53 -0700] "GET /blog4/?tag=anti-cristianismo HTTP/1.1" 500 2609 "-" "Mozilla/5.0 (Linux; Android 7.0; SM-G930V Build/NRD90M) AppleWebKit/537.36 (KHTML, like Gecko) Chrome/59.0.3071.125 Mobile Safari/537.36" "nacaomestica.org"
52.188.211.122 - - [29/Sep/2022:04:27:54 -0700] "GET /blog4/?tag=anti-cristianismo HTTP/1.1" 500 2609 "-" "Mozilla/5.0 (Linux; Android 7.0; SM-G930V Build/NRD90M) AppleWebKit/537.36 (KHTML, like Gecko) Chrome/59.0.3071.125 Mobile Safari/537.36" "nacaomestica.org"
157.90.181.151 - - [29/Sep/2022:04:27:58 -0700] "GET /blog4/wp-trackback.php?p=19760 HTTP/1.1" 500 2609 "-" "Mozilla/5.0 (compatible; BLEXBot/1.0; +http://webmeup-crawler.com/)" "nacaomestica.org"
52.188.211.122 - - [29/Sep/2022:04:28:04 -0700] "GET /blog4/?cat=131 HTTP/1.1" 500 2609 "-" "Mozilla/5.0 (Linux; Android 7.0; SM-G930V Build/NRD90M) AppleWebKit/537.36 (KHTML, like Gecko) Chrome/59.0.3071.125 Mobile Safari/537.36" "nacaomestica.org"
52.188.211.122 - - [29/Sep/2022:04:28:05 -0700] "GET /blog4/?cat=131 HTTP/1.1" 500 2609 "-" "Mozilla/5.0 (Linux; Android 7.0; SM-G930V Build/NRD90M) AppleWebKit/537.36 (KHTML, like Gecko) Chrome/59.0.3071.125 Mobile Safari/537.36" "nacaomestica.org"
52.188.211.122 - - [29/Sep/2022:04:28:09 -0700] "GET /blog4/?cat=125 HTTP/1.1" 500 2609 "-" "Mozilla/5.0 (Linux; Android 7.0; SM-G930V Build/NRD90M) AppleWebKit/537.36 (KHTML, like Gecko) Chrome/59.0.3071.125 Mobile Safari/537.36" "nacaomestica.org"
52.188.211.122 - - [29/Sep/2022:04:28:10 -0700] "GET /blog4/?cat=125 HTTP/1.1" 500 2609 "-" "Mozilla/5.0 (Linux; Android 7.0; SM-G930V Build/NRD90M) AppleWebKit/537.36 (KHTML, like Gecko) Chrome/59.0.3071.125 Mobile Safari/537.36" "nacaomestica.org"
52.188.211.122 - - [29/Sep/2022:04:28:19 -0700] "GET /blog4/?tag=charge HTTP/1.1" 500 2609 "-" "Mozilla/5.0 (Linux; Android 7.0; SM-G930V Build/NRD90M) AppleWebKit/537.36 (KHTML, like Gecko) Chrome/59.0.3071.125 Mobile Safari/537.36" "nacaomestica.org"
52.188.211.122 - - [29/Sep/2022:04:28:19 -0700] "GET /blog4/?tag=charge HTTP/1.1" 500 2609 "-" "Mozilla/5.0 (Linux; Android 7.0; SM-G930V Build/NRD90M) AppleWebKit/537.36 (KHTML, like Gecko) Chrome/59.0.3071.125 Mobile Safari/537.36" "nacaomestica.org"
157.90.181.151 - - [29/Sep/2022:04:28:22 -0700] "GET /blog4/wp-trackback.php?p=19766 HTTP/1.1" 500 2609 "-" "Mozilla/5.0 (compatible; BLEXBot/1.0; +http://webmeup-crawler.com/)" "nacaomestica.org"
114.119.156.56 - - [29/Sep/2022:04:28:24 -0700] "GET /blog4/wp-content/uploads/2017/aeb_1908_1912_v1.pdf HTTP/1.1" 404 88 "-" "Mozilla/5.0 (Linux; Android 7.0;) AppleWebKit/537.36 (KHTML, like Gecko) Mobile Safari/537.36 (compatible; PetalBot;+https://webmaster.petalsearch.com/site/petalbot)" "nacaomestica.org"
52.188.211.122 - - [29/Sep/2022:04:28:30 -0700] "GET /blog4/?cat=128 HTTP/1.1" 500 2609 "-" "Mozilla/5.0 (Linux; Android 7.0; SM-G930V Build/NRD90M) AppleWebKit/537.36 (KHTML, like Gecko) Chrome/59.0.3071.125 Mobile Safari/537.36" "nacaomestica.org"
52.188.211.122 - - [29/Sep/2022:04:28:31 -0700] "GET /blog4/?tag=bantustao HTTP/1.1" 500 2609 "-" "Mozilla/5.0 (Linux; Android 7.0; SM-G930V Build/NRD90M) AppleWebKit/537.36 (KHTML, like Gecko) Chrome/59.0.3071.125 Mobile Safari/537.36" "nacaomestica.org"
52.188.211.122 - - [29/Sep/2022:04:28:31 -0700] "GET /blog4/?cat=128 HTTP/1.1" 500 2609 "-" "Mozilla/5.0 (Linux; Android 7.0; SM-G930V Build/NRD90M) AppleWebKit/537.36 (KHTML, like Gecko) Chrome/59.0.3071.125 Mobile Safari/537.36" "nacaomestica.org"
52.188.211.122 - - [29/Sep/2022:04:28:31 -0700] "GET /blog4/?tag=bantustao HTTP/1.1" 500 2609 "-" "Mozilla/5.0 (Linux; Android 7.0; SM-G930V Build/NRD90M) AppleWebKit/537.36 (KHTML, like Gecko) Chrome/59.0.3071.125 Mobile Safari/537.36" "nacaomestica.org"
152.255.109.52 - - [29/Sep/2022:04:28:44 -0700] "GET /blog4/wp-content/uploads/2017/02/artworks-000025758612-09d13v-t300x300.jpg HTTP/1.1" 200 49409 "https://www.google.com/" "Mozilla/5.0 (Linux; Android 12; SM-G980F Build/SP1A.210812.016; wv) AppleWebKit/537.36 (KHTML, like Gecko) Version/4.0 Chrome/105.0.5195.136 Mobile Safari/537.36 GoogleApp/13.37.14.26.arm64" "nacaomestica.org"
157.90.181.151 - - [29/Sep/2022:04:28:46 -0700] "GET /blog4/wp-trackback.php?p=19770 HTTP/1.1" 500 2609 "-" "Mozilla/5.0 (compatible; BLEXBot/1.0; +http://webmeup-crawler.com/)" "nacaomestica.org"
157.90.181.151 - - [29/Sep/2022:04:29:10 -0700] "GET /blog4/wp-trackback.php?p=19773 HTTP/1.1" 500 2609 "-" "Mozilla/5.0 (compatible; BLEXBot/1.0; +http://webmeup-crawler.com/)" "nacaomestica.org"
52.188.211.122 - - [29/Sep/2022:04:29:17 -0700] "GET /blog4/?tag=mesticagem-miscigenacao HTTP/1.1" 500 2609 "-" "Mozilla/5.0 (Linux; Android 7.0; SM-G930V Build/NRD90M) AppleWebKit/537.36 (KHTML, like Gecko) Chrome/59.0.3071.125 Mobile Safari/537.36" "nacaomestica.org"
52.188.211.122 - - [29/Sep/2022:04:29:18 -0700] "GET /blog4/?tag=mesticagem-miscigenacao HTTP/1.1" 500 2609 "-" "Mozilla/5.0 (Linux; Android 7.0; SM-G930V Build/NRD90M) AppleWebKit/537.36 (KHTML, like Gecko) Chrome/59.0.3071.125 Mobile Safari/537.36" "nacaomestica.org"
52.188.211.122 - - [29/Sep/2022:04:29:24 -0700] "GET /blog4/?tag=direitos-originarios HTTP/1.1" 500 2609 "-" "Mozilla/5.0 (Linux; Android 7.0; SM-G930V Build/NRD90M) AppleWebKit/537.36 (KHTML, like Gecko) Chrome/59.0.3071.125 Mobile Safari/537.36" "nacaomestica.org"
52.188.211.122 - - [29/Sep/2022:04:29:25 -0700] "GET /blog4/?tag=direitos-originarios HTTP/1.1" 500 2609 "-" "Mozilla/5.0 (Linux; Android 7.0; SM-G930V Build/NRD90M) AppleWebKit/537.36 (KHTML, like Gecko) Chrome/59.0.3071.125 Mobile Safari/537.36" "nacaomestica.org"
157.90.181.151 - - [29/Sep/2022:04:29:34 -0700] "GET /blog4/wp-trackback.php?p=1978 HTTP/1.1" 500 2609 "-" "Mozilla/5.0 (compatible; BLEXBot/1.0; +http://webmeup-crawler.com/)" "nacaomestica.org"
40.77.167.37 - - [29/Sep/2022:04:29:42 -0700] "GET /blog4/?p=31553 HTTP/1.1" 500 2609 "-" "Mozilla/5.0 (compatible; bingbot/2.0; +http://www.bing.com/bingbot.htm)" "nacaomestica.org"
157.90.181.151 - - [29/Sep/2022:04:29:58 -0700] "GET /blog4/wp-trackback.php?p=19797 HTTP/1.1" 500 2609 "-" "Mozilla/5.0 (compatible; BLEXBot/1.0; +http://webmeup-crawler.com/)" "nacaomestica.org"
192.99.36.126 - - [29/Sep/2022:04:30:12 -0700] "GET /robots.txt HTTP/1.1" 200 43 "-" "Mozilla/5.0 (compatible; MJ12bot/v1.4.8; http://mj12bot.com/)" "nacaomestica.org"
192.99.36.126 - - [29/Sep/2022:04:30:14 -0700] "GET /blog4/?p=4977 HTTP/1.1" 500 236 "-" "Mozilla/5.0 (compatible; MJ12bot/v1.4.8; http://mj12bot.com/)" "nacaomestica.org"
52.188.211.122 - - [29/Sep/2022:04:30:14 -0700] "GET /blog4/?cat=262 HTTP/1.1" 500 2609 "-" "Mozilla/5.0 (Linux; Android 7.0; SM-G930V Build/NRD90M) AppleWebKit/537.36 (KHTML, like Gecko) Chrome/59.0.3071.125 Mobile Safari/537.36" "nacaomestica.org"
52.188.211.122 - - [29/Sep/2022:04:30:14 -0700] "GET /blog4/?cat=245 HTTP/1.1" 500 2609 "-" "Mozilla/5.0 (Linux; Android 7.0; SM-G930V Build/NRD90M) AppleWebKit/537.36 (KHTML, like Gecko) Chrome/59.0.3071.125 Mobile Safari/537.36" "nacaomestica.org"
52.188.211.122 - - [29/Sep/2022:04:30:15 -0700] "GET /blog4/?cat=262 HTTP/1.1" 500 2609 "-" "Mozilla/5.0 (Linux; Android 7.0; SM-G930V Build/NRD90M) AppleWebKit/537.36 (KHTML, like Gecko) Chrome/59.0.3071.125 Mobile Safari/537.36" "nacaomestica.org"
52.188.211.122 - - [29/Sep/2022:04:30:15 -0700] "GET /blog4/?cat=181 HTTP/1.1" 500 2609 "-" "Mozilla/5.0 (Linux; Android 7.0; SM-G930V Build/NRD90M) AppleWebKit/537.36 (KHTML, like Gecko) Chrome/59.0.3071.125 Mobile Safari/537.36" "nacaomestica.org"
192.99.36.126 - - [29/Sep/2022:04:30:16 -0700] "GET /blog4/?p=5019 HTTP/1.1" 500 236 "-" "Mozilla/5.0 (compatible; MJ12bot/v1.4.8; http://mj12bot.com/)" "nacaomestica.org"
192.99.36.126 - - [29/Sep/2022:04:30:18 -0700] "GET /blog4/?p=5031 HTTP/1.1" 500 236 "-" "Mozilla/5.0 (compatible; MJ12bot/v1.4.8; http://mj12bot.com/)" "nacaomestica.org"
157.90.181.151 - - [29/Sep/2022:04:30:23 -0700] "GET /blog4/wp-trackback.php?p=19802 HTTP/1.1" 500 2609 "-" "Mozilla/5.0 (compatible; BLEXBot/1.0; +http://webmeup-crawler.com/)" "nacaomestica.org"
52.188.211.122 - - [29/Sep/2022:04:30:41 -0700] "GET /blog4/?cat=181 HTTP/1.1" 500 2609 "-" "Mozilla/5.0 (Linux; Android 7.0; SM-G930V Build/NRD90M) AppleWebKit/537.36 (KHTML, like Gecko) Chrome/59.0.3071.125 Mobile Safari/537.36" "nacaomestica.org"
52.188.211.122 - - [29/Sep/2022:04:30:41 -0700] "GET /blog4/?cat=219 HTTP/1.1" 500 2609 "-" "Mozilla/5.0 (Linux; Android 7.0; SM-G930V Build/NRD90M) AppleWebKit/537.36 (KHTML, like Gecko) Chrome/59.0.3071.125 Mobile Safari/537.36" "nacaomestica.org"
52.188.211.122 - - [29/Sep/2022:04:30:42 -0700] "GET /blog4/?cat=219 HTTP/1.1" 500 2609 "-" "Mozilla/5.0 (Linux; Android 7.0; SM-G930V Build/NRD90M) AppleWebKit/537.36 (KHTML, like Gecko) Chrome/59.0.3071.125 Mobile Safari/537.36" "nacaomestica.org"
170.84.40.253 - - [29/Sep/2022:04:30:44 -0700] "GET /blog4/wp-content/uploads/2018/02/COLLECTIE_TROPENMUSEUM_Groepsportret_van_de_zogenaamde_Amazones_uit_Dahomey_tijdens_hun_verblijf_in_Parijs_TMnr_60038362.jpg HTTP/1.1" 200 100891 "https://www.google.com/" "Mozilla/5.0 (Windows NT 10.0; Win64; x64) AppleWebKit/537.36 (KHTML, like Gecko) Chrome/105.0.0.0 Safari/537.36" "nacaomestica.org"
157.90.181.151 - - [29/Sep/2022:04:30:47 -0700] "GET /blog4/wp-trackback.php?p=19827 HTTP/1.1" 500 2609 "-" "Mozilla/5.0 (compatible; BLEXBot/1.0; +http://webmeup-crawler.com/)" "nacaomestica.org"
114.119.139.88 - - [29/Sep/2022:04:31:05 -0700] "GET /blog4/?p=56 HTTP/1.1" 500 2609 "-" "Mozilla/5.0 (Linux; Android 7.0;) AppleWebKit/537.36 (KHTML, like Gecko) Mobile Safari/537.36 (compatible; PetalBot;+https://webmaster.petalsearch.com/site/petalbot)" "nacaomestica.org"
157.90.181.151 - - [29/Sep/2022:04:31:11 -0700] "GET /blog4/wp-trackback.php?p=1983 HTTP/1.1" 500 2609 "-" "Mozilla/5.0 (compatible; BLEXBot/1.0; +http://webmeup-crawler.com/)" "nacaomestica.org"
52.188.211.122 - - [29/Sep/2022:04:31:19 -0700] "GET /blog4/?tag=mesticofobia HTTP/1.1" 500 2609 "-" "Mozilla/5.0 (Linux; Android 7.0; SM-G930V Build/NRD90M) AppleWebKit/537.36 (KHTML, like Gecko) Chrome/59.0.3071.125 Mobile Safari/537.36" "nacaomestica.org"
52.188.211.122 - - [29/Sep/2022:04:31:20 -0700] "GET /blog4/?tag=mesticofobia HTTP/1.1" 500 2609 "-" "Mozilla/5.0 (Linux; Android 7.0; SM-G930V Build/NRD90M) AppleWebKit/537.36 (KHTML, like Gecko) Chrome/59.0.3071.125 Mobile Safari/537.36" "nacaomestica.org"
52.188.211.122 - - [29/Sep/2022:04:31:20 -0700] "GET /blog4/?p=30970 HTTP/1.1" 500 2609 "-" "Mozilla/5.0 (Linux; Android 7.0; SM-G930V Build/NRD90M) AppleWebKit/537.36 (KHTML, like Gecko) Chrome/59.0.3071.125 Mobile Safari/537.36" "nacaomestica.org"
52.188.211.122 - - [29/Sep/2022:04:31:22 -0700] "GET /blog4/?p=30970 HTTP/1.1" 500 2609 "-" "Mozilla/5.0 (Linux; Android 7.0; SM-G930V Build/NRD90M) AppleWebKit/537.36 (KHTML, like Gecko) Chrome/59.0.3071.125 Mobile Safari/537.36" "nacaomestica.org"
52.188.211.122 - - [29/Sep/2022:04:31:26 -0700] "GET /blog4/?cat=217 HTTP/1.1" 500 2609 "-" "Mozilla/5.0 (Linux; Android 7.0; SM-G930V Build/NRD90M) AppleWebKit/537.36 (KHTML, like Gecko) Chrome/59.0.3071.125 Mobile Safari/537.36" "nacaomestica.org"
52.188.211.122 - - [29/Sep/2022:04:31:27 -0700] "GET /blog4/?cat=217 HTTP/1.1" 500 2609 "-" "Mozilla/5.0 (Linux; Android 7.0; SM-G930V Build/NRD90M) AppleWebKit/537.36 (KHTML, like Gecko) Chrome/59.0.3071.125 Mobile Safari/537.36" "nacaomestica.org"
157.90.181.151 - - [29/Sep/2022:04:31:35 -0700] "GET /blog4/wp-trackback.php?p=19847 HTTP/1.1" 500 2609 "-" "Mozilla/5.0 (compatible; BLEXBot/1.0; +http://webmeup-crawler.com/)" "nacaomestica.org"
138.117.126.171 - - [29/Sep/2022:04:31:51 -0700] "GET /blog4/?p=18258 HTTP/1.1" 500 2609 "https://www.google.com/" "Mozilla/5.0 (Linux; Android 7.1.1; Moto E (4) Plus) AppleWebKit/537.36 (KHTML, like Gecko) Chrome/105.0.0.0 Mobile Safari/537.36" "nacaomestica.org"
138.117.126.171 - - [29/Sep/2022:04:31:52 -0700] "GET /favicon.ico HTTP/1.1" 200 676 "https://nacaomestica.org/blog4/?p=18258" "Mozilla/5.0 (Linux; Android 7.1.1; Moto E (4) Plus) AppleWebKit/537.36 (KHTML, like Gecko) Chrome/105.0.0.0 Mobile Safari/537.36" "nacaomestica.org"
157.90.181.151 - - [29/Sep/2022:04:31:59 -0700] "GET /blog4/wp-trackback.php?p=1986 HTTP/1.1" 500 2609 "-" "Mozilla/5.0 (compatible; BLEXBot/1.0; +http://webmeup-crawler.com/)" "nacaomestica.org"
52.188.211.122 - - [29/Sep/2022:04:32:01 -0700] "GET /blog4/?cat=69 HTTP/1.1" 500 2609 "-" "Mozilla/5.0 (Linux; Android 7.0; SM-G930V Build/NRD90M) AppleWebKit/537.36 (KHTML, like Gecko) Chrome/59.0.3071.125 Mobile Safari/537.36" "nacaomestica.org"
52.188.211.122 - - [29/Sep/2022:04:32:02 -0700] "GET /blog4/?cat=69 HTTP/1.1" 500 2609 "-" "Mozilla/5.0 (Linux; Android 7.0; SM-G930V Build/NRD90M) AppleWebKit/537.36 (KHTML, like Gecko) Chrome/59.0.3071.125 Mobile Safari/537.36" "nacaomestica.org"
207.46.13.29 - - [29/Sep/2022:04:32:23 -0700] "GET /blog4/wp-content/uploads/2016/05/cooperacao.jpg HTTP/1.1" 200 99366 "-" "Mozilla/5.0 (compatible; bingbot/2.0; +http://www.bing.com/bingbot.htm)" "nacaomestica.org"
157.90.181.151 - - [29/Sep/2022:04:32:23 -0700] "GET /blog4/wp-trackback.php?p=19872 HTTP/1.1" 500 2609 "-" "Mozilla/5.0 (compatible; BLEXBot/1.0; +http://webmeup-crawler.com/)" "nacaomestica.org"
52.188.211.122 - - [29/Sep/2022:04:32:24 -0700] "GET /blog4/?p=23346 HTTP/1.1" 500 2609 "-" "Mozilla/5.0 (Linux; Android 7.0; SM-G930V Build/NRD90M) AppleWebKit/537.36 (KHTML, like Gecko) Chrome/59.0.3071.125 Mobile Safari/537.36" "nacaomestica.org"
52.188.211.122 - - [29/Sep/2022:04:32:25 -0700] "GET /blog4/?p=23346 HTTP/1.1" 500 2609 "-" "Mozilla/5.0 (Linux; Android 7.0; SM-G930V Build/NRD90M) AppleWebKit/537.36 (KHTML, like Gecko) Chrome/59.0.3071.125 Mobile Safari/537.36" "nacaomestica.org"
52.188.211.122 - - [29/Sep/2022:04:32:31 -0700] "GET /blog4/?cat=29 HTTP/1.1" 500 2609 "-" "Mozilla/5.0 (Linux; Android 7.0; SM-G930V Build/NRD90M) AppleWebKit/537.36 (KHTML, like Gecko) Chrome/59.0.3071.125 Mobile Safari/537.36" "nacaomestica.org"
52.188.211.122 - - [29/Sep/2022:04:32:32 -0700] "GET /blog4/?cat=29 HTTP/1.1" 500 2609 "-" "Mozilla/5.0 (Linux; Android 7.0; SM-G930V Build/NRD90M) AppleWebKit/537.36 (KHTML, like Gecko) Chrome/59.0.3071.125 Mobile Safari/537.36" "nacaomestica.org"
20.124.25.29 - - [29/Sep/2022:04:32:37 -0700] "GET /blog4/?feed=rss2 HTTP/1.1" 500 2609 "-" "Mozilla/5.0 (Linux; Android 7.0; SM-G930V Build/NRD90M) AppleWebKit/537.36 (KHTML, like Gecko) Chrome/59.0.3071.125 Mobile Safari/537.36" "nacaomestica.org"
20.124.25.29 - - [29/Sep/2022:04:32:38 -0700] "GET /blog4/?feed=rss2 HTTP/1.1" 500 2609 "-" "Mozilla/5.0 (Linux; Android 7.0; SM-G930V Build/NRD90M) AppleWebKit/537.36 (KHTML, like Gecko) Chrome/59.0.3071.125 Mobile Safari/537.36" "nacaomestica.org"
157.90.181.151 - - [29/Sep/2022:04:32:48 -0700] "GET /blog4/wp-trackback.php?p=19877 HTTP/1.1" 500 2609 "-" "Mozilla/5.0 (compatible; BLEXBot/1.0; +http://webmeup-crawler.com/)" "nacaomestica.org"
192.99.36.126 - - [29/Sep/2022:04:32:49 -0700] "GET /blog4/?p=5221 HTTP/1.1" 500 236 "-" "Mozilla/5.0 (compatible; MJ12bot/v1.4.8; http://mj12bot.com/)" "nacaomestica.org"
192.99.36.126 - - [29/Sep/2022:04:32:51 -0700] "GET /blog4/?p=5382 HTTP/1.1" 500 236 "-" "Mozilla/5.0 (compatible; MJ12bot/v1.4.8; http://mj12bot.com/)" "nacaomestica.org"
192.99.36.126 - - [29/Sep/2022:04:32:52 -0700] "GET /blog4/?p=5412 HTTP/1.1" 500 236 "-" "Mozilla/5.0 (compatible; MJ12bot/v1.4.8; http://mj12bot.com/)" "nacaomestica.org"
114.119.156.56 - - [29/Sep/2022:04:32:53 -0700] "GET /blog4/wp-content/uploads/2022/09/?C=M%3BO%3DA HTTP/1.1" 200 939 "-" "Mozilla/5.0 (Linux; Android 7.0;) AppleWebKit/537.36 (KHTML, like Gecko) Mobile Safari/537.36 (compatible; PetalBot;+https://webmaster.petalsearch.com/site/petalbot)" "nacaomestica.org"
192.99.36.126 - - [29/Sep/2022:04:32:55 -0700] "GET /blog4/?p=5422 HTTP/1.1" 500 236 "-" "Mozilla/5.0 (compatible; MJ12bot/v1.4.8; http://mj12bot.com/)" "nacaomestica.org"
192.99.36.126 - - [29/Sep/2022:04:32:56 -0700] "GET /blog4/?p=5509 HTTP/1.1" 500 236 "-" "Mozilla/5.0 (compatible; MJ12bot/v1.4.8; http://mj12bot.com/)" "nacaomestica.org"
192.99.36.126 - - [29/Sep/2022:04:32:58 -0700] "GET /blog4/?p=5636 HTTP/1.1" 500 236 "-" "Mozilla/5.0 (compatible; MJ12bot/v1.4.8; http://mj12bot.com/)" "nacaomestica.org"
192.99.36.126 - - [29/Sep/2022:04:33:00 -0700] "GET /blog4/?p=5748 HTTP/1.1" 500 236 "-" "Mozilla/5.0 (compatible; MJ12bot/v1.4.8; http://mj12bot.com/)" "nacaomestica.org"
192.99.36.126 - - [29/Sep/2022:04:33:02 -0700] "GET /blog4/?p=5873 HTTP/1.1" 500 236 "-" "Mozilla/5.0 (compatible; MJ12bot/v1.4.8; http://mj12bot.com/)" "nacaomestica.org"
192.99.36.126 - - [29/Sep/2022:04:33:04 -0700] "GET /blog4/?p=5966 HTTP/1.1" 500 236 "-" "Mozilla/5.0 (compatible; MJ12bot/v1.4.8; http://mj12bot.com/)" "nacaomestica.org"
192.99.36.126 - - [29/Sep/2022:04:33:06 -0700] "GET /blog4/?p=5976 HTTP/1.1" 500 236 "-" "Mozilla/5.0 (compatible; MJ12bot/v1.4.8; http://mj12bot.com/)" "nacaomestica.org"
192.99.36.126 - - [29/Sep/2022:04:33:09 -0700] "GET /blog4/?p=612 HTTP/1.1" 500 236 "-" "Mozilla/5.0 (compatible; MJ12bot/v1.4.8; http://mj12bot.com/)" "nacaomestica.org"
192.99.36.126 - - [29/Sep/2022:04:33:12 -0700] "GET /blog4/?p=6264 HTTP/1.1" 500 236 "-" "Mozilla/5.0 (compatible; MJ12bot/v1.4.8; http://mj12bot.com/)" "nacaomestica.org"
157.90.181.151 - - [29/Sep/2022:04:33:12 -0700] "GET /blog4/wp-trackback.php?p=19890 HTTP/1.1" 500 2609 "-" "Mozilla/5.0 (compatible; BLEXBot/1.0; +http://webmeup-crawler.com/)" "nacaomestica.org"
192.99.36.126 - - [29/Sep/2022:04:33:14 -0700] "GET /blog4/?p=626 HTTP/1.1" 500 236 "-" "Mozilla/5.0 (compatible; MJ12bot/v1.4.8; http://mj12bot.com/)" "nacaomestica.org"
192.99.36.126 - - [29/Sep/2022:04:33:17 -0700] "GET /blog4/?p=635 HTTP/1.1" 500 236 "-" "Mozilla/5.0 (compatible; MJ12bot/v1.4.8; http://mj12bot.com/)" "nacaomestica.org"
192.99.36.126 - - [29/Sep/2022:04:33:19 -0700] "GET /blog4/?p=6578 HTTP/1.1" 500 236 "-" "Mozilla/5.0 (compatible; MJ12bot/v1.4.8; http://mj12bot.com/)" "nacaomestica.org"
192.99.36.126 - - [29/Sep/2022:04:33:20 -0700] "GET /blog4/?p=6615 HTTP/1.1" 500 236 "-" "Mozilla/5.0 (compatible; MJ12bot/v1.4.8; http://mj12bot.com/)" "nacaomestica.org"
192.99.36.126 - - [29/Sep/2022:04:33:22 -0700] "GET /blog4/?p=666 HTTP/1.1" 500 236 "-" "Mozilla/5.0 (compatible; MJ12bot/v1.4.8; http://mj12bot.com/)" "nacaomestica.org"
192.99.36.126 - - [29/Sep/2022:04:33:24 -0700] "GET /blog4/?p=68 HTTP/1.1" 500 236 "-" "Mozilla/5.0 (compatible; MJ12bot/v1.4.8; http://mj12bot.com/)" "nacaomestica.org"
192.99.36.126 - - [29/Sep/2022:04:33:27 -0700] "GET /blog4/?p=7082 HTTP/1.1" 500 236 "-" "Mozilla/5.0 (compatible; MJ12bot/v1.4.8; http://mj12bot.com/)" "nacaomestica.org"
192.99.36.126 - - [29/Sep/2022:04:33:30 -0700] "GET /blog4/?p=7091 HTTP/1.1" 500 236 "-" "Mozilla/5.0 (compatible; MJ12bot/v1.4.8; http://mj12bot.com/)" "nacaomestica.org"
192.99.36.126 - - [29/Sep/2022:04:33:32 -0700] "GET /blog4/?p=7098 HTTP/1.1" 500 236 "-" "Mozilla/5.0 (compatible; MJ12bot/v1.4.8; http://mj12bot.com/)" "nacaomestica.org"
192.99.36.126 - - [29/Sep/2022:04:33:35 -0700] "GET /blog4/?p=7112 HTTP/1.1" 500 236 "-" "Mozilla/5.0 (compatible; MJ12bot/v1.4.8; http://mj12bot.com/)" "nacaomestica.org"
157.90.181.151 - - [29/Sep/2022:04:33:36 -0700] "GET /blog4/wp-trackback.php?p=19906 HTTP/1.1" 500 2609 "-" "Mozilla/5.0 (compatible; BLEXBot/1.0; +http://webmeup-crawler.com/)" "nacaomestica.org"
192.99.36.126 - - [29/Sep/2022:04:33:37 -0700] "GET /blog4/?p=7199 HTTP/1.1" 500 236 "-" "Mozilla/5.0 (compatible; MJ12bot/v1.4.8; http://mj12bot.com/)" "nacaomestica.org"
192.99.36.126 - - [29/Sep/2022:04:33:42 -0700] "GET /blog4/?p=7207 HTTP/1.1" 500 236 "-" "Mozilla/5.0 (compatible; MJ12bot/v1.4.8; http://mj12bot.com/)" "nacaomestica.org"
192.99.36.126 - - [29/Sep/2022:04:33:45 -0700] "GET /blog4/?p=7212 HTTP/1.1" 500 236 "-" "Mozilla/5.0 (compatible; MJ12bot/v1.4.8; http://mj12bot.com/)" "nacaomestica.org"
52.188.211.122 - - [29/Sep/2022:04:33:46 -0700] "GET /blog4/?tag=cotas HTTP/1.1" 500 2609 "-" "Mozilla/5.0 (Linux; Android 7.0; SM-G930V Build/NRD90M) AppleWebKit/537.36 (KHTML, like Gecko) Chrome/59.0.3071.125 Mobile Safari/537.36" "nacaomestica.org"
52.188.211.122 - - [29/Sep/2022:04:33:47 -0700] "GET /blog4/?tag=cotas HTTP/1.1" 500 2609 "-" "Mozilla/5.0 (Linux; Android 7.0; SM-G930V Build/NRD90M) AppleWebKit/537.36 (KHTML, like Gecko) Chrome/59.0.3071.125 Mobile Safari/537.36" "nacaomestica.org"
52.188.211.122 - - [29/Sep/2022:04:33:48 -0700] "GET / HTTP/1.1" 500 2609 "-" "Mozilla/5.0 (Linux; Android 7.0; SM-G930V Build/NRD90M) AppleWebKit/537.36 (KHTML, like Gecko) Chrome/59.0.3071.125 Mobile Safari/537.36" "nacaomestica.org"
52.188.211.122 - - [29/Sep/2022:04:33:50 -0700] "GET / HTTP/1.1" 500 2609 "-" "Mozilla/5.0 (Linux; Android 7.0; SM-G930V Build/NRD90M) AppleWebKit/537.36 (KHTML, like Gecko) Chrome/59.0.3071.125 Mobile Safari/537.36" "nacaomestica.org"
157.90.181.151 - - [29/Sep/2022:04:34:01 -0700] "GET /blog4/wp-trackback.php?p=19925 HTTP/1.1" 500 2609 "-" "Mozilla/5.0 (compatible; BLEXBot/1.0; +http://webmeup-crawler.com/)" "nacaomestica.org"
199.16.157.180 - - [29/Sep/2022:04:34:06 -0700] "GET /robots.txt HTTP/1.1" 200 43 "-" "Twitterbot/1.0" "nacaomestica.org"
199.16.157.183 - - [29/Sep/2022:04:34:06 -0700] "GET /robots.txt HTTP/1.1" 200 43 "-" "Twitterbot/1.0" "nacaomestica.org"
199.16.157.180 - - [29/Sep/2022:04:34:06 -0700] "GET /robots.txt HTTP/1.1" 200 43 "-" "Twitterbot/1.0" "nacaomestica.org"
199.16.157.181 - - [29/Sep/2022:04:34:07 -0700] "GET /robots.txt HTTP/1.1" 200 43 "-" "Twitterbot/1.0" "nacaomestica.org"
199.16.157.180 - - [29/Sep/2022:04:34:07 -0700] "GET /blog4/wp-content/uploads/2018/03/mf.jpg HTTP/1.1" 200 50270 "-" "Twitterbot/1.0" "nacaomestica.org"
199.16.157.181 - - [29/Sep/2022:04:34:07 -0700] "GET /blog4/?p=23009 HTTP/1.1" 500 2609 "-" "Twitterbot/1.0" "nacaomestica.org"
157.90.181.151 - - [29/Sep/2022:04:34:26 -0700] "GET /blog4/wp-trackback.php?p=19935 HTTP/1.1" 500 2609 "-" "Mozilla/5.0 (compatible; BLEXBot/1.0; +http://webmeup-crawler.com/)" "nacaomestica.org"
178.158.19.181 - - [29/Sep/2022:04:34:28 -0700] "GET /blog4/?p=1782 HTTP/1.1" 500 2609 "-" "Mozilla/5.0 (X11; Ubuntu; Linux x86_64; rv:102.0) Gecko/20100101 Firefox/102.0" "nacaomestica.org"
114.119.156.56 - - [29/Sep/2022:04:34:49 -0700] "GET /nacaomestica@nacaomestica.org HTTP/1.1" 404 88 "-" "Mozilla/5.0 (Linux; Android 7.0;) AppleWebKit/537.36 (KHTML, like Gecko) Mobile Safari/537.36 (compatible; PetalBot;+https://webmaster.petalsearch.com/site/petalbot)" "nacaomestica.org"
157.90.181.151 - - [29/Sep/2022:04:34:50 -0700] "GET /blog4/wp-trackback.php?p=19954 HTTP/1.1" 500 2609 "-" "Mozilla/5.0 (compatible; BLEXBot/1.0; +http://webmeup-crawler.com/)" "nacaomestica.org"
192.178.9.31 - - [29/Sep/2022:04:35:14 -0700] "GET /favicon.ico HTTP/1.1" 200 676 "-" "Mozilla/5.0 (Windows NT 5.1; rv:11.0) Gecko Firefox/11.0 (via ggpht.com GoogleImageProxy)" "nacaomestica.org"
157.90.181.151 - - [29/Sep/2022:04:35:15 -0700] "GET /blog4/wp-trackback.php?p=19964 HTTP/1.1" 500 2609 "-" "Mozilla/5.0 (compatible; BLEXBot/1.0; +http://webmeup-crawler.com/)" "nacaomestica.org"
207.46.13.187 - - [29/Sep/2022:04:35:16 -0700] "GET /blog4/?p=18128 HTTP/1.1" 500 2609 "-" "Mozilla/5.0 (compatible; bingbot/2.0; +http://www.bing.com/bingbot.htm)" "nacaomestica.org"
179.241.17.48 - - [29/Sep/2022:04:35:34 -0700] "GET /blog4/wp-content/themes/carrington-blog/carrington-core/lightbox/css/thickbox.css HTTP/1.1" 200 975 "-" "Mozilla/5.0 (Linux; Android 10; M2004J19C) AppleWebKit/537.36 (KHTML, like Gecko) Chrome/105.0.0.0 Mobile Safari/537.36" "nacaomestica.org"
179.241.17.48 - - [29/Sep/2022:04:35:34 -0700] "GET /blog4/wp-content/themes/carrington-blog/css/css.php HTTP/1.1" 200 4963 "-" "Mozilla/5.0 (Linux; Android 10; M2004J19C) AppleWebKit/537.36 (KHTML, like Gecko) Chrome/105.0.0.0 Mobile Safari/537.36" "nacaomestica.org"
179.241.17.48 - - [29/Sep/2022:04:35:34 -0700] "GET /blog4/?p=29983 HTTP/1.1" 500 2609 "https://www.google.com/" "Mozilla/5.0 (Linux; Android 10; M2004J19C) AppleWebKit/537.36 (KHTML, like Gecko) Chrome/105.0.0.0 Mobile Safari/537.36" "nacaomestica.org"
179.241.17.48 - - [29/Sep/2022:04:35:35 -0700] "GET /favicon.ico HTTP/1.1" 200 676 "https://nacaomestica.org/blog4/?p=29983" "Mozilla/5.0 (Linux; Android 10; M2004J19C) AppleWebKit/537.36 (KHTML, like Gecko) Chrome/105.0.0.0 Mobile Safari/537.36" "nacaomestica.org"
157.90.181.151 - - [29/Sep/2022:04:35:39 -0700] "GET /blog4/wp-trackback.php?p=19977 HTTP/1.1" 500 2609 "-" "Mozilla/5.0 (compatible; BLEXBot/1.0; +http://webmeup-crawler.com/)" "nacaomestica.org"
177.69.214.105 - - [29/Sep/2022:04:35:51 -0700] "GET /blog4/wp-content/uploads/2018/02/dahomey-insensitivity2.jpg HTTP/1.1" 200 74288 "https://www.google.com/" "Mozilla/5.0 (Windows NT 10.0; Win64; x64) AppleWebKit/537.36 (KHTML, like Gecko) Chrome/100.0.4896.88 Safari/537.36" "nacaomestica.org"
157.90.181.151 - - [29/Sep/2022:04:36:03 -0700] "GET /blog4/wp-trackback.php?p=1999 HTTP/1.1" 500 2609 "-" "Mozilla/5.0 (compatible; BLEXBot/1.0; +http://webmeup-crawler.com/)" "nacaomestica.org"
179.241.17.48 - - [29/Sep/2022:04:36:13 -0700] "GET /blog4/?p=29983 HTTP/1.1" 500 2609 "https://www.google.com/" "Mozilla/5.0 (Linux; Android 10; M2004J19C) AppleWebKit/537.36 (KHTML, like Gecko) Chrome/105.0.0.0 Mobile Safari/537.36" "nacaomestica.org"
157.90.181.151 - - [29/Sep/2022:04:36:28 -0700] "GET /blog4/wp-trackback.php?p=19992 HTTP/1.1" 500 2609 "-" "Mozilla/5.0 (compatible; BLEXBot/1.0; +http://webmeup-crawler.com/)" "nacaomestica.org"
114.119.139.88 - - [29/Sep/2022:04:36:38 -0700] "GET /blog4/wp-content/2020/ HTTP/1.1" 404 88 "-" "Mozilla/5.0 (Linux; Android 7.0;) AppleWebKit/537.36 (KHTML, like Gecko) Mobile Safari/537.36 (compatible; PetalBot;+https://webmaster.petalsearch.com/site/petalbot)" "nacaomestica.org"
93.108.245.110 - - [29/Sep/2022:04:36:42 -0700] "GET /blog4/wp-content/uploads/2017/01/Cx-ddydXUAAGzwC.jpg HTTP/1.1" 200 69505 "https://www.google.com/" "Mozilla/5.0 (Windows NT 6.1; Win64; x64) AppleWebKit/537.36 (KHTML, like Gecko) Chrome/105.0.0.0 Safari/537.36" "nacaomestica.org"
157.90.181.151 - - [29/Sep/2022:04:36:52 -0700] "GET /blog4/wp-trackback.php?p=2003 HTTP/1.1" 500 2609 "-" "Mozilla/5.0 (compatible; BLEXBot/1.0; +http://webmeup-crawler.com/)" "nacaomestica.org"
157.90.181.151 - - [29/Sep/2022:04:37:16 -0700] "GET /blog4/wp-trackback.php?p=2009 HTTP/1.1" 500 2609 "-" "Mozilla/5.0 (compatible; BLEXBot/1.0; +http://webmeup-crawler.com/)" "nacaomestica.org"
157.90.181.151 - - [29/Sep/2022:04:37:41 -0700] "GET /blog4/wp-trackback.php?p=20144 HTTP/1.1" 500 2609 "-" "Mozilla/5.0 (compatible; BLEXBot/1.0; +http://webmeup-crawler.com/)" "nacaomestica.org"
157.90.181.151 - - [29/Sep/2022:04:38:05 -0700] "GET /blog4/wp-trackback.php?p=20152 HTTP/1.1" 500 2609 "-" "Mozilla/5.0 (compatible; BLEXBot/1.0; +http://webmeup-crawler.com/)" "nacaomestica.org"
207.46.13.27 - - [29/Sep/2022:04:38:12 -0700] "GET /blog4/?p=19656 HTTP/1.1" 500 2609 "-" "Mozilla/5.0 (compatible; bingbot/2.0; +http://www.bing.com/bingbot.htm)" "nacaomestica.org"
157.90.181.151 - - [29/Sep/2022:04:38:29 -0700] "GET /blog4/wp-trackback.php?p=20167 HTTP/1.1" 500 2609 "-" "Mozilla/5.0 (compatible; BLEXBot/1.0; +http://webmeup-crawler.com/)" "nacaomestica.org"
163.116.228.74 - - [29/Sep/2022:04:38:31 -0700] "GET /blog4/wp-content/uploads/2016/02/pardo_preto1.png HTTP/1.1" 200 331753 "https://www.google.com/" "Mozilla/5.0 (Windows NT 10.0; Win64; x64) AppleWebKit/537.36 (KHTML, like Gecko) Chrome/105.0.0.0 Safari/537.36" "nacaomestica.org"
179.241.17.48 - - [29/Sep/2022:04:38:46 -0700] "GET /blog4/?p=29983 HTTP/1.1" 500 2609 "https://www.google.com/" "Mozilla/5.0 (Linux; Android 10; M2004J19C) AppleWebKit/537.36 (KHTML, like Gecko) Chrome/105.0.0.0 Mobile Safari/537.36" "nacaomestica.org"
157.90.181.151 - - [29/Sep/2022:04:38:53 -0700] "GET /blog4/wp-trackback.php?p=2018 HTTP/1.1" 500 2609 "-" "Mozilla/5.0 (compatible; BLEXBot/1.0; +http://webmeup-crawler.com/)" "nacaomestica.org"
34.85.238.236 - - [29/Sep/2022:04:39:05 -0700] "GET / HTTP/1.1" 500 2609 "-" "Mozilla/5.0 (Windows NT 10.0; Win64; x64) AppleWebKit/537.36 (KHTML, like Gecko) Chrome/78.0.3904.108 Safari/537.36" "nacaomestica.org"
34.85.238.236 - - [29/Sep/2022:04:39:06 -0700] "GET /xmlrpc.php?rsd HTTP/1.1" 404 73 "-" "Mozilla/5.0 (Windows NT 10.0; Win64; x64) AppleWebKit/537.36 (KHTML, like Gecko) Chrome/78.0.3904.108 Safari/537.36" "nacaomestica.org"
34.85.238.236 - - [29/Sep/2022:04:39:06 -0700] "GET / HTTP/1.1" 500 2609 "-" "Mozilla/5.0 (Windows NT 10.0; Win64; x64) AppleWebKit/537.36 (KHTML, like Gecko) Chrome/78.0.3904.108 Safari/537.36" "nacaomestica.org"
34.85.238.236 - - [29/Sep/2022:04:39:06 -0700] "GET /blog/wp-includes/wlwmanifest.xml HTTP/1.1" 404 73 "-" "Mozilla/5.0 (Windows NT 10.0; Win64; x64) AppleWebKit/537.36 (KHTML, like Gecko) Chrome/78.0.3904.108 Safari/537.36" "nacaomestica.org"
34.85.238.236 - - [29/Sep/2022:04:39:07 -0700] "GET /web/wp-includes/wlwmanifest.xml HTTP/1.1" 404 73 "-" "Mozilla/5.0 (Windows NT 10.0; Win64; x64) AppleWebKit/537.36 (KHTML, like Gecko) Chrome/78.0.3904.108 Safari/537.36" "nacaomestica.org"
34.85.238.236 - - [29/Sep/2022:04:39:07 -0700] "GET /wordpress/wp-includes/wlwmanifest.xml HTTP/1.1" 404 73 "-" "Mozilla/5.0 (Windows NT 10.0; Win64; x64) AppleWebKit/537.36 (KHTML, like Gecko) Chrome/78.0.3904.108 Safari/537.36" "nacaomestica.org"
34.85.238.236 - - [29/Sep/2022:04:39:07 -0700] "GET /website/wp-includes/wlwmanifest.xml HTTP/1.1" 404 73 "-" "Mozilla/5.0 (Windows NT 10.0; Win64; x64) AppleWebKit/537.36 (KHTML, like Gecko) Chrome/78.0.3904.108 Safari/537.36" "nacaomestica.org"
34.85.238.236 - - [29/Sep/2022:04:39:08 -0700] "GET /wp/wp-includes/wlwmanifest.xml HTTP/1.1" 404 73 "-" "Mozilla/5.0 (Windows NT 10.0; Win64; x64) AppleWebKit/537.36 (KHTML, like Gecko) Chrome/78.0.3904.108 Safari/537.36" "nacaomestica.org"
34.85.238.236 - - [29/Sep/2022:04:39:08 -0700] "GET /news/wp-includes/wlwmanifest.xml HTTP/1.1" 404 73 "-" "Mozilla/5.0 (Windows NT 10.0; Win64; x64) AppleWebKit/537.36 (KHTML, like Gecko) Chrome/78.0.3904.108 Safari/537.36" "nacaomestica.org"
34.85.238.236 - - [29/Sep/2022:04:39:08 -0700] "GET /2018/wp-includes/wlwmanifest.xml HTTP/1.1" 404 73 "-" "Mozilla/5.0 (Windows NT 10.0; Win64; x64) AppleWebKit/537.36 (KHTML, like Gecko) Chrome/78.0.3904.108 Safari/537.36" "nacaomestica.org"
34.85.238.236 - - [29/Sep/2022:04:39:08 -0700] "GET /2019/wp-includes/wlwmanifest.xml HTTP/1.1" 404 73 "-" "Mozilla/5.0 (Windows NT 10.0; Win64; x64) AppleWebKit/537.36 (KHTML, like Gecko) Chrome/78.0.3904.108 Safari/537.36" "nacaomestica.org"
34.85.238.236 - - [29/Sep/2022:04:39:09 -0700] "GET /shop/wp-includes/wlwmanifest.xml HTTP/1.1" 404 73 "-" "Mozilla/5.0 (Windows NT 10.0; Win64; x64) AppleWebKit/537.36 (KHTML, like Gecko) Chrome/78.0.3904.108 Safari/537.36" "nacaomestica.org"
34.85.238.236 - - [29/Sep/2022:04:39:09 -0700] "GET /wp1/wp-includes/wlwmanifest.xml HTTP/1.1" 404 73 "-" "Mozilla/5.0 (Windows NT 10.0; Win64; x64) AppleWebKit/537.36 (KHTML, like Gecko) Chrome/78.0.3904.108 Safari/537.36" "nacaomestica.org"
34.85.238.236 - - [29/Sep/2022:04:39:09 -0700] "GET /test/wp-includes/wlwmanifest.xml HTTP/1.1" 404 73 "-" "Mozilla/5.0 (Windows NT 10.0; Win64; x64) AppleWebKit/537.36 (KHTML, like Gecko) Chrome/78.0.3904.108 Safari/537.36" "nacaomestica.org"
34.85.238.236 - - [29/Sep/2022:04:39:10 -0700] "GET /media/wp-includes/wlwmanifest.xml HTTP/1.1" 404 73 "-" "Mozilla/5.0 (Windows NT 10.0; Win64; x64) AppleWebKit/537.36 (KHTML, like Gecko) Chrome/78.0.3904.108 Safari/537.36" "nacaomestica.org"
34.85.238.236 - - [29/Sep/2022:04:39:10 -0700] "GET /wp2/wp-includes/wlwmanifest.xml HTTP/1.1" 404 73 "-" "Mozilla/5.0 (Windows NT 10.0; Win64; x64) AppleWebKit/537.36 (KHTML, like Gecko) Chrome/78.0.3904.108 Safari/537.36" "nacaomestica.org"
34.85.238.236 - - [29/Sep/2022:04:39:10 -0700] "GET /site/wp-includes/wlwmanifest.xml HTTP/1.1" 404 73 "-" "Mozilla/5.0 (Windows NT 10.0; Win64; x64) AppleWebKit/537.36 (KHTML, like Gecko) Chrome/78.0.3904.108 Safari/537.36" "nacaomestica.org"
34.85.238.236 - - [29/Sep/2022:04:39:10 -0700] "GET /cms/wp-includes/wlwmanifest.xml HTTP/1.1" 404 73 "-" "Mozilla/5.0 (Windows NT 10.0; Win64; x64) AppleWebKit/537.36 (KHTML, like Gecko) Chrome/78.0.3904.108 Safari/537.36" "nacaomestica.org"
114.119.139.86 - - [29/Sep/2022:04:39:11 -0700] "GET /blog4/wp-content/uploads/03/ HTTP/1.1" 404 88 "-" "Mozilla/5.0 (Linux; Android 7.0;) AppleWebKit/537.36 (KHTML, like Gecko) Mobile Safari/537.36 (compatible; PetalBot;+https://webmaster.petalsearch.com/site/petalbot)" "nacaomestica.org"
34.85.238.236 - - [29/Sep/2022:04:39:11 -0700] "GET /sito/wp-includes/wlwmanifest.xml HTTP/1.1" 404 73 "-" "Mozilla/5.0 (Windows NT 10.0; Win64; x64) AppleWebKit/537.36 (KHTML, like Gecko) Chrome/78.0.3904.108 Safari/537.36" "nacaomestica.org"
157.90.181.151 - - [29/Sep/2022:04:39:18 -0700] "GET /blog4/wp-trackback.php?p=20196 HTTP/1.1" 500 2609 "-" "Mozilla/5.0 (compatible; BLEXBot/1.0; +http://webmeup-crawler.com/)" "nacaomestica.org"
157.90.181.151 - - [29/Sep/2022:04:39:42 -0700] "GET /blog4/wp-trackback.php?p=2023 HTTP/1.1" 500 2609 "-" "Mozilla/5.0 (compatible; BLEXBot/1.0; +http://webmeup-crawler.com/)" "nacaomestica.org"
207.46.13.184 - - [29/Sep/2022:04:39:59 -0700] "GET /blog4/?p=2847 HTTP/1.1" 500 2609 "-" "Mozilla/5.0 (compatible; bingbot/2.0; +http://www.bing.com/bingbot.htm)" "nacaomestica.org"
157.90.181.151 - - [29/Sep/2022:04:40:06 -0700] "GET /blog4/wp-trackback.php?p=20259 HTTP/1.1" 500 2609 "-" "Mozilla/5.0 (compatible; BLEXBot/1.0; +http://webmeup-crawler.com/)" "nacaomestica.org"
187.26.214.63 - - [29/Sep/2022:04:40:29 -0700] "GET /blog4/?p=11867 HTTP/1.1" 500 2609 "https://duckduckgo.com/" "Mozilla/5.0 (Linux; Android 12) AppleWebKit/537.36 (KHTML, like Gecko) Chrome/105.0.0.0 Mobile Safari/537.36" "nacaomestica.org"
187.26.214.63 - - [29/Sep/2022:04:40:30 -0700] "GET /favicon.ico HTTP/1.1" 200 676 "https://nacaomestica.org/blog4/?p=11867" "Mozilla/5.0 (Linux; Android 12) AppleWebKit/537.36 (KHTML, like Gecko) Chrome/105.0.0.0 Mobile Safari/537.36" "nacaomestica.org"
157.90.181.151 - - [29/Sep/2022:04:40:31 -0700] "GET /blog4/wp-trackback.php?p=20310 HTTP/1.1" 500 2609 "-" "Mozilla/5.0 (compatible; BLEXBot/1.0; +http://webmeup-crawler.com/)" "nacaomestica.org"
157.90.181.151 - - [29/Sep/2022:04:40:55 -0700] "GET /blog4/wp-trackback.php?p=2035 HTTP/1.1" 500 2609 "-" "Mozilla/5.0 (compatible; BLEXBot/1.0; +http://webmeup-crawler.com/)" "nacaomestica.org"
114.119.156.56 - - [29/Sep/2022:04:41:05 -0700] "GET /blog4/wp-content/uploads/2017/An-ACT-to-preserve-racial-integrity.pdf HTTP/1.1" 404 88 "-" "Mozilla/5.0 (Linux; Android 7.0;) AppleWebKit/537.36 (KHTML, like Gecko) Mobile Safari/537.36 (compatible; PetalBot;+https://webmaster.petalsearch.com/site/petalbot)" "nacaomestica.org"
157.90.181.151 - - [29/Sep/2022:04:41:20 -0700] "GET /blog4/wp-trackback.php?p=20382 HTTP/1.1" 500 2609 "-" "Mozilla/5.0 (compatible; BLEXBot/1.0; +http://webmeup-crawler.com/)" "nacaomestica.org"
20.124.250.146 - - [29/Sep/2022:04:41:23 -0700] "GET /blog4/?cat=136 HTTP/1.1" 500 2609 "-" "Mozilla/5.0 (Linux; Android 7.0; SM-G930V Build/NRD90M) AppleWebKit/537.36 (KHTML, like Gecko) Chrome/59.0.3071.125 Mobile Safari/537.36" "nacaomestica.org"
20.124.250.146 - - [29/Sep/2022:04:41:23 -0700] "GET /blog4/?cat=136 HTTP/1.1" 500 2609 "-" "Mozilla/5.0 (Linux; Android 7.0; SM-G930V Build/NRD90M) AppleWebKit/537.36 (KHTML, like Gecko) Chrome/59.0.3071.125 Mobile Safari/537.36" "nacaomestica.org"
20.124.250.146 - - [29/Sep/2022:04:41:28 -0700] "GET /blog4/?tag=separatismo HTTP/1.1" 500 2609 "-" "Mozilla/5.0 (Linux; Android 7.0; SM-G930V Build/NRD90M) AppleWebKit/537.36 (KHTML, like Gecko) Chrome/59.0.3071.125 Mobile Safari/537.36" "nacaomestica.org"
20.124.250.146 - - [29/Sep/2022:04:41:29 -0700] "GET /blog4/?tag=separatismo HTTP/1.1" 500 2609 "-" "Mozilla/5.0 (Linux; Android 7.0; SM-G930V Build/NRD90M) AppleWebKit/537.36 (KHTML, like Gecko) Chrome/59.0.3071.125 Mobile Safari/537.36" "nacaomestica.org"
20.124.250.146 - - [29/Sep/2022:04:41:29 -0700] "GET /blog4/?tag=globalismo HTTP/1.1" 500 2609 "-" "Mozilla/5.0 (Linux; Android 7.0; SM-G930V Build/NRD90M) AppleWebKit/537.36 (KHTML, like Gecko) Chrome/59.0.3071.125 Mobile Safari/537.36" "nacaomestica.org"
20.124.250.146 - - [29/Sep/2022:04:41:29 -0700] "GET /blog4/?tag=globalismo HTTP/1.1" 500 2609 "-" "Mozilla/5.0 (Linux; Android 7.0; SM-G930V Build/NRD90M) AppleWebKit/537.36 (KHTML, like Gecko) Chrome/59.0.3071.125 Mobile Safari/537.36" "nacaomestica.org"
20.124.250.146 - - [29/Sep/2022:04:41:36 -0700] "GET /blog4/?cat=106 HTTP/1.1" 500 2609 "-" "Mozilla/5.0 (Linux; Android 7.0; SM-G930V Build/NRD90M) AppleWebKit/537.36 (KHTML, like Gecko) Chrome/59.0.3071.125 Mobile Safari/537.36" "nacaomestica.org"
20.124.250.146 - - [29/Sep/2022:04:41:37 -0700] "GET /blog4/?cat=106 HTTP/1.1" 500 2609 "-" "Mozilla/5.0 (Linux; Android 7.0; SM-G930V Build/NRD90M) AppleWebKit/537.36 (KHTML, like Gecko) Chrome/59.0.3071.125 Mobile Safari/537.36" "nacaomestica.org"
157.90.181.151 - - [29/Sep/2022:04:41:45 -0700] "GET /blog4/wp-trackback.php?p=20417 HTTP/1.1" 500 2609 "-" "Mozilla/5.0 (compatible; BLEXBot/1.0; +http://webmeup-crawler.com/)" "nacaomestica.org"
20.124.250.146 - - [29/Sep/2022:04:41:45 -0700] "GET /blog4/?tag=dia-do-mestico HTTP/1.1" 500 2609 "-" "Mozilla/5.0 (Linux; Android 7.0; SM-G930V Build/NRD90M) AppleWebKit/537.36 (KHTML, like Gecko) Chrome/59.0.3071.125 Mobile Safari/537.36" "nacaomestica.org"
20.124.250.146 - - [29/Sep/2022:04:41:46 -0700] "GET /blog4/?tag=dia-do-mestico HTTP/1.1" 500 2609 "-" "Mozilla/5.0 (Linux; Android 7.0; SM-G930V Build/NRD90M) AppleWebKit/537.36 (KHTML, like Gecko) Chrome/59.0.3071.125 Mobile Safari/537.36" "nacaomestica.org"
20.124.250.146 - - [29/Sep/2022:04:41:49 -0700] "GET /blog4/?cat=60 HTTP/1.1" 500 2609 "-" "Mozilla/5.0 (Linux; Android 7.0; SM-G930V Build/NRD90M) AppleWebKit/537.36 (KHTML, like Gecko) Chrome/59.0.3071.125 Mobile Safari/537.36" "nacaomestica.org"
